[INFO] cloning repository https://github.com/Abhijit-Kadalli/ntfy2lsl
[INFO] running `Command { std: "git" "-c" "credential.helper=" "-c" "credential.helper=/workspace/cargo-home/bin/git-credential-null" "clone" "--bare" "https://github.com/Abhijit-Kadalli/ntfy2lsl" "/workspace/cache/git-repos/https%3A%2F%2Fgithub.com%2FAbhijit-Kadalli%2Fntfy2lsl", kill_on_drop: false }`
[INFO] [stderr] Cloning into bare repository '/workspace/cache/git-repos/https%3A%2F%2Fgithub.com%2FAbhijit-Kadalli%2Fntfy2lsl'...
[INFO] running `Command { std: "git" "rev-parse" "HEAD", kill_on_drop: false }`
[INFO] [stdout] 17294c0c2133915db3e50d95961514a6c5c22b42
[INFO] checking Abhijit-Kadalli/ntfy2lsl against f3df2feb79b2422c028f78855ec6ffe2e212d7cc for pr-163699
[INFO] running `Command { std: "git" "clone" "/workspace/cache/git-repos/https%3A%2F%2Fgithub.com%2FAbhijit-Kadalli%2Fntfy2lsl" "/workspace/builds/worker-4-tc2/source", kill_on_drop: false }`
[INFO] [stderr] Cloning into '/workspace/builds/worker-4-tc2/source'...
[INFO] [stderr] done.
[INFO] started tweaking git repo https://github.com/Abhijit-Kadalli/ntfy2lsl
[INFO] finished tweaking git repo https://github.com/Abhijit-Kadalli/ntfy2lsl
[INFO] tweaked toml for git repo https://github.com/Abhijit-Kadalli/ntfy2lsl written to /workspace/builds/worker-4-tc2/source/Cargo.toml
[INFO] validating manifest of git repo https://github.com/Abhijit-Kadalli/ntfy2lsl on toolchain f3df2feb79b2422c028f78855ec6ffe2e212d7cc
[INFO] running `Command { std: CARGO_HOME="/workspace/cargo-home" RUSTUP_HOME="/workspace/rustup-home" "/workspace/cargo-home/bin/cargo" "+f3df2feb79b2422c028f78855ec6ffe2e212d7cc" "metadata" "--manifest-path" "Cargo.toml" "--no-deps", kill_on_drop: false }`
[INFO] crate git repo https://github.com/Abhijit-Kadalli/ntfy2lsl already has a lockfile, it will not be regenerated
[INFO] running `Command { std: CARGO_HOME="/workspace/cargo-home" RUSTUP_HOME="/workspace/rustup-home" "/workspace/cargo-home/bin/cargo" "+f3df2feb79b2422c028f78855ec6ffe2e212d7cc" "fetch" "--manifest-path" "Cargo.toml", kill_on_drop: false }`
[INFO] running `Command { std: "docker" "create" "-v" "/var/lib/crater-agent-workspace/builds/worker-4-tc2/source:/opt/rustwide/workdir:ro,Z" "-v" "/var/lib/crater-agent-workspace/builds/worker-4-tc2/target:/opt/rustwide/target:rw,Z" "-v" "/var/lib/crater-agent-workspace/cargo-home:/opt/rustwide/cargo-home:ro,Z" "-v" "/var/lib/crater-agent-workspace/rustup-home:/opt/rustwide/rustup-home:ro,Z" "-m" "1610612736" "--network" "none" "ghcr.io/rust-lang/crates-build-env/linux@sha256:77db811e55d90add9212f6832c23229e3de5f1c1f9905e8cb07319ea15df73ac" "sleep" "infinity", kill_on_drop: false }`
[INFO] [stdout] 15390eb9ad3a895752c3ea279de3084d255267c8a0558872abe2916483b0924c
[INFO] running `Command { std: "docker" "start" "15390eb9ad3a895752c3ea279de3084d255267c8a0558872abe2916483b0924c", kill_on_drop: false }`
[INFO] running `Command { std: "docker" "inspect" "15390eb9ad3a895752c3ea279de3084d255267c8a0558872abe2916483b0924c", kill_on_drop: false }`
[INFO] running `Command { std: "docker" "exec" "-e" "SOURCE_DIR=/opt/rustwide/workdir" "-e" "CARGO_HOME=/opt/rustwide/cargo-home" "-e" "RUSTUP_HOME=/opt/rustwide/rustup-home" "-e" "CARGO_TARGET_DIR=/opt/rustwide/target" "-w" "/opt/rustwide/workdir" "--user" "0:0" "15390eb9ad3a895752c3ea279de3084d255267c8a0558872abe2916483b0924c" "/opt/rustwide/cargo-home/bin/cargo" "+f3df2feb79b2422c028f78855ec6ffe2e212d7cc" "metadata" "--no-deps" "--format-version=1", kill_on_drop: false }`
[INFO] running `Command { std: "docker" "inspect" "15390eb9ad3a895752c3ea279de3084d255267c8a0558872abe2916483b0924c", kill_on_drop: false }`
[INFO] running `Command { std: "docker" "exec" "-e" "SOURCE_DIR=/opt/rustwide/workdir" "-e" "CARGO_HOME=/opt/rustwide/cargo-home" "-e" "RUSTUP_HOME=/opt/rustwide/rustup-home" "-e" "CARGO_TARGET_DIR=/opt/rustwide/target" "-e" "CARGO_INCREMENTAL=0" "-e" "RUST_BACKTRACE=full" "-e" "RUSTFLAGS=--cap-lints=forbid" "-e" "RUSTDOCFLAGS=--cap-lints=forbid" "-w" "/opt/rustwide/workdir" "--user" "0:0" "15390eb9ad3a895752c3ea279de3084d255267c8a0558872abe2916483b0924c" "/opt/rustwide/cargo-home/bin/cargo" "+f3df2feb79b2422c028f78855ec6ffe2e212d7cc" "check" "--frozen" "--all" "--all-targets" "--message-format=json", kill_on_drop: false }`
[INFO] [stderr]    Compiling proc-macro2 v1.0.94
[INFO] [stderr]    Compiling unicode-ident v1.0.18
[INFO] [stderr]    Compiling libc v0.2.171
[INFO] [stderr]     Checking bytes v1.10.1
[INFO] [stderr]     Checking futures-sink v0.3.31
[INFO] [stderr]    Compiling pkg-config v0.3.32
[INFO] [stderr]     Checking itoa v1.0.15
[INFO] [stderr]     Checking once_cell v1.21.1
[INFO] [stderr]    Compiling cc v1.2.17
[INFO] [stderr]     Checking litemap v0.7.5
[INFO] [stderr]     Checking futures-io v0.3.31
[INFO] [stderr]     Checking smallvec v1.14.0
[INFO] [stderr]    Compiling httparse v1.10.1
[INFO] [stderr]     Checking equivalent v1.0.2
[INFO] [stderr]    Compiling openssl v0.10.71
[INFO] [stderr]    Compiling serde v1.0.219
[INFO] [stderr]     Checking indexmap v2.8.0
[INFO] [stderr]     Checking bitflags v2.9.0
[INFO] [stderr]     Checking futures-channel v0.3.31
[INFO] [stderr]    Compiling native-tls v0.2.14
[INFO] [stderr]     Checking try-lock v0.2.5
[INFO] [stderr]     Checking want v0.3.1
[INFO] [stderr]     Checking log v0.4.27
[INFO] [stderr]     Checking openssl-probe v0.1.6
[INFO] [stderr]     Checking ryu v1.0.20
[INFO] [stderr]    Compiling serde_json v1.0.140
[INFO] [stderr]     Checking sync_wrapper v1.0.2
[INFO] [stderr]     Checking tower-layer v0.3.3
[INFO] [stderr]     Checking rustls-pki-types v1.11.0
[INFO] [stderr]     Checking encoding_rs v0.8.35
[INFO] [stderr]     Checking base64 v0.22.1
[INFO] [stderr]     Checking mime v0.3.17
[INFO] [stderr]     Checking ipnet v2.11.0
[INFO] [stderr]     Checking dotenv v0.15.0
[INFO] [stderr]     Checking tracing-core v0.1.33
[INFO] [stderr]    Compiling cmake v0.1.54
[INFO] [stderr]     Checking rustls-pemfile v2.2.0
[INFO] [stderr]    Compiling openssl-sys v0.9.106
[INFO] [stderr]     Checking http v1.3.1
[INFO] [stderr]    Compiling quote v1.0.40
[INFO] [stderr]     Checking tracing v0.1.41
[INFO] [stderr]    Compiling lsl-sys v0.1.1 (https://github.com/labstreaminglayer/liblsl-rust#afa1d251)
[INFO] [stderr]     Checking socket2 v0.5.8
[INFO] [stderr]     Checking mio v1.0.3
[INFO] [stderr]    Compiling syn v2.0.100
[INFO] [stderr]     Checking tokio v1.44.1
[INFO] [stderr]     Checking http-body v1.0.1
[INFO] [stderr]     Checking http-body-util v0.1.3
[INFO] [stderr] error: could not compile `tokio` (lib)
[INFO] [stderr] 
[INFO] [stderr] Caused by:
[INFO] [stderr]   process didn't exit successfully: `/opt/rustwide/rustup-home/toolchains/f3df2feb79b2422c028f78855ec6ffe2e212d7cc/bin/rustc --crate-name tokio --edition=2021 /opt/rustwide/cargo-home/registry/src/index.crates.io-1949cf8c6b5b557f/tokio-1.44.1/src/lib.rs --error-format=json --json=diagnostic-rendered-ansi,artifacts,future-incompat,unused-externs-silent --crate-type lib --emit=dep-info,metadata -C embed-bitcode=no -C debuginfo=2 --cfg 'feature="bytes"' --cfg 'feature="default"' --cfg 'feature="io-util"' --cfg 'feature="libc"' --cfg 'feature="mio"' --cfg 'feature="net"' --cfg 'feature="rt"' --cfg 'feature="socket2"' --cfg 'feature="sync"' --cfg 'feature="time"' --check-cfg 'cfg(docsrs,test)' --check-cfg 'cfg(feature, values("bytes", "default", "fs", "full", "io-std", "io-util", "libc", "macros", "mio", "net", "parking_lot", "process", "rt", "rt-multi-thread", "signal", "signal-hook-registry", "socket2", "sync", "test-util", "time", "tokio-macros", "tracing", "windows-sys"))' -C metadata=5851e487126b5135 -C extra-filename=-c3e653e62d61f96f --out-dir /opt/rustwide/target/debug/build/tokio/c3e653e62d61f96f/out -L dependency=/opt/rustwide/target/debug/build/libc/2e96ef5fb05d4da2/out --extern bytes=/opt/rustwide/target/debug/build/bytes/696d9749778e1593/out/libbytes-696d9749778e1593.rmeta --extern libc=/opt/rustwide/target/debug/build/libc/2e96ef5fb05d4da2/out/liblibc-2e96ef5fb05d4da2.rmeta --extern mio=/opt/rustwide/target/debug/build/mio/2554ee38f446ef91/out/libmio-2554ee38f446ef91.rmeta --extern pin_project_lite=/opt/rustwide/target/debug/build/pin-project-lite/dccf8aabedbf6d41/out/libpin_project_lite-dccf8aabedbf6d41.rmeta --extern socket2=/opt/rustwide/target/debug/build/socket2/d3a022b2504ed4bf/out/libsocket2-d3a022b2504ed4bf.rmeta --cap-lints allow --cap-lints=forbid --force-warn=unused_crate_dependencies` (signal: 9, SIGKILL: kill)
[INFO] [stderr] warning: build failed, waiting for other jobs to finish...
[INFO] [stderr] error: could not compile `syn` (lib)
[INFO] [stderr] 
[INFO] [stderr] Caused by:
[INFO] [stderr]   process didn't exit successfully: `/opt/rustwide/rustup-home/toolchains/f3df2feb79b2422c028f78855ec6ffe2e212d7cc/bin/rustc --crate-name syn --edition=2021 /opt/rustwide/cargo-home/registry/src/index.crates.io-1949cf8c6b5b557f/syn-2.0.100/src/lib.rs --error-format=json --json=diagnostic-rendered-ansi,artifacts,future-incompat,unused-externs-silent --crate-type lib --emit=dep-info,metadata,link -Z embed-metadata=no -C embed-bitcode=no --cfg 'feature="clone-impls"' --cfg 'feature="default"' --cfg 'feature="derive"' --cfg 'feature="extra-traits"' --cfg 'feature="fold"' --cfg 'feature="full"' --cfg 'feature="parsing"' --cfg 'feature="printing"' --cfg 'feature="proc-macro"' --cfg 'feature="visit"' --check-cfg 'cfg(docsrs,test)' --check-cfg 'cfg(feature, values("clone-impls", "default", "derive", "extra-traits", "fold", "full", "parsing", "printing", "proc-macro", "test", "visit", "visit-mut"))' -C metadata=5e48924a270cb65c -C extra-filename=-f72ff6d94df15971 --out-dir /opt/rustwide/target/debug/build/syn/f72ff6d94df15971/out -L dependency=/opt/rustwide/target/debug/build/proc-macro2/fc1fd0f4d59463bc/out -L dependency=/opt/rustwide/target/debug/build/unicode-ident/b3925cc8f83e9ac1/out --extern proc_macro2=/opt/rustwide/target/debug/build/proc-macro2/fc1fd0f4d59463bc/out/libproc_macro2-fc1fd0f4d59463bc.rmeta --extern quote=/opt/rustwide/target/debug/build/quote/bc6b090314aa3ed5/out/libquote-bc6b090314aa3ed5.rmeta --extern unicode_ident=/opt/rustwide/target/debug/build/unicode-ident/b3925cc8f83e9ac1/out/libunicode_ident-b3925cc8f83e9ac1.rmeta --cap-lints allow --cap-lints=forbid --force-warn=unused_crate_dependencies` (signal: 9, SIGKILL: kill)
[INFO] [stderr] error: failed to run custom build command for `lsl-sys v0.1.1 (https://github.com/labstreaminglayer/liblsl-rust#afa1d251)`
[INFO] [stderr] note: To improve backtraces for build dependencies, set the CARGO_PROFILE_DEV_BUILD_OVERRIDE_DEBUG=true environment variable to enable debug information generation.
[INFO] [stderr] 
[INFO] [stderr] Caused by:
[INFO] [stderr]   process didn't exit successfully: `/opt/rustwide/target/debug/build/lsl-sys/aff9b32dd097ce42/out/build_script_build` (exit status: 101)
[INFO] [stderr]   --- stdout
[INFO] [stderr]   CMAKE_TOOLCHAIN_FILE_x86_64-unknown-linux-gnu = None
[INFO] [stderr]   CMAKE_TOOLCHAIN_FILE_x86_64_unknown_linux_gnu = None
[INFO] [stderr]   HOST_CMAKE_TOOLCHAIN_FILE = None
[INFO] [stderr]   CMAKE_TOOLCHAIN_FILE = None
[INFO] [stderr]   CMAKE_GENERATOR_x86_64-unknown-linux-gnu = None
[INFO] [stderr]   CMAKE_GENERATOR_x86_64_unknown_linux_gnu = None
[INFO] [stderr]   HOST_CMAKE_GENERATOR = None
[INFO] [stderr]   CMAKE_GENERATOR = None
[INFO] [stderr]   CMAKE_PREFIX_PATH_x86_64-unknown-linux-gnu = None
[INFO] [stderr]   CMAKE_PREFIX_PATH_x86_64_unknown_linux_gnu = None
[INFO] [stderr]   HOST_CMAKE_PREFIX_PATH = None
[INFO] [stderr]   CMAKE_PREFIX_PATH = None
[INFO] [stderr]   CMAKE_x86_64-unknown-linux-gnu = None
[INFO] [stderr]   CMAKE_x86_64_unknown_linux_gnu = None
[INFO] [stderr]   HOST_CMAKE = None
[INFO] [stderr]   CMAKE = None
[INFO] [stderr]   running: cd "/opt/rustwide/target/debug/build/lsl-sys/bb7220e78b7f985f/out/build" && CMAKE_PREFIX_PATH="" LC_ALL="C" "cmake" "/opt/rustwide/cargo-home/git/checkouts/liblsl-rust-139a2c77651bfe61/afa1d25/lsl-sys/liblsl" "-DLSL_NO_FANCY_LIBNAME=ON" "-DLSL_BUILD_STATIC=ON" "-DCMAKE_INSTALL_PREFIX=/opt/rustwide/target/debug/build/lsl-sys/bb7220e78b7f985f/out" "-DCMAKE_C_FLAGS= -ffunction-sections -fdata-sections -fPIC -m64" "-DCMAKE_C_COMPILER=/usr/bin/cc" "-DCMAKE_CXX_FLAGS= -ffunction-sections -fdata-sections -fPIC -m64" "-DCMAKE_CXX_COMPILER=/usr/bin/c++" "-DCMAKE_ASM_FLAGS= -ffunction-sections -fdata-sections -fPIC -m64" "-DCMAKE_ASM_COMPILER=/usr/bin/cc" "-DCMAKE_BUILD_TYPE=Debug"
[INFO] [stderr]   -- The C compiler identification is GNU 15.2.0
[INFO] [stderr]   -- The CXX compiler identification is GNU 15.2.0
[INFO] [stderr]   -- Detecting C compiler ABI info
[INFO] [stderr]   -- Detecting C compiler ABI info - done
[INFO] [stderr]   -- Check for working C compiler: /usr/bin/cc - skipped
[INFO] [stderr]   -- Detecting C compile features
[INFO] [stderr]   -- Detecting C compile features - done
[INFO] [stderr]   -- Detecting CXX compiler ABI info
[INFO] [stderr]   -- Detecting CXX compiler ABI info - done
[INFO] [stderr]   -- Check for working CXX compiler: /usr/bin/c++ - skipped
[INFO] [stderr]   -- Detecting CXX compile features
[INFO] [stderr]   -- Detecting CXX compile features - done
[INFO] [stderr]   -- Using bundled pugixml
[INFO] [stderr]   -- Found Git: /usr/bin/git (found version "2.53.0")
[INFO] [stderr]   -- Git version information: master/
[INFO] [stderr]   -- Performing Test CMAKE_HAVE_LIBC_PTHREAD
[INFO] [stderr]   -- Performing Test CMAKE_HAVE_LIBC_PTHREAD - Success
[INFO] [stderr]   -- Found Threads: TRUE
[INFO] [stderr]   -- Using bundled Boost
[INFO] [stderr]   -- Looking for clock_gettime
[INFO] [stderr]   -- Looking for clock_gettime - found
[INFO] [stderr]   -- Included LSL CMake helpers, rev. 15, /opt/rustwide/cargo-home/git/checkouts/liblsl-rust-139a2c77651bfe61/afa1d25/lsl-sys/liblsl/cmake
[INFO] [stderr]   -- Detected architecture: amd64
[INFO] [stderr]   -- Installing Components: liblsl
[INFO] [stderr]   -- Configuring done (2.6s)
[INFO] [stderr]   -- Generating done (0.1s)
[INFO] [stderr]   -- Build files have been written to: /opt/rustwide/target/debug/build/lsl-sys/bb7220e78b7f985f/out/build
[INFO] [stderr]   running: cd "/opt/rustwide/target/debug/build/lsl-sys/bb7220e78b7f985f/out/build" && LC_ALL="C" MAKEFLAGS="-j --jobserver-fds=4,5 --jobserver-auth=4,5" "cmake" "--build" "/opt/rustwide/target/debug/build/lsl-sys/bb7220e78b7f985f/out/build" "--target" "install" "--config" "Debug"
[INFO] [stderr]   [  2%] Building CXX object CMakeFiles/lslobj.dir/src/api_config.cpp.o
[INFO] [stderr]   [  5%] Building CXX object CMakeFiles/lslobj.dir/src/common.cpp.o
[INFO] [stderr]   [  8%] Building CXX object CMakeFiles/lslobj.dir/src/lsl_resolver_c.cpp.o
[INFO] [stderr]   [ 11%] Building CXX object CMakeFiles/lslobj.dir/src/cancellation.cpp.o
[INFO] [stderr]   [ 14%] Building CXX object CMakeFiles/lslobj.dir/src/consumer_queue.cpp.o
[INFO] [stderr]   [ 20%] Building CXX object CMakeFiles/lslobj.dir/src/inlet_connection.cpp.o
[INFO] [stderr]   [ 17%] Building CXX object CMakeFiles/lslobj.dir/src/info_receiver.cpp.o
[INFO] [stderr]   [ 22%] Building CXX object CMakeFiles/lslobj.dir/src/lsl_xml_element_c.cpp.o
[INFO] [stderr]   [ 25%] Building CXX object CMakeFiles/lslobj.dir/src/lsl_streaminfo_c.cpp.o
[INFO] [stderr]   [ 28%] Building CXX object CMakeFiles/lslobj.dir/src/lsl_inlet_c.cpp.o
[INFO] [stderr]   [ 31%] Building CXX object CMakeFiles/lslobj.dir/src/data_receiver.cpp.o
[INFO] [stderr]   [ 34%] Building CXX object CMakeFiles/lslobj.dir/src/netinterfaces.cpp.o
[INFO] [stderr]   [ 37%] Building CXX object CMakeFiles/lslobj.dir/src/lsl_outlet_c.cpp.o
[INFO] [stderr]   [ 40%] Building CXX object CMakeFiles/lslobj.dir/src/resolver_impl.cpp.o
[INFO] [stderr]   [ 42%] Building CXX object CMakeFiles/lslobj.dir/src/resolve_attempt_udp.cpp.o
[INFO] [stderr]   [ 45%] Building CXX object CMakeFiles/lslobj.dir/src/sample.cpp.o
[INFO] [stderr]   [ 48%] Building CXX object CMakeFiles/lslobj.dir/src/send_buffer.cpp.o
[INFO] [stderr]   [ 51%] Building CXX object CMakeFiles/lslobj.dir/src/socket_utils.cpp.o
[INFO] [stderr]   [ 54%] Building CXX object CMakeFiles/lslobj.dir/src/stream_info_impl.cpp.o
[INFO] [stderr]   [ 57%] Building CXX object CMakeFiles/lslobj.dir/src/stream_outlet_impl.cpp.o
[INFO] [stderr]   [ 60%] Building CXX object CMakeFiles/lslobj.dir/src/tcp_server.cpp.o
[INFO] [stderr]   [ 65%] Building CXX object CMakeFiles/lslobj.dir/src/time_postprocessor.cpp.o
[INFO] [stderr]   [ 65%] Building CXX object CMakeFiles/lslobj.dir/src/time_receiver.cpp.o
[INFO] [stderr] 
[INFO] [stderr]   --- stderr
[INFO] [stderr]   fatal: No names found, cannot describe anything.
[INFO] [stderr]   CMake Warning:
[INFO] [stderr]     Manually-specified variables were not used by the project:
[INFO] [stderr] 
[INFO] [stderr]       CMAKE_ASM_COMPILER
[INFO] [stderr]       CMAKE_ASM_FLAGS
[INFO] [stderr]       LSL_NO_FANCY_LIBNAME
[INFO] [stderr] 
[INFO] [stderr] 
[INFO] [stderr]   c++: fatal error: Killed signal terminated program cc1plus
[INFO] [stderr]   compilation terminated.
[INFO] [stderr]   gmake[2]: *** [CMakeFiles/lslobj.dir/build.make:135: CMakeFiles/lslobj.dir/src/data_receiver.cpp.o] Error 1
[INFO] [stderr]   gmake[2]: *** Waiting for unfinished jobs....
[INFO] [stderr]   c++: fatal error: Killed signal terminated program cc1plus
[INFO] [stderr]   compilation terminated.
[INFO] [stderr]   gmake[2]: *** [CMakeFiles/lslobj.dir/build.make:177: CMakeFiles/lslobj.dir/src/lsl_resolver_c.cpp.o] Error 1
[INFO] [stderr]   c++: fatal error: Killed signal terminated program cc1plus
[INFO] [stderr]   compilation terminated.
[INFO] [stderr]   gmake[2]: *** [CMakeFiles/lslobj.dir/build.make:191: CMakeFiles/lslobj.dir/src/lsl_inlet_c.cpp.o] Error 1
[INFO] [stderr]   c++: fatal error: Killed signal terminated program cc1plus
[INFO] [stderr]   compilation terminated.
[INFO] [stderr]   gmake[2]: *** [CMakeFiles/lslobj.dir/build.make:149: CMakeFiles/lslobj.dir/src/info_receiver.cpp.o] Error 1
[INFO] [stderr]   In file included from /opt/rustwide/cargo-home/git/checkouts/liblsl-rust-139a2c77651bfe61/afa1d25/lsl-sys/liblsl/src/sample.cpp:3:
[INFO] [stderr]   /opt/rustwide/cargo-home/git/checkouts/liblsl-rust-139a2c77651bfe61/afa1d25/lsl-sys/liblsl/src/portable_archive/portable_iarchive.hpp: In instantiation of 'typename std::enable_if<(! std::is_arithmetic<_Tp>::value)>::type eos::portable_iarchive::load(T&, dummy<4>) [with T = lslboost::archive::class_id_type; typename std::enable_if<(! std::is_arithmetic<_Tp>::value)>::type = void]':
[INFO] [stderr]   /opt/rustwide/cargo-home/git/checkouts/liblsl-rust-139a2c77651bfe61/afa1d25/lsl-sys/liblsl/lslboost/boost/archive/detail/iserializer.hpp:110:16:   required from 'static void lslboost::archive::load_access::load_primitive(Archive&, T&) [with Archive = eos::portable_iarchive; T = lslboost::archive::class_id_type]'
[INFO] [stderr]     110 |         ar.load(t);
[INFO] [stderr]         |         ~~~~~~~^~~
[INFO] [stderr]   /opt/rustwide/cargo-home/git/checkouts/liblsl-rust-139a2c77651bfe61/afa1d25/lsl-sys/liblsl/lslboost/boost/archive/detail/iserializer.hpp:386:40:   required from 'static void lslboost::archive::detail::load_non_pointer_type<Archive>::load_primitive::invoke(Archive&, T&) [with T = lslboost::archive::class_id_type; Archive = eos::portable_iarchive]'
[INFO] [stderr]     386 |             load_access::load_primitive(ar, t);
[INFO] [stderr]         |             ~~~~~~~~~~~~~~~~~~~~~~~~~~~^~~~~~~
[INFO] [stderr]   /opt/rustwide/cargo-home/git/checkouts/liblsl-rust-139a2c77651bfe61/afa1d25/lsl-sys/liblsl/lslboost/boost/archive/detail/iserializer.hpp:463:22:   required from 'static void lslboost::archive::detail::load_non_pointer_type<Archive>::invoke(Archive&, T&) [with T = lslboost::archive::class_id_type; Archive = eos::portable_iarchive]'
[INFO] [stderr]     463 |         typex::invoke(ar, t);
[INFO] [stderr]         |         ~~~~~~~~~~~~~^~~~~~~
[INFO] [stderr]   /opt/rustwide/cargo-home/git/checkouts/liblsl-rust-139a2c77651bfe61/afa1d25/lsl-sys/liblsl/lslboost/boost/archive/detail/iserializer.hpp:626:18:   required from 'void lslboost::archive::load(Archive&, T&) [with Archive = eos::portable_iarchive; T = class_id_type]'
[INFO] [stderr]     626 |     typex::invoke(ar, t);
[INFO] [stderr]         |     ~~~~~~~~~~~~~^~~~~~~
[INFO] [stderr]   /opt/rustwide/cargo-home/git/checkouts/liblsl-rust-139a2c77651bfe61/afa1d25/lsl-sys/liblsl/lslboost/boost/archive/detail/common_iarchive.hpp:67:22:   required from 'void lslboost::archive::detail::common_iarchive<Archive>::load_override(T&) [with T = lslboost::archive::class_id_type; Archive = eos::portable_iarchive]'
[INFO] [stderr]      67 |         archive::load(* this->This(), t);
[INFO] [stderr]         |         ~~~~~~~~~~~~~^~~~~~~~~~~~~~~~~~~
[INFO] [stderr]   /opt/rustwide/cargo-home/git/checkouts/liblsl-rust-139a2c77651bfe61/afa1d25/lsl-sys/liblsl/lslboost/boost/archive/basic_binary_iarchive.hpp:125:56:   required from 'void lslboost::archive::basic_binary_iarchive<Archive>::load_override(lslboost::archive::class_id_type&) [with Archive = eos::portable_iarchive]'
[INFO] [stderr]     125 |             this->detail_common_iarchive::load_override(t);
[INFO] [stderr]         |             ~~~~~~~~~~~~~~~~~~~~~~~~~~~~~~~~~~~~~~~~~~~^~~
[INFO] [stderr]   /opt/rustwide/cargo-home/git/checkouts/liblsl-rust-139a2c77651bfe61/afa1d25/lsl-sys/liblsl/src/portable_archive/portable_iarchive.hpp:273:17:   required from here
[INFO] [stderr]     273 |         template class basic_binary_iarchive<eos::portable_iarchive>;
[INFO] [stderr]         |                        ^~~~~~~~~~~~~~~~~~~~~~~~~~~~~~~~~~~~~~~~~~~~~
[INFO] [stderr]   /opt/rustwide/cargo-home/git/checkouts/liblsl-rust-139a2c77651bfe61/afa1d25/lsl-sys/liblsl/src/portable_archive/portable_iarchive.hpp:248:30: warning: casting 'lslboost::archive::class_id_type' to 'lslboost::uint_t<16>::least&' {aka 'short unsigned int&'} does not use 'lslboost::archive::class_id_type::operator base_type&()' [-Wcast-user-defined]
[INFO] [stderr]     248 |                         load((typename lslboost::uint_t<sizeof(T)*CHAR_BIT>::least&)(t));
[INFO] [stderr]         |                              ^~~~~~~~~~~~~~~~~~~~~~~~~~~~~~~~~~~~~~~~~~~~~~~~~~~~~~~~~~
[INFO] [stderr]   c++: fatal error: Killed signal terminated program cc1plus
[INFO] [stderr]   compilation terminated.
[INFO] [stderr]   gmake[2]: *** [CMakeFiles/lslobj.dir/build.make:163: CMakeFiles/lslobj.dir/src/inlet_connection.cpp.o] Error 1
[INFO] [stderr]   /opt/rustwide/cargo-home/git/checkouts/liblsl-rust-139a2c77651bfe61/afa1d25/lsl-sys/liblsl/src/portable_archive/portable_iarchive.hpp: In instantiation of 'typename std::enable_if<(! std::is_arithmetic<_Tp>::value)>::type eos::portable_iarchive::load(T&, dummy<4>) [with T = lslboost::archive::tracking_type; typename std::enable_if<(! std::is_arithmetic<_Tp>::value)>::type = void]':
[INFO] [stderr]   /opt/rustwide/cargo-home/git/checkouts/liblsl-rust-139a2c77651bfe61/afa1d25/lsl-sys/liblsl/lslboost/boost/archive/detail/iserializer.hpp:110:16:   required from 'static void lslboost::archive::load_access::load_primitive(Archive&, T&) [with Archive = eos::portable_iarchive; T = lslboost::archive::tracking_type]'
[INFO] [stderr]     110 |         ar.load(t);
[INFO] [stderr]         |         ~~~~~~~^~~
[INFO] [stderr]   /opt/rustwide/cargo-home/git/checkouts/liblsl-rust-139a2c77651bfe61/afa1d25/lsl-sys/liblsl/lslboost/boost/archive/detail/iserializer.hpp:386:40:   required from 'static void lslboost::archive::detail::load_non_pointer_type<Archive>::load_primitive::invoke(Archive&, T&) [with T = lslboost::archive::tracking_type; Archive = eos::portable_iarchive]'
[INFO] [stderr]     386 |             load_access::load_primitive(ar, t);
[INFO] [stderr]         |             ~~~~~~~~~~~~~~~~~~~~~~~~~~~^~~~~~~
[INFO] [stderr]   /opt/rustwide/cargo-home/git/checkouts/liblsl-rust-139a2c77651bfe61/afa1d25/lsl-sys/liblsl/lslboost/boost/archive/detail/iserializer.hpp:463:22:   required from 'static void lslboost::archive::detail::load_non_pointer_type<Archive>::invoke(Archive&, T&) [with T = lslboost::archive::tracking_type; Archive = eos::portable_iarchive]'
[INFO] [stderr]     463 |         typex::invoke(ar, t);
[INFO] [stderr]         |         ~~~~~~~~~~~~~^~~~~~~
[INFO] [stderr]   /opt/rustwide/cargo-home/git/checkouts/liblsl-rust-139a2c77651bfe61/afa1d25/lsl-sys/liblsl/lslboost/boost/archive/detail/iserializer.hpp:626:18:   required from 'void lslboost::archive::load(Archive&, T&) [with Archive = eos::portable_iarchive; T = tracking_type]'
[INFO] [stderr]     626 |     typex::invoke(ar, t);
[INFO] [stderr]         |     ~~~~~~~~~~~~~^~~~~~~
[INFO] [stderr]   /opt/rustwide/cargo-home/git/checkouts/liblsl-rust-139a2c77651bfe61/afa1d25/lsl-sys/liblsl/lslboost/boost/archive/detail/common_iarchive.hpp:67:22:   required from 'void lslboost::archive::detail::common_iarchive<Archive>::load_override(T&) [with T = lslboost::archive::tracking_type; Archive = eos::portable_iarchive]'
[INFO] [stderr]      67 |         archive::load(* this->This(), t);
[INFO] [stderr]         |         ~~~~~~~~~~~~~^~~~~~~~~~~~~~~~~~~
[INFO] [stderr]   /opt/rustwide/cargo-home/git/checkouts/liblsl-rust-139a2c77651bfe61/afa1d25/lsl-sys/liblsl/lslboost/boost/archive/basic_binary_iarchive.hpp:76:50:   required from 'void lslboost::archive::basic_binary_iarchive<Archive>::load_override(T&) [with T = lslboost::archive::tracking_type; Archive = eos::portable_iarchive]'
[INFO] [stderr]      76 |       this->detail_common_iarchive::load_override(t);
[INFO] [stderr]         |       ~~~~~~~~~~~~~~~~~~~~~~~~~~~~~~~~~~~~~~~~~~~^~~
[INFO] [stderr]   /opt/rustwide/cargo-home/git/checkouts/liblsl-rust-139a2c77651bfe61/afa1d25/lsl-sys/liblsl/lslboost/boost/archive/detail/interface_iarchive.hpp:68:36:   required from 'Archive& lslboost::archive::detail::interface_iarchive<Archive>::operator>>(T&) [with T = lslboost::archive::tracking_type; Archive = eos::portable_iarchive]'
[INFO] [stderr]      68 |         this->This()->load_override(t);
[INFO] [stderr]         |         ~~~~~~~~~~~~~~~~~~~~~~~~~~~^~~
[INFO] [stderr]   /opt/rustwide/cargo-home/git/checkouts/liblsl-rust-139a2c77651bfe61/afa1d25/lsl-sys/liblsl/lslboost/boost/archive/detail/common_iarchive.hpp:58:24:   required from 'void lslboost::archive::detail::common_iarchive<Archive>::vload(lslboost::archive::tracking_type&) [with Archive = eos::portable_iarchive]'
[INFO] [stderr]      58 |         * this->This() >> t;
[INFO] [stderr]         |         ~~~~~~~~~~~~~~~^~~~
[INFO] [stderr]   /opt/rustwide/cargo-home/git/checkouts/liblsl-rust-139a2c77651bfe61/afa1d25/lsl-sys/liblsl/lslboost/boost/archive/detail/common_iarchive.hpp:57:10:   required from here
[INFO] [stderr]      57 |     void vload(tracking_type & t) BOOST_OVERRIDE {
[INFO] [stderr]         |          ^~~~~
[INFO] [stderr]   /opt/rustwide/cargo-home/git/checkouts/liblsl-rust-139a2c77651bfe61/afa1d25/lsl-sys/liblsl/src/portable_archive/portable_iarchive.hpp:248:30: warning: casting 'lslboost::archive::tracking_type' to 'lslboost::uint_t<8>::least&' {aka 'unsigned char&'} does not use 'lslboost::archive::tracking_type::operator bool&()' [-Wcast-user-defined]
[INFO] [stderr]     248 |                         load((typename lslboost::uint_t<sizeof(T)*CHAR_BIT>::least&)(t));
[INFO] [stderr]         |                              ^~~~~~~~~~~~~~~~~~~~~~~~~~~~~~~~~~~~~~~~~~~~~~~~~~~~~~~~~~
[INFO] [stderr]   gmake[1]: *** [CMakeFiles/Makefile2:93: CMakeFiles/lslobj.dir/all] Error 2
[INFO] [stderr]   gmake: *** [Makefile:156: all] Error 2
[INFO] [stderr] 
[INFO] [stderr]   thread 'main' (506) panicked at /opt/rustwide/cargo-home/registry/src/index.crates.io-1949cf8c6b5b557f/cmake-0.1.54/src/lib.rs:1119:5:
[INFO] [stderr] 
[INFO] [stderr]   command did not execute successfully, got: exit status: 2
[INFO] [stderr] 
[INFO] [stderr]   build script failed, must exit now
[INFO] [stderr]   stack backtrace:
[INFO] [stderr]      0:     0x5f7833941f01 - std[8adbedb685f3f8fb]::backtrace_rs::backtrace::libunwind::trace
[INFO] [stderr]                                  at /rustc/f3df2feb79b2422c028f78855ec6ffe2e212d7cc/library/std/src/../../backtrace/src/backtrace/libunwind.rs:117:9
[INFO] [stderr]      1:     0x5f7833941f01 - std[8adbedb685f3f8fb]::backtrace_rs::backtrace::trace_unsynchronized::<std[8adbedb685f3f8fb]::sys::backtrace::_print_fmt::{closure#1}>
[INFO] [stderr]                                  at /rustc/f3df2feb79b2422c028f78855ec6ffe2e212d7cc/library/std/src/../../backtrace/src/backtrace/mod.rs:66:14
[INFO] [stderr]      2:     0x5f7833941f01 - std[8adbedb685f3f8fb]::sys::backtrace::_print_fmt
[INFO] [stderr]                                  at /rustc/f3df2feb79b2422c028f78855ec6ffe2e212d7cc/library/std/src/sys/backtrace.rs:74:9
[INFO] [stderr]      3:     0x5f7833941f01 - <<std[8adbedb685f3f8fb]::sys::backtrace::BacktraceLock>::print::DisplayBacktrace as core[61e881d6036fc7c0]::fmt::Display>::fmt
[INFO] [stderr]                                  at /rustc/f3df2feb79b2422c028f78855ec6ffe2e212d7cc/library/std/src/sys/backtrace.rs:44:26
[INFO] [stderr]      4:     0x5f783395617a - <core[61e881d6036fc7c0]::fmt::rt::Argument>::fmt
[INFO] [stderr]                                  at /rustc/f3df2feb79b2422c028f78855ec6ffe2e212d7cc/library/core/src/fmt/rt.rs:152:76
[INFO] [stderr]      5:     0x5f783395617a - core[61e881d6036fc7c0]::fmt::write
[INFO] [stderr]      6:     0x5f78339479cc - core[61e881d6036fc7c0]::io::write::default_write_fmt::<std[8adbedb685f3f8fb]::sys::stdio::unix::Stderr>
[INFO] [stderr]                                  at /rustc/f3df2feb79b2422c028f78855ec6ffe2e212d7cc/library/core/src/io/write.rs:402:11
[INFO] [stderr]      7:     0x5f78339479cc - <std[8adbedb685f3f8fb]::sys::stdio::unix::Stderr as core[61e881d6036fc7c0]::io::write::Write>::write_fmt
[INFO] [stderr]                                  at /rustc/f3df2feb79b2422c028f78855ec6ffe2e212d7cc/library/core/src/io/write.rs:335:13
[INFO] [stderr]      8:     0x5f7833921776 - <std[8adbedb685f3f8fb]::sys::backtrace::BacktraceLock>::print
[INFO] [stderr]                                  at /rustc/f3df2feb79b2422c028f78855ec6ffe2e212d7cc/library/std/src/sys/backtrace.rs:47:9
[INFO] [stderr]      9:     0x5f7833921776 - std[8adbedb685f3f8fb]::panicking::default_hook::{closure#0}
[INFO] [stderr]                                  at /rustc/f3df2feb79b2422c028f78855ec6ffe2e212d7cc/library/std/src/panicking.rs:289:27
[INFO] [stderr]     10:     0x5f783393cbd1 - std[8adbedb685f3f8fb]::panicking::default_hook
[INFO] [stderr]                                  at /rustc/f3df2feb79b2422c028f78855ec6ffe2e212d7cc/library/std/src/panicking.rs:316:9
[INFO] [stderr]     11:     0x5f783393cd8b - std[8adbedb685f3f8fb]::panicking::panic_with_hook
[INFO] [stderr]                                  at /rustc/f3df2feb79b2422c028f78855ec6ffe2e212d7cc/library/std/src/panicking.rs:811:13
[INFO] [stderr]     12:     0x5f7833921822 - std[8adbedb685f3f8fb]::panicking::panic_handler::{closure#0}
[INFO] [stderr]                                  at /rustc/f3df2feb79b2422c028f78855ec6ffe2e212d7cc/library/std/src/panicking.rs:685:13
[INFO] [stderr]     13:     0x5f783391b2c9 - std[8adbedb685f3f8fb]::sys::backtrace::__rust_end_short_backtrace::<std[8adbedb685f3f8fb]::panicking::panic_handler::{closure#0}, !>
[INFO] [stderr]                                  at /rustc/f3df2feb79b2422c028f78855ec6ffe2e212d7cc/library/std/src/sys/backtrace.rs:182:18
[INFO] [stderr]     14:     0x5f783392200d - __rustc[f6e0e9ba8b2b65cc]::rust_begin_unwind
[INFO] [stderr]                                  at /rustc/f3df2feb79b2422c028f78855ec6ffe2e212d7cc/library/std/src/panicking.rs:676:5
[INFO] [stderr]     15:     0x5f783395696c - core[61e881d6036fc7c0]::panicking::panic_fmt
[INFO] [stderr]                                  at /rustc/f3df2feb79b2422c028f78855ec6ffe2e212d7cc/library/core/src/panicking.rs:80:14
[INFO] [stderr]     16:     0x5f78338b30a7 - cmake[574e552f0e1ef22c]::fail
[INFO] [stderr]     17:     0x5f78338b2d33 - cmake[574e552f0e1ef22c]::run
[INFO] [stderr]     18:     0x5f78338b8b84 - <cmake[574e552f0e1ef22c]::Config>::build
[INFO] [stderr]     19:     0x5f78338a57f3 - build_script_build[e5cb6231a0596b3d]::build_liblsl
[INFO] [stderr]     20:     0x5f78338a5d96 - build_script_build[e5cb6231a0596b3d]::main
[INFO] [stderr]     21:     0x5f78338a62d3 - <fn() as core[61e881d6036fc7c0]::ops::function::FnOnce<()>>::call_once
[INFO] [stderr]     22:     0x5f78338a559e - std[8adbedb685f3f8fb]::sys::backtrace::__rust_begin_short_backtrace::<fn(), ()>
[INFO] [stderr]     23:     0x5f78338a55a9 - std[8adbedb685f3f8fb]::rt::lang_start::<()>::{closure#0}
[INFO] [stderr]     24:     0x5f783393bed8 - <&dyn core[61e881d6036fc7c0]::ops::function::Fn<(), Output = i32> + core[61e881d6036fc7c0]::marker::Sync + core[61e881d6036fc7c0]::panic::unwind_safe::RefUnwindSafe as core[61e881d6036fc7c0]::ops::function::FnOnce<()>>::call_once
[INFO] [stderr]                                  at /rustc/f3df2feb79b2422c028f78855ec6ffe2e212d7cc/library/core/src/ops/function.rs:287:21
[INFO] [stderr]     25:     0x5f783393bed8 - std[8adbedb685f3f8fb]::panicking::catch_unwind::do_call::<&dyn core[61e881d6036fc7c0]::ops::function::Fn<(), Output = i32> + core[61e881d6036fc7c0]::marker::Sync + core[61e881d6036fc7c0]::panic::unwind_safe::RefUnwindSafe, i32>
[INFO] [stderr]                                  at /rustc/f3df2feb79b2422c028f78855ec6ffe2e212d7cc/library/std/src/panicking.rs:573:43
[INFO] [stderr]     26:     0x5f783393bed8 - std[8adbedb685f3f8fb]::panicking::catch_unwind::<i32, &dyn core[61e881d6036fc7c0]::ops::function::Fn<(), Output = i32> + core[61e881d6036fc7c0]::marker::Sync + core[61e881d6036fc7c0]::panic::unwind_safe::RefUnwindSafe>
[INFO] [stderr]                                  at /rustc/f3df2feb79b2422c028f78855ec6ffe2e212d7cc/library/std/src/panicking.rs:541:19
[INFO] [stderr]     27:     0x5f783393bed8 - std[8adbedb685f3f8fb]::panic::catch_unwind::<&dyn core[61e881d6036fc7c0]::ops::function::Fn<(), Output = i32> + core[61e881d6036fc7c0]::marker::Sync + core[61e881d6036fc7c0]::panic::unwind_safe::RefUnwindSafe, i32>
[INFO] [stderr]                                  at /rustc/f3df2feb79b2422c028f78855ec6ffe2e212d7cc/library/std/src/panic.rs:359:14
[INFO] [stderr]     28:     0x5f783393bed8 - std[8adbedb685f3f8fb]::rt::lang_start_internal::{closure#0}
[INFO] [stderr]                                  at /rustc/f3df2feb79b2422c028f78855ec6ffe2e212d7cc/library/std/src/rt.rs:175:24
[INFO] [stderr]     29:     0x5f783393bed8 - std[8adbedb685f3f8fb]::panicking::catch_unwind::do_call::<std[8adbedb685f3f8fb]::rt::lang_start_internal::{closure#0}, isize>
[INFO] [stderr]                                  at /rustc/f3df2feb79b2422c028f78855ec6ffe2e212d7cc/library/std/src/panicking.rs:573:43
[INFO] [stderr]     30:     0x5f783393bed8 - std[8adbedb685f3f8fb]::panicking::catch_unwind::<isize, std[8adbedb685f3f8fb]::rt::lang_start_internal::{closure#0}>
[INFO] [stderr]                                  at /rustc/f3df2feb79b2422c028f78855ec6ffe2e212d7cc/library/std/src/panicking.rs:541:19
[INFO] [stderr]     31:     0x5f783393bed8 - std[8adbedb685f3f8fb]::panic::catch_unwind::<std[8adbedb685f3f8fb]::rt::lang_start_internal::{closure#0}, isize>
[INFO] [stderr]                                  at /rustc/f3df2feb79b2422c028f78855ec6ffe2e212d7cc/library/std/src/panic.rs:359:14
[INFO] [stderr]     32:     0x5f783393bed8 - std[8adbedb685f3f8fb]::rt::lang_start_internal
[INFO] [stderr]                                  at /rustc/f3df2feb79b2422c028f78855ec6ffe2e212d7cc/library/std/src/rt.rs:171:5
[INFO] [stderr]     33:     0x5f78338a5591 - std[8adbedb685f3f8fb]::rt::lang_start::<()>
[INFO] [stderr]     34:     0x5f78338a6345 - main
[INFO] [stderr]     35:     0x739557cab601 - <unknown>
[INFO] [stderr]     36:     0x739557cab718 - __libc_start_main
[INFO] [stderr]     37:     0x5f78338a4505 - _start
[INFO] [stderr]     38:                0x0 - <unknown>
[INFO] running `Command { std: "docker" "inspect" "15390eb9ad3a895752c3ea279de3084d255267c8a0558872abe2916483b0924c", kill_on_drop: false }`
[INFO] running `Command { std: "docker" "rm" "-f" "15390eb9ad3a895752c3ea279de3084d255267c8a0558872abe2916483b0924c", kill_on_drop: false }`
[INFO] [stdout] 15390eb9ad3a895752c3ea279de3084d255267c8a0558872abe2916483b0924c
