[INFO] cloning repository https://github.com/zhe-gu/zero-gravity
[INFO] running `Command { std: "git" "-c" "credential.helper=" "-c" "credential.helper=/workspace/cargo-home/bin/git-credential-null" "clone" "--bare" "https://github.com/zhe-gu/zero-gravity" "/workspace/cache/git-repos/https%3A%2F%2Fgithub.com%2Fzhe-gu%2Fzero-gravity", kill_on_drop: false }`
[INFO] [stderr] Cloning into bare repository '/workspace/cache/git-repos/https%3A%2F%2Fgithub.com%2Fzhe-gu%2Fzero-gravity'...
[INFO] running `Command { std: "git" "rev-parse" "HEAD", kill_on_drop: false }`
[INFO] [stdout] 29bebd79ea0f3615d5f9d7909344527afed493e6
[INFO] checking zhe-gu/zero-gravity against 8773d2c75a8e90130dcce745a7ec4e66bb9963db+rustflags=-Aunfulfilled-lint-expectations for pr-163637
[INFO] running `Command { std: "git" "clone" "/workspace/cache/git-repos/https%3A%2F%2Fgithub.com%2Fzhe-gu%2Fzero-gravity" "/workspace/builds/worker-3-tc2/source", kill_on_drop: false }`
[INFO] [stderr] Cloning into '/workspace/builds/worker-3-tc2/source'...
[INFO] [stderr] done.
[INFO] removed /workspace/builds/worker-3-tc2/source/.cargo/config.toml
[INFO] started tweaking git repo https://github.com/zhe-gu/zero-gravity
[INFO] finished tweaking git repo https://github.com/zhe-gu/zero-gravity
[INFO] tweaked toml for git repo https://github.com/zhe-gu/zero-gravity written to /workspace/builds/worker-3-tc2/source/Cargo.toml
[INFO] validating manifest of git repo https://github.com/zhe-gu/zero-gravity on toolchain 8773d2c75a8e90130dcce745a7ec4e66bb9963db
[INFO] running `Command { std: CARGO_HOME="/workspace/cargo-home" RUSTUP_HOME="/workspace/rustup-home" "/workspace/cargo-home/bin/cargo" "+8773d2c75a8e90130dcce745a7ec4e66bb9963db" "metadata" "--manifest-path" "Cargo.toml" "--no-deps", kill_on_drop: false }`
[INFO] crate git repo https://github.com/zhe-gu/zero-gravity already has a lockfile, it will not be regenerated
[INFO] running `Command { std: CARGO_HOME="/workspace/cargo-home" RUSTUP_HOME="/workspace/rustup-home" "/workspace/cargo-home/bin/cargo" "+8773d2c75a8e90130dcce745a7ec4e66bb9963db" "fetch" "--manifest-path" "Cargo.toml", kill_on_drop: false }`
[INFO] running `Command { std: "docker" "create" "-v" "/var/lib/crater-agent-workspace/builds/worker-3-tc2/source:/opt/rustwide/workdir:ro,Z" "-v" "/var/lib/crater-agent-workspace/builds/worker-3-tc2/target:/opt/rustwide/target:rw,Z" "-v" "/var/lib/crater-agent-workspace/cargo-home:/opt/rustwide/cargo-home:ro,Z" "-v" "/var/lib/crater-agent-workspace/rustup-home:/opt/rustwide/rustup-home:ro,Z" "-m" "1610612736" "--network" "none" "ghcr.io/rust-lang/crates-build-env/linux@sha256:77db811e55d90add9212f6832c23229e3de5f1c1f9905e8cb07319ea15df73ac" "sleep" "infinity", kill_on_drop: false }`
[INFO] [stdout] 367746a3fca5653b7fab1033b8498b88c159c60b44fd4bfa5d0b99137e8bdc77
[INFO] running `Command { std: "docker" "start" "367746a3fca5653b7fab1033b8498b88c159c60b44fd4bfa5d0b99137e8bdc77", kill_on_drop: false }`
[INFO] running `Command { std: "docker" "inspect" "367746a3fca5653b7fab1033b8498b88c159c60b44fd4bfa5d0b99137e8bdc77", kill_on_drop: false }`
[INFO] running `Command { std: "docker" "exec" "-e" "SOURCE_DIR=/opt/rustwide/workdir" "-e" "CARGO_HOME=/opt/rustwide/cargo-home" "-e" "RUSTUP_HOME=/opt/rustwide/rustup-home" "-e" "CARGO_TARGET_DIR=/opt/rustwide/target" "-w" "/opt/rustwide/workdir" "--user" "0:0" "367746a3fca5653b7fab1033b8498b88c159c60b44fd4bfa5d0b99137e8bdc77" "/opt/rustwide/cargo-home/bin/cargo" "+8773d2c75a8e90130dcce745a7ec4e66bb9963db" "metadata" "--no-deps" "--format-version=1", kill_on_drop: false }`
[INFO] running `Command { std: "docker" "inspect" "367746a3fca5653b7fab1033b8498b88c159c60b44fd4bfa5d0b99137e8bdc77", kill_on_drop: false }`
[INFO] running `Command { std: "docker" "exec" "-e" "SOURCE_DIR=/opt/rustwide/workdir" "-e" "CARGO_HOME=/opt/rustwide/cargo-home" "-e" "RUSTUP_HOME=/opt/rustwide/rustup-home" "-e" "CARGO_TARGET_DIR=/opt/rustwide/target" "-e" "CARGO_INCREMENTAL=0" "-e" "RUST_BACKTRACE=full" "-e" "RUSTFLAGS=--cap-lints=forbid -Aunfulfilled-lint-expectations" "-e" "RUSTDOCFLAGS=--cap-lints=forbid" "-w" "/opt/rustwide/workdir" "--user" "0:0" "367746a3fca5653b7fab1033b8498b88c159c60b44fd4bfa5d0b99137e8bdc77" "/opt/rustwide/cargo-home/bin/cargo" "+8773d2c75a8e90130dcce745a7ec4e66bb9963db" "check" "--frozen" "--all" "--all-targets" "--message-format=json", kill_on_drop: false }`
[INFO] [stderr]    Compiling unicode-ident v1.0.23
[INFO] [stderr]    Compiling quote v1.0.44
[INFO] [stderr]    Compiling libc v0.2.181
[INFO] [stderr]     Checking http v1.4.0
[INFO] [stderr]    Compiling regex-syntax v0.8.9
[INFO] [stderr]    Compiling nom v7.1.3
[INFO] [stderr]    Compiling zerocopy v0.8.39
[INFO] [stderr]    Compiling aws-lc-rs v1.15.4
[INFO] [stderr]     Checking foreign-types-shared v0.3.1
[INFO] [stderr]     Checking aho-corasick v1.1.4
[INFO] [stderr]    Compiling proc-macro2 v1.0.106
[INFO] [stderr]     Checking deranged v0.5.6
[INFO] [stderr]     Checking serde_json v1.0.149
[INFO] [stderr]    Compiling rustls v0.23.36
[INFO] [stderr]     Checking hashbrown v0.13.2
[INFO] [stderr]     Checking num-conv v0.2.0
[INFO] [stderr]     Checking brotli v8.0.2
[INFO] [stderr]     Checking flate2 v1.1.9
[INFO] [stderr]     Checking webpki-root-certs v1.0.6
[INFO] [stderr]     Checking clap_lex v1.0.0
[INFO] [stderr]     Checking pem v3.0.6
[INFO] [stderr]     Checking brotli-decompressor v4.0.3
[INFO] [stderr]     Checking clap_builder v4.5.58
[INFO] [stderr]     Checking serde_path_to_error v0.1.20
[INFO] [stderr]    Compiling syn v2.0.115
[INFO] [stderr]     Checking http-body v1.0.1
[INFO] [stderr]     Checking rustls-native-certs v0.8.3
[INFO] [stderr]     Checking chrono v0.4.43
[INFO] [stderr]     Checking tower-http v0.6.8
[INFO] [stderr]     Checking http-body-util v0.1.3
[INFO] [stderr]    Compiling jobserver v0.1.34
[INFO] [stderr]    Compiling clang-sys v1.8.1
[INFO] [stderr]    Compiling fslock v0.2.1
[INFO] [stderr]     Checking brotli v7.0.0
[INFO] [stderr]    Compiling cc v1.2.55
[INFO] [stderr]     Checking rustls-pemfile v2.2.0
[INFO] [stderr]     Checking time v0.3.47
[INFO] [stderr]     Checking parking_lot_core v0.9.12
[INFO] [stderr]     Checking errno v0.3.14
[INFO] [stderr]     Checking socket2 v0.6.2
[INFO] [stderr]     Checking mio v1.1.1
[INFO] [stderr]     Checking signal-hook-registry v1.4.8
[INFO] [stderr]     Checking parking_lot v0.12.5
[INFO] [stderr]     Checking getrandom v0.2.17
[INFO] [stderr]    Compiling regex-automata v0.4.14
[INFO] [stderr]     Checking rand_core v0.6.4
[INFO] [stderr]     Checking getrandom v0.3.4
[INFO] [stderr]     Checking uuid v1.20.0
[INFO] [stderr]     Checking yasna v0.5.2
[INFO] [stderr]    Compiling cmake v0.1.57
[INFO] [stderr]    Compiling zstd-sys v2.0.16+zstd.1.5.7
[INFO] [stderr]    Compiling ring v0.17.14
[INFO] [stderr]    Compiling aws-lc-sys v0.37.1
[INFO] [stderr]    Compiling cexpr v0.6.0
[INFO] [stderr]    Compiling regex v1.12.3
[INFO] [stderr]    Compiling zstd-safe v7.2.4
[INFO] [stderr]     Checking matchers v0.2.0
[INFO] [stderr]     Checking zstd v0.13.3
[INFO] [stderr]    Compiling synstructure v0.13.2
[INFO] [stderr]    Compiling bindgen v0.72.1
[INFO] [stderr]     Checking ahash v0.8.12
[INFO] [stderr]     Checking ppv-lite86 v0.2.21
[INFO] [stderr]     Checking schnellru v0.2.4
[INFO] [stderr]     Checking rand_chacha v0.3.1
[INFO] [stderr]     Checking rand v0.8.5
[INFO] [stderr]    Compiling zerofrom-derive v0.1.6
[INFO] [stderr]    Compiling yoke-derive v0.8.1
[INFO] [stderr]    Compiling tokio-macros v2.6.0
[INFO] [stderr]    Compiling zerovec-derive v0.11.2
[INFO] [stderr]    Compiling displaydoc v0.2.5
[INFO] [stderr]    Compiling tracing-attributes v0.1.31
[INFO] [stderr]    Compiling serde_derive v1.0.228
[INFO] [stderr]    Compiling foreign-types-macros v0.2.3
[INFO] [stderr]    Compiling openssl-macros v0.1.1
[INFO] [stderr]    Compiling typed-builder-macro v0.23.2
[INFO] [stderr]    Compiling clap_derive v4.5.55
[INFO] [stderr]    Compiling async-stream-impl v0.3.6
[INFO] [stderr]     Checking rcgen v0.13.2
[INFO] [stderr]     Checking tokio v1.49.0
[INFO] [stderr]     Checking foreign-types v0.5.0
[INFO] [stderr]     Checking async-stream v0.3.6
[INFO] [stderr]     Checking zerofrom v0.1.6
[INFO] [stderr]     Checking yoke v0.8.1
[INFO] [stderr]     Checking tracing v0.1.44
[INFO] [stderr]     Checking zerovec v0.11.5
[INFO] [stderr]     Checking zerotrie v0.2.3
[INFO] [stderr]     Checking axum-core v0.5.6
[INFO] [stderr]     Checking tracing-subscriber v0.3.22
[INFO] [stderr]     Checking typed-builder v0.23.2
[INFO] [stderr]     Checking clap v4.5.58
[INFO] [stderr]     Checking tinystr v0.8.2
[INFO] [stderr]     Checking potential_utf v0.1.4
[INFO] [stderr]     Checking icu_collections v2.1.1
[INFO] [stderr]     Checking icu_locale_core v2.1.1
[INFO] [stderr]     Checking icu_provider v2.1.1
[INFO] [stderr]     Checking icu_properties v2.1.2
[INFO] [stderr]     Checking icu_normalizer v2.1.1
[INFO] [stderr]     Checking serde v1.0.228
[INFO] [stderr]     Checking serde_urlencoded v0.7.1
[INFO] [stderr]     Checking idna_adapter v1.2.1
[INFO] [stderr]     Checking idna v1.1.0
[INFO] [stderr]    Compiling boring-sys2 v5.0.0-alpha.12
[INFO] [stderr]     Checking url v2.5.8
[INFO] [stderr]     Checking tokio-util v0.7.18
[INFO] [stderr]     Checking tower v0.5.3
[INFO] [stderr]     Checking tokio-stream v0.1.18
[INFO] [stderr]     Checking h2 v0.4.13
[INFO] [stderr]     Checking http2 v0.5.12
[INFO] [stderr]     Checking hyper v1.8.1
[INFO] [stderr]     Checking rustls-webpki v0.103.9
[INFO] [stderr]     Checking hyper-util v0.1.20
[INFO] [stderr]     Checking axum v0.8.8
[INFO] [stderr] error: could not compile `axum` (lib)
[INFO] [stderr] 
[INFO] [stderr] Caused by:
[INFO] [stderr]   process didn't exit successfully: `/opt/rustwide/rustup-home/toolchains/8773d2c75a8e90130dcce745a7ec4e66bb9963db/bin/rustc --crate-name axum --edition=2021 /opt/rustwide/cargo-home/registry/src/index.crates.io-1949cf8c6b5b557f/axum-0.8.8/src/lib.rs --error-format=json --json=diagnostic-rendered-ansi,artifacts,future-incompat,unused-externs-silent --crate-type lib --emit=dep-info,metadata -C embed-bitcode=no -C debuginfo=2 --cfg 'feature="default"' --cfg 'feature="form"' --cfg 'feature="http1"' --cfg 'feature="json"' --cfg 'feature="matched-path"' --cfg 'feature="original-uri"' --cfg 'feature="query"' --cfg 'feature="tokio"' --cfg 'feature="tower-log"' --cfg 'feature="tracing"' --check-cfg 'cfg(docsrs,test)' --check-cfg 'cfg(feature, values("__private", "__private_docs", "default", "form", "http1", "http2", "json", "macros", "matched-path", "multipart", "original-uri", "query", "tokio", "tower-log", "tracing", "ws"))' -C metadata=e465b5dcb5c4d776 -C extra-filename=-0d31f02fcb332e16 --out-dir /opt/rustwide/target/debug/build/axum/0d31f02fcb332e16/out -L dependency=/opt/rustwide/target/debug/build/atomic-waker/a3c73e0d7cc21914/out -L dependency=/opt/rustwide/target/debug/build/bytes/053bbb964be54141/out -L dependency=/opt/rustwide/target/debug/build/cfg-if/0b3e54b70ee0e796/out -L dependency=/opt/rustwide/target/debug/build/equivalent/f9d3d7b1ce339829/out -L dependency=/opt/rustwide/target/debug/build/errno/178da0b86d7b3f69/out -L dependency=/opt/rustwide/target/debug/build/fnv/2ac970b0a86ef017/out -L dependency=/opt/rustwide/target/debug/build/form_urlencoded/78da394d4823c27f/out -L dependency=/opt/rustwide/target/debug/build/futures-channel/e5938f34430c0f56/out -L dependency=/opt/rustwide/target/debug/build/futures-core/ec03c260f525680c/out -L dependency=/opt/rustwide/target/debug/build/futures-sink/034745c499df9eee/out -L dependency=/opt/rustwide/target/debug/build/futures-task/c7d903b8ae5cf688/out -L dependency=/opt/rustwide/target/debug/build/futures-util/a0bd459a44eed2a0/out -L dependency=/opt/rustwide/target/debug/build/h2/dfb47564de256b14/out -L dependency=/opt/rustwide/target/debug/build/hashbrown/475362faa6fc9540/out -L dependency=/opt/rustwide/target/debug/build/http-body-util/cb429aa9963ddd00/out -L dependency=/opt/rustwide/target/debug/build/http-body/4be3dbd91869e93f/out -L dependency=/opt/rustwide/target/debug/build/http/c1305a1ca1c9deb4/out -L dependency=/opt/rustwide/target/debug/build/httparse/a9c4680bc5dcad4a/out -L dependency=/opt/rustwide/target/debug/build/httpdate/f23a810e56350966/out -L dependency=/opt/rustwide/target/debug/build/hyper/e02b3bfb05d1a2c8/out -L dependency=/opt/rustwide/target/debug/build/indexmap/39242f79bb7c129e/out -L dependency=/opt/rustwide/target/debug/build/itoa/a0694a049e1b5565/out -L dependency=/opt/rustwide/target/debug/build/libc/0252d02a2681c644/out -L dependency=/opt/rustwide/target/debug/build/lock_api/27f158bc94b8abec/out -L dependency=/opt/rustwide/target/debug/build/log/f835e13a235e2fd9/out -L dependency=/opt/rustwide/target/debug/build/memchr/d045849000e3d7f4/out -L dependency=/opt/rustwide/target/debug/build/mime/421e4a8095370892/out -L dependency=/opt/rustwide/target/debug/build/mio/61a38949a18f33b6/out -L dependency=/opt/rustwide/target/debug/build/once_cell/ac4e396e88e7d4a5/out -L dependency=/opt/rustwide/target/debug/build/parking_lot/74ed74dd062cd9b5/out -L dependency=/opt/rustwide/target/debug/build/parking_lot_core/55d8ca6bf0df506d/out -L dependency=/opt/rustwide/target/debug/build/percent-encoding/8b94235183f2fd0c/out -L dependency=/opt/rustwide/target/debug/build/pin-project-lite/d1f3363798f36ccd/out -L dependency=/opt/rustwide/target/debug/build/pin-utils/e1652ccf7965bf14/out -L dependency=/opt/rustwide/target/debug/build/ryu/33cb5739a5a02ad6/out -L dependency=/opt/rustwide/target/debug/build/scopeguard/48649b11c02815aa/out -L dependency=/opt/rustwide/target/debug/build/serde/d071bfbb5ca321d4/out -L dependency=/opt/rustwide/target/debug/build/serde_core/eae2458de63c9d50/out -L dependency=/opt/rustwide/target/debug/build/serde_derive/499c6a840857404e/out -L dependency=/opt/rustwide/target/debug/build/signal-hook-registry/02d4725b9e73c49f/out -L dependency=/opt/rustwide/target/debug/build/slab/b676216929f844d6/out -L dependency=/opt/rustwide/target/debug/build/smallvec/ff0802603830aaa6/out -L dependency=/opt/rustwide/target/debug/build/socket2/d938056d2cd609a4/out -L dependency=/opt/rustwide/target/debug/build/sync_wrapper/035f742d79cdf5f3/out -L dependency=/opt/rustwide/target/debug/build/tokio-macros/4379c5475d5279dd/out -L dependency=/opt/rustwide/target/debug/build/tokio-util/788eb56512362a08/out -L dependency=/opt/rustwide/target/debug/build/tokio/fbacde9ab0a233f0/out -L dependency=/opt/rustwide/target/debug/build/tower-layer/9ad55b34d12cf0d7/out -L dependency=/opt/rustwide/target/debug/build/tower-service/f6bdc52209c384aa/out -L dependency=/opt/rustwide/target/debug/build/tracing-attributes/85a3e409a892da75/out -L dependency=/opt/rustwide/target/debug/build/tracing-core/5f9d4b194820ac51/out -L dependency=/opt/rustwide/target/debug/build/tracing/f0cec3e18e926be1/out -L dependency=/opt/rustwide/target/debug/build/try-lock/4a55f150c443bec1/out -L dependency=/opt/rustwide/target/debug/build/want/f1c4dd9e8b45b1cf/out -L dependency=/opt/rustwide/target/debug/build/zmij/6052146c8ccd5e0e/out --extern axum_core=/opt/rustwide/target/debug/build/axum-core/0160a1f3c642a929/out/libaxum_core-0160a1f3c642a929.rmeta --extern bytes=/opt/rustwide/target/debug/build/bytes/053bbb964be54141/out/libbytes-053bbb964be54141.rmeta --extern form_urlencoded=/opt/rustwide/target/debug/build/form_urlencoded/78da394d4823c27f/out/libform_urlencoded-78da394d4823c27f.rmeta --extern futures_util=/opt/rustwide/target/debug/build/futures-util/a0bd459a44eed2a0/out/libfutures_util-a0bd459a44eed2a0.rmeta --extern http=/opt/rustwide/target/debug/build/http/c1305a1ca1c9deb4/out/libhttp-c1305a1ca1c9deb4.rmeta --extern http_body=/opt/rustwide/target/debug/build/http-body/4be3dbd91869e93f/out/libhttp_body-4be3dbd91869e93f.rmeta --extern http_body_util=/opt/rustwide/target/debug/build/http-body-util/cb429aa9963ddd00/out/libhttp_body_util-cb429aa9963ddd00.rmeta --extern hyper=/opt/rustwide/target/debug/build/hyper/e02b3bfb05d1a2c8/out/libhyper-e02b3bfb05d1a2c8.rmeta --extern hyper_util=/opt/rustwide/target/debug/build/hyper-util/7ed2a7e0ffb3761d/out/libhyper_util-7ed2a7e0ffb3761d.rmeta --extern itoa=/opt/rustwide/target/debug/build/itoa/a0694a049e1b5565/out/libitoa-a0694a049e1b5565.rmeta --extern matchit=/opt/rustwide/target/debug/build/matchit/d209594ff4e5719b/out/libmatchit-d209594ff4e5719b.rmeta --extern memchr=/opt/rustwide/target/debug/build/memchr/d045849000e3d7f4/out/libmemchr-d045849000e3d7f4.rmeta --extern mime=/opt/rustwide/target/debug/build/mime/421e4a8095370892/out/libmime-421e4a8095370892.rmeta --extern percent_encoding=/opt/rustwide/target/debug/build/percent-encoding/8b94235183f2fd0c/out/libpercent_encoding-8b94235183f2fd0c.rmeta --extern pin_project_lite=/opt/rustwide/target/debug/build/pin-project-lite/d1f3363798f36ccd/out/libpin_project_lite-d1f3363798f36ccd.rmeta --extern serde_core=/opt/rustwide/target/debug/build/serde_core/eae2458de63c9d50/out/libserde_core-eae2458de63c9d50.rmeta --extern serde_json=/opt/rustwide/target/debug/build/serde_json/92410906bf81600e/out/libserde_json-92410906bf81600e.rmeta --extern serde_path_to_error=/opt/rustwide/target/debug/build/serde_path_to_error/7263b73d01e83628/out/libserde_path_to_error-7263b73d01e83628.rmeta --extern serde_urlencoded=/opt/rustwide/target/debug/build/serde_urlencoded/367e5fddcb9888d3/out/libserde_urlencoded-367e5fddcb9888d3.rmeta --extern sync_wrapper=/opt/rustwide/target/debug/build/sync_wrapper/035f742d79cdf5f3/out/libsync_wrapper-035f742d79cdf5f3.rmeta --extern tokio=/opt/rustwide/target/debug/build/tokio/fbacde9ab0a233f0/out/libtokio-fbacde9ab0a233f0.rmeta --extern tower=/opt/rustwide/target/debug/build/tower/e25f1c74fa3f29bb/out/libtower-e25f1c74fa3f29bb.rmeta --extern tower_layer=/opt/rustwide/target/debug/build/tower-layer/9ad55b34d12cf0d7/out/libtower_layer-9ad55b34d12cf0d7.rmeta --extern tower_service=/opt/rustwide/target/debug/build/tower-service/f6bdc52209c384aa/out/libtower_service-f6bdc52209c384aa.rmeta --extern tracing=/opt/rustwide/target/debug/build/tracing/f0cec3e18e926be1/out/libtracing-f0cec3e18e926be1.rmeta --cap-lints allow --cap-lints=forbid -Aunfulfilled-lint-expectations --force-warn=unused_crate_dependencies` (signal: 9, SIGKILL: kill)
[INFO] [stderr] warning: build failed, waiting for other jobs to finish...
[INFO] [stderr] error: could not compile `rustls` (lib)
[INFO] [stderr] 
[INFO] [stderr] Caused by:
[INFO] [stderr]   process didn't exit successfully: `/opt/rustwide/rustup-home/toolchains/8773d2c75a8e90130dcce745a7ec4e66bb9963db/bin/rustc --crate-name rustls --edition=2021 /opt/rustwide/cargo-home/registry/src/index.crates.io-1949cf8c6b5b557f/rustls-0.23.36/src/lib.rs --error-format=json --json=diagnostic-rendered-ansi,artifacts,future-incompat,unused-externs-silent --crate-type lib --emit=dep-info,metadata -C embed-bitcode=no -C debuginfo=2 --cfg 'feature="aws-lc-rs"' --cfg 'feature="aws_lc_rs"' --cfg 'feature="default"' --cfg 'feature="log"' --cfg 'feature="logging"' --cfg 'feature="prefer-post-quantum"' --cfg 'feature="ring"' --cfg 'feature="std"' --cfg 'feature="tls12"' --check-cfg 'cfg(docsrs,test)' --check-cfg 'cfg(feature, values("aws-lc-rs", "aws_lc_rs", "brotli", "custom-provider", "default", "fips", "hashbrown", "log", "logging", "prefer-post-quantum", "read_buf", "ring", "rustversion", "std", "tls12", "zlib"))' -C metadata=e1dd778829fc8a96 -C extra-filename=-4947660904189c19 --out-dir /opt/rustwide/target/debug/build/rustls/4947660904189c19/out -L dependency=/opt/rustwide/target/debug/build/aws-lc-rs/6af1daa3c597d77d/out -L dependency=/opt/rustwide/target/debug/build/aws-lc-sys/3f556072acd6265b/out -L dependency=/opt/rustwide/target/debug/build/cfg-if/0b3e54b70ee0e796/out -L dependency=/opt/rustwide/target/debug/build/getrandom/66facc450cb41047/out -L dependency=/opt/rustwide/target/debug/build/libc/0252d02a2681c644/out -L dependency=/opt/rustwide/target/debug/build/ring/b02e75618b23f634/out -L dependency=/opt/rustwide/target/debug/build/rustls-pki-types/6263e279804233b3/out -L dependency=/opt/rustwide/target/debug/build/untrusted/8ffd90d04ab73640/out -L dependency=/opt/rustwide/target/debug/build/zeroize/7b2ed8b28f56203c/out --extern aws_lc_rs=/opt/rustwide/target/debug/build/aws-lc-rs/6af1daa3c597d77d/out/libaws_lc_rs-6af1daa3c597d77d.rmeta --extern log=/opt/rustwide/target/debug/build/log/f835e13a235e2fd9/out/liblog-f835e13a235e2fd9.rmeta --extern once_cell=/opt/rustwide/target/debug/build/once_cell/ac4e396e88e7d4a5/out/libonce_cell-ac4e396e88e7d4a5.rmeta --extern ring=/opt/rustwide/target/debug/build/ring/b02e75618b23f634/out/libring-b02e75618b23f634.rmeta --extern pki_types=/opt/rustwide/target/debug/build/rustls-pki-types/6263e279804233b3/out/librustls_pki_types-6263e279804233b3.rmeta --extern webpki=/opt/rustwide/target/debug/build/rustls-webpki/0ac399a7c07ab672/out/libwebpki-0ac399a7c07ab672.rmeta --extern subtle=/opt/rustwide/target/debug/build/subtle/7b42cb2ec789dd19/out/libsubtle-7b42cb2ec789dd19.rmeta --extern zeroize=/opt/rustwide/target/debug/build/zeroize/7b2ed8b28f56203c/out/libzeroize-7b2ed8b28f56203c.rmeta --cap-lints allow --cap-lints=forbid -Aunfulfilled-lint-expectations --force-warn=unused_crate_dependencies -L native=/opt/rustwide/target/debug/build/aws-lc-sys/94a98a80aefa1f1d/out -L native=/opt/rustwide/target/debug/build/ring/c484ccd6d8d2ca0b/out` (signal: 9, SIGKILL: kill)
[INFO] [stderr] warning: boring-sys2@5.0.0-alpha.12: applying 44b3df6f03d85c901767250329c571db405122d5 patch to boringssl
[INFO] [stderr] error: failed to run custom build command for `boring-sys2 v5.0.0-alpha.12`
[INFO] [stderr] note: To improve backtraces for build dependencies, set the CARGO_PROFILE_DEV_BUILD_OVERRIDE_DEBUG=true environment variable to enable debug information generation.
[INFO] [stderr] 
[INFO] [stderr] Caused by:
[INFO] [stderr]   process didn't exit successfully: `/opt/rustwide/target/debug/build/boring-sys2/089307288bee56af/out/build_script_main` (exit status: 101)
[INFO] [stderr]   --- stdout
[INFO] [stderr]   cargo:rerun-if-env-changed=BORING_BSSL_PATH_x86_64-unknown-linux-gnu
[INFO] [stderr]   cargo:rerun-if-env-changed=BORING_BSSL_PATH_x86_64_unknown_linux_gnu
[INFO] [stderr]   cargo:rerun-if-env-changed=HOST_BORING_BSSL_PATH
[INFO] [stderr]   cargo:rerun-if-env-changed=BORING_BSSL_PATH
[INFO] [stderr]   cargo:rerun-if-env-changed=BORING_BSSL_INCLUDE_PATH_x86_64-unknown-linux-gnu
[INFO] [stderr]   cargo:rerun-if-env-changed=BORING_BSSL_INCLUDE_PATH_x86_64_unknown_linux_gnu
[INFO] [stderr]   cargo:rerun-if-env-changed=HOST_BORING_BSSL_INCLUDE_PATH
[INFO] [stderr]   cargo:rerun-if-env-changed=BORING_BSSL_INCLUDE_PATH
[INFO] [stderr]   cargo:rerun-if-env-changed=BORING_BSSL_SOURCE_PATH_x86_64-unknown-linux-gnu
[INFO] [stderr]   cargo:rerun-if-env-changed=BORING_BSSL_SOURCE_PATH_x86_64_unknown_linux_gnu
[INFO] [stderr]   cargo:rerun-if-env-changed=HOST_BORING_BSSL_SOURCE_PATH
[INFO] [stderr]   cargo:rerun-if-env-changed=BORING_BSSL_SOURCE_PATH
[INFO] [stderr]   cargo:rerun-if-env-changed=BORING_BSSL_ASSUME_PATCHED_x86_64-unknown-linux-gnu
[INFO] [stderr]   cargo:rerun-if-env-changed=BORING_BSSL_ASSUME_PATCHED_x86_64_unknown_linux_gnu
[INFO] [stderr]   cargo:rerun-if-env-changed=HOST_BORING_BSSL_ASSUME_PATCHED
[INFO] [stderr]   cargo:rerun-if-env-changed=BORING_BSSL_ASSUME_PATCHED
[INFO] [stderr]   cargo:rerun-if-env-changed=BORING_BSSL_SYSROOT_x86_64-unknown-linux-gnu
[INFO] [stderr]   cargo:rerun-if-env-changed=BORING_BSSL_SYSROOT_x86_64_unknown_linux_gnu
[INFO] [stderr]   cargo:rerun-if-env-changed=HOST_BORING_BSSL_SYSROOT
[INFO] [stderr]   cargo:rerun-if-env-changed=BORING_BSSL_SYSROOT
[INFO] [stderr]   cargo:rerun-if-env-changed=BORING_BSSL_COMPILER_EXTERNAL_TOOLCHAIN_x86_64-unknown-linux-gnu
[INFO] [stderr]   cargo:rerun-if-env-changed=BORING_BSSL_COMPILER_EXTERNAL_TOOLCHAIN_x86_64_unknown_linux_gnu
[INFO] [stderr]   cargo:rerun-if-env-changed=HOST_BORING_BSSL_COMPILER_EXTERNAL_TOOLCHAIN
[INFO] [stderr]   cargo:rerun-if-env-changed=BORING_BSSL_COMPILER_EXTERNAL_TOOLCHAIN
[INFO] [stderr]   cargo:rerun-if-env-changed=DEBUG_x86_64-unknown-linux-gnu
[INFO] [stderr]   cargo:rerun-if-env-changed=DEBUG_x86_64_unknown_linux_gnu
[INFO] [stderr]   cargo:rerun-if-env-changed=HOST_DEBUG
[INFO] [stderr]   cargo:rerun-if-env-changed=DEBUG
[INFO] [stderr]   cargo:rerun-if-env-changed=OPT_LEVEL_x86_64-unknown-linux-gnu
[INFO] [stderr]   cargo:rerun-if-env-changed=OPT_LEVEL_x86_64_unknown_linux_gnu
[INFO] [stderr]   cargo:rerun-if-env-changed=HOST_OPT_LEVEL
[INFO] [stderr]   cargo:rerun-if-env-changed=OPT_LEVEL
[INFO] [stderr]   cargo:rerun-if-env-changed=ANDROID_NDK_HOME_x86_64-unknown-linux-gnu
[INFO] [stderr]   cargo:rerun-if-env-changed=ANDROID_NDK_HOME_x86_64_unknown_linux_gnu
[INFO] [stderr]   cargo:rerun-if-env-changed=HOST_ANDROID_NDK_HOME
[INFO] [stderr]   cargo:rerun-if-env-changed=ANDROID_NDK_HOME
[INFO] [stderr]   cargo:rerun-if-env-changed=CMAKE_TOOLCHAIN_FILE_x86_64-unknown-linux-gnu
[INFO] [stderr]   cargo:rerun-if-env-changed=CMAKE_TOOLCHAIN_FILE_x86_64_unknown_linux_gnu
[INFO] [stderr]   cargo:rerun-if-env-changed=HOST_CMAKE_TOOLCHAIN_FILE
[INFO] [stderr]   cargo:rerun-if-env-changed=CMAKE_TOOLCHAIN_FILE
[INFO] [stderr]   cargo:rerun-if-env-changed=BORING_BSSL_RUST_CPPLIB_x86_64-unknown-linux-gnu
[INFO] [stderr]   cargo:rerun-if-env-changed=BORING_BSSL_RUST_CPPLIB_x86_64_unknown_linux_gnu
[INFO] [stderr]   cargo:rerun-if-env-changed=HOST_BORING_BSSL_RUST_CPPLIB
[INFO] [stderr]   cargo:rerun-if-env-changed=BORING_BSSL_RUST_CPPLIB
[INFO] [stderr]   cargo:rerun-if-env-changed=CC_x86_64-unknown-linux-gnu
[INFO] [stderr]   cargo:rerun-if-env-changed=CC_x86_64_unknown_linux_gnu
[INFO] [stderr]   cargo:rerun-if-env-changed=HOST_CC
[INFO] [stderr]   cargo:rerun-if-env-changed=CXX_x86_64-unknown-linux-gnu
[INFO] [stderr]   cargo:rerun-if-env-changed=CXX_x86_64_unknown_linux_gnu
[INFO] [stderr]   cargo:rerun-if-env-changed=HOST_CXX
[INFO] [stderr]   cargo:rerun-if-env-changed=DOCS_RS
[INFO] [stderr]   Initialized empty Git repository in /opt/rustwide/target/debug/build/boring-sys2/b291f70a676dafc5/out/boringssl/.git/
[INFO] [stderr]   cargo:warning=applying 44b3df6f03d85c901767250329c571db405122d5 patch to boringssl
[INFO] [stderr]   CMAKE_TOOLCHAIN_FILE_x86_64-unknown-linux-gnu = None
[INFO] [stderr]   CMAKE_TOOLCHAIN_FILE_x86_64_unknown_linux_gnu = None
[INFO] [stderr]   HOST_CMAKE_TOOLCHAIN_FILE = None
[INFO] [stderr]   CMAKE_TOOLCHAIN_FILE = None
[INFO] [stderr]   CMAKE_GENERATOR_x86_64-unknown-linux-gnu = None
[INFO] [stderr]   CMAKE_GENERATOR_x86_64_unknown_linux_gnu = None
[INFO] [stderr]   HOST_CMAKE_GENERATOR = None
[INFO] [stderr]   CMAKE_GENERATOR = None
[INFO] [stderr]   CMAKE_PREFIX_PATH_x86_64-unknown-linux-gnu = None
[INFO] [stderr]   CMAKE_PREFIX_PATH_x86_64_unknown_linux_gnu = None
[INFO] [stderr]   HOST_CMAKE_PREFIX_PATH = None
[INFO] [stderr]   CMAKE_PREFIX_PATH = None
[INFO] [stderr]   CMAKE_x86_64-unknown-linux-gnu = None
[INFO] [stderr]   CMAKE_x86_64_unknown_linux_gnu = None
[INFO] [stderr]   HOST_CMAKE = None
[INFO] [stderr]   CMAKE = None
[INFO] [stderr]   -- The C compiler identification is GNU 15.2.0
[INFO] [stderr]   -- The CXX compiler identification is GNU 15.2.0
[INFO] [stderr]   -- Detecting C compiler ABI info
[INFO] [stderr]   -- Detecting C compiler ABI info - done
[INFO] [stderr]   -- Check for working C compiler: /usr/bin/cc - skipped
[INFO] [stderr]   -- Detecting C compile features
[INFO] [stderr]   -- Detecting C compile features - done
[INFO] [stderr]   -- Detecting CXX compiler ABI info
[INFO] [stderr]   -- Detecting CXX compiler ABI info - done
[INFO] [stderr]   -- Check for working CXX compiler: /usr/bin/c++ - skipped
[INFO] [stderr]   -- Detecting CXX compile features
[INFO] [stderr]   -- Detecting CXX compile features - done
[INFO] [stderr]   -- The ASM compiler identification is GNU
[INFO] [stderr]   -- Found assembler: /usr/bin/cc
[INFO] [stderr]   -- Performing Test CMAKE_HAVE_LIBC_PTHREAD
[INFO] [stderr]   -- Performing Test CMAKE_HAVE_LIBC_PTHREAD - Success
[INFO] [stderr]   -- Found Threads: TRUE
[INFO] [stderr]   -- Configuring done (0.7s)
[INFO] [stderr]   -- Generating done (0.1s)
[INFO] [stderr]   -- Build files have been written to: /opt/rustwide/target/debug/build/boring-sys2/b291f70a676dafc5/out/build
[INFO] [stderr]   [  0%] Building ASM object CMakeFiles/crypto.dir/apple-aarch64/crypto/fipsmodule/aesv8-gcm-armv8-apple.S.o
[INFO] [stderr]   [  0%] Building ASM object CMakeFiles/crypto.dir/apple-aarch64/crypto/fipsmodule/armv8-mont-apple.S.o
[INFO] [stderr]   [  0%] Building ASM object CMakeFiles/crypto.dir/apple-aarch64/crypto/fipsmodule/bn-armv8-apple.S.o
[INFO] [stderr]   [  1%] Building ASM object CMakeFiles/crypto.dir/apple-aarch64/crypto/fipsmodule/ghash-neon-armv8-apple.S.o
[INFO] [stderr]   [  1%] Building ASM object CMakeFiles/crypto.dir/apple-aarch64/crypto/cipher_extra/chacha20_poly1305_armv8-apple.S.o
[INFO] [stderr]   [  1%] Building ASM object CMakeFiles/crypto.dir/apple-aarch64/crypto/chacha/chacha-armv8-apple.S.o
[INFO] [stderr]   [  1%] Building ASM object CMakeFiles/crypto.dir/apple-aarch64/crypto/fipsmodule/sha512-armv8-apple.S.o
[INFO] [stderr]   [  1%] Building ASM object CMakeFiles/crypto.dir/apple-aarch64/crypto/fipsmodule/sha1-armv8-apple.S.o
[INFO] [stderr]   [  1%] Building ASM object CMakeFiles/crypto.dir/apple-aarch64/crypto/fipsmodule/ghashv8-armv8-apple.S.o
[INFO] [stderr]   [  2%] Building ASM object CMakeFiles/crypto.dir/apple-aarch64/crypto/fipsmodule/aesv8-armv8-apple.S.o
[INFO] [stderr]   [  2%] Building ASM object CMakeFiles/crypto.dir/apple-aarch64/crypto/fipsmodule/p256-armv8-asm-apple.S.o
[INFO] [stderr]   [  3%] Building ASM object CMakeFiles/crypto.dir/apple-arm/crypto/chacha/chacha-armv4-apple.S.o
[INFO] [stderr]   [  3%] Building ASM object CMakeFiles/crypto.dir/apple-aarch64/crypto/fipsmodule/p256_beeu-armv8-asm-apple.S.o
[INFO] [stderr]   [  3%] Building ASM object CMakeFiles/crypto.dir/apple-aarch64/crypto/fipsmodule/vpaes-armv8-apple.S.o
[INFO] [stderr]   [  4%] Building ASM object CMakeFiles/crypto.dir/apple-aarch64/crypto/fipsmodule/sha256-armv8-apple.S.o
[INFO] [stderr]   [  4%] Building ASM object CMakeFiles/crypto.dir/apple-aarch64/crypto/test/trampoline-armv8-apple.S.o
[INFO] [stderr]   [  4%] Building ASM object CMakeFiles/crypto.dir/apple-arm/crypto/fipsmodule/aesv8-armv7-apple.S.o
[INFO] [stderr]   [  4%] Building ASM object CMakeFiles/crypto.dir/apple-arm/crypto/fipsmodule/ghashv8-armv7-apple.S.o
[INFO] [stderr]   [  4%] Building ASM object CMakeFiles/crypto.dir/apple-arm/crypto/fipsmodule/sha256-armv4-apple.S.o
[INFO] [stderr]   [  4%] Building ASM object CMakeFiles/crypto.dir/apple-arm/crypto/fipsmodule/bsaes-armv7-apple.S.o
[INFO] [stderr]   [  4%] Building ASM object CMakeFiles/crypto.dir/apple-arm/crypto/fipsmodule/armv4-mont-apple.S.o
[INFO] [stderr]   [  5%] Building ASM object CMakeFiles/crypto.dir/apple-arm/crypto/fipsmodule/ghash-armv4-apple.S.o
[INFO] [stderr]   [  6%] Building ASM object CMakeFiles/crypto.dir/apple-arm/crypto/fipsmodule/sha512-armv4-apple.S.o
[INFO] [stderr]   [  6%] Building ASM object CMakeFiles/crypto.dir/apple-arm/crypto/test/trampoline-armv4-apple.S.o
[INFO] [stderr]   [  6%] Building ASM object CMakeFiles/crypto.dir/apple-arm/crypto/fipsmodule/vpaes-armv7-apple.S.o
[INFO] [stderr]   [  6%] Building ASM object CMakeFiles/crypto.dir/apple-arm/crypto/fipsmodule/sha1-armv4-large-apple.S.o
[INFO] [stderr]   [  6%] Building ASM object CMakeFiles/crypto.dir/apple-x86/crypto/fipsmodule/co-586-apple.S.o
[INFO] [stderr]   [  6%] Building ASM object CMakeFiles/crypto.dir/apple-x86/crypto/chacha/chacha-x86-apple.S.o
[INFO] [stderr]   [  6%] Building ASM object CMakeFiles/crypto.dir/apple-x86/crypto/fipsmodule/bn-586-apple.S.o
[INFO] [stderr]   [  6%] Building ASM object CMakeFiles/crypto.dir/apple-x86/crypto/fipsmodule/ghash-ssse3-x86-apple.S.o
[INFO] [stderr]   [  7%] Building ASM object CMakeFiles/crypto.dir/apple-x86/crypto/fipsmodule/aesni-x86-apple.S.o
[INFO] [stderr]   [  8%] Building ASM object CMakeFiles/crypto.dir/apple-x86/crypto/fipsmodule/ghash-x86-apple.S.o
[INFO] [stderr]   [  8%] Building ASM object CMakeFiles/crypto.dir/apple-x86/crypto/fipsmodule/sha1-586-apple.S.o
[INFO] [stderr]   [  8%] Building ASM object CMakeFiles/crypto.dir/apple-x86/crypto/fipsmodule/md5-586-apple.S.o
[INFO] [stderr]   [  8%] Building ASM object CMakeFiles/crypto.dir/apple-x86/crypto/fipsmodule/x86-mont-apple.S.o
[INFO] [stderr]   [  8%] Building ASM object CMakeFiles/crypto.dir/apple-x86/crypto/fipsmodule/sha512-586-apple.S.o
[INFO] [stderr]   [  8%] Building ASM object CMakeFiles/crypto.dir/apple-x86/crypto/fipsmodule/sha256-586-apple.S.o
[INFO] [stderr]   [  8%] Building ASM object CMakeFiles/crypto.dir/apple-x86_64/crypto/chacha/chacha-x86_64-apple.S.o
[INFO] [stderr]   [  9%] Building ASM object CMakeFiles/crypto.dir/apple-x86/crypto/fipsmodule/vpaes-x86-apple.S.o
[INFO] [stderr]   [  9%] Building ASM object CMakeFiles/crypto.dir/apple-x86/crypto/test/trampoline-x86-apple.S.o
[INFO] [stderr]   [ 10%] Building ASM object CMakeFiles/crypto.dir/apple-x86_64/crypto/cipher_extra/aes128gcmsiv-x86_64-apple.S.o
[INFO] [stderr]   [ 10%] Building ASM object CMakeFiles/crypto.dir/apple-x86_64/crypto/cipher_extra/chacha20_poly1305_x86_64-apple.S.o
[INFO] [stderr]   [ 10%] Building ASM object CMakeFiles/crypto.dir/apple-x86_64/crypto/fipsmodule/aesni-gcm-x86_64-apple.S.o
[INFO] [stderr]   [ 10%] Building ASM object CMakeFiles/crypto.dir/apple-x86_64/crypto/fipsmodule/aesni-x86_64-apple.S.o
[INFO] [stderr]   [ 11%] Building ASM object CMakeFiles/crypto.dir/apple-x86_64/crypto/fipsmodule/ghash-ssse3-x86_64-apple.S.o
[INFO] [stderr]   [ 11%] Building ASM object CMakeFiles/crypto.dir/apple-x86_64/crypto/fipsmodule/ghash-x86_64-apple.S.o
[INFO] [stderr]   [ 11%] Building ASM object CMakeFiles/crypto.dir/apple-x86_64/crypto/fipsmodule/p256-x86_64-asm-apple.S.o
[INFO] [stderr]   [ 11%] Building ASM object CMakeFiles/crypto.dir/apple-x86_64/crypto/fipsmodule/md5-x86_64-apple.S.o
[INFO] [stderr]   [ 11%] Building ASM object CMakeFiles/crypto.dir/apple-x86_64/crypto/fipsmodule/rsaz-avx2-apple.S.o
[INFO] [stderr]   [ 11%] Building ASM object CMakeFiles/crypto.dir/apple-x86_64/crypto/fipsmodule/rdrand-x86_64-apple.S.o
[INFO] [stderr]   [ 11%] Building ASM object CMakeFiles/crypto.dir/apple-x86_64/crypto/fipsmodule/sha512-x86_64-apple.S.o
[INFO] [stderr]   [ 13%] Building ASM object CMakeFiles/crypto.dir/apple-x86_64/crypto/fipsmodule/p256_beeu-x86_64-asm-apple.S.o
[INFO] [stderr]   [ 13%] Building ASM object CMakeFiles/crypto.dir/apple-x86_64/crypto/fipsmodule/sha1-x86_64-apple.S.o
[INFO] [stderr]   [ 13%] Building ASM object CMakeFiles/crypto.dir/apple-x86_64/crypto/fipsmodule/sha256-x86_64-apple.S.o
[INFO] [stderr]   [ 13%] Building ASM object CMakeFiles/crypto.dir/apple-x86_64/crypto/fipsmodule/vpaes-x86_64-apple.S.o
[INFO] [stderr]   [ 13%] Building ASM object CMakeFiles/crypto.dir/apple-x86_64/crypto/fipsmodule/x86_64-mont-apple.S.o
[INFO] [stderr]   [ 13%] Building ASM object CMakeFiles/crypto.dir/linux-aarch64/crypto/chacha/chacha-armv8-linux.S.o
[INFO] [stderr]   [ 13%] Building ASM object CMakeFiles/crypto.dir/linux-aarch64/crypto/cipher_extra/chacha20_poly1305_armv8-linux.S.o
[INFO] [stderr]   [ 14%] Building ASM object CMakeFiles/crypto.dir/linux-aarch64/crypto/fipsmodule/aesv8-gcm-armv8-linux.S.o
[INFO] [stderr]   [ 15%] Building ASM object CMakeFiles/crypto.dir/apple-x86_64/crypto/fipsmodule/x86_64-mont5-apple.S.o
[INFO] [stderr]   [ 15%] Building ASM object CMakeFiles/crypto.dir/apple-x86_64/crypto/test/trampoline-x86_64-apple.S.o
[INFO] [stderr]   [ 15%] Building ASM object CMakeFiles/crypto.dir/linux-aarch64/crypto/fipsmodule/aesv8-armv8-linux.S.o
[INFO] [stderr]   [ 15%] Building ASM object CMakeFiles/crypto.dir/linux-aarch64/crypto/fipsmodule/armv8-mont-linux.S.o
[INFO] [stderr]   [ 15%] Building ASM object CMakeFiles/crypto.dir/linux-aarch64/crypto/fipsmodule/bn-armv8-linux.S.o
[INFO] [stderr]   [ 15%] Building ASM object CMakeFiles/crypto.dir/linux-aarch64/crypto/fipsmodule/ghash-neon-armv8-linux.S.o
[INFO] [stderr]   [ 16%] Building ASM object CMakeFiles/crypto.dir/linux-aarch64/crypto/fipsmodule/ghashv8-armv8-linux.S.o
[INFO] [stderr]   [ 16%] Building ASM object CMakeFiles/crypto.dir/linux-aarch64/crypto/fipsmodule/sha512-armv8-linux.S.o
[INFO] [stderr]   [ 17%] Building ASM object CMakeFiles/crypto.dir/linux-aarch64/crypto/fipsmodule/sha256-armv8-linux.S.o
[INFO] [stderr]   [ 17%] Building ASM object CMakeFiles/crypto.dir/linux-aarch64/crypto/fipsmodule/p256_beeu-armv8-asm-linux.S.o
[INFO] [stderr]   [ 17%] Building ASM object CMakeFiles/crypto.dir/linux-aarch64/crypto/fipsmodule/p256-armv8-asm-linux.S.o
[INFO] [stderr]   [ 17%] Building ASM object CMakeFiles/crypto.dir/linux-aarch64/crypto/fipsmodule/sha1-armv8-linux.S.o
[INFO] [stderr]   [ 17%] Building ASM object CMakeFiles/crypto.dir/linux-aarch64/crypto/fipsmodule/vpaes-armv8-linux.S.o
[INFO] [stderr]   [ 17%] Building ASM object CMakeFiles/crypto.dir/linux-aarch64/crypto/test/trampoline-armv8-linux.S.o
[INFO] [stderr]   [ 18%] Building ASM object CMakeFiles/crypto.dir/linux-arm/crypto/chacha/chacha-armv4-linux.S.o
[INFO] [stderr]   [ 18%] Building ASM object CMakeFiles/crypto.dir/linux-arm/crypto/fipsmodule/armv4-mont-linux.S.o
[INFO] [stderr]   [ 18%] Building ASM object CMakeFiles/crypto.dir/linux-arm/crypto/fipsmodule/bsaes-armv7-linux.S.o
[INFO] [stderr]   [ 19%] Building ASM object CMakeFiles/crypto.dir/linux-arm/crypto/fipsmodule/aesv8-armv7-linux.S.o
[INFO] [stderr]   [ 19%] Building ASM object CMakeFiles/crypto.dir/linux-arm/crypto/fipsmodule/ghash-armv4-linux.S.o
[INFO] [stderr]   [ 19%] Building ASM object CMakeFiles/crypto.dir/linux-arm/crypto/fipsmodule/ghashv8-armv7-linux.S.o
[INFO] [stderr]   [ 19%] Building ASM object CMakeFiles/crypto.dir/linux-arm/crypto/fipsmodule/sha1-armv4-large-linux.S.o
[INFO] [stderr]   [ 19%] Building ASM object CMakeFiles/crypto.dir/linux-arm/crypto/fipsmodule/sha256-armv4-linux.S.o
[INFO] [stderr]   [ 19%] Building ASM object CMakeFiles/crypto.dir/linux-arm/crypto/fipsmodule/vpaes-armv7-linux.S.o
[INFO] [stderr]   [ 19%] Building ASM object CMakeFiles/crypto.dir/linux-x86/crypto/fipsmodule/bn-586-linux.S.o
[INFO] [stderr]   [ 19%] Building ASM object CMakeFiles/crypto.dir/linux-arm/crypto/test/trampoline-armv4-linux.S.o
[INFO] [stderr]   [ 20%] Building ASM object CMakeFiles/crypto.dir/linux-x86/crypto/fipsmodule/aesni-x86-linux.S.o
[INFO] [stderr]   [ 20%] Building ASM object CMakeFiles/crypto.dir/linux-x86/crypto/chacha/chacha-x86-linux.S.o
[INFO] [stderr]   [ 20%] Building ASM object CMakeFiles/crypto.dir/linux-x86/crypto/fipsmodule/ghash-x86-linux.S.o
[INFO] [stderr]   [ 21%] Building ASM object CMakeFiles/crypto.dir/linux-x86/crypto/fipsmodule/md5-586-linux.S.o
[INFO] [stderr]   [ 21%] Building ASM object CMakeFiles/crypto.dir/linux-x86/crypto/fipsmodule/co-586-linux.S.o
[INFO] [stderr]   [ 21%] Building ASM object CMakeFiles/crypto.dir/linux-x86/crypto/fipsmodule/sha512-586-linux.S.o
[INFO] [stderr]   [ 21%] Building ASM object CMakeFiles/crypto.dir/linux-x86/crypto/fipsmodule/sha256-586-linux.S.o
[INFO] [stderr]   [ 22%] Building ASM object CMakeFiles/crypto.dir/linux-arm/crypto/fipsmodule/sha512-armv4-linux.S.o
[INFO] [stderr]   [ 22%] Building ASM object CMakeFiles/crypto.dir/linux-x86/crypto/fipsmodule/sha1-586-linux.S.o
[INFO] [stderr]   [ 22%] Building ASM object CMakeFiles/crypto.dir/linux-x86/crypto/fipsmodule/ghash-ssse3-x86-linux.S.o
[INFO] [stderr]   [ 23%] Building ASM object CMakeFiles/crypto.dir/linux-x86/crypto/fipsmodule/vpaes-x86-linux.S.o
[INFO] [stderr]   [ 23%] Building ASM object CMakeFiles/crypto.dir/linux-x86/crypto/fipsmodule/x86-mont-linux.S.o
[INFO] [stderr]   [ 23%] Building ASM object CMakeFiles/crypto.dir/linux-x86/crypto/test/trampoline-x86-linux.S.o
[INFO] [stderr]   [ 23%] Building ASM object CMakeFiles/crypto.dir/linux-x86_64/crypto/chacha/chacha-x86_64-linux.S.o
[INFO] [stderr]   [ 25%] Building ASM object CMakeFiles/crypto.dir/linux-x86_64/crypto/cipher_extra/aes128gcmsiv-x86_64-linux.S.o
[INFO] [stderr]   [ 25%] Building ASM object CMakeFiles/crypto.dir/linux-x86_64/crypto/cipher_extra/chacha20_poly1305_x86_64-linux.S.o
[INFO] [stderr]   [ 25%] Building ASM object CMakeFiles/crypto.dir/linux-x86_64/crypto/fipsmodule/aesni-gcm-x86_64-linux.S.o
[INFO] [stderr]   [ 25%] Building ASM object CMakeFiles/crypto.dir/linux-x86_64/crypto/fipsmodule/p256-x86_64-asm-linux.S.o
[INFO] [stderr]   [ 25%] Building ASM object CMakeFiles/crypto.dir/linux-x86_64/crypto/fipsmodule/aesni-x86_64-linux.S.o
[INFO] [stderr]   [ 25%] Building ASM object CMakeFiles/crypto.dir/linux-x86_64/crypto/fipsmodule/md5-x86_64-linux.S.o
[INFO] [stderr]   [ 26%] Building ASM object CMakeFiles/crypto.dir/linux-x86_64/crypto/fipsmodule/ghash-ssse3-x86_64-linux.S.o
[INFO] [stderr]   [ 26%] Building ASM object CMakeFiles/crypto.dir/linux-x86_64/crypto/fipsmodule/ghash-x86_64-linux.S.o
[INFO] [stderr]   [ 26%] Building ASM object CMakeFiles/crypto.dir/linux-x86_64/crypto/fipsmodule/rsaz-avx2-linux.S.o
[INFO] [stderr]   [ 26%] Building ASM object CMakeFiles/crypto.dir/linux-x86_64/crypto/fipsmodule/sha1-x86_64-linux.S.o
[INFO] [stderr]   [ 27%] Building ASM object CMakeFiles/crypto.dir/linux-x86_64/crypto/fipsmodule/p256_beeu-x86_64-asm-linux.S.o
[INFO] [stderr]   [ 28%] Building ASM object CMakeFiles/crypto.dir/linux-x86_64/crypto/fipsmodule/sha256-x86_64-linux.S.o
[INFO] [stderr]   [ 28%] Building ASM object CMakeFiles/crypto.dir/linux-x86_64/crypto/fipsmodule/rdrand-x86_64-linux.S.o
[INFO] [stderr]   [ 28%] Building ASM object CMakeFiles/crypto.dir/linux-x86_64/crypto/fipsmodule/vpaes-x86_64-linux.S.o
[INFO] [stderr]   [ 28%] Building ASM object CMakeFiles/crypto.dir/linux-x86_64/crypto/fipsmodule/sha512-x86_64-linux.S.o
[INFO] [stderr]   [ 29%] Building ASM object CMakeFiles/crypto.dir/linux-x86_64/crypto/test/trampoline-x86_64-linux.S.o
[INFO] [stderr]   [ 29%] Building ASM object CMakeFiles/crypto.dir/linux-x86_64/crypto/fipsmodule/x86_64-mont-linux.S.o
[INFO] [stderr]   [ 29%] Building ASM object CMakeFiles/crypto.dir/src/crypto/curve25519/asm/x25519-asm-arm.S.o
[INFO] [stderr]   [ 29%] Building ASM object CMakeFiles/crypto.dir/src/crypto/hrss/asm/poly_rq_mul.S.o
[INFO] [stderr]   [ 30%] Building ASM object CMakeFiles/crypto.dir/win-aarch64/crypto/chacha/chacha-armv8-win.S.o
[INFO] [stderr]   [ 30%] Building ASM object CMakeFiles/crypto.dir/linux-x86_64/crypto/fipsmodule/x86_64-mont5-linux.S.o
[INFO] [stderr]   [ 30%] Building ASM object CMakeFiles/crypto.dir/src/crypto/poly1305/poly1305_arm_asm.S.o
[INFO] [stderr]   [ 30%] Building ASM object CMakeFiles/crypto.dir/win-aarch64/crypto/fipsmodule/aesv8-armv8-win.S.o
[INFO] [stderr]   [ 30%] Building ASM object CMakeFiles/crypto.dir/win-aarch64/crypto/fipsmodule/aesv8-gcm-armv8-win.S.o
[INFO] [stderr]   [ 31%] Building ASM object CMakeFiles/crypto.dir/win-aarch64/crypto/fipsmodule/armv8-mont-win.S.o
[INFO] [stderr]   [ 31%] Building ASM object CMakeFiles/crypto.dir/win-aarch64/crypto/cipher_extra/chacha20_poly1305_armv8-win.S.o
[INFO] [stderr]   [ 31%] Building ASM object CMakeFiles/crypto.dir/win-aarch64/crypto/fipsmodule/bn-armv8-win.S.o
[INFO] [stderr]   [ 31%] Building ASM object CMakeFiles/crypto.dir/win-aarch64/crypto/fipsmodule/ghashv8-armv8-win.S.o
[INFO] [stderr]   [ 32%] Building ASM object CMakeFiles/crypto.dir/win-aarch64/crypto/fipsmodule/p256-armv8-asm-win.S.o
[INFO] [stderr]   [ 32%] Building ASM object CMakeFiles/crypto.dir/win-aarch64/crypto/fipsmodule/ghash-neon-armv8-win.S.o
[INFO] [stderr]   [ 32%] Building ASM object CMakeFiles/crypto.dir/win-aarch64/crypto/fipsmodule/sha1-armv8-win.S.o
[INFO] [stderr]   [ 32%] Building ASM object CMakeFiles/crypto.dir/win-aarch64/crypto/fipsmodule/p256_beeu-armv8-asm-win.S.o
[INFO] [stderr]   [ 33%] Building ASM object CMakeFiles/crypto.dir/win-aarch64/crypto/fipsmodule/sha512-armv8-win.S.o
[INFO] [stderr]   [ 33%] Building ASM object CMakeFiles/crypto.dir/win-aarch64/crypto/fipsmodule/sha256-armv8-win.S.o
[INFO] [stderr]   [ 33%] Building C object CMakeFiles/crypto.dir/err_data.c.o
[INFO] [stderr]   [ 33%] Building ASM object CMakeFiles/crypto.dir/win-aarch64/crypto/test/trampoline-armv8-win.S.o
[INFO] [stderr]   [ 34%] Building C object CMakeFiles/crypto.dir/src/crypto/asn1/a_bitstr.c.o
[INFO] [stderr]   [ 34%] Building C object CMakeFiles/crypto.dir/src/crypto/asn1/a_bool.c.o
[INFO] [stderr]   [ 34%] Building ASM object CMakeFiles/crypto.dir/win-aarch64/crypto/fipsmodule/vpaes-armv8-win.S.o
[INFO] [stderr]   [ 34%] Building C object CMakeFiles/crypto.dir/src/crypto/asn1/a_d2i_fp.c.o
[INFO] [stderr]   [ 34%] Building C object CMakeFiles/crypto.dir/src/crypto/asn1/a_gentm.c.o
[INFO] [stderr]   [ 34%] Building C object CMakeFiles/crypto.dir/src/crypto/asn1/a_dup.c.o
[INFO] [stderr]   [ 35%] Building C object CMakeFiles/crypto.dir/src/crypto/asn1/a_i2d_fp.c.o
[INFO] [stderr]   [ 35%] Building C object CMakeFiles/crypto.dir/src/crypto/asn1/a_mbstr.c.o
[INFO] [stderr]   [ 35%] Building C object CMakeFiles/crypto.dir/src/crypto/asn1/a_int.c.o
[INFO] [stderr]   [ 35%] Building C object CMakeFiles/crypto.dir/src/crypto/asn1/a_object.c.o
[INFO] [stderr]   [ 35%] Building C object CMakeFiles/crypto.dir/src/crypto/asn1/a_strex.c.o
[INFO] [stderr]   [ 36%] Building C object CMakeFiles/crypto.dir/src/crypto/asn1/a_octet.c.o
[INFO] [stderr]   [ 36%] Building C object CMakeFiles/crypto.dir/src/crypto/asn1/a_strnid.c.o
[INFO] [stderr]   [ 36%] Building C object CMakeFiles/crypto.dir/src/crypto/asn1/a_time.c.o
[INFO] [stderr]   [ 36%] Building C object CMakeFiles/crypto.dir/src/crypto/asn1/a_utctm.c.o
[INFO] [stderr]   [ 37%] Building C object CMakeFiles/crypto.dir/src/crypto/asn1/a_type.c.o
[INFO] [stderr]   [ 38%] Building C object CMakeFiles/crypto.dir/src/crypto/asn1/asn1_par.c.o
[INFO] [stderr]   [ 38%] Building C object CMakeFiles/crypto.dir/src/crypto/asn1/asn_pack.c.o
[INFO] [stderr]   [ 38%] Building C object CMakeFiles/crypto.dir/src/crypto/asn1/asn1_lib.c.o
[INFO] [stderr]   [ 38%] Building C object CMakeFiles/crypto.dir/src/crypto/asn1/f_int.c.o
[INFO] [stderr]   [ 38%] Building C object CMakeFiles/crypto.dir/src/crypto/asn1/posix_time.c.o
[INFO] [stderr]   [ 38%] Building C object CMakeFiles/crypto.dir/src/crypto/asn1/f_string.c.o
[INFO] [stderr]   [ 39%] Building C object CMakeFiles/crypto.dir/src/crypto/asn1/tasn_dec.c.o
[INFO] [stderr]   [ 39%] Building C object CMakeFiles/crypto.dir/src/crypto/asn1/tasn_enc.c.o
[INFO] [stderr]   [ 39%] Building C object CMakeFiles/crypto.dir/src/crypto/asn1/tasn_fre.c.o
[INFO] [stderr]   [ 40%] Building C object CMakeFiles/crypto.dir/src/crypto/asn1/tasn_typ.c.o
[INFO] [stderr]   [ 40%] Building C object CMakeFiles/crypto.dir/src/crypto/asn1/tasn_new.c.o
[INFO] [stderr]   [ 40%] Building C object CMakeFiles/crypto.dir/src/crypto/asn1/tasn_utl.c.o
[INFO] [stderr]   [ 40%] Building C object CMakeFiles/crypto.dir/src/crypto/bio/bio.c.o
[INFO] [stderr]   [ 41%] Building C object CMakeFiles/crypto.dir/src/crypto/bio/connect.c.o
[INFO] [stderr]   [ 41%] Building C object CMakeFiles/crypto.dir/src/crypto/base64/base64.c.o
[INFO] [stderr]   [ 41%] Building C object CMakeFiles/crypto.dir/src/crypto/bio/bio_mem.c.o
[INFO] [stderr]   [ 41%] Building C object CMakeFiles/crypto.dir/src/crypto/bio/fd.c.o
[INFO] [stderr]   [ 41%] Building C object CMakeFiles/crypto.dir/src/crypto/bio/file.c.o
[INFO] [stderr]   [ 41%] Building C object CMakeFiles/crypto.dir/src/crypto/bio/hexdump.c.o
[INFO] [stderr]   [ 41%] Building C object CMakeFiles/crypto.dir/src/crypto/bio/printf.c.o
[INFO] [stderr]   [ 42%] Building C object CMakeFiles/crypto.dir/src/crypto/bio/pair.c.o
[INFO] [stderr]   [ 42%] Building C object CMakeFiles/crypto.dir/src/crypto/bio/socket.c.o
[INFO] [stderr]   [ 42%] Building C object CMakeFiles/crypto.dir/src/crypto/bio/socket_helper.c.o
[INFO] [stderr]   [ 43%] Building C object CMakeFiles/crypto.dir/src/crypto/blake2/blake2.c.o
[INFO] [stderr]   [ 43%] Building C object CMakeFiles/crypto.dir/src/crypto/bn_extra/convert.c.o
[INFO] [stderr]   [ 43%] Building C object CMakeFiles/crypto.dir/src/crypto/bn_extra/bn_asn1.c.o
[INFO] [stderr]   [ 44%] Building C object CMakeFiles/crypto.dir/src/crypto/bytestring/asn1_compat.c.o
[INFO] [stderr]   [ 44%] Building C object CMakeFiles/crypto.dir/src/crypto/buf/buf.c.o
[INFO] [stderr]   [ 44%] Building C object CMakeFiles/crypto.dir/src/crypto/bytestring/ber.c.o
[INFO] [stderr]   [ 44%] Building C object CMakeFiles/crypto.dir/src/crypto/bytestring/cbb.c.o
[INFO] [stderr]   [ 44%] Building C object CMakeFiles/crypto.dir/src/crypto/bytestring/cbs.c.o
[INFO] [stderr]   [ 45%] Building C object CMakeFiles/crypto.dir/src/crypto/cipher_extra/cipher_extra.c.o
[INFO] [stderr]   [ 45%] Building C object CMakeFiles/crypto.dir/src/crypto/bytestring/unicode.c.o
[INFO] [stderr]   [ 45%] Building C object CMakeFiles/crypto.dir/src/crypto/chacha/chacha.c.o
[INFO] [stderr]   [ 45%] Building C object CMakeFiles/crypto.dir/src/crypto/cipher_extra/derive_key.c.o
[INFO] [stderr]   [ 46%] Building C object CMakeFiles/crypto.dir/src/crypto/cipher_extra/e_aesctrhmac.c.o
[INFO] [stderr]   [ 46%] Building C object CMakeFiles/crypto.dir/src/crypto/cipher_extra/e_aesgcmsiv.c.o
[INFO] [stderr]   [ 46%] Building C object CMakeFiles/crypto.dir/src/crypto/cipher_extra/e_des.c.o
[INFO] [stderr]   [ 46%] Building C object CMakeFiles/crypto.dir/src/crypto/cipher_extra/e_chacha20poly1305.c.o
[INFO] [stderr]   [ 46%] Building C object CMakeFiles/crypto.dir/src/crypto/cipher_extra/e_rc2.c.o
[INFO] [stderr]   [ 47%] Building C object CMakeFiles/crypto.dir/src/crypto/cipher_extra/e_null.c.o
[INFO] [stderr]   [ 47%] Building C object CMakeFiles/crypto.dir/src/crypto/cipher_extra/e_rc4.c.o
[INFO] [stderr]   [ 47%] Building C object CMakeFiles/crypto.dir/src/crypto/cipher_extra/e_tls.c.o
[INFO] [stderr]   [ 47%] Building C object CMakeFiles/crypto.dir/src/crypto/cipher_extra/tls_cbc.c.o
[INFO] [stderr]   [ 48%] Building C object CMakeFiles/crypto.dir/src/crypto/conf/conf.c.o
[INFO] [stderr]   [ 48%] Building C object CMakeFiles/crypto.dir/src/crypto/cpu_aarch64_fuchsia.c.o
[INFO] [stderr]   [ 48%] Building C object CMakeFiles/crypto.dir/src/crypto/cpu_aarch64_apple.c.o
[INFO] [stderr]   [ 48%] Building C object CMakeFiles/crypto.dir/src/crypto/cpu_aarch64_freebsd.c.o
[INFO] [stderr]   [ 50%] Building C object CMakeFiles/crypto.dir/src/crypto/cpu_aarch64_linux.c.o
[INFO] [stderr]   [ 50%] Building C object CMakeFiles/crypto.dir/src/crypto/cpu_aarch64_win.c.o
[INFO] [stderr]   [ 50%] Building C object CMakeFiles/crypto.dir/src/crypto/cpu_arm_freebsd.c.o
[INFO] [stderr]   [ 50%] Building C object CMakeFiles/crypto.dir/src/crypto/cpu_arm.c.o
[INFO] [stderr]   [ 51%] Building C object CMakeFiles/crypto.dir/src/crypto/cpu_arm_linux.c.o
[INFO] [stderr]   [ 51%] Building C object CMakeFiles/crypto.dir/src/crypto/cpu_intel.c.o
[INFO] [stderr]   [ 51%] Building C object CMakeFiles/crypto.dir/src/crypto/crypto.c.o
[INFO] [stderr]   [ 52%] Building C object CMakeFiles/crypto.dir/src/crypto/dh_extra/dh_asn1.c.o
[INFO] [stderr]   [ 52%] Building C object CMakeFiles/crypto.dir/src/crypto/curve25519/spake25519.c.o
[INFO] [stderr]   [ 52%] Building C object CMakeFiles/crypto.dir/src/crypto/curve25519/curve25519.c.o
[INFO] [stderr]   [ 52%] Building C object CMakeFiles/crypto.dir/src/crypto/dh_extra/params.c.o
[INFO] [stderr]   [ 52%] Building C object CMakeFiles/crypto.dir/src/crypto/des/des.c.o
[INFO] [stderr]   [ 52%] Building C object CMakeFiles/crypto.dir/src/crypto/dsa/dsa_asn1.c.o
[INFO] [stderr]   [ 52%] Building C object CMakeFiles/crypto.dir/src/crypto/dsa/dsa.c.o
[INFO] [stderr]   [ 52%] Building C object CMakeFiles/crypto.dir/src/crypto/ec_extra/ec_asn1.c.o
[INFO] [stderr]   [ 53%] Building C object CMakeFiles/crypto.dir/src/crypto/digest_extra/digest_extra.c.o
[INFO] [stderr]   [ 54%] Building C object CMakeFiles/crypto.dir/src/crypto/ec_extra/ec_derive.c.o
[INFO] [stderr]   [ 54%] Building C object CMakeFiles/crypto.dir/src/crypto/ecdsa_extra/ecdsa_asn1.c.o
[INFO] [stderr]   [ 54%] Building C object CMakeFiles/crypto.dir/src/crypto/ecdh_extra/ecdh_extra.c.o
[INFO] [stderr]   [ 54%] Building C object CMakeFiles/crypto.dir/src/crypto/ec_extra/hash_to_curve.c.o
[INFO] [stderr]   [ 54%] Building C object CMakeFiles/crypto.dir/src/crypto/engine/engine.c.o
[INFO] [stderr]   [ 54%] Building C object CMakeFiles/crypto.dir/src/crypto/evp/evp_asn1.c.o
[INFO] [stderr]   [ 55%] Building C object CMakeFiles/crypto.dir/src/crypto/err/err.c.o
[INFO] [stderr]   [ 55%] Building C object CMakeFiles/crypto.dir/src/crypto/evp/evp.c.o
[INFO] [stderr]   [ 55%] Building C object CMakeFiles/crypto.dir/src/crypto/evp/evp_ctx.c.o
[INFO] [stderr]   [ 55%] Building C object CMakeFiles/crypto.dir/src/crypto/evp/p_ec.c.o
[INFO] [stderr]   [ 55%] Building C object CMakeFiles/crypto.dir/src/crypto/evp/p_ec_asn1.c.o
[INFO] [stderr]   [ 56%] Building C object CMakeFiles/crypto.dir/src/crypto/evp/p_dsa_asn1.c.o
[INFO] [stderr]   [ 56%] Building C object CMakeFiles/crypto.dir/src/crypto/evp/p_ed25519.c.o
[INFO] [stderr]   [ 56%] Building C object CMakeFiles/crypto.dir/src/crypto/evp/p_hkdf.c.o
[INFO] [stderr]   [ 57%] Building C object CMakeFiles/crypto.dir/src/crypto/evp/p_x25519.c.o
[INFO] [stderr]   [ 57%] Building C object CMakeFiles/crypto.dir/src/crypto/evp/p_rsa.c.o
[INFO] [stderr]   [ 58%] Building C object CMakeFiles/crypto.dir/src/crypto/evp/p_ed25519_asn1.c.o
[INFO] [stderr]   [ 58%] Building C object CMakeFiles/crypto.dir/src/crypto/evp/p_rsa_asn1.c.o
[INFO] [stderr]   [ 58%] Building C object CMakeFiles/crypto.dir/src/crypto/evp/p_x25519_asn1.c.o
[INFO] [stderr]   [ 58%] Building C object CMakeFiles/crypto.dir/src/crypto/evp/pbkdf.c.o
[INFO] [stderr]   [ 58%] Building C object CMakeFiles/crypto.dir/src/crypto/evp/print.c.o
[INFO] [stderr]   [ 59%] Building C object CMakeFiles/crypto.dir/src/crypto/evp/scrypt.c.o
[INFO] [stderr]   [ 59%] Building C object CMakeFiles/crypto.dir/src/crypto/evp/sign.c.o
[INFO] [stderr]   [ 59%] Building C object CMakeFiles/crypto.dir/src/crypto/fipsmodule/bcm.c.o
[INFO] [stderr]   [ 60%] Building C object CMakeFiles/crypto.dir/src/crypto/fipsmodule/fips_shared_support.c.o
[INFO] [stderr]   [ 60%] Building C object CMakeFiles/crypto.dir/src/crypto/hrss/hrss.c.o
[INFO] [stderr]   [ 60%] Building C object CMakeFiles/crypto.dir/src/crypto/hpke/hpke.c.o
[INFO] [stderr]   [ 60%] Building C object CMakeFiles/crypto.dir/src/crypto/ex_data.c.o
[INFO] [stderr]   [ 61%] Building C object CMakeFiles/crypto.dir/src/crypto/kyber/kyber1024.c.o
[INFO] [stderr]   [ 61%] Building C object CMakeFiles/crypto.dir/src/crypto/kyber/kyber768.c.o
[INFO] [stderr]   [ 61%] Building C object CMakeFiles/crypto.dir/src/crypto/kyber/kyber512.c.o
[INFO] [stderr]   [ 61%] Building C object CMakeFiles/crypto.dir/src/crypto/mem.c.o
[INFO] [stderr]   [ 61%] Building C object CMakeFiles/crypto.dir/src/crypto/lhash/lhash.c.o
[INFO] [stderr]   [ 62%] Building C object CMakeFiles/crypto.dir/src/crypto/obj/obj_xref.c.o
[INFO] [stderr]   [ 62%] Building C object CMakeFiles/crypto.dir/src/crypto/obj/obj.c.o
[INFO] [stderr]   [ 62%] Building C object CMakeFiles/crypto.dir/src/crypto/pem/pem_all.c.o
[INFO] [stderr]   [ 62%] Building C object CMakeFiles/crypto.dir/src/crypto/pem/pem_info.c.o
[INFO] [stderr]   [ 63%] Building C object CMakeFiles/crypto.dir/src/crypto/pem/pem_oth.c.o
[INFO] [stderr]   [ 63%] Building C object CMakeFiles/crypto.dir/src/crypto/pem/pem_pk8.c.o
[INFO] [stderr]   [ 63%] Building C object CMakeFiles/crypto.dir/src/crypto/pem/pem_lib.c.o
[INFO] [stderr]   [ 63%] Building C object CMakeFiles/crypto.dir/src/crypto/pem/pem_pkey.c.o
[INFO] [stderr]   [ 63%] Building C object CMakeFiles/crypto.dir/src/crypto/pem/pem_x509.c.o
[INFO] [stderr]   [ 64%] Building C object CMakeFiles/crypto.dir/src/crypto/pem/pem_xaux.c.o
[INFO] [stderr]   [ 64%] Building C object CMakeFiles/crypto.dir/src/crypto/pkcs7/pkcs7_x509.c.o
[INFO] [stderr]   [ 64%] Building C object CMakeFiles/crypto.dir/src/crypto/pkcs7/pkcs7.c.o
[INFO] [stderr]   [ 64%] Building C object CMakeFiles/crypto.dir/src/crypto/pkcs8/p5_pbev2.c.o
[INFO] [stderr]   [ 65%] Building C object CMakeFiles/crypto.dir/src/crypto/pkcs8/pkcs8.c.o
[INFO] [stderr]   [ 65%] Building C object CMakeFiles/crypto.dir/src/crypto/pkcs8/pkcs8_x509.c.o
[INFO] [stderr]   [ 65%] Building C object CMakeFiles/crypto.dir/src/crypto/poly1305/poly1305_arm.c.o
[INFO] [stderr]   [ 65%] Building C object CMakeFiles/crypto.dir/src/crypto/poly1305/poly1305.c.o
[INFO] [stderr]   [ 66%] Building C object CMakeFiles/crypto.dir/src/crypto/poly1305/poly1305_vec.c.o
[INFO] [stderr]   [ 66%] Building C object CMakeFiles/crypto.dir/src/crypto/pool/pool.c.o
[INFO] [stderr]   [ 66%] Building C object CMakeFiles/crypto.dir/src/crypto/rand_extra/deterministic.c.o
[INFO] [stderr]   [ 66%] Building C object CMakeFiles/crypto.dir/src/crypto/rand_extra/forkunsafe.c.o
[INFO] [stderr]   [ 66%] Building C object CMakeFiles/crypto.dir/src/crypto/rand_extra/rand_extra.c.o
[INFO] [stderr]   [ 66%] Building C object CMakeFiles/crypto.dir/src/crypto/rand_extra/fuchsia.c.o
[INFO] [stderr]   [ 66%] Building C object CMakeFiles/crypto.dir/src/crypto/rand_extra/windows.c.o
[INFO] [stderr]   [ 67%] Building C object CMakeFiles/crypto.dir/src/crypto/rand_extra/passive.c.o
[INFO] [stderr]   [ 67%] Building C object CMakeFiles/crypto.dir/src/crypto/rc4/rc4.c.o
[INFO] [stderr]   [ 68%] Building C object CMakeFiles/crypto.dir/src/crypto/refcount_c11.c.o
[INFO] [stderr]   [ 68%] Building C object CMakeFiles/crypto.dir/src/crypto/refcount_lock.c.o
[INFO] [stderr]   [ 68%] Building C object CMakeFiles/crypto.dir/src/crypto/rsa_extra/rsa_asn1.c.o
[INFO] [stderr]   [ 69%] Building C object CMakeFiles/crypto.dir/src/crypto/rsa_extra/rsa_print.c.o
[INFO] [stderr]   [ 69%] Building C object CMakeFiles/crypto.dir/src/crypto/rsa_extra/rsa_crypt.c.o
[INFO] [stderr]   [ 69%] Building C object CMakeFiles/crypto.dir/src/crypto/siphash/siphash.c.o
[INFO] [stderr]   [ 69%] Building C object CMakeFiles/crypto.dir/src/crypto/stack/stack.c.o
[INFO] [stderr]   [ 70%] Building C object CMakeFiles/crypto.dir/src/crypto/thread_none.c.o
[INFO] [stderr]   [ 70%] Building C object CMakeFiles/crypto.dir/src/crypto/thread.c.o
[INFO] [stderr]   [ 70%] Building C object CMakeFiles/crypto.dir/src/crypto/thread_pthread.c.o
[INFO] [stderr]   [ 70%] Building C object CMakeFiles/crypto.dir/src/crypto/thread_win.c.o
[INFO] [stderr]   [ 71%] Building C object CMakeFiles/crypto.dir/src/crypto/trust_token/trust_token.c.o
[INFO] [stderr]   [ 71%] Building C object CMakeFiles/crypto.dir/src/crypto/trust_token/voprf.c.o
[INFO] [stderr]   [ 71%] Building C object CMakeFiles/crypto.dir/src/crypto/trust_token/pmbtoken.c.o
[INFO] [stderr]   [ 71%] Building C object CMakeFiles/crypto.dir/src/crypto/x509/a_digest.c.o
[INFO] [stderr]   [ 72%] Building C object CMakeFiles/crypto.dir/src/crypto/x509/a_sign.c.o
[INFO] [stderr]   [ 72%] Building C object CMakeFiles/crypto.dir/src/crypto/x509/a_verify.c.o
[INFO] [stderr]   [ 72%] Building C object CMakeFiles/crypto.dir/src/crypto/x509/asn1_gen.c.o
[INFO] [stderr]   [ 72%] Building C object CMakeFiles/crypto.dir/src/crypto/x509/by_dir.c.o
[INFO] [stderr]   [ 72%] Building C object CMakeFiles/crypto.dir/src/crypto/x509/algorithm.c.o
[INFO] [stderr]   [ 72%] Building C object CMakeFiles/crypto.dir/src/crypto/x509/i2d_pr.c.o
[INFO] [stderr]   [ 72%] Building C object CMakeFiles/crypto.dir/src/crypto/x509/policy.c.o
[INFO] [stderr]   [ 73%] Building C object CMakeFiles/crypto.dir/src/crypto/x509/by_file.c.o
[INFO] [stderr]   [ 73%] Building C object CMakeFiles/crypto.dir/src/crypto/x509/name_print.c.o
[INFO] [stderr]   [ 73%] Building C object CMakeFiles/crypto.dir/src/crypto/x509/rsa_pss.c.o
[INFO] [stderr]   [ 75%] Building C object CMakeFiles/crypto.dir/src/crypto/x509/t_crl.c.o
[INFO] [stderr]   [ 75%] Building C object CMakeFiles/crypto.dir/src/crypto/x509/t_req.c.o
[INFO] [stderr]   [ 75%] Building C object CMakeFiles/crypto.dir/src/crypto/x509/t_x509.c.o
[INFO] [stderr]   [ 75%] Building C object CMakeFiles/crypto.dir/src/crypto/x509/t_x509a.c.o
[INFO] [stderr]   [ 76%] Building C object CMakeFiles/crypto.dir/src/crypto/x509/x509.c.o
[INFO] [stderr]   [ 76%] Building C object CMakeFiles/crypto.dir/src/crypto/x509/x509_att.c.o
[INFO] [stderr]   [ 76%] Building C object CMakeFiles/crypto.dir/src/crypto/x509/x509_cmp.c.o
[INFO] [stderr]   [ 76%] Building C object CMakeFiles/crypto.dir/src/crypto/x509/x509_d2.c.o
[INFO] [stderr]   [ 77%] Building C object CMakeFiles/crypto.dir/src/crypto/x509/x509_def.c.o
[INFO] [stderr]   [ 77%] Building C object CMakeFiles/crypto.dir/src/crypto/x509/x509_ext.c.o
[INFO] [stderr]   [ 77%] Building C object CMakeFiles/crypto.dir/src/crypto/x509/x509_lu.c.o
[INFO] [stderr]   [ 77%] Building C object CMakeFiles/crypto.dir/src/crypto/x509/x509_obj.c.o
[INFO] [stderr]   [ 78%] Building C object CMakeFiles/crypto.dir/src/crypto/x509/x509_req.c.o
[INFO] [stderr]   [ 78%] Building C object CMakeFiles/crypto.dir/src/crypto/x509/x509_set.c.o
[INFO] [stderr]   [ 78%] Building C object CMakeFiles/crypto.dir/src/crypto/x509/x509_txt.c.o
[INFO] [stderr]   [ 78%] Building C object CMakeFiles/crypto.dir/src/crypto/x509/x509_trs.c.o
[INFO] [stderr]   [ 79%] Building C object CMakeFiles/crypto.dir/src/crypto/x509/x509_v3.c.o
[INFO] [stderr]   [ 79%] Building C object CMakeFiles/crypto.dir/src/crypto/x509/x509_vfy.c.o
[INFO] [stderr]   [ 79%] Building C object CMakeFiles/crypto.dir/src/crypto/x509/x509_vpm.c.o
[INFO] [stderr]   [ 79%] Building C object CMakeFiles/crypto.dir/src/crypto/x509/x509cset.c.o
[INFO] [stderr]   [ 80%] Building C object CMakeFiles/crypto.dir/src/crypto/x509/x509name.c.o
[INFO] [stderr]   [ 80%] Building C object CMakeFiles/crypto.dir/src/crypto/x509/x509rset.c.o
[INFO] [stderr]   [ 80%] Building C object CMakeFiles/crypto.dir/src/crypto/x509/x509spki.c.o
[INFO] [stderr]   [ 80%] Building C object CMakeFiles/crypto.dir/src/crypto/x509/x_algor.c.o
[INFO] [stderr]   [ 80%] Building C object CMakeFiles/crypto.dir/src/crypto/x509/x_all.c.o
[INFO] [stderr]   [ 81%] Building C object CMakeFiles/crypto.dir/src/crypto/x509/x_attrib.c.o
[INFO] [stderr]   [ 81%] Building C object CMakeFiles/crypto.dir/src/crypto/x509/x_crl.c.o
[INFO] [stderr]   [ 81%] Building C object CMakeFiles/crypto.dir/src/crypto/x509/x_info.c.o
[INFO] [stderr]   [ 81%] Building C object CMakeFiles/crypto.dir/src/crypto/x509/x_exten.c.o
[INFO] [stderr]   [ 82%] Building C object CMakeFiles/crypto.dir/src/crypto/x509/x_name.c.o
[INFO] [stderr]   [ 82%] Building C object CMakeFiles/crypto.dir/src/crypto/x509/x_req.c.o
[INFO] [stderr]   [ 82%] Building C object CMakeFiles/crypto.dir/src/crypto/x509/x_pubkey.c.o
[INFO] [stderr]   [ 82%] Building C object CMakeFiles/crypto.dir/src/crypto/x509/x_pkey.c.o
[INFO] [stderr]   [ 83%] Building C object CMakeFiles/crypto.dir/src/crypto/x509/x_sig.c.o
[INFO] [stderr]   [ 83%] Building C object CMakeFiles/crypto.dir/src/crypto/x509/x_spki.c.o
[INFO] [stderr]   [ 83%] Building C object CMakeFiles/crypto.dir/src/crypto/x509/x_val.c.o
[INFO] [stderr]   [ 83%] Building C object CMakeFiles/crypto.dir/src/crypto/x509/x_x509.c.o
[INFO] [stderr]   [ 84%] Building C object CMakeFiles/crypto.dir/src/crypto/x509/x_x509a.c.o
[INFO] [stderr]   [ 84%] Building C object CMakeFiles/crypto.dir/src/crypto/x509v3/v3_akeya.c.o
[INFO] [stderr]   [ 84%] Building C object CMakeFiles/crypto.dir/src/crypto/x509v3/v3_akey.c.o
[INFO] [stderr]   [ 84%] Building C object CMakeFiles/crypto.dir/src/crypto/x509v3/v3_bitst.c.o
[INFO] [stderr]   [ 84%] Building C object CMakeFiles/crypto.dir/src/crypto/x509v3/v3_alt.c.o
[INFO] [stderr]   [ 85%] Building C object CMakeFiles/crypto.dir/src/crypto/x509v3/v3_bcons.c.o
[INFO] [stderr]   [ 86%] Building C object CMakeFiles/crypto.dir/src/crypto/x509v3/v3_conf.c.o
[INFO] [stderr]   [ 86%] Building C object CMakeFiles/crypto.dir/src/crypto/x509v3/v3_crld.c.o
[INFO] [stderr]   [ 86%] Building C object CMakeFiles/crypto.dir/src/crypto/x509v3/v3_cpols.c.o
[INFO] [stderr]   [ 86%] Building C object CMakeFiles/crypto.dir/src/crypto/x509v3/v3_enum.c.o
[INFO] [stderr]   [ 86%] Building C object CMakeFiles/crypto.dir/src/crypto/x509v3/v3_genn.c.o
[INFO] [stderr]   [ 86%] Building C object CMakeFiles/crypto.dir/src/crypto/x509v3/v3_extku.c.o
[INFO] [stderr]   [ 86%] Building C object CMakeFiles/crypto.dir/src/crypto/x509v3/v3_ia5.c.o
[INFO] [stderr]   [ 87%] Building C object CMakeFiles/crypto.dir/src/crypto/x509v3/v3_info.c.o
[INFO] [stderr]   [ 87%] Building C object CMakeFiles/crypto.dir/src/crypto/x509v3/v3_int.c.o
[INFO] [stderr]   [ 87%] Building C object CMakeFiles/crypto.dir/src/crypto/x509v3/v3_lib.c.o
[INFO] [stderr]   [ 87%] Building C object CMakeFiles/crypto.dir/src/crypto/x509v3/v3_ncons.c.o
[INFO] [stderr]   [ 88%] Building C object CMakeFiles/crypto.dir/src/crypto/x509v3/v3_ocsp.c.o
[INFO] [stderr]   [ 88%] Building C object CMakeFiles/crypto.dir/src/crypto/x509v3/v3_pcons.c.o
[INFO] [stderr]   [ 88%] Building C object CMakeFiles/crypto.dir/src/crypto/x509v3/v3_prn.c.o
[INFO] [stderr]   [ 88%] Building C object CMakeFiles/crypto.dir/src/crypto/x509v3/v3_pmaps.c.o
[INFO] [stderr]   [ 89%] Building C object CMakeFiles/crypto.dir/src/crypto/x509v3/v3_purp.c.o
[INFO] [stderr]   [ 89%] Building C object CMakeFiles/crypto.dir/src/crypto/x509v3/v3_skey.c.o
[INFO] [stderr]   [ 89%] Building C object CMakeFiles/crypto.dir/src/crypto/x509v3/v3_utl.c.o
[INFO] [stderr]   [ 89%] Linking C static library libcrypto.a
[INFO] [stderr]   [ 89%] Built target crypto
[INFO] [stderr]   [ 90%] Building CXX object CMakeFiles/ssl.dir/src/ssl/d1_pkt.cc.o
[INFO] [stderr]   [ 90%] Building CXX object CMakeFiles/ssl.dir/src/ssl/d1_lib.cc.o
[INFO] [stderr]   [ 90%] Building CXX object CMakeFiles/ssl.dir/src/ssl/bio_ssl.cc.o
[INFO] [stderr]   [ 90%] Building CXX object CMakeFiles/ssl.dir/src/ssl/d1_both.cc.o
[INFO] [stderr]   [ 91%] Building CXX object CMakeFiles/ssl.dir/src/ssl/d1_srtp.cc.o
[INFO] [stderr]   [ 91%] Building CXX object CMakeFiles/ssl.dir/src/ssl/dtls_method.cc.o
[INFO] [stderr]   [ 91%] Building CXX object CMakeFiles/ssl.dir/src/ssl/dtls_record.cc.o
[INFO] [stderr]   [ 91%] Building CXX object CMakeFiles/ssl.dir/src/ssl/handoff.cc.o
[INFO] [stderr]   [ 91%] Building CXX object CMakeFiles/ssl.dir/src/ssl/handshake_server.cc.o
[INFO] [stderr]   [ 91%] Building CXX object CMakeFiles/ssl.dir/src/ssl/encrypted_client_hello.cc.o
[INFO] [stderr]   [ 91%] Building CXX object CMakeFiles/ssl.dir/src/ssl/handshake_client.cc.o
[INFO] [stderr]   [ 91%] Building CXX object CMakeFiles/ssl.dir/src/ssl/handshake.cc.o
[INFO] [stderr]   [ 91%] Building CXX object CMakeFiles/ssl.dir/src/ssl/s3_lib.cc.o
[INFO] [stderr]   [ 91%] Building CXX object CMakeFiles/ssl.dir/src/ssl/s3_pkt.cc.o
[INFO] [stderr]   [ 92%] Building CXX object CMakeFiles/ssl.dir/src/ssl/extensions.cc.o
[INFO] [stderr]   [ 93%] Building CXX object CMakeFiles/ssl.dir/src/ssl/s3_both.cc.o
[INFO] [stderr]   [ 93%] Building CXX object CMakeFiles/ssl.dir/src/ssl/ssl_aead_ctx.cc.o
[INFO] [stderr]   [ 94%] Building CXX object CMakeFiles/ssl.dir/src/ssl/ssl_asn1.cc.o
[INFO] [stderr]   [ 94%] Building CXX object CMakeFiles/ssl.dir/src/ssl/ssl_buffer.cc.o
[INFO] [stderr]   [ 94%] Building CXX object CMakeFiles/ssl.dir/src/ssl/ssl_cert.cc.o
[INFO] [stderr]   [ 94%] Building CXX object CMakeFiles/ssl.dir/src/ssl/ssl_cipher.cc.o
[INFO] [stderr]   [ 95%] Building CXX object CMakeFiles/ssl.dir/src/ssl/ssl_file.cc.o
[INFO] [stderr]   [ 95%] Building CXX object CMakeFiles/ssl.dir/src/ssl/ssl_key_share.cc.o
[INFO] [stderr]   [ 95%] Building CXX object CMakeFiles/ssl.dir/src/ssl/ssl_lib.cc.o
[INFO] [stderr]   [ 95%] Building CXX object CMakeFiles/ssl.dir/src/ssl/ssl_privkey.cc.o
[INFO] [stderr]   [ 96%] Building CXX object CMakeFiles/ssl.dir/src/ssl/ssl_session.cc.o
[INFO] [stderr]   [ 96%] Building CXX object CMakeFiles/ssl.dir/src/ssl/ssl_stat.cc.o
[INFO] [stderr]   [ 96%] Building CXX object CMakeFiles/ssl.dir/src/ssl/ssl_transcript.cc.o
[INFO] [stderr]   [ 96%] Building CXX object CMakeFiles/ssl.dir/src/ssl/ssl_versions.cc.o
[INFO] [stderr]   [ 97%] Building CXX object CMakeFiles/ssl.dir/src/ssl/ssl_x509.cc.o
[INFO] [stderr]   [ 97%] Building CXX object CMakeFiles/ssl.dir/src/ssl/t1_enc.cc.o
[INFO] [stderr]   [ 97%] Building CXX object CMakeFiles/ssl.dir/src/ssl/tls13_both.cc.o
[INFO] [stderr]   [ 97%] Building CXX object CMakeFiles/ssl.dir/src/ssl/tls13_client.cc.o
[INFO] [stderr] 
[INFO] [stderr]   --- stderr
[INFO] [stderr]   hint: Using 'master' as the name for the initial branch. This default branch name
[INFO] [stderr]   hint: will change to "main" in Git 3.0. To configure the initial branch name
[INFO] [stderr]   hint: to use in all of your new repositories, which will suppress this warning,
[INFO] [stderr]   hint: call:
[INFO] [stderr]   hint:
[INFO] [stderr]   hint: 	git config --global init.defaultBranch <name>
[INFO] [stderr]   hint:
[INFO] [stderr]   hint: Names commonly chosen instead of 'master' are 'main', 'trunk' and
[INFO] [stderr]   hint: 'development'. The just-created branch can be renamed via this command:
[INFO] [stderr]   hint:
[INFO] [stderr]   hint: 	git branch -m <name>
[INFO] [stderr]   hint:
[INFO] [stderr]   hint: Disable this message with "git config set advice.defaultBranchName false"
[INFO] [stderr]   /opt/rustwide/cargo-home/registry/src/index.crates.io-1949cf8c6b5b557f/boring-sys2-5.0.0-alpha.12/patches/boringssl-44b3df6f03d85c901767250329c571db405122d5.patch:75: trailing whitespace.
[INFO] [stderr]       "src/crypto/fipsmodule/fips_shared_support.c", 
[INFO] [stderr]   /opt/rustwide/cargo-home/registry/src/index.crates.io-1949cf8c6b5b557f/boring-sys2-5.0.0-alpha.12/patches/boringssl-44b3df6f03d85c901767250329c571db405122d5.patch:76: trailing whitespace.
[INFO] [stderr]       "src/crypto/hpke/hpke.c", 
[INFO] [stderr]   /opt/rustwide/cargo-home/registry/src/index.crates.io-1949cf8c6b5b557f/boring-sys2-5.0.0-alpha.12/patches/boringssl-44b3df6f03d85c901767250329c571db405122d5.patch:77: trailing whitespace.
[INFO] [stderr]       "src/crypto/hrss/hrss.c", 
[INFO] [stderr]   /opt/rustwide/cargo-home/registry/src/index.crates.io-1949cf8c6b5b557f/boring-sys2-5.0.0-alpha.12/patches/boringssl-44b3df6f03d85c901767250329c571db405122d5.patch:80: trailing whitespace.
[INFO] [stderr]       "src/crypto/kyber/kyber512.c", 
[INFO] [stderr]   /opt/rustwide/cargo-home/registry/src/index.crates.io-1949cf8c6b5b557f/boring-sys2-5.0.0-alpha.12/patches/boringssl-44b3df6f03d85c901767250329c571db405122d5.patch:81: trailing whitespace.
[INFO] [stderr]       "src/crypto/kyber/kyber768.c", 
[INFO] [stderr]   Checking patch BUILD.generated.bzl...
[INFO] [stderr]   Checking patch BUILD.generated_tests.bzl...
[INFO] [stderr]   Checking patch CMakeLists.txt...
[INFO] [stderr]   Checking patch sources.json...
[INFO] [stderr]   Checking patch src/crypto/CMakeLists.txt...
[INFO] [stderr]   Checking patch src/crypto/cipher_extra/e_tls.c...
[INFO] [stderr]   Checking patch src/crypto/kyber/internal.h...
[INFO] [stderr]   Checking patch src/crypto/kyber/keccak.c...
[INFO] [stderr]   Checking patch src/crypto/kyber/kyber.c...
[INFO] [stderr]   Checking patch src/crypto/kyber/kyber1024.c...
[INFO] [stderr]   Checking patch src/crypto/kyber/kyber512.c...
[INFO] [stderr]   Checking patch src/crypto/kyber/kyber768.c...
[INFO] [stderr]   Checking patch src/crypto/kyber/kyber_test.cc...
[INFO] [stderr]   Checking patch src/crypto/obj/obj_dat.h...
[INFO] [stderr]   Checking patch src/crypto/obj/obj_mac.num...
[INFO] [stderr]   Checking patch src/crypto/obj/objects.txt...
[INFO] [stderr]   Checking patch src/include/openssl/aead.h...
[INFO] [stderr]   Checking patch src/include/openssl/kyber.h...
[INFO] [stderr]   Checking patch src/include/openssl/nid.h...
[INFO] [stderr]   Checking patch src/include/openssl/ssl.h...
[INFO] [stderr]   Checking patch src/include/openssl/tls1.h...
[INFO] [stderr]   Checking patch src/sources.cmake...
[INFO] [stderr]   Checking patch src/ssl/extensions.cc...
[INFO] [stderr]   Checking patch src/ssl/handoff.cc...
[INFO] [stderr]   Checking patch src/ssl/handshake_client.cc...
[INFO] [stderr]   Checking patch src/ssl/internal.h...
[INFO] [stderr]   Checking patch src/ssl/ssl_cipher.cc...
[INFO] [stderr]   Checking patch src/ssl/ssl_key_share.cc...
[INFO] [stderr]   Checking patch src/ssl/ssl_lib.cc...
[INFO] [stderr]   Checking patch src/ssl/ssl_privkey.cc...
[INFO] [stderr]   Checking patch src/ssl/ssl_test.cc...
[INFO] [stderr]   Checking patch src/ssl/tls13_client.cc...
[INFO] [stderr]   Checking patch src/ssl/tls13_server.cc...
[INFO] [stderr]   Checking patch src/tool/speed.cc...
[INFO] [stderr]   Applied patch BUILD.generated.bzl cleanly.
[INFO] [stderr]   Applied patch BUILD.generated_tests.bzl cleanly.
[INFO] [stderr]   Applied patch CMakeLists.txt cleanly.
[INFO] [stderr]   Applied patch sources.json cleanly.
[INFO] [stderr]   Applied patch src/crypto/CMakeLists.txt cleanly.
[INFO] [stderr]   Applied patch src/crypto/cipher_extra/e_tls.c cleanly.
[INFO] [stderr]   Applied patch src/crypto/kyber/internal.h cleanly.
[INFO] [stderr]   Applied patch src/crypto/kyber/keccak.c cleanly.
[INFO] [stderr]   Applied patch src/crypto/kyber/kyber.c cleanly.
[INFO] [stderr]   Applied patch src/crypto/kyber/kyber1024.c cleanly.
[INFO] [stderr]   Applied patch src/crypto/kyber/kyber512.c cleanly.
[INFO] [stderr]   Applied patch src/crypto/kyber/kyber768.c cleanly.
[INFO] [stderr]   Applied patch src/crypto/kyber/kyber_test.cc cleanly.
[INFO] [stderr]   Applied patch src/crypto/obj/obj_dat.h cleanly.
[INFO] [stderr]   Applied patch src/crypto/obj/obj_mac.num cleanly.
[INFO] [stderr]   Applied patch src/crypto/obj/objects.txt cleanly.
[INFO] [stderr]   Applied patch src/include/openssl/aead.h cleanly.
[INFO] [stderr]   Applied patch src/include/openssl/kyber.h cleanly.
[INFO] [stderr]   Applied patch src/include/openssl/nid.h cleanly.
[INFO] [stderr]   Applied patch src/include/openssl/ssl.h cleanly.
[INFO] [stderr]   Applied patch src/include/openssl/tls1.h cleanly.
[INFO] [stderr]   Applied patch src/sources.cmake cleanly.
[INFO] [stderr]   Applied patch src/ssl/extensions.cc cleanly.
[INFO] [stderr]   Applied patch src/ssl/handoff.cc cleanly.
[INFO] [stderr]   Applied patch src/ssl/handshake_client.cc cleanly.
[INFO] [stderr]   Applied patch src/ssl/internal.h cleanly.
[INFO] [stderr]   Applied patch src/ssl/ssl_cipher.cc cleanly.
[INFO] [stderr]   Applied patch src/ssl/ssl_key_share.cc cleanly.
[INFO] [stderr]   Applied patch src/ssl/ssl_lib.cc cleanly.
[INFO] [stderr]   Applied patch src/ssl/ssl_privkey.cc cleanly.
[INFO] [stderr]   Applied patch src/ssl/ssl_test.cc cleanly.
[INFO] [stderr]   Applied patch src/ssl/tls13_client.cc cleanly.
[INFO] [stderr]   Applied patch src/ssl/tls13_server.cc cleanly.
[INFO] [stderr]   Applied patch src/tool/speed.cc cleanly.
[INFO] [stderr]   warning: squelched 43 whitespace errors
[INFO] [stderr]   warning: 28 lines applied after fixing whitespace errors.
[INFO] [stderr]   running: cd "/opt/rustwide/target/debug/build/boring-sys2/b291f70a676dafc5/out/build" && CMAKE_BUILD_PARALLEL_LEVEL="16" CMAKE_PREFIX_PATH="" LC_ALL="C" "cmake" "/opt/rustwide/target/debug/build/boring-sys2/b291f70a676dafc5/out/boringssl" "-B" "/opt/rustwide/target/debug/build/boring-sys2/b291f70a676dafc5/out/build" "-DCMAKE_INSTALL_PREFIX=/opt/rustwide/target/debug/build/boring-sys2/b291f70a676dafc5/out" "-DCMAKE_C_FLAGS= -ffunction-sections -fdata-sections -fPIC -m64 -w" "-DCMAKE_C_COMPILER=/usr/bin/cc" "-DCMAKE_CXX_FLAGS= -ffunction-sections -fdata-sections -fPIC -m64 -w" "-DCMAKE_CXX_COMPILER=/usr/bin/c++" "-DCMAKE_ASM_FLAGS= -ffunction-sections -fdata-sections -fPIC -m64 -w" "-DCMAKE_ASM_COMPILER=/usr/bin/cc" "-DCMAKE_BUILD_TYPE=Debug"
[INFO] [stderr]   running: cd "/opt/rustwide/target/debug/build/boring-sys2/b291f70a676dafc5/out/build" && CMAKE_BUILD_PARALLEL_LEVEL="16" LC_ALL="C" MAKEFLAGS="-j --jobserver-fds=4,5 --jobserver-auth=4,5" "cmake" "--build" "/opt/rustwide/target/debug/build/boring-sys2/b291f70a676dafc5/out/build" "--target" "ssl" "--config" "Debug"
[INFO] [stderr]   gmake: warning: -j16 forced in submake: resetting jobserver mode.
[INFO] [stderr]   c++: fatal error: Killed signal terminated program cc1plus
[INFO] [stderr]   compilation terminated.
[INFO] [stderr]   gmake[3]: *** [CMakeFiles/ssl.dir/build.make:429: CMakeFiles/ssl.dir/src/ssl/ssl_session.cc.o] Error 1
[INFO] [stderr]   gmake[3]: *** Waiting for unfinished jobs....
[INFO] [stderr]   c++: fatal error: Killed signal terminated program cc1plus
[INFO] [stderr]   compilation terminated.
[INFO] [stderr]   gmake[3]: *** [CMakeFiles/ssl.dir/build.make:387: CMakeFiles/ssl.dir/src/ssl/ssl_key_share.cc.o] Error 1
[INFO] [stderr]   gmake[2]: *** [CMakeFiles/Makefile2:125: CMakeFiles/ssl.dir/all] Error 2
[INFO] [stderr]   gmake[1]: *** [CMakeFiles/Makefile2:132: CMakeFiles/ssl.dir/rule] Error 2
[INFO] [stderr]   gmake: *** [Makefile:137: ssl] Error 2
[INFO] [stderr] 
[INFO] [stderr]   thread 'main' (2505) panicked at /opt/rustwide/cargo-home/registry/src/index.crates.io-1949cf8c6b5b557f/cmake-0.1.57/src/lib.rs:1132:5:
[INFO] [stderr] 
[INFO] [stderr]   command did not execute successfully, got: exit status: 2
[INFO] [stderr] 
[INFO] [stderr]   build script failed, must exit now
[INFO] [stderr]   stack backtrace:
[INFO] [stderr]      0:     0x5f23e384a641 - std[70848e31ef396c88]::backtrace_rs::backtrace::libunwind::trace
[INFO] [stderr]                                  at /rustc/8773d2c75a8e90130dcce745a7ec4e66bb9963db/library/std/src/../../backtrace/src/backtrace/libunwind.rs:117:9
[INFO] [stderr]      1:     0x5f23e384a641 - std[70848e31ef396c88]::backtrace_rs::backtrace::trace_unsynchronized::<std[70848e31ef396c88]::sys::backtrace::_print_fmt::{closure#1}>
[INFO] [stderr]                                  at /rustc/8773d2c75a8e90130dcce745a7ec4e66bb9963db/library/std/src/../../backtrace/src/backtrace/mod.rs:66:14
[INFO] [stderr]      2:     0x5f23e384a641 - std[70848e31ef396c88]::sys::backtrace::_print_fmt
[INFO] [stderr]                                  at /rustc/8773d2c75a8e90130dcce745a7ec4e66bb9963db/library/std/src/sys/backtrace.rs:74:9
[INFO] [stderr]      3:     0x5f23e384a641 - <<std[70848e31ef396c88]::sys::backtrace::BacktraceLock>::print::DisplayBacktrace as core[c8b5ded6587d6b11]::fmt::Display>::fmt
[INFO] [stderr]                                  at /rustc/8773d2c75a8e90130dcce745a7ec4e66bb9963db/library/std/src/sys/backtrace.rs:44:26
[INFO] [stderr]      4:     0x5f23e38629da - <core[c8b5ded6587d6b11]::fmt::rt::Argument>::fmt
[INFO] [stderr]                                  at /rustc/8773d2c75a8e90130dcce745a7ec4e66bb9963db/library/core/src/fmt/rt.rs:152:76
[INFO] [stderr]      5:     0x5f23e38629da - core[c8b5ded6587d6b11]::fmt::write
[INFO] [stderr]      6:     0x5f23e3850d5c - core[c8b5ded6587d6b11]::io::write::default_write_fmt::<std[70848e31ef396c88]::sys::stdio::unix::Stderr>
[INFO] [stderr]                                  at /rustc/8773d2c75a8e90130dcce745a7ec4e66bb9963db/library/core/src/io/write.rs:402:11
[INFO] [stderr]      7:     0x5f23e3850d5c - <std[70848e31ef396c88]::sys::stdio::unix::Stderr as core[c8b5ded6587d6b11]::io::write::Write>::write_fmt
[INFO] [stderr]                                  at /rustc/8773d2c75a8e90130dcce745a7ec4e66bb9963db/library/core/src/io/write.rs:335:13
[INFO] [stderr]      8:     0x5f23e3823a96 - <std[70848e31ef396c88]::sys::backtrace::BacktraceLock>::print
[INFO] [stderr]                                  at /rustc/8773d2c75a8e90130dcce745a7ec4e66bb9963db/library/std/src/sys/backtrace.rs:47:9
[INFO] [stderr]      9:     0x5f23e3823a96 - std[70848e31ef396c88]::panicking::default_hook::{closure#0}
[INFO] [stderr]                                  at /rustc/8773d2c75a8e90130dcce745a7ec4e66bb9963db/library/std/src/panicking.rs:289:27
[INFO] [stderr]     10:     0x5f23e3841251 - std[70848e31ef396c88]::panicking::default_hook
[INFO] [stderr]                                  at /rustc/8773d2c75a8e90130dcce745a7ec4e66bb9963db/library/std/src/panicking.rs:316:9
[INFO] [stderr]     11:     0x5f23e384157b - std[70848e31ef396c88]::panicking::panic_with_hook
[INFO] [stderr]                                  at /rustc/8773d2c75a8e90130dcce745a7ec4e66bb9963db/library/std/src/panicking.rs:811:13
[INFO] [stderr]     12:     0x5f23e3823b42 - std[70848e31ef396c88]::panicking::panic_handler::{closure#0}
[INFO] [stderr]                                  at /rustc/8773d2c75a8e90130dcce745a7ec4e66bb9963db/library/std/src/panicking.rs:685:13
[INFO] [stderr]     13:     0x5f23e381d879 - std[70848e31ef396c88]::sys::backtrace::__rust_end_short_backtrace::<std[70848e31ef396c88]::panicking::panic_handler::{closure#0}, !>
[INFO] [stderr]                                  at /rustc/8773d2c75a8e90130dcce745a7ec4e66bb9963db/library/std/src/sys/backtrace.rs:182:18
[INFO] [stderr]     14:     0x5f23e382473d - __rustc[3ae3e1263b90db6]::rust_begin_unwind
[INFO] [stderr]                                  at /rustc/8773d2c75a8e90130dcce745a7ec4e66bb9963db/library/std/src/panicking.rs:676:5
[INFO] [stderr]     15:     0x5f23e386327c - core[c8b5ded6587d6b11]::panicking::panic_fmt
[INFO] [stderr]                                  at /rustc/8773d2c75a8e90130dcce745a7ec4e66bb9963db/library/core/src/panicking.rs:80:14
[INFO] [stderr]     16:     0x5f23e3300397 - cmake[40a4732a5f87bc94]::fail
[INFO] [stderr]     17:     0x5f23e3300023 - cmake[40a4732a5f87bc94]::run
[INFO] [stderr]     18:     0x5f23e33060b5 - <cmake[40a4732a5f87bc94]::Config>::build
[INFO] [stderr]     19:     0x5f23e32da0a5 - build_script_main[678ea1db644afe32]::built_boring_source_path::{closure#0}
[INFO] [stderr]     20:     0x5f23e32d98a7 - <std[70848e31ef396c88]::sync::once_lock::OnceLock<std[70848e31ef396c88]::path::PathBuf>>::get_or_init::<build_script_main[678ea1db644afe32]::built_boring_source_path::{closure#0}>::{closure#0}
[INFO] [stderr]     21:     0x5f23e32d976d - <std[70848e31ef396c88]::sync::once_lock::OnceLock<std[70848e31ef396c88]::path::PathBuf>>::initialize::<<std[70848e31ef396c88]::sync::once_lock::OnceLock<std[70848e31ef396c88]::path::PathBuf>>::get_or_init<build_script_main[678ea1db644afe32]::built_boring_source_path::{closure#0}>::{closure#0}, !>::{closure#0}
[INFO] [stderr]     22:     0x5f23e32eac42 - <std[70848e31ef396c88]::sync::once::Once>::call_once_force::<<std[70848e31ef396c88]::sync::once_lock::OnceLock<std[70848e31ef396c88]::path::PathBuf>>::initialize<<std[70848e31ef396c88]::sync::once_lock::OnceLock<std[70848e31ef396c88]::path::PathBuf>>::get_or_init<build_script_main[678ea1db644afe32]::built_boring_source_path::{closure#0}>::{closure#0}, !>::{closure#0}>::{closure#0}
[INFO] [stderr]     23:     0x5f23e3829479 - <std[70848e31ef396c88]::sys::sync::once::futex::Once>::call
[INFO] [stderr]                                  at /rustc/8773d2c75a8e90130dcce745a7ec4e66bb9963db/library/std/src/sys/sync/once/futex.rs:183:21
[INFO] [stderr]     24:     0x5f23e32e8e28 - <std[70848e31ef396c88]::sync::once::Once>::call_once_force::<<std[70848e31ef396c88]::sync::once_lock::OnceLock<std[70848e31ef396c88]::path::PathBuf>>::initialize<<std[70848e31ef396c88]::sync::once_lock::OnceLock<std[70848e31ef396c88]::path::PathBuf>>::get_or_init<build_script_main[678ea1db644afe32]::built_boring_source_path::{closure#0}>::{closure#0}, !>::{closure#0}>
[INFO] [stderr]     25:     0x5f23e32d5556 - <std[70848e31ef396c88]::sync::once_lock::OnceLock<std[70848e31ef396c88]::path::PathBuf>>::initialize::<<std[70848e31ef396c88]::sync::once_lock::OnceLock<std[70848e31ef396c88]::path::PathBuf>>::get_or_init<build_script_main[678ea1db644afe32]::built_boring_source_path::{closure#0}>::{closure#0}, !>
[INFO] [stderr]     26:     0x5f23e32d55e3 - <std[70848e31ef396c88]::sync::once_lock::OnceLock<std[70848e31ef396c88]::path::PathBuf>>::get_or_try_init::<<std[70848e31ef396c88]::sync::once_lock::OnceLock<std[70848e31ef396c88]::path::PathBuf>>::get_or_init<build_script_main[678ea1db644afe32]::built_boring_source_path::{closure#0}>::{closure#0}, !>
[INFO] [stderr]     27:     0x5f23e32d5596 - <std[70848e31ef396c88]::sync::once_lock::OnceLock<std[70848e31ef396c88]::path::PathBuf>>::get_or_init::<build_script_main[678ea1db644afe32]::built_boring_source_path::{closure#0}>
[INFO] [stderr]     28:     0x5f23e32ddf6d - build_script_main[678ea1db644afe32]::built_boring_source_path
[INFO] [stderr]     29:     0x5f23e32dd084 - build_script_main[678ea1db644afe32]::emit_link_directives
[INFO] [stderr]     30:     0x5f23e32e0b8f - build_script_main[678ea1db644afe32]::main
[INFO] [stderr]     31:     0x5f23e32ede1b - <fn() as core[c8b5ded6587d6b11]::ops::function::FnOnce<()>>::call_once
[INFO] [stderr]     32:     0x5f23e32eec56 - std[70848e31ef396c88]::sys::backtrace::__rust_begin_short_backtrace::<fn(), ()>
[INFO] [stderr]     33:     0x5f23e32e3909 - std[70848e31ef396c88]::rt::lang_start::<()>::{closure#0}
[INFO] [stderr]     34:     0x5f23e3840548 - <&dyn core[c8b5ded6587d6b11]::ops::function::Fn<(), Output = i32> + core[c8b5ded6587d6b11]::marker::Sync + core[c8b5ded6587d6b11]::panic::unwind_safe::RefUnwindSafe as core[c8b5ded6587d6b11]::ops::function::FnOnce<()>>::call_once
[INFO] [stderr]                                  at /rustc/8773d2c75a8e90130dcce745a7ec4e66bb9963db/library/core/src/ops/function.rs:287:21
[INFO] [stderr]     35:     0x5f23e3840548 - std[70848e31ef396c88]::panicking::catch_unwind::do_call::<&dyn core[c8b5ded6587d6b11]::ops::function::Fn<(), Output = i32> + core[c8b5ded6587d6b11]::marker::Sync + core[c8b5ded6587d6b11]::panic::unwind_safe::RefUnwindSafe, i32>
[INFO] [stderr]                                  at /rustc/8773d2c75a8e90130dcce745a7ec4e66bb9963db/library/std/src/panicking.rs:573:43
[INFO] [stderr]     36:     0x5f23e3840548 - std[70848e31ef396c88]::panicking::catch_unwind::<i32, &dyn core[c8b5ded6587d6b11]::ops::function::Fn<(), Output = i32> + core[c8b5ded6587d6b11]::marker::Sync + core[c8b5ded6587d6b11]::panic::unwind_safe::RefUnwindSafe>
[INFO] [stderr]                                  at /rustc/8773d2c75a8e90130dcce745a7ec4e66bb9963db/library/std/src/panicking.rs:541:19
[INFO] [stderr]     37:     0x5f23e3840548 - std[70848e31ef396c88]::panic::catch_unwind::<&dyn core[c8b5ded6587d6b11]::ops::function::Fn<(), Output = i32> + core[c8b5ded6587d6b11]::marker::Sync + core[c8b5ded6587d6b11]::panic::unwind_safe::RefUnwindSafe, i32>
[INFO] [stderr]                                  at /rustc/8773d2c75a8e90130dcce745a7ec4e66bb9963db/library/std/src/panic.rs:359:14
[INFO] [stderr]     38:     0x5f23e3840548 - std[70848e31ef396c88]::rt::lang_start_internal::{closure#0}
[INFO] [stderr]                                  at /rustc/8773d2c75a8e90130dcce745a7ec4e66bb9963db/library/std/src/rt.rs:175:24
[INFO] [stderr]     39:     0x5f23e3840548 - std[70848e31ef396c88]::panicking::catch_unwind::do_call::<std[70848e31ef396c88]::rt::lang_start_internal::{closure#0}, isize>
[INFO] [stderr]                                  at /rustc/8773d2c75a8e90130dcce745a7ec4e66bb9963db/library/std/src/panicking.rs:573:43
[INFO] [stderr]     40:     0x5f23e3840548 - std[70848e31ef396c88]::panicking::catch_unwind::<isize, std[70848e31ef396c88]::rt::lang_start_internal::{closure#0}>
[INFO] [stderr]                                  at /rustc/8773d2c75a8e90130dcce745a7ec4e66bb9963db/library/std/src/panicking.rs:541:19
[INFO] [stderr]     41:     0x5f23e3840548 - std[70848e31ef396c88]::panic::catch_unwind::<std[70848e31ef396c88]::rt::lang_start_internal::{closure#0}, isize>
[INFO] [stderr]                                  at /rustc/8773d2c75a8e90130dcce745a7ec4e66bb9963db/library/std/src/panic.rs:359:14
[INFO] [stderr]     42:     0x5f23e3840548 - std[70848e31ef396c88]::rt::lang_start_internal
[INFO] [stderr]                                  at /rustc/8773d2c75a8e90130dcce745a7ec4e66bb9963db/library/std/src/rt.rs:171:5
[INFO] [stderr]     43:     0x5f23e32e3161 - std[70848e31ef396c88]::rt::lang_start::<()>
[INFO] [stderr]     44:     0x5f23e32e1d45 - main
[INFO] [stderr]     45:     0x7a6cd984e601 - <unknown>
[INFO] [stderr]     46:     0x7a6cd984e718 - __libc_start_main
[INFO] [stderr]     47:     0x5f23e32d4405 - _start
[INFO] [stderr]     48:                0x0 - <unknown>
[INFO] running `Command { std: "docker" "inspect" "367746a3fca5653b7fab1033b8498b88c159c60b44fd4bfa5d0b99137e8bdc77", kill_on_drop: false }`
[INFO] running `Command { std: "docker" "rm" "-f" "367746a3fca5653b7fab1033b8498b88c159c60b44fd4bfa5d0b99137e8bdc77", kill_on_drop: false }`
[INFO] [stdout] 367746a3fca5653b7fab1033b8498b88c159c60b44fd4bfa5d0b99137e8bdc77
