[INFO] cloning repository https://github.com/tonylaysg/anyclaude
[INFO] running `Command { std: "git" "-c" "credential.helper=" "-c" "credential.helper=/workspace/cargo-home/bin/git-credential-null" "clone" "--bare" "https://github.com/tonylaysg/anyclaude" "/workspace/cache/git-repos/https%3A%2F%2Fgithub.com%2Ftonylaysg%2Fanyclaude", kill_on_drop: false }`
[INFO] [stderr] Cloning into bare repository '/workspace/cache/git-repos/https%3A%2F%2Fgithub.com%2Ftonylaysg%2Fanyclaude'...
[INFO] running `Command { std: "git" "rev-parse" "HEAD", kill_on_drop: false }`
[INFO] [stdout] 9b6a3785a7a5add2d87e3243cfaf7e773b001287
[INFO] checking tonylaysg/anyclaude against 8773d2c75a8e90130dcce745a7ec4e66bb9963db+rustflags=-Aunfulfilled-lint-expectations for pr-163637
[INFO] running `Command { std: "git" "clone" "/workspace/cache/git-repos/https%3A%2F%2Fgithub.com%2Ftonylaysg%2Fanyclaude" "/workspace/builds/worker-5-tc2/source", kill_on_drop: false }`
[INFO] [stderr] Cloning into '/workspace/builds/worker-5-tc2/source'...
[INFO] [stderr] done.
[INFO] started tweaking git repo https://github.com/tonylaysg/anyclaude
[INFO] finished tweaking git repo https://github.com/tonylaysg/anyclaude
[INFO] tweaked toml for git repo https://github.com/tonylaysg/anyclaude written to /workspace/builds/worker-5-tc2/source/Cargo.toml
[INFO] validating manifest of git repo https://github.com/tonylaysg/anyclaude on toolchain 8773d2c75a8e90130dcce745a7ec4e66bb9963db
[INFO] running `Command { std: CARGO_HOME="/workspace/cargo-home" RUSTUP_HOME="/workspace/rustup-home" "/workspace/cargo-home/bin/cargo" "+8773d2c75a8e90130dcce745a7ec4e66bb9963db" "metadata" "--manifest-path" "Cargo.toml" "--no-deps", kill_on_drop: false }`
[INFO] crate git repo https://github.com/tonylaysg/anyclaude already has a lockfile, it will not be regenerated
[INFO] running `Command { std: CARGO_HOME="/workspace/cargo-home" RUSTUP_HOME="/workspace/rustup-home" "/workspace/cargo-home/bin/cargo" "+8773d2c75a8e90130dcce745a7ec4e66bb9963db" "fetch" "--manifest-path" "Cargo.toml", kill_on_drop: false }`
[INFO] [stderr] warning: missing `[lints]` to inherit `[workspace.lints]`
[INFO] [stderr]   --> crates/term_input/Cargo.toml
[INFO] [stderr]    = note: `cargo::missing_lints_inheritance` is set to `warn` by default
[INFO] [stderr] help: to inherit `workspace.lints, add:
[INFO] [stderr]    |
[INFO] [stderr]  8 ~ libc = "0.2"
[INFO] [stderr]  9 + [lints]
[INFO] [stderr] 10 + workspace = true
[INFO] [stderr]    |
[INFO] [stderr] help: to clarify your intent to not inherit, add:
[INFO] [stderr]    |
[INFO] [stderr]  8 ~ libc = "0.2"
[INFO] [stderr]  9 + [lints]
[INFO] [stderr]    |
[INFO] [stderr] warning: `term_input` (manifest) generated 1 warning
[INFO] [stderr]     Blocking waiting for file lock on package cache
[INFO] [stderr]     Updating crates.io index
[INFO] [stderr]     Blocking waiting for file lock on package cache
[ERROR] error running command: no output for 300 seconds
[INFO] checking tonylaysg/anyclaude against 8773d2c75a8e90130dcce745a7ec4e66bb9963db+rustflags=-Aunfulfilled-lint-expectations for pr-163637
[INFO] running `Command { std: "git" "clone" "/workspace/cache/git-repos/https%3A%2F%2Fgithub.com%2Ftonylaysg%2Fanyclaude" "/workspace/builds/worker-5-tc2/source", kill_on_drop: false }`
[INFO] [stderr] Cloning into '/workspace/builds/worker-5-tc2/source'...
[INFO] [stderr] done.
[INFO] started tweaking git repo https://github.com/tonylaysg/anyclaude
[INFO] finished tweaking git repo https://github.com/tonylaysg/anyclaude
[INFO] tweaked toml for git repo https://github.com/tonylaysg/anyclaude written to /workspace/builds/worker-5-tc2/source/Cargo.toml
[INFO] validating manifest of git repo https://github.com/tonylaysg/anyclaude on toolchain 8773d2c75a8e90130dcce745a7ec4e66bb9963db
[INFO] running `Command { std: CARGO_HOME="/workspace/cargo-home" RUSTUP_HOME="/workspace/rustup-home" "/workspace/cargo-home/bin/cargo" "+8773d2c75a8e90130dcce745a7ec4e66bb9963db" "metadata" "--manifest-path" "Cargo.toml" "--no-deps", kill_on_drop: false }`
[INFO] crate git repo https://github.com/tonylaysg/anyclaude already has a lockfile, it will not be regenerated
[INFO] running `Command { std: CARGO_HOME="/workspace/cargo-home" RUSTUP_HOME="/workspace/rustup-home" "/workspace/cargo-home/bin/cargo" "+8773d2c75a8e90130dcce745a7ec4e66bb9963db" "fetch" "--manifest-path" "Cargo.toml", kill_on_drop: false }`
[INFO] [stderr] warning: missing `[lints]` to inherit `[workspace.lints]`
[INFO] [stderr]   --> crates/term_input/Cargo.toml
[INFO] [stderr]    = note: `cargo::missing_lints_inheritance` is set to `warn` by default
[INFO] [stderr] help: to inherit `workspace.lints, add:
[INFO] [stderr]    |
[INFO] [stderr]  8 ~ libc = "0.2"
[INFO] [stderr]  9 + [lints]
[INFO] [stderr] 10 + workspace = true
[INFO] [stderr]    |
[INFO] [stderr] help: to clarify your intent to not inherit, add:
[INFO] [stderr]    |
[INFO] [stderr]  8 ~ libc = "0.2"
[INFO] [stderr]  9 + [lints]
[INFO] [stderr]    |
[INFO] [stderr] warning: `term_input` (manifest) generated 1 warning
[INFO] [stderr]     Blocking waiting for file lock on package cache
[INFO] [stderr]     Blocking waiting for file lock on package cache
[ERROR] error running command: no output for 300 seconds
[INFO] checking tonylaysg/anyclaude against 8773d2c75a8e90130dcce745a7ec4e66bb9963db+rustflags=-Aunfulfilled-lint-expectations for pr-163637
[INFO] running `Command { std: "git" "clone" "/workspace/cache/git-repos/https%3A%2F%2Fgithub.com%2Ftonylaysg%2Fanyclaude" "/workspace/builds/worker-5-tc2/source", kill_on_drop: false }`
[INFO] [stderr] Cloning into '/workspace/builds/worker-5-tc2/source'...
[INFO] [stderr] done.
[INFO] started tweaking git repo https://github.com/tonylaysg/anyclaude
[INFO] finished tweaking git repo https://github.com/tonylaysg/anyclaude
[INFO] tweaked toml for git repo https://github.com/tonylaysg/anyclaude written to /workspace/builds/worker-5-tc2/source/Cargo.toml
[INFO] validating manifest of git repo https://github.com/tonylaysg/anyclaude on toolchain 8773d2c75a8e90130dcce745a7ec4e66bb9963db
[INFO] running `Command { std: CARGO_HOME="/workspace/cargo-home" RUSTUP_HOME="/workspace/rustup-home" "/workspace/cargo-home/bin/cargo" "+8773d2c75a8e90130dcce745a7ec4e66bb9963db" "metadata" "--manifest-path" "Cargo.toml" "--no-deps", kill_on_drop: false }`
[INFO] crate git repo https://github.com/tonylaysg/anyclaude already has a lockfile, it will not be regenerated
[INFO] running `Command { std: CARGO_HOME="/workspace/cargo-home" RUSTUP_HOME="/workspace/rustup-home" "/workspace/cargo-home/bin/cargo" "+8773d2c75a8e90130dcce745a7ec4e66bb9963db" "fetch" "--manifest-path" "Cargo.toml", kill_on_drop: false }`
[INFO] [stderr] warning: missing `[lints]` to inherit `[workspace.lints]`
[INFO] [stderr]   --> crates/term_input/Cargo.toml
[INFO] [stderr]    = note: `cargo::missing_lints_inheritance` is set to `warn` by default
[INFO] [stderr] help: to inherit `workspace.lints, add:
[INFO] [stderr]    |
[INFO] [stderr]  8 ~ libc = "0.2"
[INFO] [stderr]  9 + [lints]
[INFO] [stderr] 10 + workspace = true
[INFO] [stderr]    |
[INFO] [stderr] help: to clarify your intent to not inherit, add:
[INFO] [stderr]    |
[INFO] [stderr]  8 ~ libc = "0.2"
[INFO] [stderr]  9 + [lints]
[INFO] [stderr]    |
[INFO] [stderr] warning: `term_input` (manifest) generated 1 warning
[INFO] [stderr]     Blocking waiting for file lock on package cache
[INFO] [stderr]     Blocking waiting for file lock on package cache
[ERROR] error running command: no output for 300 seconds
[INFO] checking tonylaysg/anyclaude against 8773d2c75a8e90130dcce745a7ec4e66bb9963db+rustflags=-Aunfulfilled-lint-expectations for pr-163637
[INFO] running `Command { std: "git" "clone" "/workspace/cache/git-repos/https%3A%2F%2Fgithub.com%2Ftonylaysg%2Fanyclaude" "/workspace/builds/worker-5-tc2/source", kill_on_drop: false }`
[INFO] [stderr] Cloning into '/workspace/builds/worker-5-tc2/source'...
[INFO] [stderr] done.
[INFO] started tweaking git repo https://github.com/tonylaysg/anyclaude
[INFO] finished tweaking git repo https://github.com/tonylaysg/anyclaude
[INFO] tweaked toml for git repo https://github.com/tonylaysg/anyclaude written to /workspace/builds/worker-5-tc2/source/Cargo.toml
[INFO] validating manifest of git repo https://github.com/tonylaysg/anyclaude on toolchain 8773d2c75a8e90130dcce745a7ec4e66bb9963db
[INFO] running `Command { std: CARGO_HOME="/workspace/cargo-home" RUSTUP_HOME="/workspace/rustup-home" "/workspace/cargo-home/bin/cargo" "+8773d2c75a8e90130dcce745a7ec4e66bb9963db" "metadata" "--manifest-path" "Cargo.toml" "--no-deps", kill_on_drop: false }`
[INFO] crate git repo https://github.com/tonylaysg/anyclaude already has a lockfile, it will not be regenerated
[INFO] running `Command { std: CARGO_HOME="/workspace/cargo-home" RUSTUP_HOME="/workspace/rustup-home" "/workspace/cargo-home/bin/cargo" "+8773d2c75a8e90130dcce745a7ec4e66bb9963db" "fetch" "--manifest-path" "Cargo.toml", kill_on_drop: false }`
[INFO] [stderr] warning: missing `[lints]` to inherit `[workspace.lints]`
[INFO] [stderr]   --> crates/term_input/Cargo.toml
[INFO] [stderr]    = note: `cargo::missing_lints_inheritance` is set to `warn` by default
[INFO] [stderr] help: to inherit `workspace.lints, add:
[INFO] [stderr]    |
[INFO] [stderr]  8 ~ libc = "0.2"
[INFO] [stderr]  9 + [lints]
[INFO] [stderr] 10 + workspace = true
[INFO] [stderr]    |
[INFO] [stderr] help: to clarify your intent to not inherit, add:
[INFO] [stderr]    |
[INFO] [stderr]  8 ~ libc = "0.2"
[INFO] [stderr]  9 + [lints]
[INFO] [stderr]    |
[INFO] [stderr] warning: `term_input` (manifest) generated 1 warning
[INFO] [stderr]     Blocking waiting for file lock on package cache
[INFO] [stderr]     Blocking waiting for file lock on package cache
[INFO] [stderr]  Downloading crates ...
[INFO] [stderr]   Downloaded signal-hook v0.4.3
[INFO] [stderr]   Downloaded toml v1.1.0+spec-1.1.0
[INFO] [stderr]   Downloaded portable-pty v0.9.0
[INFO] [stderr]   Downloaded serial2 v0.2.34
[INFO] [stderr]   Downloaded rustix-openpty v0.2.0
[INFO] [stderr]   Downloaded alacritty_terminal v0.25.1
[INFO] [stderr]   Downloaded miow v0.6.1
[INFO] running `Command { std: "docker" "create" "-v" "/var/lib/crater-agent-workspace/builds/worker-5-tc2/source:/opt/rustwide/workdir:ro,Z" "-v" "/var/lib/crater-agent-workspace/builds/worker-5-tc2/target:/opt/rustwide/target:rw,Z" "-v" "/var/lib/crater-agent-workspace/cargo-home:/opt/rustwide/cargo-home:ro,Z" "-v" "/var/lib/crater-agent-workspace/rustup-home:/opt/rustwide/rustup-home:ro,Z" "-m" "1610612736" "--network" "none" "ghcr.io/rust-lang/crates-build-env/linux@sha256:77db811e55d90add9212f6832c23229e3de5f1c1f9905e8cb07319ea15df73ac" "sleep" "infinity", kill_on_drop: false }`
[INFO] [stdout] 01a2e71f2adb80442ffc6da4fd86d1ee9d59e87269cd71cce7977e79b786f29b
[INFO] running `Command { std: "docker" "start" "01a2e71f2adb80442ffc6da4fd86d1ee9d59e87269cd71cce7977e79b786f29b", kill_on_drop: false }`
[INFO] running `Command { std: "docker" "inspect" "01a2e71f2adb80442ffc6da4fd86d1ee9d59e87269cd71cce7977e79b786f29b", kill_on_drop: false }`
[INFO] running `Command { std: "docker" "exec" "-e" "SOURCE_DIR=/opt/rustwide/workdir" "-e" "CARGO_HOME=/opt/rustwide/cargo-home" "-e" "RUSTUP_HOME=/opt/rustwide/rustup-home" "-e" "CARGO_TARGET_DIR=/opt/rustwide/target" "-w" "/opt/rustwide/workdir" "--user" "0:0" "01a2e71f2adb80442ffc6da4fd86d1ee9d59e87269cd71cce7977e79b786f29b" "/opt/rustwide/cargo-home/bin/cargo" "+8773d2c75a8e90130dcce745a7ec4e66bb9963db" "metadata" "--no-deps" "--format-version=1", kill_on_drop: false }`
[INFO] running `Command { std: "docker" "inspect" "01a2e71f2adb80442ffc6da4fd86d1ee9d59e87269cd71cce7977e79b786f29b", kill_on_drop: false }`
[INFO] running `Command { std: "docker" "exec" "-e" "SOURCE_DIR=/opt/rustwide/workdir" "-e" "CARGO_HOME=/opt/rustwide/cargo-home" "-e" "RUSTUP_HOME=/opt/rustwide/rustup-home" "-e" "CARGO_TARGET_DIR=/opt/rustwide/target" "-e" "CARGO_INCREMENTAL=0" "-e" "RUST_BACKTRACE=full" "-e" "RUSTFLAGS=--cap-lints=forbid -Aunfulfilled-lint-expectations" "-e" "RUSTDOCFLAGS=--cap-lints=forbid" "-w" "/opt/rustwide/workdir" "--user" "0:0" "01a2e71f2adb80442ffc6da4fd86d1ee9d59e87269cd71cce7977e79b786f29b" "/opt/rustwide/cargo-home/bin/cargo" "+8773d2c75a8e90130dcce745a7ec4e66bb9963db" "check" "--frozen" "--all" "--all-targets" "--message-format=json", kill_on_drop: false }`
[INFO] [stderr] warning: missing `[lints]` to inherit `[workspace.lints]`
[INFO] [stderr]   --> crates/term_input/Cargo.toml
[INFO] [stderr]    = note: `cargo::missing_lints_inheritance` is set to `warn` by default
[INFO] [stderr] help: to inherit `workspace.lints, add:
[INFO] [stderr]    |
[INFO] [stderr]  8 ~ libc = "0.2"
[INFO] [stderr]  9 + [lints]
[INFO] [stderr] 10 + workspace = true
[INFO] [stderr]    |
[INFO] [stderr] help: to clarify your intent to not inherit, add:
[INFO] [stderr]    |
[INFO] [stderr]  8 ~ libc = "0.2"
[INFO] [stderr]  9 + [lints]
[INFO] [stderr]    |
[INFO] [stderr] warning: `term_input` (manifest) generated 1 warning
[INFO] [stderr]    Compiling libc v0.2.183
[INFO] [stderr]    Compiling rustix v1.1.4
[INFO] [stderr]     Checking simd-adler32 v0.3.9
[INFO] [stderr]     Checking tracing v0.1.44
[INFO] [stderr]    Compiling aws-lc-rs v1.16.2
[INFO] [stderr]    Compiling syn v2.0.117
[INFO] [stderr]    Compiling serde v1.0.228
[INFO] [stderr]     Checking scopeguard v1.2.0
[INFO] [stderr]     Checking itertools v0.14.0
[INFO] [stderr]     Checking futures-util v0.3.32
[INFO] [stderr]     Checking indexmap v2.13.0
[INFO] [stderr]    Compiling unicode-segmentation v1.13.2
[INFO] [stderr]    Compiling rustls v0.23.37
[INFO] [stderr]     Checking compact_str v0.9.0
[INFO] [stderr]     Checking miniz_oxide v0.8.9
[INFO] [stderr]     Checking lock_api v0.4.14
[INFO] [stderr]     Checking lru v0.16.3
[INFO] [stderr]     Checking brotli v8.0.2
[INFO] [stderr]     Checking compression-core v0.4.31
[INFO] [stderr]    Compiling nix v0.28.0
[INFO] [stderr]     Checking fdeflate v0.3.7
[INFO] [stderr]     Checking line-clipping v0.3.7
[INFO] [stderr]     Checking flate2 v1.1.9
[INFO] [stderr]     Checking moxcms v0.8.1
[INFO] [stderr]     Checking rustls-native-certs v0.8.3
[INFO] [stderr]     Checking aho-corasick v1.1.4
[INFO] [stderr]    Compiling convert_case v0.10.0
[INFO] [stderr]    Compiling signal-hook v0.4.3
[INFO] [stderr]     Checking cursor-icon v1.2.0
[INFO] [stderr]     Checking png v0.18.1
[INFO] [stderr]     Checking winnow v1.0.0
[INFO] [stderr]     Checking iri-string v0.7.11
[INFO] [stderr]     Checking regex-syntax v0.8.10
[INFO] [stderr]     Checking bytemuck v1.25.0
[INFO] [stderr]     Checking x11rb-protocol v0.13.2
[INFO] [stderr]     Checking axum-core v0.5.6
[INFO] [stderr]     Checking serde_spanned v1.1.0
[INFO] [stderr]     Checking toml_datetime v1.1.0+spec-1.1.0
[INFO] [stderr]     Checking toml_parser v1.1.0+spec-1.1.0
[INFO] [stderr]     Checking shell-words v1.1.1
[INFO] [stderr]     Checking toml_writer v1.1.0+spec-1.1.0
[INFO] [stderr]     Checking mvi v0.1.0 (/opt/rustwide/workdir/crates/mvi)
[INFO] [stderr]    Compiling jobserver v0.1.34
[INFO] [stderr]     Checking toml v1.1.0+spec-1.1.0
[INFO] [stderr]    Compiling cc v1.2.58
[INFO] [stderr] error: could not compile `rustix` (lib)
[INFO] [stderr] 
[INFO] [stderr] Caused by:
[INFO] [stderr]   process didn't exit successfully: `/opt/rustwide/rustup-home/toolchains/8773d2c75a8e90130dcce745a7ec4e66bb9963db/bin/rustc --crate-name rustix --edition=2021 /opt/rustwide/cargo-home/registry/src/index.crates.io-1949cf8c6b5b557f/rustix-1.1.4/src/lib.rs --error-format=json --json=diagnostic-rendered-ansi,artifacts,future-incompat,unused-externs-silent --crate-type lib --emit=dep-info,metadata -C embed-bitcode=no -C debuginfo=2 --cfg 'feature="alloc"' --cfg 'feature="default"' --cfg 'feature="event"' --cfg 'feature="fs"' --cfg 'feature="net"' --cfg 'feature="pipe"' --cfg 'feature="process"' --cfg 'feature="pty"' --cfg 'feature="std"' --cfg 'feature="stdio"' --cfg 'feature="system"' --cfg 'feature="termios"' --cfg 'feature="time"' --check-cfg 'cfg(docsrs,test)' --check-cfg 'cfg(feature, values("all-apis", "alloc", "core", "default", "event", "fs", "io_uring", "libc", "libc_errno", "linux_4_11", "linux_5_1", "linux_5_11", "linux_latest", "mm", "mount", "net", "param", "pipe", "process", "pty", "rand", "runtime", "rustc-dep-of-std", "rustc-std-workspace-alloc", "shm", "std", "stdio", "system", "termios", "thread", "time", "try_close", "use-explicitly-provided-auxv", "use-libc", "use-libc-auxv"))' -C metadata=f846254cbf5c8ffa -C extra-filename=-8a51e3ea8607745b --out-dir /opt/rustwide/target/debug/build/rustix/8a51e3ea8607745b/out -L dependency=/opt/rustwide/target/debug/build/serde_core/fc9264a141253781/out --extern bitflags=/opt/rustwide/target/debug/build/bitflags/794530f5d7bc1392/out/libbitflags-794530f5d7bc1392.rmeta --extern linux_raw_sys=/opt/rustwide/target/debug/build/linux-raw-sys/b24fd270286e749d/out/liblinux_raw_sys-b24fd270286e749d.rmeta --cap-lints allow --cap-lints=forbid -Aunfulfilled-lint-expectations --force-warn=unused_crate_dependencies --cfg static_assertions --cfg lower_upper_exp_for_non_zero --cfg rustc_diagnostics --cfg linux_raw_dep --cfg linux_raw --cfg linux_like --cfg linux_kernel` (signal: 9, SIGKILL: kill)
[INFO] [stderr] warning: build failed, waiting for other jobs to finish...
[INFO] [stderr] error: could not compile `brotli` (lib)
[INFO] [stderr] 
[INFO] [stderr] Caused by:
[INFO] [stderr]   process didn't exit successfully: `/opt/rustwide/rustup-home/toolchains/8773d2c75a8e90130dcce745a7ec4e66bb9963db/bin/rustc --crate-name brotli --edition=2015 /opt/rustwide/cargo-home/registry/src/index.crates.io-1949cf8c6b5b557f/brotli-8.0.2/src/lib.rs --error-format=json --json=diagnostic-rendered-ansi,artifacts,future-incompat,unused-externs-silent --crate-type lib --emit=dep-info,metadata -C embed-bitcode=no -C debuginfo=2 --cfg 'feature="alloc-stdlib"' --cfg 'feature="default"' --cfg 'feature="std"' --check-cfg 'cfg(docsrs,test)' --check-cfg 'cfg(feature, values("alloc-stdlib", "benchmark", "billing", "default", "disable-timer", "disallow_large_window_size", "external-literal-probability", "ffi-api", "float64", "floating_point_context_mixing", "no-stdlib-ffi-binding", "pass-through-ffi-panics", "seccomp", "sha2", "simd", "std", "validation", "vector_scratch_space"))' -C metadata=da133c1d299f2c7a -C extra-filename=-a9cff73335db5a2b --out-dir /opt/rustwide/target/debug/build/brotli/a9cff73335db5a2b/out -L dependency=/opt/rustwide/target/debug/build/alloc-no-stdlib/a014dad0e26a61ee/out -L dependency=/opt/rustwide/target/debug/build/alloc-stdlib/e284431278bd0a52/out --extern alloc_no_stdlib=/opt/rustwide/target/debug/build/alloc-no-stdlib/a014dad0e26a61ee/out/liballoc_no_stdlib-a014dad0e26a61ee.rmeta --extern alloc_stdlib=/opt/rustwide/target/debug/build/alloc-stdlib/e284431278bd0a52/out/liballoc_stdlib-e284431278bd0a52.rmeta --extern brotli_decompressor=/opt/rustwide/target/debug/build/brotli-decompressor/dd100aefa99cbe40/out/libbrotli_decompressor-dd100aefa99cbe40.rmeta --cap-lints allow --cap-lints=forbid -Aunfulfilled-lint-expectations --force-warn=unused_crate_dependencies` (signal: 9, SIGKILL: kill)
[INFO] running `Command { std: "docker" "inspect" "01a2e71f2adb80442ffc6da4fd86d1ee9d59e87269cd71cce7977e79b786f29b", kill_on_drop: false }`
[INFO] running `Command { std: "docker" "rm" "-f" "01a2e71f2adb80442ffc6da4fd86d1ee9d59e87269cd71cce7977e79b786f29b", kill_on_drop: false }`
[INFO] [stdout] 01a2e71f2adb80442ffc6da4fd86d1ee9d59e87269cd71cce7977e79b786f29b
