[INFO] cloning repository https://github.com/obelisk-app/obelisk-relay
[INFO] running `Command { std: "git" "-c" "credential.helper=" "-c" "credential.helper=/workspace/cargo-home/bin/git-credential-null" "clone" "--bare" "https://github.com/obelisk-app/obelisk-relay" "/workspace/cache/git-repos/https%3A%2F%2Fgithub.com%2Fobelisk-app%2Fobelisk-relay", kill_on_drop: false }`
[INFO] [stderr] Cloning into bare repository '/workspace/cache/git-repos/https%3A%2F%2Fgithub.com%2Fobelisk-app%2Fobelisk-relay'...
[INFO] running `Command { std: "git" "rev-parse" "HEAD", kill_on_drop: false }`
[INFO] [stdout] a027a179389aecf9b66deb8bdbf39fefb53035c7
[INFO] checking obelisk-app/obelisk-relay against 8773d2c75a8e90130dcce745a7ec4e66bb9963db+rustflags=-Aunfulfilled-lint-expectations for pr-163637
[INFO] running `Command { std: "git" "clone" "/workspace/cache/git-repos/https%3A%2F%2Fgithub.com%2Fobelisk-app%2Fobelisk-relay" "/workspace/builds/worker-0-tc2/source", kill_on_drop: false }`
[INFO] [stderr] Cloning into '/workspace/builds/worker-0-tc2/source'...
[INFO] [stderr] done.
[INFO] removed /workspace/builds/worker-0-tc2/source/.cargo/config.toml
[INFO] removed /workspace/builds/worker-0-tc2/source/rust-toolchain.toml
[INFO] started tweaking git repo https://github.com/obelisk-app/obelisk-relay
[INFO] finished tweaking git repo https://github.com/obelisk-app/obelisk-relay
[INFO] tweaked toml for git repo https://github.com/obelisk-app/obelisk-relay written to /workspace/builds/worker-0-tc2/source/Cargo.toml
[INFO] validating manifest of git repo https://github.com/obelisk-app/obelisk-relay on toolchain 8773d2c75a8e90130dcce745a7ec4e66bb9963db
[INFO] running `Command { std: CARGO_HOME="/workspace/cargo-home" RUSTUP_HOME="/workspace/rustup-home" "/workspace/cargo-home/bin/cargo" "+8773d2c75a8e90130dcce745a7ec4e66bb9963db" "metadata" "--manifest-path" "Cargo.toml" "--no-deps", kill_on_drop: false }`
[INFO] crate git repo https://github.com/obelisk-app/obelisk-relay already has a lockfile, it will not be regenerated
[INFO] running `Command { std: CARGO_HOME="/workspace/cargo-home" RUSTUP_HOME="/workspace/rustup-home" "/workspace/cargo-home/bin/cargo" "+8773d2c75a8e90130dcce745a7ec4e66bb9963db" "fetch" "--manifest-path" "Cargo.toml", kill_on_drop: false }`
[INFO] [stderr]     Blocking waiting for file lock on package cache
[INFO] [stderr]     Updating crates.io index
[INFO] [stderr]     Updating git repository `https://github.com/verse-pbc/nostr`
[INFO] [stderr]     Updating git repository `https://github.com/verse-pbc/relay_builder`
[INFO] [stderr]     Blocking waiting for file lock on package cache
[ERROR] error running command: no output for 300 seconds
[INFO] checking obelisk-app/obelisk-relay against 8773d2c75a8e90130dcce745a7ec4e66bb9963db+rustflags=-Aunfulfilled-lint-expectations for pr-163637
[INFO] running `Command { std: "git" "clone" "/workspace/cache/git-repos/https%3A%2F%2Fgithub.com%2Fobelisk-app%2Fobelisk-relay" "/workspace/builds/worker-0-tc2/source", kill_on_drop: false }`
[INFO] [stderr] Cloning into '/workspace/builds/worker-0-tc2/source'...
[INFO] [stderr] done.
[INFO] removed /workspace/builds/worker-0-tc2/source/.cargo/config.toml
[INFO] removed /workspace/builds/worker-0-tc2/source/rust-toolchain.toml
[INFO] started tweaking git repo https://github.com/obelisk-app/obelisk-relay
[INFO] finished tweaking git repo https://github.com/obelisk-app/obelisk-relay
[INFO] tweaked toml for git repo https://github.com/obelisk-app/obelisk-relay written to /workspace/builds/worker-0-tc2/source/Cargo.toml
[INFO] validating manifest of git repo https://github.com/obelisk-app/obelisk-relay on toolchain 8773d2c75a8e90130dcce745a7ec4e66bb9963db
[INFO] running `Command { std: CARGO_HOME="/workspace/cargo-home" RUSTUP_HOME="/workspace/rustup-home" "/workspace/cargo-home/bin/cargo" "+8773d2c75a8e90130dcce745a7ec4e66bb9963db" "metadata" "--manifest-path" "Cargo.toml" "--no-deps", kill_on_drop: false }`
[INFO] crate git repo https://github.com/obelisk-app/obelisk-relay already has a lockfile, it will not be regenerated
[INFO] running `Command { std: CARGO_HOME="/workspace/cargo-home" RUSTUP_HOME="/workspace/rustup-home" "/workspace/cargo-home/bin/cargo" "+8773d2c75a8e90130dcce745a7ec4e66bb9963db" "fetch" "--manifest-path" "Cargo.toml", kill_on_drop: false }`
[INFO] [stderr]     Blocking waiting for file lock on package cache
[INFO] [stderr]     Blocking waiting for file lock on package cache
[ERROR] error running command: no output for 300 seconds
[INFO] checking obelisk-app/obelisk-relay against 8773d2c75a8e90130dcce745a7ec4e66bb9963db+rustflags=-Aunfulfilled-lint-expectations for pr-163637
[INFO] running `Command { std: "git" "clone" "/workspace/cache/git-repos/https%3A%2F%2Fgithub.com%2Fobelisk-app%2Fobelisk-relay" "/workspace/builds/worker-0-tc2/source", kill_on_drop: false }`
[INFO] [stderr] Cloning into '/workspace/builds/worker-0-tc2/source'...
[INFO] [stderr] done.
[INFO] removed /workspace/builds/worker-0-tc2/source/.cargo/config.toml
[INFO] removed /workspace/builds/worker-0-tc2/source/rust-toolchain.toml
[INFO] started tweaking git repo https://github.com/obelisk-app/obelisk-relay
[INFO] finished tweaking git repo https://github.com/obelisk-app/obelisk-relay
[INFO] tweaked toml for git repo https://github.com/obelisk-app/obelisk-relay written to /workspace/builds/worker-0-tc2/source/Cargo.toml
[INFO] validating manifest of git repo https://github.com/obelisk-app/obelisk-relay on toolchain 8773d2c75a8e90130dcce745a7ec4e66bb9963db
[INFO] running `Command { std: CARGO_HOME="/workspace/cargo-home" RUSTUP_HOME="/workspace/rustup-home" "/workspace/cargo-home/bin/cargo" "+8773d2c75a8e90130dcce745a7ec4e66bb9963db" "metadata" "--manifest-path" "Cargo.toml" "--no-deps", kill_on_drop: false }`
[INFO] crate git repo https://github.com/obelisk-app/obelisk-relay already has a lockfile, it will not be regenerated
[INFO] running `Command { std: CARGO_HOME="/workspace/cargo-home" RUSTUP_HOME="/workspace/rustup-home" "/workspace/cargo-home/bin/cargo" "+8773d2c75a8e90130dcce745a7ec4e66bb9963db" "fetch" "--manifest-path" "Cargo.toml", kill_on_drop: false }`
[INFO] [stderr]     Blocking waiting for file lock on package cache
[INFO] [stderr]     Blocking waiting for file lock on package cache
[ERROR] error running command: no output for 300 seconds
[INFO] checking obelisk-app/obelisk-relay against 8773d2c75a8e90130dcce745a7ec4e66bb9963db+rustflags=-Aunfulfilled-lint-expectations for pr-163637
[INFO] running `Command { std: "git" "clone" "/workspace/cache/git-repos/https%3A%2F%2Fgithub.com%2Fobelisk-app%2Fobelisk-relay" "/workspace/builds/worker-0-tc2/source", kill_on_drop: false }`
[INFO] [stderr] Cloning into '/workspace/builds/worker-0-tc2/source'...
[INFO] [stderr] done.
[INFO] removed /workspace/builds/worker-0-tc2/source/.cargo/config.toml
[INFO] removed /workspace/builds/worker-0-tc2/source/rust-toolchain.toml
[INFO] started tweaking git repo https://github.com/obelisk-app/obelisk-relay
[INFO] finished tweaking git repo https://github.com/obelisk-app/obelisk-relay
[INFO] tweaked toml for git repo https://github.com/obelisk-app/obelisk-relay written to /workspace/builds/worker-0-tc2/source/Cargo.toml
[INFO] validating manifest of git repo https://github.com/obelisk-app/obelisk-relay on toolchain 8773d2c75a8e90130dcce745a7ec4e66bb9963db
[INFO] running `Command { std: CARGO_HOME="/workspace/cargo-home" RUSTUP_HOME="/workspace/rustup-home" "/workspace/cargo-home/bin/cargo" "+8773d2c75a8e90130dcce745a7ec4e66bb9963db" "metadata" "--manifest-path" "Cargo.toml" "--no-deps", kill_on_drop: false }`
[INFO] crate git repo https://github.com/obelisk-app/obelisk-relay already has a lockfile, it will not be regenerated
[INFO] running `Command { std: CARGO_HOME="/workspace/cargo-home" RUSTUP_HOME="/workspace/rustup-home" "/workspace/cargo-home/bin/cargo" "+8773d2c75a8e90130dcce745a7ec4e66bb9963db" "fetch" "--manifest-path" "Cargo.toml", kill_on_drop: false }`
[INFO] [stderr]     Blocking waiting for file lock on package cache
[INFO] [stderr]     Blocking waiting for file lock on package cache
[ERROR] error running command: no output for 300 seconds
[INFO] checking obelisk-app/obelisk-relay against 8773d2c75a8e90130dcce745a7ec4e66bb9963db+rustflags=-Aunfulfilled-lint-expectations for pr-163637
[INFO] running `Command { std: "git" "clone" "/workspace/cache/git-repos/https%3A%2F%2Fgithub.com%2Fobelisk-app%2Fobelisk-relay" "/workspace/builds/worker-0-tc2/source", kill_on_drop: false }`
[INFO] [stderr] Cloning into '/workspace/builds/worker-0-tc2/source'...
[INFO] [stderr] done.
[INFO] removed /workspace/builds/worker-0-tc2/source/.cargo/config.toml
[INFO] removed /workspace/builds/worker-0-tc2/source/rust-toolchain.toml
[INFO] started tweaking git repo https://github.com/obelisk-app/obelisk-relay
[INFO] finished tweaking git repo https://github.com/obelisk-app/obelisk-relay
[INFO] tweaked toml for git repo https://github.com/obelisk-app/obelisk-relay written to /workspace/builds/worker-0-tc2/source/Cargo.toml
[INFO] validating manifest of git repo https://github.com/obelisk-app/obelisk-relay on toolchain 8773d2c75a8e90130dcce745a7ec4e66bb9963db
[INFO] running `Command { std: CARGO_HOME="/workspace/cargo-home" RUSTUP_HOME="/workspace/rustup-home" "/workspace/cargo-home/bin/cargo" "+8773d2c75a8e90130dcce745a7ec4e66bb9963db" "metadata" "--manifest-path" "Cargo.toml" "--no-deps", kill_on_drop: false }`
[INFO] crate git repo https://github.com/obelisk-app/obelisk-relay already has a lockfile, it will not be regenerated
[INFO] running `Command { std: CARGO_HOME="/workspace/cargo-home" RUSTUP_HOME="/workspace/rustup-home" "/workspace/cargo-home/bin/cargo" "+8773d2c75a8e90130dcce745a7ec4e66bb9963db" "fetch" "--manifest-path" "Cargo.toml", kill_on_drop: false }`
[INFO] [stderr]     Blocking waiting for file lock on package cache
[INFO] [stderr]     Blocking waiting for file lock on package cache
[INFO] [stderr]  Downloading crates ...
[INFO] [stderr]   Downloaded zmij v1.0.20
[INFO] [stderr]   Downloaded tokio_util_watchdog v0.2.0
[INFO] [stderr]   Downloaded tokio-tungstenite v0.26.2
[INFO] [stderr]   Downloaded btreecap v0.1.0
[INFO] [stderr]   Downloaded tikv-jemallocator v0.6.1
[INFO] [stderr]   Downloaded atomic-destructor v0.3.0
[INFO] [stderr]   Downloaded async-utility v0.3.1
[INFO] [stderr]   Downloaded negentropy v0.5.0
[INFO] [stderr]   Downloaded snafu v0.8.9
[INFO] [stderr]   Downloaded snafu-derive v0.8.9
[INFO] [stderr]   Downloaded heed-traits v0.20.0
[INFO] [stderr]   Downloaded flatbuffers v25.12.19
[INFO] [stderr]   Downloaded doxygen-rs v0.4.2
[INFO] [stderr]   Downloaded heed-types v0.20.1
[INFO] [stderr]   Downloaded iri-string v0.7.14
[INFO] [stderr]   Downloaded synchronoise v1.0.1
[INFO] [stderr]   Downloaded async-wsocket v0.13.1
[INFO] [stderr]   Downloaded scoped-heed v0.2.0-alpha.9
[INFO] [stderr]   Downloaded tonic v0.14.3
[INFO] [stderr]   Downloaded bech32 v0.11.1
[INFO] [stderr]   Downloaded heed v0.20.5
[INFO] [stderr]   Downloaded tungstenite v0.26.2
[INFO] [stderr]   Downloaded clap v4.5.58
[INFO] [stderr]   Downloaded arc-swap v1.8.1
[INFO] [stderr]   Downloaded bip39 v2.2.2
[INFO] [stderr]   Downloaded governor v0.10.4
[INFO] [stderr]   Downloaded clap_builder v4.5.58
[INFO] [stderr]   Downloaded lmdb-master-sys v0.2.5
[INFO] [stderr]   Downloaded metrics v0.24.3
[INFO] [stderr]   Downloaded criterion v0.6.0
[INFO] [stderr]   Downloaded console-subscriber v0.4.1
[INFO] [stderr]   Downloaded tikv-jemalloc-sys v0.6.1+5.3.0-1-ge13ca993e8ccb9ba9847cc330696e02839f328f7
[INFO] [stderr]   Downloaded console-api v0.8.1
[INFO] [stderr]   Downloaded tonic-prost v0.14.3
[INFO] [stderr]   Downloaded config v0.15.19
[INFO] [stderr]   Downloaded heavykeeper v0.6.2
[INFO] [stderr]   Downloaded toml_parser v1.0.7+spec-1.1.0
[INFO] [stderr]   Downloaded rust-ini v0.21.3
[INFO] running `Command { std: "docker" "create" "-v" "/var/lib/crater-agent-workspace/builds/worker-0-tc2/source:/opt/rustwide/workdir:ro,Z" "-v" "/var/lib/crater-agent-workspace/builds/worker-0-tc2/target:/opt/rustwide/target:rw,Z" "-v" "/var/lib/crater-agent-workspace/cargo-home:/opt/rustwide/cargo-home:ro,Z" "-v" "/var/lib/crater-agent-workspace/rustup-home:/opt/rustwide/rustup-home:ro,Z" "-m" "1610612736" "--network" "none" "ghcr.io/rust-lang/crates-build-env/linux@sha256:77db811e55d90add9212f6832c23229e3de5f1c1f9905e8cb07319ea15df73ac" "sleep" "infinity", kill_on_drop: false }`
[INFO] [stdout] 0dc3a651efd422b77e8cfe855daca8f89316e8a727dbd7db6ab4ec0015be2730
[INFO] running `Command { std: "docker" "start" "0dc3a651efd422b77e8cfe855daca8f89316e8a727dbd7db6ab4ec0015be2730", kill_on_drop: false }`
[INFO] running `Command { std: "docker" "inspect" "0dc3a651efd422b77e8cfe855daca8f89316e8a727dbd7db6ab4ec0015be2730", kill_on_drop: false }`
[INFO] running `Command { std: "docker" "exec" "-e" "SOURCE_DIR=/opt/rustwide/workdir" "-e" "CARGO_HOME=/opt/rustwide/cargo-home" "-e" "RUSTUP_HOME=/opt/rustwide/rustup-home" "-e" "CARGO_TARGET_DIR=/opt/rustwide/target" "-w" "/opt/rustwide/workdir" "--user" "0:0" "0dc3a651efd422b77e8cfe855daca8f89316e8a727dbd7db6ab4ec0015be2730" "/opt/rustwide/cargo-home/bin/cargo" "+8773d2c75a8e90130dcce745a7ec4e66bb9963db" "metadata" "--no-deps" "--format-version=1", kill_on_drop: false }`
[INFO] running `Command { std: "docker" "inspect" "0dc3a651efd422b77e8cfe855daca8f89316e8a727dbd7db6ab4ec0015be2730", kill_on_drop: false }`
[INFO] running `Command { std: "docker" "exec" "-e" "SOURCE_DIR=/opt/rustwide/workdir" "-e" "CARGO_HOME=/opt/rustwide/cargo-home" "-e" "RUSTUP_HOME=/opt/rustwide/rustup-home" "-e" "CARGO_TARGET_DIR=/opt/rustwide/target" "-e" "CARGO_INCREMENTAL=0" "-e" "RUST_BACKTRACE=full" "-e" "RUSTFLAGS=--cap-lints=forbid -Aunfulfilled-lint-expectations" "-e" "RUSTDOCFLAGS=--cap-lints=forbid" "-w" "/opt/rustwide/workdir" "--user" "0:0" "0dc3a651efd422b77e8cfe855daca8f89316e8a727dbd7db6ab4ec0015be2730" "/opt/rustwide/cargo-home/bin/cargo" "+8773d2c75a8e90130dcce745a7ec4e66bb9963db" "check" "--frozen" "--all" "--all-targets" "--message-format=json", kill_on_drop: false }`
[INFO] [stderr]    Compiling libc v0.2.181
[INFO] [stderr]    Compiling unicode-ident v1.0.23
[INFO] [stderr]    Compiling serde_core v1.0.228
[INFO] [stderr]     Checking smallvec v1.15.1
[INFO] [stderr]     Checking zeroize v1.8.2
[INFO] [stderr]    Compiling getrandom v0.3.4
[INFO] [stderr]     Checking block-padding v0.3.3
[INFO] [stderr]    Compiling zmij v1.0.20
[INFO] [stderr]    Compiling icu_properties_data v2.1.2
[INFO] [stderr]    Compiling proc-macro2 v1.0.106
[INFO] [stderr]    Compiling siphasher v1.0.2
[INFO] [stderr]    Compiling rustls v0.23.45
[INFO] [stderr]     Checking foldhash v0.2.0
[INFO] [stderr]    Compiling rand v0.8.5
[INFO] [stderr]    Compiling bitcoin-io v0.1.4
[INFO] [stderr]     Checking hex-conservative v0.2.2
[INFO] [stderr]     Checking base64ct v1.8.3
[INFO] [stderr]     Checking inout v0.1.4
[INFO] [stderr]     Checking rustls-pki-types v1.14.0
[INFO] [stderr]    Compiling crunchy v0.2.4
[INFO] [stderr]     Checking unicode-normalization v0.1.25
[INFO] [stderr]    Compiling tiny-keccak v2.0.2
[INFO] [stderr]     Checking hashbrown v0.16.1
[INFO] [stderr]    Compiling phf_shared v0.11.3
[INFO] [stderr]    Compiling flatbuffers v25.12.19
[INFO] [stderr]     Checking crossbeam-epoch v0.9.21
[INFO] [stderr]     Checking webpki-roots v1.0.6
[INFO] [stderr]     Checking regex-syntax v0.8.9
[INFO] [stderr]     Checking bech32 v0.11.1
[INFO] [stderr]     Checking hex v0.4.3
[INFO] [stderr]    Compiling num-traits v0.2.19
[INFO] [stderr]     Checking http-body-util v0.1.3
[INFO] [stderr]    Compiling object v0.37.3
[INFO] [stderr]    Compiling unicase v2.9.0
[INFO] [stderr]    Compiling quote v1.0.44
[INFO] [stderr]    Compiling phf_generator v0.11.3
[INFO] [stderr]     Checking hashbrown v0.14.5
[INFO] [stderr]    Compiling once_cell v1.21.3
[INFO] [stderr]     Checking indexmap v2.13.0
[INFO] [stderr]    Compiling ucd-trie v0.1.7
[INFO] [stderr]    Compiling mime_guess v2.0.5
[INFO] [stderr]     Checking hashbrown v0.15.5
[INFO] [stderr]     Checking webpki-roots v0.26.11
[INFO] [stderr]     Checking crossbeam-queue v0.3.12
[INFO] [stderr]    Compiling syn v2.0.114
[INFO] [stderr]    Compiling pest v2.8.6
[INFO] [stderr]     Checking btreecap v0.1.0
[INFO] [stderr]     Checking lru v0.16.3
[INFO] [stderr]    Compiling time-core v0.1.8
[INFO] [stderr]    Compiling portable-atomic v1.13.1
[INFO] [stderr]     Checking heed-traits v0.20.0
[INFO] [stderr]    Compiling num-conv v0.2.0
[INFO] [stderr]     Checking gimli v0.32.3
[INFO] [stderr]     Checking synchronoise v1.0.1
[INFO] [stderr]     Checking miniz_oxide v0.8.9
[INFO] [stderr]     Checking deranged v0.5.6
[INFO] [stderr]    Compiling time-macros v0.2.27
[INFO] [stderr]     Checking crossbeam-deque v0.8.6
[INFO] [stderr]     Checking rustc-demangle v0.1.27
[INFO] [stderr]     Checking getrandom v0.2.17
[INFO] [stderr]     Checking parking_lot_core v0.9.12
[INFO] [stderr]    Compiling jobserver v0.1.34
[INFO] [stderr]     Checking errno v0.3.14
[INFO] [stderr]     Checking mio v1.1.1
[INFO] [stderr]     Checking signal-hook-registry v1.4.8
[INFO] [stderr]     Checking rand_core v0.6.4
[INFO] [stderr]     Checking socket2 v0.6.2
[INFO] [stderr]    Compiling cc v1.2.55
[INFO] [stderr]     Checking parking_lot v0.12.5
[INFO] [stderr]     Checking crypto-common v0.1.7
[INFO] [stderr]     Checking password-hash v0.5.0
[INFO] [stderr]     Checking digest v0.10.7
[INFO] [stderr]     Checking rand_core v0.9.5
[INFO] [stderr]     Checking cipher v0.4.4
[INFO] [stderr]     Checking universal-hash v0.5.1
[INFO] [stderr]     Checking aead v0.5.2
[INFO] [stderr]     Checking poly1305 v0.8.0
[INFO] [stderr]     Checking socket2 v0.5.10
[INFO] [stderr]     Checking salsa20 v0.10.2
[INFO] [stderr]     Checking chacha20 v0.9.1
[INFO] [stderr]     Checking cbc v0.1.2
[INFO] [stderr]     Checking aes v0.8.4
[INFO] [stderr]     Checking regex-automata v0.4.14
[INFO] [stderr]     Checking page_size v0.6.0
[INFO] [stderr]    Compiling cmake v0.1.57
[INFO] [stderr]     Checking num_threads v0.1.7
[INFO] [stderr]     Checking clap_lex v1.0.0
[INFO] [stderr]     Checking hmac v0.12.1
[INFO] [stderr]     Checking sha1 v0.10.6
[INFO] [stderr]     Checking sha2 v0.10.9
[INFO] [stderr]     Checking chacha20poly1305 v0.10.1
[INFO] [stderr]    Compiling const-random-macro v0.1.16
[INFO] [stderr]     Checking pbkdf2 v0.12.2
[INFO] [stderr]    Compiling erased-serde v0.4.9
[INFO] [stderr]     Checking openssl-probe v0.2.1
[INFO] [stderr]     Checking time v0.3.47
[INFO] [stderr]     Checking rustls-native-certs v0.8.3
[INFO] [stderr]     Checking clap_builder v4.5.58
[INFO] [stderr]     Checking nanorand v0.7.0
[INFO] [stderr]     Checking rayon-core v1.13.0
[INFO] [stderr]     Checking const-random v0.1.18
[INFO] [stderr]    Compiling pest_meta v2.8.6
[INFO] [stderr]     Checking scrypt v0.11.0
[INFO] [stderr]     Checking dlv-list v0.5.2
[INFO] [stderr]    Compiling fs-err v3.3.0
[INFO] [stderr]     Checking tracing-log v0.2.0
[INFO] [stderr]     Checking atomic-destructor v0.3.0
[INFO] [stderr]    Compiling anyhow v1.0.101
[INFO] [stderr]    Compiling aws-lc-sys v0.45.0
[INFO] [stderr]    Compiling ring v0.17.14
[INFO] [stderr]    Compiling secp256k1-sys v0.10.1
[INFO] [stderr]    Compiling tikv-jemalloc-sys v0.6.1+5.3.0-1-ge13ca993e8ccb9ba9847cc330696e02839f328f7
[INFO] [stderr]     Checking http-range-header v0.4.2
[INFO] [stderr]     Checking winnow v0.7.14
[INFO] [stderr]     Checking iri-string v0.7.14
[INFO] [stderr]     Checking negentropy v0.5.0
[INFO] [stderr]     Checking flume v0.11.1
[INFO] [stderr]     Checking bitflags v2.10.0
[INFO] [stderr]     Checking serde_json v1.0.149
[INFO] [stderr] error: could not compile `object` (lib)
[INFO] [stderr] 
[INFO] [stderr] Caused by:
[INFO] [stderr]   process didn't exit successfully: `/opt/rustwide/rustup-home/toolchains/8773d2c75a8e90130dcce745a7ec4e66bb9963db/bin/rustc --crate-name object --edition=2018 /opt/rustwide/cargo-home/registry/src/index.crates.io-1949cf8c6b5b557f/object-0.37.3/src/lib.rs --error-format=json --json=diagnostic-rendered-ansi,artifacts,future-incompat,unused-externs-silent --crate-type lib --emit=dep-info,metadata -C embed-bitcode=no -C debuginfo=2 --cfg 'feature="archive"' --cfg 'feature="coff"' --cfg 'feature="elf"' --cfg 'feature="macho"' --cfg 'feature="pe"' --cfg 'feature="read_core"' --cfg 'feature="unaligned"' --cfg 'feature="xcoff"' --check-cfg 'cfg(docsrs,test)' --check-cfg 'cfg(feature, values("all", "alloc", "archive", "build", "build_core", "cargo-all", "coff", "compression", "core", "default", "doc", "elf", "macho", "pe", "read", "read_core", "rustc-dep-of-std", "std", "unaligned", "unstable", "unstable-all", "wasm", "write", "write_core", "write_std", "xcoff"))' -C metadata=e50e65da5f149cb5 -C extra-filename=-b3fcf7f0fbbebe11 --out-dir /opt/rustwide/target/debug/build/object/b3fcf7f0fbbebe11/out --extern memchr=/opt/rustwide/target/debug/build/memchr/d045849000e3d7f4/out/libmemchr-d045849000e3d7f4.rmeta --cap-lints allow --cap-lints=forbid -Aunfulfilled-lint-expectations --force-warn=unused_crate_dependencies --cfg core_error --check-cfg 'cfg(core_error)'` (signal: 9, SIGKILL: kill)
[INFO] [stderr] warning: build failed, waiting for other jobs to finish...
[INFO] [stderr] error: could not compile `syn` (lib)
[INFO] [stderr] 
[INFO] [stderr] Caused by:
[INFO] [stderr]   process didn't exit successfully: `/opt/rustwide/rustup-home/toolchains/8773d2c75a8e90130dcce745a7ec4e66bb9963db/bin/rustc --crate-name syn --edition=2021 /opt/rustwide/cargo-home/registry/src/index.crates.io-1949cf8c6b5b557f/syn-2.0.114/src/lib.rs --error-format=json --json=diagnostic-rendered-ansi,artifacts,future-incompat,unused-externs-silent --crate-type lib --emit=dep-info,metadata,link -Z embed-metadata=no -C embed-bitcode=no --cfg 'feature="clone-impls"' --cfg 'feature="default"' --cfg 'feature="derive"' --cfg 'feature="extra-traits"' --cfg 'feature="fold"' --cfg 'feature="full"' --cfg 'feature="parsing"' --cfg 'feature="printing"' --cfg 'feature="proc-macro"' --cfg 'feature="visit"' --cfg 'feature="visit-mut"' --check-cfg 'cfg(docsrs,test)' --check-cfg 'cfg(feature, values("clone-impls", "default", "derive", "extra-traits", "fold", "full", "parsing", "printing", "proc-macro", "test", "visit", "visit-mut"))' -C metadata=33e611a759ff1bc7 -C extra-filename=-68d8376064ee0dd3 --out-dir /opt/rustwide/target/debug/build/syn/68d8376064ee0dd3/out -L dependency=/opt/rustwide/target/debug/build/proc-macro2/7ac8debeb87f620f/out -L dependency=/opt/rustwide/target/debug/build/unicode-ident/54b0b97b1212d8ed/out --extern proc_macro2=/opt/rustwide/target/debug/build/proc-macro2/7ac8debeb87f620f/out/libproc_macro2-7ac8debeb87f620f.rmeta --extern quote=/opt/rustwide/target/debug/build/quote/e4269705019e5fdd/out/libquote-e4269705019e5fdd.rmeta --extern unicode_ident=/opt/rustwide/target/debug/build/unicode-ident/54b0b97b1212d8ed/out/libunicode_ident-54b0b97b1212d8ed.rmeta --cap-lints allow --cap-lints=forbid -Aunfulfilled-lint-expectations --force-warn=unused_crate_dependencies` (signal: 9, SIGKILL: kill)
[INFO] running `Command { std: "docker" "inspect" "0dc3a651efd422b77e8cfe855daca8f89316e8a727dbd7db6ab4ec0015be2730", kill_on_drop: false }`
[INFO] running `Command { std: "docker" "rm" "-f" "0dc3a651efd422b77e8cfe855daca8f89316e8a727dbd7db6ab4ec0015be2730", kill_on_drop: false }`
[INFO] [stdout] 0dc3a651efd422b77e8cfe855daca8f89316e8a727dbd7db6ab4ec0015be2730
