[INFO] cloning repository https://github.com/gongxun0928/FluxFS
[INFO] running `Command { std: "git" "-c" "credential.helper=" "-c" "credential.helper=/workspace/cargo-home/bin/git-credential-null" "clone" "--bare" "https://github.com/gongxun0928/FluxFS" "/workspace/cache/git-repos/https%3A%2F%2Fgithub.com%2Fgongxun0928%2FFluxFS", kill_on_drop: false }`
[INFO] [stderr] Cloning into bare repository '/workspace/cache/git-repos/https%3A%2F%2Fgithub.com%2Fgongxun0928%2FFluxFS'...
[INFO] running `Command { std: "git" "rev-parse" "HEAD", kill_on_drop: false }`
[INFO] [stdout] e2f39312c991535da429a6c35777ef89cd5a40aa
[INFO] checking gongxun0928/FluxFS against 8773d2c75a8e90130dcce745a7ec4e66bb9963db+rustflags=-Aunfulfilled-lint-expectations for pr-163637
[INFO] running `Command { std: "git" "clone" "/workspace/cache/git-repos/https%3A%2F%2Fgithub.com%2Fgongxun0928%2FFluxFS" "/workspace/builds/worker-4-tc2/source", kill_on_drop: false }`
[INFO] [stderr] Cloning into '/workspace/builds/worker-4-tc2/source'...
[INFO] [stderr] done.
[INFO] started tweaking git repo https://github.com/gongxun0928/FluxFS
[INFO] finished tweaking git repo https://github.com/gongxun0928/FluxFS
[INFO] tweaked toml for git repo https://github.com/gongxun0928/FluxFS written to /workspace/builds/worker-4-tc2/source/Cargo.toml
[INFO] validating manifest of git repo https://github.com/gongxun0928/FluxFS on toolchain 8773d2c75a8e90130dcce745a7ec4e66bb9963db
[INFO] running `Command { std: CARGO_HOME="/workspace/cargo-home" RUSTUP_HOME="/workspace/rustup-home" "/workspace/cargo-home/bin/cargo" "+8773d2c75a8e90130dcce745a7ec4e66bb9963db" "metadata" "--manifest-path" "Cargo.toml" "--no-deps", kill_on_drop: false }`
[INFO] crate git repo https://github.com/gongxun0928/FluxFS already has a lockfile, it will not be regenerated
[INFO] running `Command { std: CARGO_HOME="/workspace/cargo-home" RUSTUP_HOME="/workspace/rustup-home" "/workspace/cargo-home/bin/cargo" "+8773d2c75a8e90130dcce745a7ec4e66bb9963db" "fetch" "--manifest-path" "Cargo.toml", kill_on_drop: false }`
[INFO] [stderr] warning: unused workspace dependency `fluxfs-chunkworker`
[INFO] [stderr]   --> Cargo.toml:28:25
[INFO] [stderr]    |
[INFO] [stderr] 28 | [workspace.dependencies.fluxfs-chunkworker]
[INFO] [stderr]    |                         ^^^^^^^^^^^^^^^^^^
[INFO] [stderr]    |
[INFO] [stderr]    = note: `cargo::unused_workspace_dependencies` is set to `warn` by default
[INFO] [stderr] help: consider removing the workspace dependency `fluxfs-chunkworker`
[INFO] [stderr] warning: unused workspace dependency `fluxfs-testkit`
[INFO] [stderr]   --> Cargo.toml:46:25
[INFO] [stderr]    |
[INFO] [stderr] 46 | [workspace.dependencies.fluxfs-testkit]
[INFO] [stderr]    |                         ^^^^^^^^^^^^^^
[INFO] [stderr]    |
[INFO] [stderr] help: consider removing the workspace dependency `fluxfs-testkit`
[INFO] [stderr] warning: unused field `repository` in `workspace.package`
[INFO] [stderr]   --> Cargo.toml:89:1
[INFO] [stderr]    |
[INFO] [stderr] 89 | repository = "https://github.com/gongxun0928/FluxFS"
[INFO] [stderr]    | ^^^^^^^^^^
[INFO] [stderr]    |
[INFO] [stderr]    = note: `cargo::unused_workspace_package_fields` is set to `warn` by default
[INFO] [stderr] help: consider removing the field `workspace.package.repository`
[INFO] [stderr] warning: workspace (manifest) generated 3 warnings
[INFO] [stderr]     Blocking waiting for file lock on package cache
[INFO] [stderr]     Updating crates.io index
[INFO] [stderr]     Blocking waiting for file lock on package cache
[ERROR] error running command: no output for 300 seconds
[INFO] checking gongxun0928/FluxFS against 8773d2c75a8e90130dcce745a7ec4e66bb9963db+rustflags=-Aunfulfilled-lint-expectations for pr-163637
[INFO] running `Command { std: "git" "clone" "/workspace/cache/git-repos/https%3A%2F%2Fgithub.com%2Fgongxun0928%2FFluxFS" "/workspace/builds/worker-4-tc2/source", kill_on_drop: false }`
[INFO] [stderr] Cloning into '/workspace/builds/worker-4-tc2/source'...
[INFO] [stderr] done.
[INFO] started tweaking git repo https://github.com/gongxun0928/FluxFS
[INFO] finished tweaking git repo https://github.com/gongxun0928/FluxFS
[INFO] tweaked toml for git repo https://github.com/gongxun0928/FluxFS written to /workspace/builds/worker-4-tc2/source/Cargo.toml
[INFO] validating manifest of git repo https://github.com/gongxun0928/FluxFS on toolchain 8773d2c75a8e90130dcce745a7ec4e66bb9963db
[INFO] running `Command { std: CARGO_HOME="/workspace/cargo-home" RUSTUP_HOME="/workspace/rustup-home" "/workspace/cargo-home/bin/cargo" "+8773d2c75a8e90130dcce745a7ec4e66bb9963db" "metadata" "--manifest-path" "Cargo.toml" "--no-deps", kill_on_drop: false }`
[INFO] crate git repo https://github.com/gongxun0928/FluxFS already has a lockfile, it will not be regenerated
[INFO] running `Command { std: CARGO_HOME="/workspace/cargo-home" RUSTUP_HOME="/workspace/rustup-home" "/workspace/cargo-home/bin/cargo" "+8773d2c75a8e90130dcce745a7ec4e66bb9963db" "fetch" "--manifest-path" "Cargo.toml", kill_on_drop: false }`
[INFO] [stderr] warning: unused workspace dependency `fluxfs-chunkworker`
[INFO] [stderr]   --> Cargo.toml:28:25
[INFO] [stderr]    |
[INFO] [stderr] 28 | [workspace.dependencies.fluxfs-chunkworker]
[INFO] [stderr]    |                         ^^^^^^^^^^^^^^^^^^
[INFO] [stderr]    |
[INFO] [stderr]    = note: `cargo::unused_workspace_dependencies` is set to `warn` by default
[INFO] [stderr] help: consider removing the workspace dependency `fluxfs-chunkworker`
[INFO] [stderr] warning: unused workspace dependency `fluxfs-testkit`
[INFO] [stderr]   --> Cargo.toml:46:25
[INFO] [stderr]    |
[INFO] [stderr] 46 | [workspace.dependencies.fluxfs-testkit]
[INFO] [stderr]    |                         ^^^^^^^^^^^^^^
[INFO] [stderr]    |
[INFO] [stderr] help: consider removing the workspace dependency `fluxfs-testkit`
[INFO] [stderr] warning: unused field `repository` in `workspace.package`
[INFO] [stderr]   --> Cargo.toml:89:1
[INFO] [stderr]    |
[INFO] [stderr] 89 | repository = "https://github.com/gongxun0928/FluxFS"
[INFO] [stderr]    | ^^^^^^^^^^
[INFO] [stderr]    |
[INFO] [stderr]    = note: `cargo::unused_workspace_package_fields` is set to `warn` by default
[INFO] [stderr] help: consider removing the field `workspace.package.repository`
[INFO] [stderr] warning: workspace (manifest) generated 3 warnings
[INFO] [stderr]     Blocking waiting for file lock on package cache
[INFO] [stderr]     Blocking waiting for file lock on package cache
[ERROR] error running command: no output for 300 seconds
[INFO] checking gongxun0928/FluxFS against 8773d2c75a8e90130dcce745a7ec4e66bb9963db+rustflags=-Aunfulfilled-lint-expectations for pr-163637
[INFO] running `Command { std: "git" "clone" "/workspace/cache/git-repos/https%3A%2F%2Fgithub.com%2Fgongxun0928%2FFluxFS" "/workspace/builds/worker-4-tc2/source", kill_on_drop: false }`
[INFO] [stderr] Cloning into '/workspace/builds/worker-4-tc2/source'...
[INFO] [stderr] done.
[INFO] started tweaking git repo https://github.com/gongxun0928/FluxFS
[INFO] finished tweaking git repo https://github.com/gongxun0928/FluxFS
[INFO] tweaked toml for git repo https://github.com/gongxun0928/FluxFS written to /workspace/builds/worker-4-tc2/source/Cargo.toml
[INFO] validating manifest of git repo https://github.com/gongxun0928/FluxFS on toolchain 8773d2c75a8e90130dcce745a7ec4e66bb9963db
[INFO] running `Command { std: CARGO_HOME="/workspace/cargo-home" RUSTUP_HOME="/workspace/rustup-home" "/workspace/cargo-home/bin/cargo" "+8773d2c75a8e90130dcce745a7ec4e66bb9963db" "metadata" "--manifest-path" "Cargo.toml" "--no-deps", kill_on_drop: false }`
[INFO] crate git repo https://github.com/gongxun0928/FluxFS already has a lockfile, it will not be regenerated
[INFO] running `Command { std: CARGO_HOME="/workspace/cargo-home" RUSTUP_HOME="/workspace/rustup-home" "/workspace/cargo-home/bin/cargo" "+8773d2c75a8e90130dcce745a7ec4e66bb9963db" "fetch" "--manifest-path" "Cargo.toml", kill_on_drop: false }`
[INFO] [stderr] warning: unused workspace dependency `fluxfs-chunkworker`
[INFO] [stderr]   --> Cargo.toml:28:25
[INFO] [stderr]    |
[INFO] [stderr] 28 | [workspace.dependencies.fluxfs-chunkworker]
[INFO] [stderr]    |                         ^^^^^^^^^^^^^^^^^^
[INFO] [stderr]    |
[INFO] [stderr]    = note: `cargo::unused_workspace_dependencies` is set to `warn` by default
[INFO] [stderr] help: consider removing the workspace dependency `fluxfs-chunkworker`
[INFO] [stderr] warning: unused workspace dependency `fluxfs-testkit`
[INFO] [stderr]   --> Cargo.toml:46:25
[INFO] [stderr]    |
[INFO] [stderr] 46 | [workspace.dependencies.fluxfs-testkit]
[INFO] [stderr]    |                         ^^^^^^^^^^^^^^
[INFO] [stderr]    |
[INFO] [stderr] help: consider removing the workspace dependency `fluxfs-testkit`
[INFO] [stderr] warning: unused field `repository` in `workspace.package`
[INFO] [stderr]   --> Cargo.toml:89:1
[INFO] [stderr]    |
[INFO] [stderr] 89 | repository = "https://github.com/gongxun0928/FluxFS"
[INFO] [stderr]    | ^^^^^^^^^^
[INFO] [stderr]    |
[INFO] [stderr]    = note: `cargo::unused_workspace_package_fields` is set to `warn` by default
[INFO] [stderr] help: consider removing the field `workspace.package.repository`
[INFO] [stderr] warning: workspace (manifest) generated 3 warnings
[INFO] [stderr]     Blocking waiting for file lock on package cache
[INFO] [stderr]     Blocking waiting for file lock on package cache
[ERROR] error running command: no output for 300 seconds
[INFO] checking gongxun0928/FluxFS against 8773d2c75a8e90130dcce745a7ec4e66bb9963db+rustflags=-Aunfulfilled-lint-expectations for pr-163637
[INFO] running `Command { std: "git" "clone" "/workspace/cache/git-repos/https%3A%2F%2Fgithub.com%2Fgongxun0928%2FFluxFS" "/workspace/builds/worker-4-tc2/source", kill_on_drop: false }`
[INFO] [stderr] Cloning into '/workspace/builds/worker-4-tc2/source'...
[INFO] [stderr] done.
[INFO] started tweaking git repo https://github.com/gongxun0928/FluxFS
[INFO] finished tweaking git repo https://github.com/gongxun0928/FluxFS
[INFO] tweaked toml for git repo https://github.com/gongxun0928/FluxFS written to /workspace/builds/worker-4-tc2/source/Cargo.toml
[INFO] validating manifest of git repo https://github.com/gongxun0928/FluxFS on toolchain 8773d2c75a8e90130dcce745a7ec4e66bb9963db
[INFO] running `Command { std: CARGO_HOME="/workspace/cargo-home" RUSTUP_HOME="/workspace/rustup-home" "/workspace/cargo-home/bin/cargo" "+8773d2c75a8e90130dcce745a7ec4e66bb9963db" "metadata" "--manifest-path" "Cargo.toml" "--no-deps", kill_on_drop: false }`
[INFO] crate git repo https://github.com/gongxun0928/FluxFS already has a lockfile, it will not be regenerated
[INFO] running `Command { std: CARGO_HOME="/workspace/cargo-home" RUSTUP_HOME="/workspace/rustup-home" "/workspace/cargo-home/bin/cargo" "+8773d2c75a8e90130dcce745a7ec4e66bb9963db" "fetch" "--manifest-path" "Cargo.toml", kill_on_drop: false }`
[INFO] [stderr] warning: unused workspace dependency `fluxfs-chunkworker`
[INFO] [stderr]   --> Cargo.toml:28:25
[INFO] [stderr]    |
[INFO] [stderr] 28 | [workspace.dependencies.fluxfs-chunkworker]
[INFO] [stderr]    |                         ^^^^^^^^^^^^^^^^^^
[INFO] [stderr]    |
[INFO] [stderr]    = note: `cargo::unused_workspace_dependencies` is set to `warn` by default
[INFO] [stderr] help: consider removing the workspace dependency `fluxfs-chunkworker`
[INFO] [stderr] warning: unused workspace dependency `fluxfs-testkit`
[INFO] [stderr]   --> Cargo.toml:46:25
[INFO] [stderr]    |
[INFO] [stderr] 46 | [workspace.dependencies.fluxfs-testkit]
[INFO] [stderr]    |                         ^^^^^^^^^^^^^^
[INFO] [stderr]    |
[INFO] [stderr] help: consider removing the workspace dependency `fluxfs-testkit`
[INFO] [stderr] warning: unused field `repository` in `workspace.package`
[INFO] [stderr]   --> Cargo.toml:89:1
[INFO] [stderr]    |
[INFO] [stderr] 89 | repository = "https://github.com/gongxun0928/FluxFS"
[INFO] [stderr]    | ^^^^^^^^^^
[INFO] [stderr]    |
[INFO] [stderr]    = note: `cargo::unused_workspace_package_fields` is set to `warn` by default
[INFO] [stderr] help: consider removing the field `workspace.package.repository`
[INFO] [stderr] warning: workspace (manifest) generated 3 warnings
[INFO] [stderr]     Blocking waiting for file lock on package cache
[INFO] [stderr]     Blocking waiting for file lock on package cache
[ERROR] error running command: no output for 300 seconds
[INFO] checking gongxun0928/FluxFS against 8773d2c75a8e90130dcce745a7ec4e66bb9963db+rustflags=-Aunfulfilled-lint-expectations for pr-163637
[INFO] running `Command { std: "git" "clone" "/workspace/cache/git-repos/https%3A%2F%2Fgithub.com%2Fgongxun0928%2FFluxFS" "/workspace/builds/worker-4-tc2/source", kill_on_drop: false }`
[INFO] [stderr] Cloning into '/workspace/builds/worker-4-tc2/source'...
[INFO] [stderr] done.
[INFO] started tweaking git repo https://github.com/gongxun0928/FluxFS
[INFO] finished tweaking git repo https://github.com/gongxun0928/FluxFS
[INFO] tweaked toml for git repo https://github.com/gongxun0928/FluxFS written to /workspace/builds/worker-4-tc2/source/Cargo.toml
[INFO] validating manifest of git repo https://github.com/gongxun0928/FluxFS on toolchain 8773d2c75a8e90130dcce745a7ec4e66bb9963db
[INFO] running `Command { std: CARGO_HOME="/workspace/cargo-home" RUSTUP_HOME="/workspace/rustup-home" "/workspace/cargo-home/bin/cargo" "+8773d2c75a8e90130dcce745a7ec4e66bb9963db" "metadata" "--manifest-path" "Cargo.toml" "--no-deps", kill_on_drop: false }`
[INFO] crate git repo https://github.com/gongxun0928/FluxFS already has a lockfile, it will not be regenerated
[INFO] running `Command { std: CARGO_HOME="/workspace/cargo-home" RUSTUP_HOME="/workspace/rustup-home" "/workspace/cargo-home/bin/cargo" "+8773d2c75a8e90130dcce745a7ec4e66bb9963db" "fetch" "--manifest-path" "Cargo.toml", kill_on_drop: false }`
[INFO] [stderr] warning: unused workspace dependency `fluxfs-chunkworker`
[INFO] [stderr]   --> Cargo.toml:28:25
[INFO] [stderr]    |
[INFO] [stderr] 28 | [workspace.dependencies.fluxfs-chunkworker]
[INFO] [stderr]    |                         ^^^^^^^^^^^^^^^^^^
[INFO] [stderr]    |
[INFO] [stderr]    = note: `cargo::unused_workspace_dependencies` is set to `warn` by default
[INFO] [stderr] help: consider removing the workspace dependency `fluxfs-chunkworker`
[INFO] [stderr] warning: unused workspace dependency `fluxfs-testkit`
[INFO] [stderr]   --> Cargo.toml:46:25
[INFO] [stderr]    |
[INFO] [stderr] 46 | [workspace.dependencies.fluxfs-testkit]
[INFO] [stderr]    |                         ^^^^^^^^^^^^^^
[INFO] [stderr]    |
[INFO] [stderr] help: consider removing the workspace dependency `fluxfs-testkit`
[INFO] [stderr] warning: unused field `repository` in `workspace.package`
[INFO] [stderr]   --> Cargo.toml:89:1
[INFO] [stderr]    |
[INFO] [stderr] 89 | repository = "https://github.com/gongxun0928/FluxFS"
[INFO] [stderr]    | ^^^^^^^^^^
[INFO] [stderr]    |
[INFO] [stderr]    = note: `cargo::unused_workspace_package_fields` is set to `warn` by default
[INFO] [stderr] help: consider removing the field `workspace.package.repository`
[INFO] [stderr] warning: workspace (manifest) generated 3 warnings
[INFO] [stderr]     Blocking waiting for file lock on package cache
[INFO] [stderr]     Blocking waiting for file lock on package cache
[INFO] [stderr]  Downloading crates ...
[INFO] [stderr] warning: spurious network error (3 tries remaining): [55] Failed sending data to the peer (OpenSSL SSL_read: SSL_ERROR_SYSCALL, errno 0)
[INFO] [stderr] warning: spurious network error (3 tries remaining): [55] Failed sending data to the peer (OpenSSL SSL_read: SSL_ERROR_SYSCALL, errno 0)
[INFO] [stderr] warning: spurious network error (3 tries remaining): [55] Failed sending data to the peer (OpenSSL SSL_read: SSL_ERROR_SYSCALL, errno 0)
[INFO] [stderr] warning: spurious network error (3 tries remaining): [55] Failed sending data to the peer (OpenSSL SSL_read: SSL_ERROR_SYSCALL, errno 0)
[INFO] [stderr] warning: spurious network error (3 tries remaining): [55] Failed sending data to the peer (OpenSSL SSL_read: SSL_ERROR_SYSCALL, errno 0)
[INFO] [stderr] warning: spurious network error (3 tries remaining): [55] Failed sending data to the peer (OpenSSL SSL_read: SSL_ERROR_SYSCALL, errno 0)
[INFO] [stderr] warning: spurious network error (3 tries remaining): [55] Failed sending data to the peer (OpenSSL SSL_read: SSL_ERROR_SYSCALL, errno 0)
[INFO] [stderr] warning: spurious network error (3 tries remaining): [55] Failed sending data to the peer (OpenSSL SSL_read: SSL_ERROR_SYSCALL, errno 0)
[INFO] [stderr] warning: spurious network error (3 tries remaining): [55] Failed sending data to the peer (OpenSSL SSL_read: SSL_ERROR_SYSCALL, errno 0)
[INFO] [stderr] warning: spurious network error (3 tries remaining): [55] Failed sending data to the peer (OpenSSL SSL_read: SSL_ERROR_SYSCALL, errno 0)
[INFO] [stderr] warning: spurious network error (3 tries remaining): [55] Failed sending data to the peer (OpenSSL SSL_read: SSL_ERROR_SYSCALL, errno 0)
[INFO] [stderr] warning: spurious network error (3 tries remaining): [55] Failed sending data to the peer (OpenSSL SSL_read: SSL_ERROR_SYSCALL, errno 0)
[INFO] [stderr] warning: spurious network error (3 tries remaining): [55] Failed sending data to the peer (OpenSSL SSL_read: SSL_ERROR_SYSCALL, errno 0)
[INFO] [stderr] warning: spurious network error (3 tries remaining): [55] Failed sending data to the peer (OpenSSL SSL_read: SSL_ERROR_SYSCALL, errno 0)
[INFO] [stderr] warning: spurious network error (3 tries remaining): [55] Failed sending data to the peer (OpenSSL SSL_read: SSL_ERROR_SYSCALL, errno 0)
[INFO] [stderr] warning: spurious network error (3 tries remaining): [55] Failed sending data to the peer (OpenSSL SSL_read: SSL_ERROR_SYSCALL, errno 0)
[INFO] [stderr] warning: spurious network error (3 tries remaining): [55] Failed sending data to the peer (OpenSSL SSL_read: SSL_ERROR_SYSCALL, errno 0)
[INFO] [stderr] warning: spurious network error (3 tries remaining): [55] Failed sending data to the peer (OpenSSL SSL_read: SSL_ERROR_SYSCALL, errno 0)
[INFO] [stderr] warning: spurious network error (3 tries remaining): [55] Failed sending data to the peer (OpenSSL SSL_read: SSL_ERROR_SYSCALL, errno 0)
[INFO] [stderr] warning: spurious network error (3 tries remaining): [55] Failed sending data to the peer (OpenSSL SSL_read: SSL_ERROR_SYSCALL, errno 0)
[INFO] [stderr] warning: spurious network error (3 tries remaining): [55] Failed sending data to the peer (OpenSSL SSL_read: SSL_ERROR_SYSCALL, errno 0)
[INFO] [stderr] warning: spurious network error (3 tries remaining): [55] Failed sending data to the peer (OpenSSL SSL_read: SSL_ERROR_SYSCALL, errno 0)
[INFO] [stderr] warning: spurious network error (3 tries remaining): [55] Failed sending data to the peer (OpenSSL SSL_read: SSL_ERROR_SYSCALL, errno 0)
[INFO] [stderr] warning: spurious network error (3 tries remaining): [55] Failed sending data to the peer (OpenSSL SSL_read: SSL_ERROR_SYSCALL, errno 0)
[INFO] [stderr] warning: spurious network error (3 tries remaining): [55] Failed sending data to the peer (OpenSSL SSL_read: SSL_ERROR_SYSCALL, errno 0)
[INFO] [stderr] warning: spurious network error (3 tries remaining): [55] Failed sending data to the peer (OpenSSL SSL_read: SSL_ERROR_SYSCALL, errno 0)
[INFO] [stderr] warning: spurious network error (3 tries remaining): [55] Failed sending data to the peer (OpenSSL SSL_read: SSL_ERROR_SYSCALL, errno 0)
[INFO] [stderr] warning: spurious network error (3 tries remaining): [55] Failed sending data to the peer (OpenSSL SSL_read: SSL_ERROR_SYSCALL, errno 0)
[INFO] [stderr] warning: spurious network error (3 tries remaining): [55] Failed sending data to the peer (OpenSSL SSL_read: SSL_ERROR_SYSCALL, errno 0)
[INFO] [stderr] warning: spurious network error (3 tries remaining): [55] Failed sending data to the peer (OpenSSL SSL_read: SSL_ERROR_SYSCALL, errno 0)
[INFO] [stderr] warning: spurious network error (3 tries remaining): [55] Failed sending data to the peer (OpenSSL SSL_read: SSL_ERROR_SYSCALL, errno 0)
[INFO] [stderr] warning: spurious network error (3 tries remaining): [55] Failed sending data to the peer (OpenSSL SSL_read: SSL_ERROR_SYSCALL, errno 0)
[INFO] [stderr] warning: spurious network error (3 tries remaining): [55] Failed sending data to the peer (OpenSSL SSL_read: SSL_ERROR_SYSCALL, errno 0)
[INFO] [stderr] warning: spurious network error (3 tries remaining): [55] Failed sending data to the peer (OpenSSL SSL_read: SSL_ERROR_SYSCALL, errno 0)
[INFO] [stderr] warning: spurious network error (3 tries remaining): [55] Failed sending data to the peer (OpenSSL SSL_read: SSL_ERROR_SYSCALL, errno 0)
[INFO] [stderr] warning: spurious network error (3 tries remaining): [55] Failed sending data to the peer (OpenSSL SSL_read: SSL_ERROR_SYSCALL, errno 0)
[INFO] [stderr] warning: spurious network error (3 tries remaining): [55] Failed sending data to the peer (OpenSSL SSL_read: SSL_ERROR_SYSCALL, errno 0)
[INFO] [stderr] warning: spurious network error (3 tries remaining): [55] Failed sending data to the peer (OpenSSL SSL_read: SSL_ERROR_SYSCALL, errno 0)
[INFO] [stderr] warning: spurious network error (3 tries remaining): [55] Failed sending data to the peer (OpenSSL SSL_read: SSL_ERROR_SYSCALL, errno 0)
[INFO] [stderr] warning: spurious network error (3 tries remaining): [55] Failed sending data to the peer (OpenSSL SSL_read: SSL_ERROR_SYSCALL, errno 0)
[INFO] [stderr] warning: spurious network error (3 tries remaining): [55] Failed sending data to the peer (OpenSSL SSL_read: SSL_ERROR_SYSCALL, errno 0)
[INFO] [stderr] warning: spurious network error (3 tries remaining): [55] Failed sending data to the peer (OpenSSL SSL_read: SSL_ERROR_SYSCALL, errno 0)
[INFO] [stderr] warning: spurious network error (3 tries remaining): [55] Failed sending data to the peer (OpenSSL SSL_read: SSL_ERROR_SYSCALL, errno 0)
[INFO] [stderr] warning: spurious network error (3 tries remaining): [55] Failed sending data to the peer (OpenSSL SSL_read: SSL_ERROR_SYSCALL, errno 0)
[INFO] [stderr] warning: spurious network error (3 tries remaining): [55] Failed sending data to the peer (OpenSSL SSL_read: SSL_ERROR_SYSCALL, errno 0)
[INFO] [stderr] warning: spurious network error (3 tries remaining): [55] Failed sending data to the peer (OpenSSL SSL_read: SSL_ERROR_SYSCALL, errno 0)
[INFO] [stderr] warning: spurious network error (3 tries remaining): [55] Failed sending data to the peer (OpenSSL SSL_read: SSL_ERROR_SYSCALL, errno 0)
[INFO] [stderr] warning: spurious network error (3 tries remaining): [55] Failed sending data to the peer (OpenSSL SSL_read: SSL_ERROR_SYSCALL, errno 0)
[INFO] [stderr] warning: spurious network error (3 tries remaining): [55] Failed sending data to the peer (OpenSSL SSL_read: SSL_ERROR_SYSCALL, errno 0)
[INFO] [stderr] warning: spurious network error (3 tries remaining): [55] Failed sending data to the peer (OpenSSL SSL_read: SSL_ERROR_SYSCALL, errno 0)
[INFO] [stderr] warning: spurious network error (3 tries remaining): [55] Failed sending data to the peer (OpenSSL SSL_read: SSL_ERROR_SYSCALL, errno 0)
[INFO] [stderr] warning: spurious network error (3 tries remaining): [55] Failed sending data to the peer (OpenSSL SSL_read: SSL_ERROR_SYSCALL, errno 0)
[INFO] [stderr] warning: spurious network error (3 tries remaining): [55] Failed sending data to the peer (OpenSSL SSL_read: SSL_ERROR_SYSCALL, errno 0)
[INFO] [stderr] warning: spurious network error (3 tries remaining): [55] Failed sending data to the peer (OpenSSL SSL_read: SSL_ERROR_SYSCALL, errno 0)
[INFO] [stderr] warning: spurious network error (3 tries remaining): [55] Failed sending data to the peer (OpenSSL SSL_read: SSL_ERROR_SYSCALL, errno 0)
[INFO] [stderr] warning: spurious network error (3 tries remaining): [55] Failed sending data to the peer (OpenSSL SSL_read: SSL_ERROR_SYSCALL, errno 0)
[INFO] [stderr]   Downloaded borsh-derive v1.8.0
[INFO] [stderr]   Downloaded fuser v0.18.0
[INFO] [stderr]   Downloaded heed-types v0.21.0
[INFO] [stderr]   Downloaded borsh v1.8.0
[INFO] [stderr]   Downloaded synchronoise v1.0.1
[INFO] [stderr]   Downloaded fail v0.5.1
[INFO] [stderr]   Downloaded heed v0.22.1
[INFO] [stderr]   Downloaded aws-lc-rs v1.17.3
[INFO] [stderr]   Downloaded doxygen-rs v0.4.2
[INFO] [stderr]   Downloaded heed-traits v0.20.0
[INFO] [stderr]   Downloaded lmdb-master-sys v0.2.6
[INFO] [stderr]   Downloaded opendal v0.58.1
[INFO] [stderr]   Downloaded mea v0.6.5
[INFO] [stderr]   Downloaded jiff-core v0.1.0
[INFO] [stderr]   Downloaded opendal-core v0.58.1
[INFO] [stderr]   Downloaded twox-hash v2.1.3
[INFO] [stderr]   Downloaded portable-atomic v1.14.0
[INFO] [stderr]   Downloaded pulldown-cmark-to-cmark v22.0.0
[INFO] [stderr]   Downloaded foyer-tokio v0.22.3
[INFO] [stderr]   Downloaded foyer v0.22.3
[INFO] [stderr]   Downloaded link-section v0.19.2
[INFO] [stderr]   Downloaded fs4 v0.13.1
[INFO] [stderr]   Downloaded jiff v0.2.35
[INFO] [stderr]   Downloaded reqsign-core v3.2.0
[INFO] [stderr]   Downloaded tonic-build v0.14.6
[INFO] [stderr]   Downloaded mixtrics v0.2.5
[INFO] [stderr]   Downloaded opendal-layer-concurrent-limit v0.58.1
[INFO] [stderr]   Downloaded validit v0.2.6
[INFO] [stderr]   Downloaded aws-lc-sys v0.43.0
[INFO] [stderr]   Downloaded prost-derive v0.14.4
[INFO] [stderr]   Downloaded crc-fast v1.10.0
[INFO] [stderr]   Downloaded opendal-layer-retry v0.58.1
[INFO] [stderr]   Downloaded ref-cast v1.0.26
[INFO] [stderr]   Downloaded prost v0.14.4
[INFO] [stderr]   Downloaded opendal-service-s3 v0.58.1
[INFO] [stderr]   Downloaded prost-types v0.14.4
[INFO] [stderr]   Downloaded x509-parser v0.17.0
[INFO] [stderr]   Downloaded opendal-layer-logging v0.58.1
[INFO] [stderr]   Downloaded openraft-macros v0.9.25
[INFO] [stderr]   Downloaded byte-unit v5.2.5
[INFO] [stderr]   Downloaded foyer-intrusive-collections v0.10.0-dev
[INFO] [stderr]   Downloaded opendal-service-fs v0.58.1
[INFO] [stderr]   Downloaded opendal-layer-timeout v0.58.1
[INFO] [stderr]   Downloaded foyer-common v0.22.3
[INFO] [stderr]   Downloaded anyerror v0.1.13
[INFO] [stderr]   Downloaded openraft v0.9.25
[INFO] [stderr]   Downloaded opendal-http-transport-reqwest v0.58.1
[INFO] [stderr]   Downloaded linktime-proc-macro v0.2.2
[INFO] [stderr]   Downloaded small_ctor v0.1.2
[INFO] [stderr]   Downloaded reqsign-aws-v4 v3.0.3
[INFO] [stderr]   Downloaded fastant v0.1.11
[INFO] [stderr]   Downloaded prost-build v0.14.4
[INFO] [stderr]   Downloaded cmsketch v0.2.4
[INFO] [stderr]   Downloaded reqsign-file-read-tokio v3.0.3
[INFO] [stderr]   Downloaded ref-cast-impl v1.0.26
[INFO] [stderr]   Downloaded jiff-static v0.2.35
[INFO] [stderr]   Downloaded clap v4.6.5
[INFO] [stderr]   Downloaded foyer-storage v0.22.3
[INFO] [stderr]   Downloaded utf8-width v0.1.9
[INFO] [stderr]   Downloaded spin v0.10.1
[INFO] [stderr]   Downloaded clap_builder v4.6.5
[INFO] [stderr]   Downloaded async-trait v0.1.91
[INFO] [stderr]   Downloaded tonic-prost-build v0.14.6
[INFO] [stderr]   Downloaded foyer-memory v0.22.3
[INFO] [stderr]   Downloaded jiff-tzdb v0.1.8
[INFO] [stderr]   Downloaded ctor v1.0.12
[INFO] [stderr]   Downloaded base64 v0.23.0
[INFO] running `Command { std: "docker" "create" "-v" "/var/lib/crater-agent-workspace/builds/worker-4-tc2/source:/opt/rustwide/workdir:ro,Z" "-v" "/var/lib/crater-agent-workspace/builds/worker-4-tc2/target:/opt/rustwide/target:rw,Z" "-v" "/var/lib/crater-agent-workspace/cargo-home:/opt/rustwide/cargo-home:ro,Z" "-v" "/var/lib/crater-agent-workspace/rustup-home:/opt/rustwide/rustup-home:ro,Z" "-m" "1610612736" "--network" "none" "ghcr.io/rust-lang/crates-build-env/linux@sha256:77db811e55d90add9212f6832c23229e3de5f1c1f9905e8cb07319ea15df73ac" "sleep" "infinity", kill_on_drop: false }`
[INFO] [stdout] e679d9c199f3bd69879f959bd4a9d2d1ed31789d13ebe27540304a5e5c1eb013
[INFO] running `Command { std: "docker" "start" "e679d9c199f3bd69879f959bd4a9d2d1ed31789d13ebe27540304a5e5c1eb013", kill_on_drop: false }`
[INFO] running `Command { std: "docker" "inspect" "e679d9c199f3bd69879f959bd4a9d2d1ed31789d13ebe27540304a5e5c1eb013", kill_on_drop: false }`
[INFO] running `Command { std: "docker" "exec" "-e" "SOURCE_DIR=/opt/rustwide/workdir" "-e" "CARGO_HOME=/opt/rustwide/cargo-home" "-e" "RUSTUP_HOME=/opt/rustwide/rustup-home" "-e" "CARGO_TARGET_DIR=/opt/rustwide/target" "-w" "/opt/rustwide/workdir" "--user" "0:0" "e679d9c199f3bd69879f959bd4a9d2d1ed31789d13ebe27540304a5e5c1eb013" "/opt/rustwide/cargo-home/bin/cargo" "+8773d2c75a8e90130dcce745a7ec4e66bb9963db" "metadata" "--no-deps" "--format-version=1", kill_on_drop: false }`
[INFO] running `Command { std: "docker" "inspect" "e679d9c199f3bd69879f959bd4a9d2d1ed31789d13ebe27540304a5e5c1eb013", kill_on_drop: false }`
[INFO] running `Command { std: "docker" "exec" "-e" "SOURCE_DIR=/opt/rustwide/workdir" "-e" "CARGO_HOME=/opt/rustwide/cargo-home" "-e" "RUSTUP_HOME=/opt/rustwide/rustup-home" "-e" "CARGO_TARGET_DIR=/opt/rustwide/target" "-e" "CARGO_INCREMENTAL=0" "-e" "RUST_BACKTRACE=full" "-e" "RUSTFLAGS=--cap-lints=forbid -Aunfulfilled-lint-expectations" "-e" "RUSTDOCFLAGS=--cap-lints=forbid" "-w" "/opt/rustwide/workdir" "--user" "0:0" "e679d9c199f3bd69879f959bd4a9d2d1ed31789d13ebe27540304a5e5c1eb013" "/opt/rustwide/cargo-home/bin/cargo" "+8773d2c75a8e90130dcce745a7ec4e66bb9963db" "check" "--frozen" "--all" "--all-targets" "--message-format=json", kill_on_drop: false }`
[INFO] [stderr] warning: unused workspace dependency `fluxfs-chunkworker`
[INFO] [stderr]   --> Cargo.toml:28:25
[INFO] [stderr]    |
[INFO] [stderr] 28 | [workspace.dependencies.fluxfs-chunkworker]
[INFO] [stderr]    |                         ^^^^^^^^^^^^^^^^^^
[INFO] [stderr]    |
[INFO] [stderr]    = note: `cargo::unused_workspace_dependencies` is set to `warn` by default
[INFO] [stderr] help: consider removing the workspace dependency `fluxfs-chunkworker`
[INFO] [stderr] warning: unused workspace dependency `fluxfs-testkit`
[INFO] [stderr]   --> Cargo.toml:46:25
[INFO] [stderr]    |
[INFO] [stderr] 46 | [workspace.dependencies.fluxfs-testkit]
[INFO] [stderr]    |                         ^^^^^^^^^^^^^^
[INFO] [stderr]    |
[INFO] [stderr] help: consider removing the workspace dependency `fluxfs-testkit`
[INFO] [stderr] warning: unused field `repository` in `workspace.package`
[INFO] [stderr]   --> Cargo.toml:89:1
[INFO] [stderr]    |
[INFO] [stderr] 89 | repository = "https://github.com/gongxun0928/FluxFS"
[INFO] [stderr]    | ^^^^^^^^^^
[INFO] [stderr]    |
[INFO] [stderr]    = note: `cargo::unused_workspace_package_fields` is set to `warn` by default
[INFO] [stderr] help: consider removing the field `workspace.package.repository`
[INFO] [stderr] warning: workspace (manifest) generated 3 warnings
[INFO] [stderr]    Compiling syn v2.0.119
[INFO] [stderr]    Compiling libc v0.2.189
[INFO] [stderr]    Compiling syn v3.0.3
[INFO] [stderr]    Compiling serde_core v1.0.229
[INFO] [stderr]     Checking futures-core v0.3.33
[INFO] [stderr]     Checking futures-sink v0.3.33
[INFO] [stderr]     Checking futures-io v0.3.33
[INFO] [stderr]     Checking futures-task v0.3.33
[INFO] [stderr]    Compiling autocfg v1.5.1
[INFO] [stderr]     Checking http v1.5.0
[INFO] [stderr]    Compiling serde v1.0.229
[INFO] [stderr]    Compiling aws-lc-rs v1.17.3
[INFO] [stderr]     Checking rustls-pki-types v1.15.1
[INFO] [stderr]    Compiling once_cell v1.21.4
[INFO] [stderr]    Compiling zerocopy v0.8.55
[INFO] [stderr]     Checking futures-channel v0.3.33
[INFO] [stderr]    Compiling rustls v0.23.43
[INFO] [stderr]     Checking sync_wrapper v1.0.2
[INFO] [stderr]    Compiling thiserror v2.0.19
[INFO] [stderr]     Checking ipnet v2.12.1
[INFO] [stderr]     Checking hybrid-array v0.4.14
[INFO] [stderr]    Compiling either v1.17.0
[INFO] [stderr]     Checking arrayvec v0.7.8
[INFO] [stderr]    Compiling anyhow v1.0.104
[INFO] [stderr]    Compiling itertools v0.14.0
[INFO] [stderr]     Checking cmov v0.5.4
[INFO] [stderr]    Compiling bitflags v2.13.1
[INFO] [stderr]    Compiling num-traits v0.2.19
[INFO] [stderr]     Checking mea v0.6.5
[INFO] [stderr]    Compiling prettyplease v0.2.37
[INFO] [stderr]    Compiling pulldown-cmark v0.13.4
[INFO] [stderr]     Checking ctutils v0.4.2
[INFO] [stderr]    Compiling rand_core v0.6.4
[INFO] [stderr]     Checking constant_time_eq v0.4.2
[INFO] [stderr]     Checking arrayref v0.3.9
[INFO] [stderr]    Compiling siphasher v1.0.3
[INFO] [stderr]    Compiling getrandom v0.4.3
[INFO] [stderr]    Compiling time-core v0.1.9
[INFO] [stderr]    Compiling regex-syntax v0.8.11
[INFO] [stderr]    Compiling num-conv v0.2.2
[INFO] [stderr]    Compiling rand v0.8.7
[INFO] [stderr]    Compiling phf_shared v0.11.3
[INFO] [stderr]    Compiling bytes v1.12.1
[INFO] [stderr]    Compiling linux-raw-sys v0.12.1
[INFO] [stderr]     Checking minimal-lexical v0.2.1
[INFO] [stderr]     Checking http-body v1.1.0
[INFO] [stderr]     Checking http-body-util v0.1.4
[INFO] [stderr]    Compiling time-macros v0.2.32
[INFO] [stderr]     Checking crypto-common v0.2.2
[INFO] [stderr]     Checking block-buffer v0.12.1
[INFO] [stderr]     Checking nom v7.1.3
[INFO] [stderr]    Compiling rustix v1.1.4
[INFO] [stderr]     Checking axum-core v0.5.6
[INFO] [stderr]    Compiling phf_generator v0.11.3
[INFO] [stderr]    Compiling hashbrown v0.15.5
[INFO] [stderr]    Compiling jobserver v0.1.35
[INFO] [stderr]    Compiling fixedbitset v0.5.7
[INFO] [stderr]    Compiling cc v1.4.0
[INFO] [stderr]    Compiling fastrand v2.5.0
[INFO] [stderr]     Checking digest v0.11.3
[INFO] [stderr]     Checking deranged v0.5.8
[INFO] [stderr]     Checking matchit v0.8.4
[INFO] [stderr]    Compiling multimap v0.10.1
[INFO] [stderr]    Compiling regex-automata v0.4.16
[INFO] [stderr]    Compiling petgraph v0.8.3
[INFO] [stderr]     Checking jiff-core v0.1.0
[INFO] [stderr]     Checking rusticata-macros v4.1.0
[INFO] [stderr] error: could not compile `syn` (lib)
[INFO] [stderr] 
[INFO] [stderr] Caused by:
[INFO] [stderr]   process didn't exit successfully: `/opt/rustwide/rustup-home/toolchains/8773d2c75a8e90130dcce745a7ec4e66bb9963db/bin/rustc --crate-name syn --edition=2021 /opt/rustwide/cargo-home/registry/src/index.crates.io-1949cf8c6b5b557f/syn-2.0.119/src/lib.rs --error-format=json --json=diagnostic-rendered-ansi,artifacts,future-incompat,unused-externs-silent --crate-type lib --emit=dep-info,metadata,link -Z embed-metadata=no -C embed-bitcode=no --cfg 'feature="clone-impls"' --cfg 'feature="default"' --cfg 'feature="derive"' --cfg 'feature="extra-traits"' --cfg 'feature="fold"' --cfg 'feature="full"' --cfg 'feature="parsing"' --cfg 'feature="printing"' --cfg 'feature="proc-macro"' --cfg 'feature="visit"' --cfg 'feature="visit-mut"' --check-cfg 'cfg(docsrs,test)' --check-cfg 'cfg(feature, values("clone-impls", "default", "derive", "extra-traits", "fold", "full", "parsing", "printing", "proc-macro", "test", "visit", "visit-mut"))' -C metadata=197bcc89ecb20593 -C extra-filename=-c62917824640f54c --out-dir /opt/rustwide/target/debug/build/syn/c62917824640f54c/out -L dependency=/opt/rustwide/target/debug/build/proc-macro2/fa4bfe53fc0b7953/out -L dependency=/opt/rustwide/target/debug/build/unicode-ident/a06b7ceccf6ffe96/out --extern proc_macro2=/opt/rustwide/target/debug/build/proc-macro2/fa4bfe53fc0b7953/out/libproc_macro2-fa4bfe53fc0b7953.rmeta --extern quote=/opt/rustwide/target/debug/build/quote/49b155c71ff9ffa2/out/libquote-49b155c71ff9ffa2.rmeta --extern unicode_ident=/opt/rustwide/target/debug/build/unicode-ident/a06b7ceccf6ffe96/out/libunicode_ident-a06b7ceccf6ffe96.rmeta --cap-lints allow --cap-lints=forbid -Aunfulfilled-lint-expectations --force-warn=unused_crate_dependencies` (signal: 9, SIGKILL: kill)
[INFO] [stderr] warning: build failed, waiting for other jobs to finish...
[INFO] [stderr] error: could not compile `syn` (lib)
[INFO] [stderr] 
[INFO] [stderr] Caused by:
[INFO] [stderr]   process didn't exit successfully: `/opt/rustwide/rustup-home/toolchains/8773d2c75a8e90130dcce745a7ec4e66bb9963db/bin/rustc --crate-name syn --edition=2021 /opt/rustwide/cargo-home/registry/src/index.crates.io-1949cf8c6b5b557f/syn-3.0.3/src/lib.rs --error-format=json --json=diagnostic-rendered-ansi,artifacts,future-incompat,unused-externs-silent --crate-type lib --emit=dep-info,metadata,link -Z embed-metadata=no -C embed-bitcode=no --cfg 'feature="clone-impls"' --cfg 'feature="default"' --cfg 'feature="derive"' --cfg 'feature="full"' --cfg 'feature="parsing"' --cfg 'feature="printing"' --cfg 'feature="proc-macro"' --cfg 'feature="visit-mut"' --check-cfg 'cfg(docsrs,test)' --check-cfg 'cfg(feature, values("clone-impls", "default", "derive", "extra-traits", "fold", "full", "parsing", "printing", "proc-macro", "test", "visit", "visit-mut"))' -C metadata=3679e8608425f9af -C extra-filename=-c53f04ac5f5cb339 --out-dir /opt/rustwide/target/debug/build/syn/c53f04ac5f5cb339/out -L dependency=/opt/rustwide/target/debug/build/proc-macro2/fa4bfe53fc0b7953/out -L dependency=/opt/rustwide/target/debug/build/unicode-ident/a06b7ceccf6ffe96/out --extern proc_macro2=/opt/rustwide/target/debug/build/proc-macro2/fa4bfe53fc0b7953/out/libproc_macro2-fa4bfe53fc0b7953.rmeta --extern quote=/opt/rustwide/target/debug/build/quote/49b155c71ff9ffa2/out/libquote-49b155c71ff9ffa2.rmeta --extern unicode_ident=/opt/rustwide/target/debug/build/unicode-ident/a06b7ceccf6ffe96/out/libunicode_ident-a06b7ceccf6ffe96.rmeta --cap-lints allow --cap-lints=forbid -Aunfulfilled-lint-expectations --force-warn=unused_crate_dependencies` (signal: 9, SIGKILL: kill)
[INFO] running `Command { std: "docker" "inspect" "e679d9c199f3bd69879f959bd4a9d2d1ed31789d13ebe27540304a5e5c1eb013", kill_on_drop: false }`
[INFO] running `Command { std: "docker" "rm" "-f" "e679d9c199f3bd69879f959bd4a9d2d1ed31789d13ebe27540304a5e5c1eb013", kill_on_drop: false }`
[INFO] [stdout] e679d9c199f3bd69879f959bd4a9d2d1ed31789d13ebe27540304a5e5c1eb013
