[INFO] cloning repository https://github.com/JoaquinFontaana/Rust-unlp
[INFO] running `Command { std: "git" "-c" "credential.helper=" "-c" "credential.helper=/workspace/cargo-home/bin/git-credential-null" "clone" "--bare" "https://github.com/JoaquinFontaana/Rust-unlp" "/workspace/cache/git-repos/https%3A%2F%2Fgithub.com%2FJoaquinFontaana%2FRust-unlp", kill_on_drop: false }`
[INFO] [stderr] Cloning into bare repository '/workspace/cache/git-repos/https%3A%2F%2Fgithub.com%2FJoaquinFontaana%2FRust-unlp'...
[INFO] running `Command { std: "git" "rev-parse" "HEAD", kill_on_drop: false }`
[INFO] [stdout] 2de411a35b09901931d1cb98b9f5ce92b8a893bf
[INFO] checking JoaquinFontaana/Rust-unlp against 8773d2c75a8e90130dcce745a7ec4e66bb9963db+rustflags=-Aunfulfilled-lint-expectations for pr-163637
[INFO] running `Command { std: "git" "clone" "/workspace/cache/git-repos/https%3A%2F%2Fgithub.com%2FJoaquinFontaana%2FRust-unlp" "/workspace/builds/worker-7-tc2/source", kill_on_drop: false }`
[INFO] [stderr] Cloning into '/workspace/builds/worker-7-tc2/source'...
[INFO] [stderr] done.
[INFO] started tweaking git repo https://github.com/JoaquinFontaana/Rust-unlp
[INFO] finished tweaking git repo https://github.com/JoaquinFontaana/Rust-unlp
[INFO] tweaked toml for git repo https://github.com/JoaquinFontaana/Rust-unlp written to /workspace/builds/worker-7-tc2/source/Cargo.toml
[INFO] validating manifest of git repo https://github.com/JoaquinFontaana/Rust-unlp on toolchain 8773d2c75a8e90130dcce745a7ec4e66bb9963db
[INFO] running `Command { std: CARGO_HOME="/workspace/cargo-home" RUSTUP_HOME="/workspace/rustup-home" "/workspace/cargo-home/bin/cargo" "+8773d2c75a8e90130dcce745a7ec4e66bb9963db" "metadata" "--manifest-path" "Cargo.toml" "--no-deps", kill_on_drop: false }`
[INFO] crate git repo https://github.com/JoaquinFontaana/Rust-unlp already has a lockfile, it will not be regenerated
[INFO] running `Command { std: CARGO_HOME="/workspace/cargo-home" RUSTUP_HOME="/workspace/rustup-home" "/workspace/cargo-home/bin/cargo" "+8773d2c75a8e90130dcce745a7ec4e66bb9963db" "fetch" "--manifest-path" "Cargo.toml", kill_on_drop: false }`
[INFO] [stderr]     Blocking waiting for file lock on package cache
[ERROR] error running command: no output for 300 seconds
[INFO] checking JoaquinFontaana/Rust-unlp against 8773d2c75a8e90130dcce745a7ec4e66bb9963db+rustflags=-Aunfulfilled-lint-expectations for pr-163637
[INFO] running `Command { std: "git" "clone" "/workspace/cache/git-repos/https%3A%2F%2Fgithub.com%2FJoaquinFontaana%2FRust-unlp" "/workspace/builds/worker-7-tc2/source", kill_on_drop: false }`
[INFO] [stderr] Cloning into '/workspace/builds/worker-7-tc2/source'...
[INFO] [stderr] done.
[INFO] started tweaking git repo https://github.com/JoaquinFontaana/Rust-unlp
[INFO] finished tweaking git repo https://github.com/JoaquinFontaana/Rust-unlp
[INFO] tweaked toml for git repo https://github.com/JoaquinFontaana/Rust-unlp written to /workspace/builds/worker-7-tc2/source/Cargo.toml
[INFO] validating manifest of git repo https://github.com/JoaquinFontaana/Rust-unlp on toolchain 8773d2c75a8e90130dcce745a7ec4e66bb9963db
[INFO] running `Command { std: CARGO_HOME="/workspace/cargo-home" RUSTUP_HOME="/workspace/rustup-home" "/workspace/cargo-home/bin/cargo" "+8773d2c75a8e90130dcce745a7ec4e66bb9963db" "metadata" "--manifest-path" "Cargo.toml" "--no-deps", kill_on_drop: false }`
[INFO] crate git repo https://github.com/JoaquinFontaana/Rust-unlp already has a lockfile, it will not be regenerated
[INFO] running `Command { std: CARGO_HOME="/workspace/cargo-home" RUSTUP_HOME="/workspace/rustup-home" "/workspace/cargo-home/bin/cargo" "+8773d2c75a8e90130dcce745a7ec4e66bb9963db" "fetch" "--manifest-path" "Cargo.toml", kill_on_drop: false }`
[INFO] [stderr]     Blocking waiting for file lock on package cache
[INFO] [stderr]     Blocking waiting for file lock on package cache
[ERROR] error running command: no output for 300 seconds
[INFO] checking JoaquinFontaana/Rust-unlp against 8773d2c75a8e90130dcce745a7ec4e66bb9963db+rustflags=-Aunfulfilled-lint-expectations for pr-163637
[INFO] running `Command { std: "git" "clone" "/workspace/cache/git-repos/https%3A%2F%2Fgithub.com%2FJoaquinFontaana%2FRust-unlp" "/workspace/builds/worker-7-tc2/source", kill_on_drop: false }`
[INFO] [stderr] Cloning into '/workspace/builds/worker-7-tc2/source'...
[INFO] [stderr] done.
[INFO] started tweaking git repo https://github.com/JoaquinFontaana/Rust-unlp
[INFO] finished tweaking git repo https://github.com/JoaquinFontaana/Rust-unlp
[INFO] tweaked toml for git repo https://github.com/JoaquinFontaana/Rust-unlp written to /workspace/builds/worker-7-tc2/source/Cargo.toml
[INFO] validating manifest of git repo https://github.com/JoaquinFontaana/Rust-unlp on toolchain 8773d2c75a8e90130dcce745a7ec4e66bb9963db
[INFO] running `Command { std: CARGO_HOME="/workspace/cargo-home" RUSTUP_HOME="/workspace/rustup-home" "/workspace/cargo-home/bin/cargo" "+8773d2c75a8e90130dcce745a7ec4e66bb9963db" "metadata" "--manifest-path" "Cargo.toml" "--no-deps", kill_on_drop: false }`
[INFO] crate git repo https://github.com/JoaquinFontaana/Rust-unlp already has a lockfile, it will not be regenerated
[INFO] running `Command { std: CARGO_HOME="/workspace/cargo-home" RUSTUP_HOME="/workspace/rustup-home" "/workspace/cargo-home/bin/cargo" "+8773d2c75a8e90130dcce745a7ec4e66bb9963db" "fetch" "--manifest-path" "Cargo.toml", kill_on_drop: false }`
[INFO] [stderr]     Blocking waiting for file lock on package cache
[INFO] [stderr]     Blocking waiting for file lock on package cache
[ERROR] error running command: no output for 300 seconds
[INFO] checking JoaquinFontaana/Rust-unlp against 8773d2c75a8e90130dcce745a7ec4e66bb9963db+rustflags=-Aunfulfilled-lint-expectations for pr-163637
[INFO] running `Command { std: "git" "clone" "/workspace/cache/git-repos/https%3A%2F%2Fgithub.com%2FJoaquinFontaana%2FRust-unlp" "/workspace/builds/worker-7-tc2/source", kill_on_drop: false }`
[INFO] [stderr] Cloning into '/workspace/builds/worker-7-tc2/source'...
[INFO] [stderr] done.
[INFO] started tweaking git repo https://github.com/JoaquinFontaana/Rust-unlp
[INFO] finished tweaking git repo https://github.com/JoaquinFontaana/Rust-unlp
[INFO] tweaked toml for git repo https://github.com/JoaquinFontaana/Rust-unlp written to /workspace/builds/worker-7-tc2/source/Cargo.toml
[INFO] validating manifest of git repo https://github.com/JoaquinFontaana/Rust-unlp on toolchain 8773d2c75a8e90130dcce745a7ec4e66bb9963db
[INFO] running `Command { std: CARGO_HOME="/workspace/cargo-home" RUSTUP_HOME="/workspace/rustup-home" "/workspace/cargo-home/bin/cargo" "+8773d2c75a8e90130dcce745a7ec4e66bb9963db" "metadata" "--manifest-path" "Cargo.toml" "--no-deps", kill_on_drop: false }`
[INFO] crate git repo https://github.com/JoaquinFontaana/Rust-unlp already has a lockfile, it will not be regenerated
[INFO] running `Command { std: CARGO_HOME="/workspace/cargo-home" RUSTUP_HOME="/workspace/rustup-home" "/workspace/cargo-home/bin/cargo" "+8773d2c75a8e90130dcce745a7ec4e66bb9963db" "fetch" "--manifest-path" "Cargo.toml", kill_on_drop: false }`
[INFO] [stderr]     Blocking waiting for file lock on package cache
[INFO] [stderr]     Blocking waiting for file lock on package cache
[ERROR] error running command: no output for 300 seconds
[INFO] checking JoaquinFontaana/Rust-unlp against 8773d2c75a8e90130dcce745a7ec4e66bb9963db+rustflags=-Aunfulfilled-lint-expectations for pr-163637
[INFO] running `Command { std: "git" "clone" "/workspace/cache/git-repos/https%3A%2F%2Fgithub.com%2FJoaquinFontaana%2FRust-unlp" "/workspace/builds/worker-7-tc2/source", kill_on_drop: false }`
[INFO] [stderr] Cloning into '/workspace/builds/worker-7-tc2/source'...
[INFO] [stderr] done.
[INFO] started tweaking git repo https://github.com/JoaquinFontaana/Rust-unlp
[INFO] finished tweaking git repo https://github.com/JoaquinFontaana/Rust-unlp
[INFO] tweaked toml for git repo https://github.com/JoaquinFontaana/Rust-unlp written to /workspace/builds/worker-7-tc2/source/Cargo.toml
[INFO] validating manifest of git repo https://github.com/JoaquinFontaana/Rust-unlp on toolchain 8773d2c75a8e90130dcce745a7ec4e66bb9963db
[INFO] running `Command { std: CARGO_HOME="/workspace/cargo-home" RUSTUP_HOME="/workspace/rustup-home" "/workspace/cargo-home/bin/cargo" "+8773d2c75a8e90130dcce745a7ec4e66bb9963db" "metadata" "--manifest-path" "Cargo.toml" "--no-deps", kill_on_drop: false }`
[INFO] crate git repo https://github.com/JoaquinFontaana/Rust-unlp already has a lockfile, it will not be regenerated
[INFO] running `Command { std: CARGO_HOME="/workspace/cargo-home" RUSTUP_HOME="/workspace/rustup-home" "/workspace/cargo-home/bin/cargo" "+8773d2c75a8e90130dcce745a7ec4e66bb9963db" "fetch" "--manifest-path" "Cargo.toml", kill_on_drop: false }`
[INFO] [stderr]     Blocking waiting for file lock on package cache
[INFO] [stderr]     Blocking waiting for file lock on package cache
[INFO] running `Command { std: "docker" "create" "-v" "/var/lib/crater-agent-workspace/builds/worker-7-tc2/source:/opt/rustwide/workdir:ro,Z" "-v" "/var/lib/crater-agent-workspace/builds/worker-7-tc2/target:/opt/rustwide/target:rw,Z" "-v" "/var/lib/crater-agent-workspace/cargo-home:/opt/rustwide/cargo-home:ro,Z" "-v" "/var/lib/crater-agent-workspace/rustup-home:/opt/rustwide/rustup-home:ro,Z" "-m" "1610612736" "--network" "none" "ghcr.io/rust-lang/crates-build-env/linux@sha256:77db811e55d90add9212f6832c23229e3de5f1c1f9905e8cb07319ea15df73ac" "sleep" "infinity", kill_on_drop: false }`
[INFO] [stdout] dfb0954a5b29d90ac3cb9633ca93972b24fb5013a72f51e0c3c7778bf4e8ada1
[INFO] running `Command { std: "docker" "start" "dfb0954a5b29d90ac3cb9633ca93972b24fb5013a72f51e0c3c7778bf4e8ada1", kill_on_drop: false }`
[INFO] running `Command { std: "docker" "inspect" "dfb0954a5b29d90ac3cb9633ca93972b24fb5013a72f51e0c3c7778bf4e8ada1", kill_on_drop: false }`
[INFO] running `Command { std: "docker" "exec" "-e" "SOURCE_DIR=/opt/rustwide/workdir" "-e" "CARGO_HOME=/opt/rustwide/cargo-home" "-e" "RUSTUP_HOME=/opt/rustwide/rustup-home" "-e" "CARGO_TARGET_DIR=/opt/rustwide/target" "-w" "/opt/rustwide/workdir" "--user" "0:0" "dfb0954a5b29d90ac3cb9633ca93972b24fb5013a72f51e0c3c7778bf4e8ada1" "/opt/rustwide/cargo-home/bin/cargo" "+8773d2c75a8e90130dcce745a7ec4e66bb9963db" "metadata" "--no-deps" "--format-version=1", kill_on_drop: false }`
[INFO] running `Command { std: "docker" "inspect" "dfb0954a5b29d90ac3cb9633ca93972b24fb5013a72f51e0c3c7778bf4e8ada1", kill_on_drop: false }`
[INFO] running `Command { std: "docker" "exec" "-e" "SOURCE_DIR=/opt/rustwide/workdir" "-e" "CARGO_HOME=/opt/rustwide/cargo-home" "-e" "RUSTUP_HOME=/opt/rustwide/rustup-home" "-e" "CARGO_TARGET_DIR=/opt/rustwide/target" "-e" "CARGO_INCREMENTAL=0" "-e" "RUST_BACKTRACE=full" "-e" "RUSTFLAGS=--cap-lints=forbid -Aunfulfilled-lint-expectations" "-e" "RUSTDOCFLAGS=--cap-lints=forbid" "-w" "/opt/rustwide/workdir" "--user" "0:0" "dfb0954a5b29d90ac3cb9633ca93972b24fb5013a72f51e0c3c7778bf4e8ada1" "/opt/rustwide/cargo-home/bin/cargo" "+8773d2c75a8e90130dcce745a7ec4e66bb9963db" "check" "--frozen" "--all" "--all-targets" "--message-format=json", kill_on_drop: false }`
[INFO] [stderr]    Compiling proc-macro2 v1.0.84
[INFO] [stderr]    Compiling libc v0.2.155
[INFO] [stderr]     Checking memchr v2.7.2
[INFO] [stderr]    Compiling thiserror v1.0.61
[INFO] [stderr]     Checking bitflags v2.5.0
[INFO] [stderr]    Compiling serde v1.0.203
[INFO] [stderr]     Checking log v0.4.21
[INFO] [stderr]     Checking fastrand v2.1.0
[INFO] [stderr]     Checking unicode-normalization v0.1.23
[INFO] [stderr]     Checking smallvec v1.13.2
[INFO] [stderr]     Checking futures-channel v0.3.30
[INFO] [stderr]     Checking tracing-core v0.1.32
[INFO] [stderr]     Checking gix-trace v0.1.9
[INFO] [stderr]    Compiling rustix v0.38.34
[INFO] [stderr]     Checking faster-hex v0.9.0
[INFO] [stderr]     Checking indexmap v2.2.6
[INFO] [stderr]     Checking prodash v28.0.0
[INFO] [stderr]     Checking sha1_smol v1.0.0
[INFO] [stderr]     Checking linux-raw-sys v0.4.14
[INFO] [stderr]    Compiling unicase v2.7.0
[INFO] [stderr]    Compiling time-macros v0.2.18
[INFO] [stderr]     Checking http v0.2.12
[INFO] [stderr]    Compiling num-traits v0.2.19
[INFO] [stderr]     Checking miniz_oxide v0.7.3
[INFO] [stderr]    Compiling semver v1.0.23
[INFO] [stderr]    Compiling syn v1.0.109
[INFO] [stderr]     Checking gix-utils v0.1.12
[INFO] [stderr]     Checking idna v0.5.0
[INFO] [stderr]     Checking aho-corasick v1.1.3
[INFO] [stderr]     Checking winnow v0.6.9
[INFO] [stderr]    Compiling mime_guess v2.0.4
[INFO] [stderr]    Compiling serde_json v1.0.117
[INFO] [stderr]    Compiling jobserver v0.1.31
[INFO] [stderr]     Checking iana-time-zone v0.1.60
[INFO] [stderr]     Checking flate2 v1.0.30
[INFO] [stderr]     Checking anstyle-parse v0.2.4
[INFO] [stderr]    Compiling cc v1.0.98
[INFO] [stderr]     Checking url v2.5.0
[INFO] [stderr]    Compiling quote v1.0.36
[INFO] [stderr]    Compiling indexmap v1.8.2
[INFO] [stderr]     Checking unicode-ident v1.0.12
[INFO] [stderr]     Checking is_terminal_polyfill v1.70.0
[INFO] [stderr]    Compiling syn v2.0.66
[INFO] [stderr]     Checking http-body v0.4.6
[INFO] [stderr]    Compiling anyhow v1.0.86
[INFO] [stderr]     Checking anstyle v1.0.7
[INFO] [stderr]     Checking anstyle-query v1.0.3
[INFO] [stderr]     Checking colorchoice v1.0.1
[INFO] [stderr]     Checking twox-hash v1.6.3
[INFO] [stderr]    Compiling rustc_version v0.4.0
[INFO] [stderr]    Compiling nix v0.28.0
[INFO] [stderr]     Checking anstream v0.6.14
[INFO] [stderr]     Checking regex-automata v0.4.6
[INFO] [stderr]     Checking chrono v0.4.38
[INFO] [stderr]    Compiling camino v1.1.7
[INFO] [stderr]     Checking regex-automata v0.1.10
[INFO] [stderr]     Checking crossbeam-epoch v0.9.18
[INFO] [stderr]     Checking gzip-header v1.0.0
[INFO] [stderr]    Compiling procfs v0.16.0
[INFO] [stderr]     Checking mio v0.8.11
[INFO] [stderr]     Checking socket2 v0.5.7
[INFO] [stderr]     Checking time v0.3.36
[INFO] [stderr]     Checking parking_lot_core v0.9.10
[INFO] [stderr]     Checking getrandom v0.2.15
[INFO] [stderr]     Checking memmap2 v0.9.4
[INFO] [stderr]     Checking clap_lex v0.7.0
[INFO] [stderr]     Checking parking_lot v0.12.3
[INFO] [stderr]     Checking md5 v0.7.0
[INFO] [stderr]     Checking hashbrown v0.11.2
[INFO] [stderr]    Compiling llvm_profparser v0.5.0
[INFO] [stderr]     Checking clap_builder v4.5.2
[INFO] [stderr]     Checking rand_core v0.6.4
[INFO] [stderr]     Checking nom v7.1.3
[INFO] [stderr]     Checking deflate v1.0.0
[INFO] [stderr]     Checking crossbeam-deque v0.8.5
[INFO] [stderr]     Checking gix-sec v0.10.6
[INFO] [stderr]    Compiling cargo-tarpaulin v0.30.0
[INFO] [stderr]     Checking matchers v0.1.0
[INFO] [stderr]     Checking sharded-slab v0.1.7
[INFO] [stderr]     Checking object v0.26.2
[INFO] [stderr]     Checking tracing-log v0.2.0
[INFO] [stderr]     Checking nibble_vec v0.1.0
[INFO] [stderr]     Checking thread_local v1.1.8
[INFO] [stderr]     Checking unicode-bom v2.0.3
[INFO] [stderr]     Checking leb128 v0.2.5
[INFO] [stderr]     Checking procfs-core v0.16.0
[INFO] [stderr]     Checking endian-type v0.1.2
[INFO] [stderr]     Checking stable_deref_trait v1.2.0
[INFO] [stderr]     Checking fallible-iterator v0.3.0
[INFO] [stderr]     Checking unicode-width v0.1.12
[INFO] [stderr]     Checking rand_chacha v0.3.1
[INFO] [stderr]     Checking radix_trie v0.2.1
[INFO] [stderr]    Compiling openssl-sys v0.9.102
[INFO] [stderr]    Compiling libz-sys v1.1.18
[INFO] [stderr]    Compiling libssh2-sys v0.3.0
[INFO] [stderr]    Compiling libgit2-sys v0.16.2+1.7.2
[INFO] [stderr]     Checking gimli v0.29.0
[INFO] [stderr]     Checking num_cpus v1.16.0
[INFO] [stderr]     Checking quick-xml v0.31.0
[INFO] [stderr]     Checking glob v0.3.1
[INFO] [stderr]     Checking dunce v1.0.4
[INFO] [stderr]     Checking normalize-path v0.2.1
[INFO] [stderr]    Compiling openssl v0.10.64
[INFO] [stderr]    Compiling native-tls v0.2.12
[INFO] [stderr]     Checking rand v0.8.5
[INFO] [stderr] error: could not compile `rustix` (lib)
[INFO] [stderr] 
[INFO] [stderr] Caused by:
[INFO] [stderr]   process didn't exit successfully: `/opt/rustwide/rustup-home/toolchains/8773d2c75a8e90130dcce745a7ec4e66bb9963db/bin/rustc --crate-name rustix --edition=2021 /opt/rustwide/cargo-home/registry/src/index.crates.io-1949cf8c6b5b557f/rustix-0.38.34/src/lib.rs --error-format=json --json=diagnostic-rendered-ansi,artifacts,future-incompat,unused-externs-silent --crate-type lib --emit=dep-info,metadata -C embed-bitcode=no -C debuginfo=2 --cfg 'feature="alloc"' --cfg 'feature="default"' --cfg 'feature="fs"' --cfg 'feature="libc-extra-traits"' --cfg 'feature="param"' --cfg 'feature="process"' --cfg 'feature="std"' --cfg 'feature="system"' --cfg 'feature="thread"' --cfg 'feature="use-libc-auxv"' --check-cfg 'cfg(docsrs,test)' --check-cfg 'cfg(feature, values("all-apis", "alloc", "cc", "default", "event", "fs", "io_uring", "itoa", "libc", "libc-extra-traits", "libc_errno", "linux_4_11", "linux_latest", "mm", "mount", "net", "once_cell", "param", "pipe", "process", "procfs", "pty", "rand", "runtime", "rustc-dep-of-std", "shm", "std", "stdio", "system", "termios", "thread", "time", "use-explicitly-provided-auxv", "use-libc", "use-libc-auxv"))' -C metadata=e6e24b9aca8268c4 -C extra-filename=-c17c64197a73af43 --out-dir /opt/rustwide/target/debug/build/rustix/c17c64197a73af43/out --extern bitflags=/opt/rustwide/target/debug/build/bitflags/4037d2ca019eb5d8/out/libbitflags-4037d2ca019eb5d8.rmeta --extern linux_raw_sys=/opt/rustwide/target/debug/build/linux-raw-sys/1561086d977e7eb8/out/liblinux_raw_sys-1561086d977e7eb8.rmeta --cap-lints allow --cap-lints=forbid -Aunfulfilled-lint-expectations --force-warn=unused_crate_dependencies --cfg static_assertions --cfg linux_raw --cfg linux_like --cfg linux_kernel` (signal: 9, SIGKILL: kill)
[INFO] [stderr] warning: build failed, waiting for other jobs to finish...
[INFO] [stderr] error: could not compile `syn` (lib)
[INFO] [stderr] 
[INFO] [stderr] Caused by:
[INFO] [stderr]   process didn't exit successfully: `/opt/rustwide/rustup-home/toolchains/8773d2c75a8e90130dcce745a7ec4e66bb9963db/bin/rustc --crate-name syn --edition=2018 /opt/rustwide/cargo-home/registry/src/index.crates.io-1949cf8c6b5b557f/syn-1.0.109/src/lib.rs --error-format=json --json=diagnostic-rendered-ansi,artifacts,future-incompat,unused-externs-silent --crate-type lib --emit=dep-info,metadata,link -Z embed-metadata=no -C embed-bitcode=no --cfg 'feature="clone-impls"' --cfg 'feature="default"' --cfg 'feature="derive"' --cfg 'feature="extra-traits"' --cfg 'feature="parsing"' --cfg 'feature="printing"' --cfg 'feature="proc-macro"' --cfg 'feature="quote"' --check-cfg 'cfg(docsrs,test)' --check-cfg 'cfg(feature, values("clone-impls", "default", "derive", "extra-traits", "fold", "full", "parsing", "printing", "proc-macro", "quote", "test", "visit", "visit-mut"))' -C metadata=bd028d5f5db934ef -C extra-filename=-6cf68a702ee90793 --out-dir /opt/rustwide/target/debug/build/syn/6cf68a702ee90793/out -L dependency=/opt/rustwide/target/debug/build/proc-macro2/0d9a2800ef48ef36/out -L dependency=/opt/rustwide/target/debug/build/unicode-ident/d76b7e5baba4b33d/out --extern proc_macro2=/opt/rustwide/target/debug/build/proc-macro2/0d9a2800ef48ef36/out/libproc_macro2-0d9a2800ef48ef36.rmeta --extern quote=/opt/rustwide/target/debug/build/quote/f02de5707ba833ff/out/libquote-f02de5707ba833ff.rmeta --extern unicode_ident=/opt/rustwide/target/debug/build/unicode-ident/d76b7e5baba4b33d/out/libunicode_ident-d76b7e5baba4b33d.rmeta --cap-lints allow --cap-lints=forbid -Aunfulfilled-lint-expectations --force-warn=unused_crate_dependencies` (signal: 9, SIGKILL: kill)
[INFO] running `Command { std: "docker" "inspect" "dfb0954a5b29d90ac3cb9633ca93972b24fb5013a72f51e0c3c7778bf4e8ada1", kill_on_drop: false }`
[INFO] running `Command { std: "docker" "rm" "-f" "dfb0954a5b29d90ac3cb9633ca93972b24fb5013a72f51e0c3c7778bf4e8ada1", kill_on_drop: false }`
[INFO] [stdout] dfb0954a5b29d90ac3cb9633ca93972b24fb5013a72f51e0c3c7778bf4e8ada1
