[INFO] cloning repository https://github.com/EasyIndie/easybot-hello-adapter
[INFO] running `Command { std: "git" "-c" "credential.helper=" "-c" "credential.helper=/workspace/cargo-home/bin/git-credential-null" "clone" "--bare" "https://github.com/EasyIndie/easybot-hello-adapter" "/workspace/cache/git-repos/https%3A%2F%2Fgithub.com%2FEasyIndie%2Feasybot-hello-adapter", kill_on_drop: false }`
[INFO] [stderr] Cloning into bare repository '/workspace/cache/git-repos/https%3A%2F%2Fgithub.com%2FEasyIndie%2Feasybot-hello-adapter'...
[INFO] running `Command { std: "git" "rev-parse" "HEAD", kill_on_drop: false }`
[INFO] [stdout] 2d4ba0690b86bcd1529f4e405eaf8626f340518a
[INFO] checking EasyIndie/easybot-hello-adapter against 8d1a76430406c877b35d0b627e7f796dcf0dfeca+rustflags=-Aunfulfilled-lint-expectations for pr-163637
[INFO] running `Command { std: "git" "clone" "/workspace/cache/git-repos/https%3A%2F%2Fgithub.com%2FEasyIndie%2Feasybot-hello-adapter" "/workspace/builds/worker-0-tc1/source", kill_on_drop: false }`
[INFO] [stderr] Cloning into '/workspace/builds/worker-0-tc1/source'...
[INFO] [stderr] done.
[INFO] removed /workspace/builds/worker-0-tc1/source/.cargo/config.toml
[INFO] started tweaking git repo https://github.com/EasyIndie/easybot-hello-adapter
[INFO] finished tweaking git repo https://github.com/EasyIndie/easybot-hello-adapter
[INFO] tweaked toml for git repo https://github.com/EasyIndie/easybot-hello-adapter written to /workspace/builds/worker-0-tc1/source/Cargo.toml
[INFO] validating manifest of git repo https://github.com/EasyIndie/easybot-hello-adapter on toolchain 8d1a76430406c877b35d0b627e7f796dcf0dfeca
[INFO] running `Command { std: CARGO_HOME="/workspace/cargo-home" RUSTUP_HOME="/workspace/rustup-home" "/workspace/cargo-home/bin/cargo" "+8d1a76430406c877b35d0b627e7f796dcf0dfeca" "metadata" "--manifest-path" "Cargo.toml" "--no-deps", kill_on_drop: false }`
[INFO] running `Command { std: CARGO_HOME="/workspace/cargo-home" RUSTUP_HOME="/workspace/rustup-home" "/workspace/cargo-home/bin/cargo" "+8d1a76430406c877b35d0b627e7f796dcf0dfeca" "generate-lockfile" "--manifest-path" "Cargo.toml", kill_on_drop: false }`
[INFO] [stderr]     Blocking waiting for file lock on package cache
[INFO] [stderr]     Updating git repository `https://github.com/EasyIndie/EasyBot`
[INFO] [stderr]     Updating crates.io index
[INFO] [stderr]      Locking 295 packages to highest Rust 1.94 compatible versions
[INFO] [stderr]       Adding crypto-common v0.1.6 (available: v0.1.7)
[INFO] [stderr]       Adding sysinfo v0.39.6 (requires Rust 1.95)
[INFO] running `Command { std: CARGO_HOME="/workspace/cargo-home" RUSTUP_HOME="/workspace/rustup-home" "/workspace/cargo-home/bin/cargo" "+8d1a76430406c877b35d0b627e7f796dcf0dfeca" "fetch" "--manifest-path" "Cargo.toml", kill_on_drop: false }`
[INFO] [stderr]  Downloading crates ...
[INFO] [stderr]   Downloaded utoipa v6.0.0
[INFO] [stderr]   Downloaded utoipa-gen v6.0.1
[INFO] [stderr]   Downloaded objc2-open-directory v0.3.2
[INFO] [stderr]   Downloaded uuid v1.28.0
[INFO] [stderr]   Downloaded sysinfo v0.39.6
[INFO] [stderr]   Downloaded sha2 v0.11.1
[INFO] [stderr]   Downloaded ctutils v0.4.3
[INFO] [stderr]   Downloaded hybrid-array v0.4.15
[INFO] [stderr]   Downloaded crossbeam-queue v0.3.14
[INFO] [stderr]   Downloaded whoami v2.1.3
[INFO] [stderr]   Downloaded unicode-normalization v0.1.26
[INFO] [stderr]   Downloaded serde_norway v0.9.42
[INFO] [stderr]   Downloaded unsafe-libyaml-norway v0.2.15
[INFO] [stderr]   Downloaded webpki-root-certs v1.0.10
[INFO] [stderr]   Downloaded rustls-platform-verifier-android v0.2.0
[INFO] [stderr]   Downloaded schannel v0.1.30
[INFO] [stderr]   Downloaded unicase v2.10.0
[INFO] [stderr]   Downloaded der v0.8.2
[INFO] [stderr]   Downloaded ed25519 v3.0.0
[INFO] [stderr]   Downloaded signature v3.0.0
[INFO] [stderr]   Downloaded spki v0.8.1
[INFO] [stderr]   Downloaded ed25519-dalek v3.0.0
[INFO] [stderr]   Downloaded pkcs8 v0.11.0
[INFO] [stderr]   Downloaded dirs v7.0.0
[INFO] [stderr]   Downloaded curve25519-dalek v5.0.0
[INFO] [stderr]   Downloaded fiat-crypto v0.3.0
[INFO] [stderr]   Downloaded phc v0.6.1
[INFO] [stderr]   Downloaded blake2 v0.11.0
[INFO] [stderr]   Downloaded redox_users v0.5.3
[INFO] [stderr]   Downloaded password-hash v0.6.1
[INFO] [stderr]   Downloaded argon2 v0.6.0
[INFO] running `Command { std: "docker" "create" "-v" "/var/lib/crater-agent-workspace/builds/worker-0-tc1/source:/opt/rustwide/workdir:ro,Z" "-v" "/var/lib/crater-agent-workspace/builds/worker-0-tc1/target:/opt/rustwide/target:rw,Z" "-v" "/var/lib/crater-agent-workspace/cargo-home:/opt/rustwide/cargo-home:ro,Z" "-v" "/var/lib/crater-agent-workspace/rustup-home:/opt/rustwide/rustup-home:ro,Z" "-m" "1610612736" "--network" "none" "ghcr.io/rust-lang/crates-build-env/linux@sha256:77db811e55d90add9212f6832c23229e3de5f1c1f9905e8cb07319ea15df73ac" "sleep" "infinity", kill_on_drop: false }`
[INFO] [stdout] 0c623d4086af1203801060898d488ed36a18a968ba015d459bdd6fb12caf75d1
[INFO] running `Command { std: "docker" "start" "0c623d4086af1203801060898d488ed36a18a968ba015d459bdd6fb12caf75d1", kill_on_drop: false }`
[INFO] running `Command { std: "docker" "inspect" "0c623d4086af1203801060898d488ed36a18a968ba015d459bdd6fb12caf75d1", kill_on_drop: false }`
[INFO] running `Command { std: "docker" "exec" "-e" "SOURCE_DIR=/opt/rustwide/workdir" "-e" "CARGO_HOME=/opt/rustwide/cargo-home" "-e" "RUSTUP_HOME=/opt/rustwide/rustup-home" "-e" "CARGO_TARGET_DIR=/opt/rustwide/target" "-w" "/opt/rustwide/workdir" "--user" "0:0" "0c623d4086af1203801060898d488ed36a18a968ba015d459bdd6fb12caf75d1" "/opt/rustwide/cargo-home/bin/cargo" "+8d1a76430406c877b35d0b627e7f796dcf0dfeca" "metadata" "--no-deps" "--format-version=1", kill_on_drop: false }`
[INFO] running `Command { std: "docker" "inspect" "0c623d4086af1203801060898d488ed36a18a968ba015d459bdd6fb12caf75d1", kill_on_drop: false }`
[INFO] running `Command { std: "docker" "exec" "-e" "SOURCE_DIR=/opt/rustwide/workdir" "-e" "CARGO_HOME=/opt/rustwide/cargo-home" "-e" "RUSTUP_HOME=/opt/rustwide/rustup-home" "-e" "CARGO_TARGET_DIR=/opt/rustwide/target" "-e" "CARGO_INCREMENTAL=0" "-e" "RUST_BACKTRACE=full" "-e" "RUSTFLAGS=--cap-lints=forbid -Aunfulfilled-lint-expectations" "-e" "RUSTDOCFLAGS=--cap-lints=forbid" "-w" "/opt/rustwide/workdir" "--user" "0:0" "0c623d4086af1203801060898d488ed36a18a968ba015d459bdd6fb12caf75d1" "/opt/rustwide/cargo-home/bin/cargo" "+8d1a76430406c877b35d0b627e7f796dcf0dfeca" "check" "--frozen" "--all" "--all-targets" "--message-format=json", kill_on_drop: false }`
[INFO] [stderr]    Compiling unicode-ident v1.0.27
[INFO] [stderr]    Compiling serde_core v1.0.229
[INFO] [stderr]    Compiling find-msvc-tools v0.1.15
[INFO] [stderr]    Compiling libc v0.2.191
[INFO] [stderr]     Checking typenum v1.20.1
[INFO] [stderr]     Checking cfg-if v1.0.5
[INFO] [stderr]    Compiling stable_deref_trait v1.2.1
[INFO] [stderr]    Compiling proc-macro2 v1.0.107
[INFO] [stderr]    Compiling num-traits v0.2.19
[INFO] [stderr]     Checking futures-sink v0.3.34
[INFO] [stderr]     Checking errno v0.3.14
[INFO] [stderr]    Compiling serde_json v1.0.154
[INFO] [stderr]     Checking const-oid v0.10.2
[INFO] [stderr]     Checking signal-hook-registry v1.4.8
[INFO] [stderr]     Checking socket2 v0.6.5
[INFO] [stderr]     Checking mio v1.2.4
[INFO] [stderr]    Compiling quote v1.0.47
[INFO] [stderr]     Checking cmov v0.5.4
[INFO] [stderr]    Compiling writeable v0.6.4
[INFO] [stderr]    Compiling syn v3.0.9
[INFO] [stderr]    Compiling syn v2.0.119
[INFO] [stderr]     Checking ctutils v0.4.3
[INFO] [stderr]    Compiling jobserver v0.1.35
[INFO] [stderr]    Compiling litemap v0.8.3
[INFO] [stderr]    Compiling cc v1.9.0
[INFO] [stderr]     Checking futures-channel v0.3.34
[INFO] [stderr]     Checking futures-task v0.3.34
[INFO] [stderr]    Compiling futures-core v0.3.34
[INFO] [stderr]    Compiling pin-project-lite v0.2.17
[INFO] [stderr]    Compiling fs_extra v1.3.0
[INFO] [stderr]     Checking hybrid-array v0.4.15
[INFO] [stderr]     Checking futures-io v0.3.34
[INFO] [stderr]    Compiling dunce v1.0.5
[INFO] [stderr]     Checking zeroize v1.9.1
[INFO] [stderr]    Compiling lock_api v0.4.14
[INFO] [stderr]    Compiling generic-array v0.14.9
[INFO] [stderr]     Checking crypto-common v0.2.2
[INFO] [stderr]    Compiling cmake v0.1.58
[INFO] [stderr]     Checking block-buffer v0.12.1
[INFO] [stderr]    Compiling icu_properties_data v2.3.0
[INFO] [stderr]    Compiling icu_normalizer_data v2.3.0
[INFO] [stderr]     Checking digest v0.11.3
[INFO] [stderr]     Checking getrandom v0.4.3
[INFO] [stderr]    Compiling equivalent v1.0.3
[INFO] [stderr]    Compiling aws-lc-rs v1.18.2
[INFO] [stderr]    Compiling crossbeam-utils v0.8.23
[INFO] [stderr]     Checking log v0.4.34
[INFO] [stderr]    Compiling aws-lc-sys v0.46.0
[INFO] [stderr]    Compiling crypto-common v0.1.6
[INFO] [stderr]    Compiling block-buffer v0.10.4
[INFO] [stderr]    Compiling slab v0.4.12
[INFO] [stderr]    Compiling once_cell v1.21.4
[INFO] [stderr]    Compiling allocator-api2 v0.2.21
[INFO] [stderr]     Checking cpufeatures v0.3.1
[INFO] [stderr]    Compiling bytes v1.12.1
[INFO] [stderr]    Compiling percent-encoding v2.3.2
[INFO] [stderr]    Compiling thiserror v2.0.21
[INFO] [stderr]    Compiling form_urlencoded v1.2.2
[INFO] [stderr]    Compiling tracing-core v0.1.36
[INFO] [stderr]    Compiling futures-util v0.3.34
[INFO] [stderr]    Compiling hashbrown v0.16.1
[INFO] [stderr]    Compiling tokio v1.54.0
[INFO] [stderr]    Compiling digest v0.10.7
[INFO] [stderr]     Checking rustls-pki-types v1.15.1
[INFO] [stderr]    Compiling synstructure v0.14.0
[INFO] [stderr]    Compiling crc-catalog v2.5.0
[INFO] [stderr]    Compiling hashbrown v0.17.1
[INFO] [stderr]    Compiling iana-time-zone v0.1.65
[INFO] [stderr]     Checking subtle v2.6.1
[INFO] [stderr]    Compiling parking v2.2.1
[INFO] [stderr]    Compiling rand_core v0.10.1
[INFO] [stderr]     Checking indexmap v2.14.2
[INFO] [stderr]    Compiling event-listener v5.4.2
[INFO] [stderr]    Compiling tracing-attributes v0.1.31
[INFO] [stderr]    Compiling chrono v0.4.45
[INFO] [stderr]    Compiling serde_derive v1.0.229
[INFO] [stderr]    Compiling zerofrom-derive v0.1.8
[INFO] [stderr]    Compiling yoke-derive v0.8.4
[INFO] [stderr]    Compiling zerovec-derive v0.11.6
[INFO] [stderr]    Compiling displaydoc v0.2.7
[INFO] [stderr]     Checking zerofrom v0.1.8
[INFO] [stderr]    Compiling tokio-macros v2.7.2
[INFO] [stderr]     Checking yoke v0.8.3
[INFO] [stderr]    Compiling futures-macro v0.3.34
[INFO] [stderr]    Compiling thiserror-impl v2.0.21
[INFO] [stderr]     Checking zerovec v0.11.8
[INFO] [stderr]    Compiling zerotrie v0.2.5
[INFO] [stderr]     Checking tinystr v0.8.4
[INFO] [stderr]     Checking potential_utf v0.1.6
[INFO] [stderr]     Checking icu_locale_core v2.3.0
[INFO] [stderr]     Checking icu_collections v2.3.0
[INFO] [stderr]     Checking tracing v0.1.44
[INFO] [stderr]    Compiling tokio-stream v0.1.19
[INFO] [stderr]     Checking icu_provider v2.3.1
[INFO] [stderr]     Checking icu_properties v2.3.0
[INFO] [stderr]     Checking serde v1.0.229
[INFO] [stderr]    Compiling sha2 v0.10.9
[INFO] [stderr]    Compiling crc v3.4.0
[INFO] [stderr]     Checking smallvec v1.16.3
[INFO] [stderr]    Compiling crossbeam-queue v0.3.14
[INFO] [stderr]    Compiling hashlink v0.11.1
[INFO] [stderr]     Checking icu_normalizer v2.3.0
[INFO] [stderr]     Checking parking_lot_core v0.9.12
[INFO] [stderr]    Compiling either v1.19.0
[INFO] [stderr]     Checking idna_adapter v1.2.2
[INFO] [stderr]     Checking idna v1.1.0
[INFO] [stderr]    Compiling parking_lot v0.12.5
[INFO] [stderr]     Checking url v2.5.8
[INFO] [stderr]    Compiling libsqlite3-sys v0.37.0
[INFO] [stderr]    Compiling futures-intrusive v0.5.0
[INFO] [stderr]    Compiling tinyvec v1.13.3
[INFO] [stderr]    Compiling rustls v0.23.46
[INFO] [stderr]    Compiling uuid v1.28.0
[INFO] [stderr]    Compiling base64 v0.22.1
[INFO] [stderr]    Compiling unicode-normalization v0.1.26
[INFO] [stderr]    Compiling chacha20 v0.10.2
[INFO] [stderr]    Compiling atoi v2.0.0
[INFO] [stderr]    Compiling hmac v0.13.0
[INFO] [stderr]     Checking tokio-util v0.7.20
[INFO] [stderr]    Compiling spin v0.9.9
[INFO] [stderr]    Compiling unicode-properties v0.1.4
[INFO] [stderr]    Compiling unicode-bidi v0.3.18
[INFO] [stderr]    Compiling flume v0.12.0
[INFO] [stderr]    Compiling sqlx-core v0.9.0
[INFO] [stderr]     Checking want v0.3.2
[INFO] [stderr]    Compiling stringprep v0.1.5
[INFO] [stderr]    Compiling hkdf v0.13.0
[INFO] [stderr]    Compiling rand v0.10.3
[INFO] [stderr]    Compiling futures-executor v0.3.34
[INFO] [stderr]    Compiling sha2 v0.11.1
[INFO] [stderr]    Compiling md-5 v0.11.0
[INFO] [stderr]     Checking der v0.8.2
[INFO] [stderr]    Compiling unicase v2.10.0
[INFO] [stderr]    Compiling whoami v2.1.3
[INFO] [stderr]     Checking bitflags v2.13.2
[INFO] [stderr]    Compiling dotenvy v0.15.7
[INFO] [stderr]    Compiling mime_guess v2.0.5
[INFO] [stderr]     Checking hyper v1.12.0
[INFO] [stderr]     Checking spki v0.8.1
[INFO] [stderr]    Compiling curve25519-dalek v5.0.0
[INFO] [stderr]     Checking ipnet v2.12.2
[INFO] [stderr]     Checking base64ct v1.8.3
[INFO] [stderr]     Checking openssl-probe v0.2.1
[INFO] [stderr]     Checking base64 v0.23.1
[INFO] [stderr]     Checking tower v0.5.3
[INFO] [stderr]     Checking phc v0.6.1
[INFO] [stderr]     Checking rustls-native-certs v0.8.5
[INFO] [stderr]     Checking hyper-util v0.1.21
[INFO] [stderr]     Checking pkcs8 v0.11.0
[INFO] [stderr]    Compiling curve25519-dalek-derive v0.1.1
[INFO] [stderr]    Compiling sqlx-postgres v0.9.0
[INFO] [stderr]     Checking aho-corasick v1.1.5
[INFO] [stderr]     Checking signature v3.0.0
[INFO] [stderr]     Checking regex-syntax v0.8.11
[INFO] [stderr]     Checking dirs-sys v0.5.0
[INFO] [stderr]     Checking ed25519 v3.0.0
[INFO] [stderr]     Checking tower-http v0.6.11
[INFO] [stderr]     Checking password-hash v0.6.1
[INFO] [stderr]    Compiling utoipa-gen v6.0.1
[INFO] [stderr]     Checking blake2 v0.11.0
[INFO] [stderr]     Checking unsafe-libyaml-norway v0.2.15
[INFO] [stderr]     Checking regex-automata v0.4.18
[INFO] [stderr]     Checking serde_norway v0.9.42
[INFO] [stderr] warning: libsqlite3-sys@0.37.0: cc: fatal error: Killed signal terminated program cc1
[INFO] [stderr] warning: libsqlite3-sys@0.37.0: compilation terminated.
[INFO] [stderr] error: failed to run custom build command for `libsqlite3-sys v0.37.0`
[INFO] [stderr] note: To improve backtraces for build dependencies, set the CARGO_PROFILE_DEV_BUILD_OVERRIDE_DEBUG=true environment variable to enable debug information generation.
[INFO] [stderr] 
[INFO] [stderr] Caused by:
[INFO] [stderr]   process didn't exit successfully: `/opt/rustwide/target/debug/build/libsqlite3-sys/21dd96945bfc233f/out/build_script_build` (exit status: 1)
[INFO] [stderr]   --- stdout
[INFO] [stderr]   cargo:rerun-if-env-changed=LIBSQLITE3_SYS_USE_PKG_CONFIG
[INFO] [stderr]   cargo:include=/opt/rustwide/cargo-home/registry/src/index.crates.io-1949cf8c6b5b557f/libsqlite3-sys-0.37.0/sqlite3
[INFO] [stderr]   cargo:rerun-if-changed=sqlite3/sqlite3.c
[INFO] [stderr]   cargo:rerun-if-changed=sqlite3/wasm32-wasi-vfs.c
[INFO] [stderr]   cargo:rerun-if-env-changed=SQLITE_MAX_VARIABLE_NUMBER
[INFO] [stderr]   cargo:rerun-if-env-changed=SQLITE_MAX_EXPR_DEPTH
[INFO] [stderr]   cargo:rerun-if-env-changed=SQLITE_MAX_COLUMN
[INFO] [stderr]   cargo:rerun-if-env-changed=LIBSQLITE3_FLAGS
[INFO] [stderr]   cargo:rerun-if-env-changed=CC_FORCE_DISABLE
[INFO] [stderr]   CC_FORCE_DISABLE = None
[INFO] [stderr]   cargo:rerun-if-env-changed=CC_x86_64-unknown-linux-gnu
[INFO] [stderr]   CC_x86_64-unknown-linux-gnu = None
[INFO] [stderr]   cargo:rerun-if-env-changed=CC_x86_64_unknown_linux_gnu
[INFO] [stderr]   CC_x86_64_unknown_linux_gnu = None
[INFO] [stderr]   cargo:rerun-if-env-changed=HOST_CC
[INFO] [stderr]   HOST_CC = None
[INFO] [stderr]   cargo:rerun-if-env-changed=CC
[INFO] [stderr]   CC = None
[INFO] [stderr]   cargo:rerun-if-env-changed=CC_ENABLE_DEBUG_OUTPUT
[INFO] [stderr]   cargo:rerun-if-env-changed=CPATH
[INFO] [stderr]   cargo:rerun-if-env-changed=C_INCLUDE_PATH
[INFO] [stderr]   cargo:rerun-if-env-changed=CPLUS_INCLUDE_PATH
[INFO] [stderr]   cargo:rerun-if-env-changed=OBJC_INCLUDE_PATH
[INFO] [stderr]   cargo:rerun-if-env-changed=OBJCPLUS_INCLUDE_PATH
[INFO] [stderr]   cargo:rerun-if-env-changed=COMPILER_PATH
[INFO] [stderr]   cargo:rerun-if-env-changed=SOURCE_DATE_EPOCH
[INFO] [stderr]   cargo:rerun-if-env-changed=GCC_EXEC_PREFIX
[INFO] [stderr]   cargo:rerun-if-env-changed=CRATE_CC_NO_DEFAULTS
[INFO] [stderr]   CRATE_CC_NO_DEFAULTS = None
[INFO] [stderr]   cargo:rerun-if-env-changed=CFLAGS
[INFO] [stderr]   CFLAGS = None
[INFO] [stderr]   cargo:rerun-if-env-changed=HOST_CFLAGS
[INFO] [stderr]   HOST_CFLAGS = None
[INFO] [stderr]   cargo:rerun-if-env-changed=CFLAGS_x86_64_unknown_linux_gnu
[INFO] [stderr]   CFLAGS_x86_64_unknown_linux_gnu = None
[INFO] [stderr]   cargo:rerun-if-env-changed=CFLAGS_x86_64-unknown-linux-gnu
[INFO] [stderr]   CFLAGS_x86_64-unknown-linux-gnu = None
[INFO] [stderr]   cargo:warning=cc: fatal error: Killed signal terminated program cc1
[INFO] [stderr]   cargo:warning=compilation terminated.
[INFO] [stderr] 
[INFO] [stderr]   --- stderr
[INFO] [stderr] 
[INFO] [stderr] 
[INFO] [stderr]   error occurred in cc-rs: command did not execute successfully (status code exit status: 1): "cc" "-O0" "-ffunction-sections" "-fdata-sections" "-fPIC" "-m64" "-w" "-DSQLITE_CORE" "-DSQLITE_DEFAULT_FOREIGN_KEYS=1" "-DSQLITE_ENABLE_API_ARMOR" "-DSQLITE_ENABLE_COLUMN_METADATA" "-DSQLITE_ENABLE_DBSTAT_VTAB" "-DSQLITE_ENABLE_FTS3" "-DSQLITE_ENABLE_FTS3_PARENTHESIS" "-DSQLITE_ENABLE_FTS5" "-DSQLITE_ENABLE_JSON1" "-DSQLITE_ENABLE_LOAD_EXTENSION=1" "-DSQLITE_ENABLE_MEMORY_MANAGEMENT" "-DSQLITE_ENABLE_RTREE" "-DSQLITE_ENABLE_STAT4" "-DSQLITE_SOUNDEX" "-DSQLITE_THREADSAFE=1" "-DSQLITE_USE_URI" "-DHAVE_USLEEP=1" "-DHAVE_ISNAN" "-D_POSIX_THREAD_SAFE_FUNCTIONS" "-DHAVE_LOCALTIME_R" "-o" "/opt/rustwide/target/debug/build/libsqlite3-sys/930b342c83e694a2/out/8017ddc1302f104c-sqlite3.o" "-c" "sqlite3/sqlite3.c"
[INFO] [stderr] 
[INFO] [stderr] 
[INFO] [stderr] warning: build failed, waiting for other jobs to finish...
[INFO] [stderr] warning: libsqlite3-sys@0.37.0: cc: fatal error: Killed signal terminated program cc1
[INFO] [stderr] warning: libsqlite3-sys@0.37.0: compilation terminated.
[INFO] [stderr] error: failed to run custom build command for `libsqlite3-sys v0.37.0`
[INFO] [stderr] note: To improve backtraces for build dependencies, set the CARGO_PROFILE_DEV_BUILD_OVERRIDE_DEBUG=true environment variable to enable debug information generation.
[INFO] [stderr] 
[INFO] [stderr] Caused by:
[INFO] [stderr]   process didn't exit successfully: `/opt/rustwide/target/debug/build/libsqlite3-sys/0ec85c631b177799/out/build_script_build` (exit status: 1)
[INFO] [stderr]   --- stdout
[INFO] [stderr]   cargo:rerun-if-env-changed=LIBSQLITE3_SYS_USE_PKG_CONFIG
[INFO] [stderr]   cargo:include=/opt/rustwide/cargo-home/registry/src/index.crates.io-1949cf8c6b5b557f/libsqlite3-sys-0.37.0/sqlite3
[INFO] [stderr]   cargo:rerun-if-changed=sqlite3/sqlite3.c
[INFO] [stderr]   cargo:rerun-if-changed=sqlite3/wasm32-wasi-vfs.c
[INFO] [stderr]   cargo:rerun-if-env-changed=SQLITE_MAX_VARIABLE_NUMBER
[INFO] [stderr]   cargo:rerun-if-env-changed=SQLITE_MAX_EXPR_DEPTH
[INFO] [stderr]   cargo:rerun-if-env-changed=SQLITE_MAX_COLUMN
[INFO] [stderr]   cargo:rerun-if-env-changed=LIBSQLITE3_FLAGS
[INFO] [stderr]   cargo:rerun-if-env-changed=CC_FORCE_DISABLE
[INFO] [stderr]   CC_FORCE_DISABLE = None
[INFO] [stderr]   cargo:rerun-if-env-changed=CC_x86_64-unknown-linux-gnu
[INFO] [stderr]   CC_x86_64-unknown-linux-gnu = None
[INFO] [stderr]   cargo:rerun-if-env-changed=CC_x86_64_unknown_linux_gnu
[INFO] [stderr]   CC_x86_64_unknown_linux_gnu = None
[INFO] [stderr]   cargo:rerun-if-env-changed=HOST_CC
[INFO] [stderr]   HOST_CC = None
[INFO] [stderr]   cargo:rerun-if-env-changed=CC
[INFO] [stderr]   CC = None
[INFO] [stderr]   cargo:rerun-if-env-changed=CC_ENABLE_DEBUG_OUTPUT
[INFO] [stderr]   cargo:rerun-if-env-changed=CPATH
[INFO] [stderr]   cargo:rerun-if-env-changed=C_INCLUDE_PATH
[INFO] [stderr]   cargo:rerun-if-env-changed=CPLUS_INCLUDE_PATH
[INFO] [stderr]   cargo:rerun-if-env-changed=OBJC_INCLUDE_PATH
[INFO] [stderr]   cargo:rerun-if-env-changed=OBJCPLUS_INCLUDE_PATH
[INFO] [stderr]   cargo:rerun-if-env-changed=COMPILER_PATH
[INFO] [stderr]   cargo:rerun-if-env-changed=SOURCE_DATE_EPOCH
[INFO] [stderr]   cargo:rerun-if-env-changed=GCC_EXEC_PREFIX
[INFO] [stderr]   cargo:rerun-if-env-changed=CRATE_CC_NO_DEFAULTS
[INFO] [stderr]   CRATE_CC_NO_DEFAULTS = None
[INFO] [stderr]   CRATE_CC_NO_DEFAULTS = None
[INFO] [stderr]   cargo:rerun-if-env-changed=CFLAGS
[INFO] [stderr]   CFLAGS = None
[INFO] [stderr]   cargo:rerun-if-env-changed=HOST_CFLAGS
[INFO] [stderr]   HOST_CFLAGS = None
[INFO] [stderr]   cargo:rerun-if-env-changed=CFLAGS_x86_64_unknown_linux_gnu
[INFO] [stderr]   CFLAGS_x86_64_unknown_linux_gnu = None
[INFO] [stderr]   cargo:rerun-if-env-changed=CFLAGS_x86_64-unknown-linux-gnu
[INFO] [stderr]   CFLAGS_x86_64-unknown-linux-gnu = None
[INFO] [stderr]   CFLAGS = None
[INFO] [stderr]   HOST_CFLAGS = None
[INFO] [stderr]   CFLAGS_x86_64_unknown_linux_gnu = None
[INFO] [stderr]   CFLAGS_x86_64-unknown-linux-gnu = None
[INFO] [stderr]   cargo:warning=cc: fatal error: Killed signal terminated program cc1
[INFO] [stderr]   cargo:warning=compilation terminated.
[INFO] [stderr] 
[INFO] [stderr]   --- stderr
[INFO] [stderr] 
[INFO] [stderr] 
[INFO] [stderr]   error occurred in cc-rs: command did not execute successfully (status code exit status: 1): "cc" "-O0" "-ffunction-sections" "-fdata-sections" "-fPIC" "-g" "-gdwarf-4" "-fno-omit-frame-pointer" "-mno-omit-leaf-frame-pointer" "-m64" "-w" "-DSQLITE_CORE" "-DSQLITE_DEFAULT_FOREIGN_KEYS=1" "-DSQLITE_ENABLE_API_ARMOR" "-DSQLITE_ENABLE_COLUMN_METADATA" "-DSQLITE_ENABLE_DBSTAT_VTAB" "-DSQLITE_ENABLE_FTS3" "-DSQLITE_ENABLE_FTS3_PARENTHESIS" "-DSQLITE_ENABLE_FTS5" "-DSQLITE_ENABLE_JSON1" "-DSQLITE_ENABLE_LOAD_EXTENSION=1" "-DSQLITE_ENABLE_MEMORY_MANAGEMENT" "-DSQLITE_ENABLE_RTREE" "-DSQLITE_ENABLE_STAT4" "-DSQLITE_SOUNDEX" "-DSQLITE_THREADSAFE=1" "-DSQLITE_USE_URI" "-DHAVE_USLEEP=1" "-DHAVE_ISNAN" "-D_POSIX_THREAD_SAFE_FUNCTIONS" "-DHAVE_LOCALTIME_R" "-DSQLITE_ENABLE_UNLOCK_NOTIFY" "-o" "/opt/rustwide/target/debug/build/libsqlite3-sys/5e0ad863fe5bb5d4/out/8017ddc1302f104c-sqlite3.o" "-c" "sqlite3/sqlite3.c"
[INFO] [stderr] 
[INFO] [stderr] 
[INFO] running `Command { std: "docker" "inspect" "0c623d4086af1203801060898d488ed36a18a968ba015d459bdd6fb12caf75d1", kill_on_drop: false }`
[INFO] running `Command { std: "docker" "rm" "-f" "0c623d4086af1203801060898d488ed36a18a968ba015d459bdd6fb12caf75d1", kill_on_drop: false }`
[INFO] [stdout] 0c623d4086af1203801060898d488ed36a18a968ba015d459bdd6fb12caf75d1
