[INFO] fetching crate hydro_deploy 0.17.0-alpha.5...
[INFO] checking hydro_deploy-0.17.0-alpha.5 against 8773d2c75a8e90130dcce745a7ec4e66bb9963db+rustflags=-Aunfulfilled-lint-expectations for pr-163637
[INFO] extracting crate hydro_deploy 0.17.0-alpha.5 into /workspace/builds/worker-5-tc2/source
[INFO] started tweaking crates.io crate hydro_deploy 0.17.0-alpha.5
[INFO] finished tweaking crates.io crate hydro_deploy 0.17.0-alpha.5
[INFO] tweaked toml for crates.io crate hydro_deploy 0.17.0-alpha.5 written to /workspace/builds/worker-5-tc2/source/Cargo.toml
[INFO] validating manifest of crates.io crate hydro_deploy 0.17.0-alpha.5 on toolchain 8773d2c75a8e90130dcce745a7ec4e66bb9963db
[INFO] running `Command { std: CARGO_HOME="/workspace/cargo-home" RUSTUP_HOME="/workspace/rustup-home" "/workspace/cargo-home/bin/cargo" "+8773d2c75a8e90130dcce745a7ec4e66bb9963db" "metadata" "--manifest-path" "Cargo.toml" "--no-deps", kill_on_drop: false }`
[INFO] crate crates.io crate hydro_deploy 0.17.0-alpha.5 already has a lockfile, it will not be regenerated
[INFO] running `Command { std: CARGO_HOME="/workspace/cargo-home" RUSTUP_HOME="/workspace/rustup-home" "/workspace/cargo-home/bin/cargo" "+8773d2c75a8e90130dcce745a7ec4e66bb9963db" "fetch" "--manifest-path" "Cargo.toml", kill_on_drop: false }`
[INFO] running `Command { std: "docker" "create" "-v" "/var/lib/crater-agent-workspace/builds/worker-5-tc2/source:/opt/rustwide/workdir:ro,Z" "-v" "/var/lib/crater-agent-workspace/builds/worker-5-tc2/target:/opt/rustwide/target:rw,Z" "-v" "/var/lib/crater-agent-workspace/cargo-home:/opt/rustwide/cargo-home:ro,Z" "-v" "/var/lib/crater-agent-workspace/rustup-home:/opt/rustwide/rustup-home:ro,Z" "-m" "1610612736" "--network" "none" "ghcr.io/rust-lang/crates-build-env/linux@sha256:77db811e55d90add9212f6832c23229e3de5f1c1f9905e8cb07319ea15df73ac" "sleep" "infinity", kill_on_drop: false }`
[INFO] [stdout] bd8015e07e73bcf6cc782dbe48f1a83a66a0885af573beb2596e5502892a9c2a
[INFO] running `Command { std: "docker" "start" "bd8015e07e73bcf6cc782dbe48f1a83a66a0885af573beb2596e5502892a9c2a", kill_on_drop: false }`
[INFO] running `Command { std: "docker" "inspect" "bd8015e07e73bcf6cc782dbe48f1a83a66a0885af573beb2596e5502892a9c2a", kill_on_drop: false }`
[INFO] running `Command { std: "docker" "exec" "-e" "SOURCE_DIR=/opt/rustwide/workdir" "-e" "CARGO_HOME=/opt/rustwide/cargo-home" "-e" "RUSTUP_HOME=/opt/rustwide/rustup-home" "-e" "CARGO_TARGET_DIR=/opt/rustwide/target" "-w" "/opt/rustwide/workdir" "--user" "0:0" "bd8015e07e73bcf6cc782dbe48f1a83a66a0885af573beb2596e5502892a9c2a" "/opt/rustwide/cargo-home/bin/cargo" "+8773d2c75a8e90130dcce745a7ec4e66bb9963db" "metadata" "--no-deps" "--format-version=1", kill_on_drop: false }`
[INFO] running `Command { std: "docker" "inspect" "bd8015e07e73bcf6cc782dbe48f1a83a66a0885af573beb2596e5502892a9c2a", kill_on_drop: false }`
[INFO] running `Command { std: "docker" "exec" "-e" "SOURCE_DIR=/opt/rustwide/workdir" "-e" "CARGO_HOME=/opt/rustwide/cargo-home" "-e" "RUSTUP_HOME=/opt/rustwide/rustup-home" "-e" "CARGO_TARGET_DIR=/opt/rustwide/target" "-e" "CARGO_INCREMENTAL=0" "-e" "RUST_BACKTRACE=full" "-e" "RUSTFLAGS=--cap-lints=forbid -Aunfulfilled-lint-expectations" "-e" "RUSTDOCFLAGS=--cap-lints=forbid" "-w" "/opt/rustwide/workdir" "--user" "0:0" "bd8015e07e73bcf6cc782dbe48f1a83a66a0885af573beb2596e5502892a9c2a" "/opt/rustwide/cargo-home/bin/cargo" "+8773d2c75a8e90130dcce745a7ec4e66bb9963db" "check" "--frozen" "--all" "--all-targets" "--message-format=json", kill_on_drop: false }`
[INFO] [stderr]    Compiling libc v0.2.178
[INFO] [stderr]    Compiling quote v1.0.42
[INFO] [stderr]     Checking const-oid v0.9.6
[INFO] [stderr]     Checking base64ct v1.8.3
[INFO] [stderr]    Compiling serde_core v1.0.228
[INFO] [stderr]    Compiling zerocopy v0.8.31
[INFO] [stderr]    Compiling generic-array v0.14.7
[INFO] [stderr]    Compiling semver v1.0.27
[INFO] [stderr]    Compiling libm v0.2.15
[INFO] [stderr]     Checking futures-io v0.3.31
[INFO] [stderr]    Compiling num-traits v0.2.19
[INFO] [stderr]    Compiling proc-macro2 v1.0.107
[INFO] [stderr]    Compiling crossbeam-utils v0.8.21
[INFO] [stderr]     Checking slab v0.4.11
[INFO] [stderr]     Checking base16ct v0.2.0
[INFO] [stderr]     Checking futures-sink v0.3.31
[INFO] [stderr]     Checking memchr v2.7.6
[INFO] [stderr]    Compiling rustix v1.1.2
[INFO] [stderr]    Compiling crunchy v0.2.4
[INFO] [stderr]    Compiling once_cell v1.21.3
[INFO] [stderr]    Compiling tiny-keccak v2.0.2
[INFO] [stderr]     Checking opaque-debug v0.3.1
[INFO] [stderr]     Checking pem-rfc7468 v0.7.0
[INFO] [stderr]     Checking linux-raw-sys v0.11.0
[INFO] [stderr]     Checking futures-channel v0.3.31
[INFO] [stderr]    Compiling cfg-if v1.0.4
[INFO] [stderr]     Checking futures-task v0.3.31
[INFO] [stderr]    Compiling rustc_version v0.4.1
[INFO] [stderr]     Checking der v0.7.10
[INFO] [stderr]    Compiling cfg_aliases v0.2.1
[INFO] [stderr]    Compiling num-bigint-dig v0.8.6
[INFO] [stderr]     Checking lazy_static v1.5.0
[INFO] [stderr]    Compiling nix v0.29.0
[INFO] [stderr]    Compiling ahash v0.8.12
[INFO] [stderr]    Compiling thiserror v1.0.69
[INFO] [stderr]    Compiling crc32fast v1.5.0
[INFO] [stderr]     Checking byteorder v1.5.0
[INFO] [stderr]    Compiling syn v2.0.111
[INFO] [stderr]    Compiling hydro_build_utils v0.1.1-alpha.1
[INFO] [stderr]    Compiling curve25519-dalek v4.1.3
[INFO] [stderr]     Checking concurrent-queue v2.5.0
[INFO] [stderr]    Compiling thiserror v2.0.17
[INFO] [stderr]    Compiling variadics v0.2.0-alpha.3
[INFO] [stderr]     Checking event-listener v5.4.1
[INFO] [stderr]     Checking block-buffer v0.10.4
[INFO] [stderr]     Checking block-padding v0.3.3
[INFO] [stderr]    Compiling async-io v2.6.0
[INFO] [stderr]    Compiling regex-syntax v0.8.8
[INFO] [stderr]    Compiling find-msvc-tools v0.1.5
[INFO] [stderr]     Checking rustc-std-workspace-alloc v1.0.1
[INFO] [stderr]     Checking simd-adler32 v0.3.8
[INFO] [stderr]     Checking hashbrown v0.14.5
[INFO] [stderr]     Checking inout v0.1.4
[INFO] [stderr]     Checking miniz_oxide v0.8.9
[INFO] [stderr]    Compiling cc v1.2.49
[INFO] [stderr]     Checking event-listener-strategy v0.5.4
[INFO] [stderr]     Checking futures-lite v2.6.1
[INFO] [stderr]     Checking seize v0.3.3
[INFO] [stderr]     Checking hex v0.4.3
[INFO] [stderr]    Compiling portable-atomic v1.11.1
[INFO] [stderr]     Checking getrandom v0.2.16
[INFO] [stderr]     Checking parking_lot_core v0.9.12
[INFO] [stderr]     Checking rand_core v0.6.4
[INFO] [stderr]     Checking errno v0.3.14
[INFO] [stderr]     Checking signal-hook-registry v1.4.8
[INFO] [stderr]     Checking crypto-common v0.1.7
[INFO] [stderr]     Checking parking_lot v0.12.5
[INFO] [stderr]     Checking ff v0.13.1
[INFO] [stderr]     Checking digest v0.10.7
[INFO] [stderr]     Checking cipher v0.4.4
[INFO] [stderr]     Checking spki v0.7.3
[INFO] [stderr]     Checking aes v0.8.4
[INFO] [stderr]     Checking salsa20 v0.10.2
[INFO] [stderr]     Checking cbc v0.1.2
[INFO] [stderr]     Checking group v0.13.0
[INFO] [stderr]     Checking crypto-bigint v0.5.5
[INFO] [stderr]     Checking universal-hash v0.5.1
[INFO] [stderr]     Checking socket2 v0.6.1
[INFO] [stderr]     Checking mio v1.1.1
[INFO] [stderr]     Checking polyval v0.6.2
[INFO] [stderr]     Checking getrandom v0.3.4
[INFO] [stderr]     Checking ctr v0.9.2
[INFO] [stderr]     Checking aead v0.5.2
[INFO] [stderr]     Checking hmac v0.12.1
[INFO] [stderr]     Checking sha2 v0.10.9
[INFO] [stderr]     Checking signature v2.2.0
[INFO] [stderr]     Checking pbkdf2 v0.12.2
[INFO] [stderr]     Checking hkdf v0.12.4
[INFO] [stderr]     Checking rfc6979 v0.4.0
[INFO] [stderr]     Checking ghash v0.5.1
[INFO] [stderr]     Checking blake2 v0.10.6
[INFO] [stderr]     Checking poly1305 v0.8.0
[INFO] [stderr]     Checking chacha20 v0.9.1
[INFO] [stderr]     Checking blowfish v0.9.1
[INFO] [stderr]     Checking password-hash v0.5.0
[INFO] [stderr]    Compiling aho-corasick v1.1.4
[INFO] [stderr]     Checking scrypt v0.11.0
[INFO] [stderr]    Compiling const-random-macro v0.1.16
[INFO] [stderr]     Checking ssh-encoding v0.2.0
[INFO] [stderr]     Checking aes-gcm v0.10.3
[INFO] [stderr]     Checking bcrypt-pbkdf v0.10.0
[INFO] [stderr]     Checking pkcs5 v0.7.1
[INFO] [stderr]     Checking argon2 v0.5.3
[INFO] [stderr]     Checking sha1 v0.10.6
[INFO] [stderr]     Checking rand_core v0.9.5
[INFO] [stderr]     Checking num_cpus v1.17.0
[INFO] [stderr]     Checking ssh-cipher v0.2.0
[INFO] [stderr]    Compiling serde_json v1.0.145
[INFO] [stderr]     Checking winnow v0.7.14
[INFO] [stderr]     Checking const-random v0.1.18
[INFO] [stderr]     Checking indexmap v2.12.1
[INFO] [stderr]     Checking pkcs8 v0.10.2
[INFO] [stderr]     Checking ppv-lite86 v0.2.21
[INFO] [stderr]     Checking flate2 v1.1.9
[INFO] [stderr]     Checking num-integer v0.1.46
[INFO] [stderr]     Checking chrono v0.4.42
[INFO] [stderr]     Checking tracing-core v0.1.35
[INFO] [stderr]     Checking home v0.5.12
[INFO] [stderr]     Checking flurry v0.5.2
[INFO] [stderr]     Checking sec1 v0.7.3
[INFO] [stderr]     Checking ed25519 v2.2.3
[INFO] [stderr]     Checking num-iter v0.1.45
[INFO] [stderr]     Checking pkcs1 v0.7.5
[INFO] [stderr]    Compiling anyhow v1.0.102
[INFO] [stderr]     Checking toml_datetime v0.7.3
[INFO] [stderr]     Checking hex-literal v0.4.1
[INFO] [stderr]     Checking ryu v1.0.20
[INFO] [stderr]     Checking rand_chacha v0.3.1
[INFO] [stderr]     Checking rand_chacha v0.9.0
[INFO] [stderr]     Checking itoa v1.0.15
[INFO] [stderr]     Checking md5 v0.7.0
[INFO] [stderr]    Compiling blake3 v1.8.3
[INFO] [stderr]     Checking rand v0.8.5
[INFO] [stderr]     Checking data-encoding v2.9.0
[INFO] [stderr]     Checking toml_writer v1.0.4
[INFO] [stderr]     Checking console v0.15.11
[INFO] [stderr]     Checking rand v0.9.2
[INFO] [stderr]     Checking async-lock v3.4.2
[INFO] [stderr]     Checking async-channel v2.5.0
[INFO] [stderr]     Checking async-task v4.7.1
[INFO] [stderr]     Checking arrayref v0.3.9
[INFO] [stderr]     Checking arrayvec v0.7.6
[INFO] [stderr]     Checking constant_time_eq v0.4.2
[INFO] [stderr]     Checking number_prefix v0.4.0
[INFO] [stderr]     Checking env_home v0.1.0
[INFO] [stderr]     Checking bitflags v2.10.0
[INFO] [stderr]     Checking camino v1.2.2
[INFO] [stderr]     Checking shell-escape v0.1.5
[INFO] [stderr]     Checking indicatif v0.17.11
[INFO] [stderr]     Checking append-only-vec v0.1.8
[INFO] [stderr]     Checking nameof v1.3.0
[INFO] [stderr]     Checking dunce v1.0.5
[INFO] [stderr]    Compiling regex-automata v0.4.13
[INFO] [stderr]     Checking elliptic-curve v0.13.8
[INFO] [stderr]     Checking num-bigint v0.4.6
[INFO] [stderr]     Checking nanoid v0.5.0
[INFO] [stderr]     Checking primeorder v0.13.6
[INFO] [stderr]     Checking ecdsa v0.16.9
[INFO] [stderr]     Checking rsa v0.9.10
[INFO] [stderr]     Checking toml_parser v1.0.4
[INFO] [stderr]     Checking p384 v0.13.1
[INFO] [stderr]     Checking p256 v0.13.2
[INFO] [stderr]     Checking p521 v0.13.3
[INFO] [stderr]     Checking russh-cryptovec v0.52.0
[INFO] [stderr]     Checking toml_edit v0.23.9
[INFO] [stderr]     Checking hydro_concurrent_cargo v0.1.2-alpha.0
[INFO] [stderr]    Compiling tokio-macros v2.6.0
[INFO] [stderr]    Compiling futures-macro v0.3.31
[INFO] [stderr]    Compiling serde_derive v1.0.228
[INFO] [stderr]    Compiling curve25519-dalek-derive v0.1.1
[INFO] [stderr]    Compiling thiserror-impl v2.0.17
[INFO] [stderr]    Compiling thiserror-impl v1.0.69
[INFO] [stderr]    Compiling sealed v0.6.0
[INFO] [stderr]    Compiling try_match_inner v0.5.2
[INFO] [stderr]    Compiling delegate v0.13.5
[INFO] [stderr]    Compiling enum_dispatch v0.3.13
[INFO] [stderr]    Compiling tracing-attributes v0.1.31
[INFO] [stderr]    Compiling async-trait v0.1.89
[INFO] [stderr]    Compiling async-recursion v1.1.1
[INFO] [stderr]     Checking tokio v1.48.0
[INFO] [stderr]    Compiling try_match v0.4.2
[INFO] [stderr]     Checking tracing v0.1.43
[INFO] [stderr]     Checking futures-util v0.3.31
[INFO] [stderr]    Compiling regex v1.12.2
[INFO] [stderr]    Compiling str_inflector v0.12.0
[INFO] [stderr]     Checking ed25519-dalek v2.2.0
[INFO] [stderr]     Checking async-promise v0.1.1
[INFO] [stderr]     Checking internal-russh-forked-ssh-key v0.6.10+upstream-0.6.7
[INFO] [stderr]    Compiling buildstructor v0.6.0
[INFO] [stderr]     Checking polling v3.11.0
[INFO] [stderr]     Checking tempfile v3.23.0
[INFO] [stderr]     Checking which v8.0.0
[INFO] [stderr]     Checking async-signal v0.2.13
[INFO] [stderr]     Checking async-process v2.5.0
[INFO] [stderr]     Checking serde v1.0.228
[INFO] [stderr]     Checking cargo-platform v0.1.9
[INFO] [stderr]     Checking cargo_metadata v0.18.1
[INFO] [stderr]     Checking futures-executor v0.3.31
[INFO] [stderr]     Checking sinktools v0.2.0-alpha.4
[INFO] [stderr]     Checking futures v0.3.31
[INFO] [stdout] error[E0277]: the `?` operator can only be used in a closure that returns `Result` or `Option` (or another type that implements `ops::try_trait_old::FromResidual`)
[INFO] [stdout]   --> /opt/rustwide/cargo-home/registry/src/index.crates.io-1949cf8c6b5b557f/sinktools-0.2.0-alpha.4/src/demux_map.rs:43:64
[INFO] [stdout]    |
[INFO] [stdout] 42 |             .try_fold(Poll::Ready(()), |poll, sink| {
[INFO] [stdout]    |                                        ------------ this function should return `Result` or `Option` to accept `?`
[INFO] [stdout] 43 |                 ready_both!(poll, Pin::new(sink).poll_ready(cx)?);
[INFO] [stdout]    |                                                                ^ cannot use the `?` operator in a closure that returns `Poll<Poll<()>>`
[INFO] [stdout]    |
[INFO] [stdout]    = help: the trait `ops::try_trait_old::FromResidual<Result<!, <Si as futures_util::Sink<Item>>::Error>>` is not implemented for `Poll<Poll<()>>`
[INFO] [stdout] help: the following other types implement trait `ops::try_trait_old::FromResidual<R>`
[INFO] [stdout]   --> /rustc/8773d2c75a8e90130dcce745a7ec4e66bb9963db/library/core/src/ops/try_trait_old.rs:300:0
[INFO] [stdout]    |
[INFO] [stdout]    = note: `Poll<Result<T, F>>`
[INFO] [stdout]   ::: /rustc/8773d2c75a8e90130dcce745a7ec4e66bb9963db/library/core/src/ops/try_trait_old.rs:329:0
[INFO] [stdout]    |
[INFO] [stdout]    = note: `Poll<Option<Result<T, F>>>`
[INFO] [stdout] 
[INFO] [stdout] 
[INFO] [stdout] error[E0308]: mismatched types
[INFO] [stdout]   --> /opt/rustwide/cargo-home/registry/src/index.crates.io-1949cf8c6b5b557f/sinktools-0.2.0-alpha.4/src/demux_map.rs:44:29
[INFO] [stdout]    |
[INFO] [stdout] 44 |                 Poll::Ready(Ok(()))
[INFO] [stdout]    |                 ----------- ^^^^^^ expected `Poll<()>`, found `Result<(), _>`
[INFO] [stdout]    |                 |
[INFO] [stdout]    |                 arguments to this enum variant are incorrect
[INFO] [stdout]    |
[INFO] [stdout]    = note: expected enum `Poll<()>`
[INFO] [stdout]               found enum `Result<(), _>`
[INFO] [stdout] help: the type constructed contains `Result<(), _>` due to the type of the argument passed
[INFO] [stdout]   --> /opt/rustwide/cargo-home/registry/src/index.crates.io-1949cf8c6b5b557f/sinktools-0.2.0-alpha.4/src/demux_map.rs:44:17
[INFO] [stdout]    |
[INFO] [stdout] 44 |                 Poll::Ready(Ok(()))
[INFO] [stdout]    |                 ^^^^^^^^^^^^------^
[INFO] [stdout]    |                             |
[INFO] [stdout]    |                             this argument influences the type of `Ready`
[INFO] [stdout] note: tuple variant defined here
[INFO] [stdout]   --> /rustc/8773d2c75a8e90130dcce745a7ec4e66bb9963db/library/core/src/task/poll.rs:17:4
[INFO] [stdout] 
[INFO] [stdout] 
[INFO] [stdout] error[E0308]: mismatched types
[INFO] [stdout]   --> /opt/rustwide/cargo-home/registry/src/index.crates.io-1949cf8c6b5b557f/sinktools-0.2.0-alpha.4/src/demux_map.rs:39:9
[INFO] [stdout]    |
[INFO] [stdout] 34 |       fn poll_ready(self: Pin<&mut Self>, cx: &mut Context<'_>) -> Poll<Result<(), Self::Error>> {
[INFO] [stdout]    |                                                                    ----------------------------- expected `Poll<Result<(), <Si as futures_util::Sink<Item>>::Error>>` because of return type
[INFO] [stdout] ...
[INFO] [stdout] 39 | /         self.get_mut()
[INFO] [stdout] 40 | |             .sinks
[INFO] [stdout] 41 | |             .values_mut()
[INFO] [stdout] 42 | |             .try_fold(Poll::Ready(()), |poll, sink| {
[INFO] [stdout] 43 | |                 ready_both!(poll, Pin::new(sink).poll_ready(cx)?);
[INFO] [stdout] 44 | |                 Poll::Ready(Ok(()))
[INFO] [stdout] 45 | |             })
[INFO] [stdout]    | |______________^ expected `Poll<Result<(), _>>`, found `Poll<Poll<()>>`
[INFO] [stdout]    |
[INFO] [stdout]    = note: expected enum `Poll<Result<(), <Si as futures_util::Sink<Item>>::Error>>`
[INFO] [stdout]               found enum `Poll<Poll<()>>`
[INFO] [stdout] 
[INFO] [stdout] 
[INFO] [stdout] error[E0277]: the `?` operator can only be used in a closure that returns `Result` or `Option` (or another type that implements `ops::try_trait_old::FromResidual`)
[INFO] [stdout]   --> /opt/rustwide/cargo-home/registry/src/index.crates.io-1949cf8c6b5b557f/sinktools-0.2.0-alpha.4/src/demux_map.rs:66:64
[INFO] [stdout]    |
[INFO] [stdout] 65 |             .try_fold(Poll::Ready(()), |poll, sink| {
[INFO] [stdout]    |                                        ------------ this function should return `Result` or `Option` to accept `?`
[INFO] [stdout] 66 |                 ready_both!(poll, Pin::new(sink).poll_flush(cx)?);
[INFO] [stdout]    |                                                                ^ cannot use the `?` operator in a closure that returns `Poll<Poll<()>>`
[INFO] [stdout]    |
[INFO] [stdout]    = help: the trait `ops::try_trait_old::FromResidual<Result<!, <Si as futures_util::Sink<Item>>::Error>>` is not implemented for `Poll<Poll<()>>`
[INFO] [stdout] help: the following other types implement trait `ops::try_trait_old::FromResidual<R>`
[INFO] [stdout]   --> /rustc/8773d2c75a8e90130dcce745a7ec4e66bb9963db/library/core/src/ops/try_trait_old.rs:300:0
[INFO] [stdout]    |
[INFO] [stdout]    = note: `Poll<Result<T, F>>`
[INFO] [stdout]   ::: /rustc/8773d2c75a8e90130dcce745a7ec4e66bb9963db/library/core/src/ops/try_trait_old.rs:329:0
[INFO] [stdout]    |
[INFO] [stdout]    = note: `Poll<Option<Result<T, F>>>`
[INFO] [stdout] 
[INFO] [stdout] 
[INFO] [stdout] error[E0308]: mismatched types
[INFO] [stdout]   --> /opt/rustwide/cargo-home/registry/src/index.crates.io-1949cf8c6b5b557f/sinktools-0.2.0-alpha.4/src/demux_map.rs:67:29
[INFO] [stdout]    |
[INFO] [stdout] 67 |                 Poll::Ready(Ok(()))
[INFO] [stdout]    |                 ----------- ^^^^^^ expected `Poll<()>`, found `Result<(), _>`
[INFO] [stdout]    |                 |
[INFO] [stdout]    |                 arguments to this enum variant are incorrect
[INFO] [stdout]    |
[INFO] [stdout]    = note: expected enum `Poll<()>`
[INFO] [stdout]               found enum `Result<(), _>`
[INFO] [stdout] help: the type constructed contains `Result<(), _>` due to the type of the argument passed
[INFO] [stdout]   --> /opt/rustwide/cargo-home/registry/src/index.crates.io-1949cf8c6b5b557f/sinktools-0.2.0-alpha.4/src/demux_map.rs:67:17
[INFO] [stdout]    |
[INFO] [stdout] 67 |                 Poll::Ready(Ok(()))
[INFO] [stdout]    |                 ^^^^^^^^^^^^------^
[INFO] [stdout]    |                             |
[INFO] [stdout]    |                             this argument influences the type of `Ready`
[INFO] [stdout] note: tuple variant defined here
[INFO] [stdout]   --> /rustc/8773d2c75a8e90130dcce745a7ec4e66bb9963db/library/core/src/task/poll.rs:17:4
[INFO] [stdout] 
[INFO] [stdout] 
[INFO] [stdout] error[E0308]: mismatched types
[INFO] [stdout]   --> /opt/rustwide/cargo-home/registry/src/index.crates.io-1949cf8c6b5b557f/sinktools-0.2.0-alpha.4/src/demux_map.rs:62:9
[INFO] [stdout]    |
[INFO] [stdout] 57 |       fn poll_flush(self: Pin<&mut Self>, cx: &mut Context<'_>) -> Poll<Result<(), Self::Error>> {
[INFO] [stdout]    |                                                                    ----------------------------- expected `Poll<Result<(), <Si as futures_util::Sink<Item>>::Error>>` because of return type
[INFO] [stdout] ...
[INFO] [stdout] 62 | /         self.get_mut()
[INFO] [stdout] 63 | |             .sinks
[INFO] [stdout] 64 | |             .values_mut()
[INFO] [stdout] 65 | |             .try_fold(Poll::Ready(()), |poll, sink| {
[INFO] [stdout] 66 | |                 ready_both!(poll, Pin::new(sink).poll_flush(cx)?);
[INFO] [stdout] 67 | |                 Poll::Ready(Ok(()))
[INFO] [stdout] 68 | |             })
[INFO] [stdout]    | |______________^ expected `Poll<Result<(), _>>`, found `Poll<Poll<()>>`
[INFO] [stdout]    |
[INFO] [stdout]    = note: expected enum `Poll<Result<(), <Si as futures_util::Sink<Item>>::Error>>`
[INFO] [stdout]               found enum `Poll<Poll<()>>`
[INFO] [stdout] 
[INFO] [stdout] 
[INFO] [stdout] error[E0277]: the `?` operator can only be used in a closure that returns `Result` or `Option` (or another type that implements `ops::try_trait_old::FromResidual`)
[INFO] [stdout]   --> /opt/rustwide/cargo-home/registry/src/index.crates.io-1949cf8c6b5b557f/sinktools-0.2.0-alpha.4/src/demux_map.rs:80:64
[INFO] [stdout]    |
[INFO] [stdout] 79 |             .try_fold(Poll::Ready(()), |poll, sink| {
[INFO] [stdout]    |                                        ------------ this function should return `Result` or `Option` to accept `?`
[INFO] [stdout] 80 |                 ready_both!(poll, Pin::new(sink).poll_close(cx)?);
[INFO] [stdout]    |                                                                ^ cannot use the `?` operator in a closure that returns `Poll<Poll<()>>`
[INFO] [stdout]    |
[INFO] [stdout]    = help: the trait `ops::try_trait_old::FromResidual<Result<!, <Si as futures_util::Sink<Item>>::Error>>` is not implemented for `Poll<Poll<()>>`
[INFO] [stdout] help: the following other types implement trait `ops::try_trait_old::FromResidual<R>`
[INFO] [stdout]   --> /rustc/8773d2c75a8e90130dcce745a7ec4e66bb9963db/library/core/src/ops/try_trait_old.rs:300:0
[INFO] [stdout]    |
[INFO] [stdout]    = note: `Poll<Result<T, F>>`
[INFO] [stdout]   ::: /rustc/8773d2c75a8e90130dcce745a7ec4e66bb9963db/library/core/src/ops/try_trait_old.rs:329:0
[INFO] [stdout]    |
[INFO] [stdout]    = note: `Poll<Option<Result<T, F>>>`
[INFO] [stdout] 
[INFO] [stdout] 
[INFO] [stdout] error[E0308]: mismatched types
[INFO] [stdout]   --> /opt/rustwide/cargo-home/registry/src/index.crates.io-1949cf8c6b5b557f/sinktools-0.2.0-alpha.4/src/demux_map.rs:81:29
[INFO] [stdout]    |
[INFO] [stdout] 81 |                 Poll::Ready(Ok(()))
[INFO] [stdout]    |                 ----------- ^^^^^^ expected `Poll<()>`, found `Result<(), _>`
[INFO] [stdout]    |                 |
[INFO] [stdout]    |                 arguments to this enum variant are incorrect
[INFO] [stdout]    |
[INFO] [stdout]    = note: expected enum `Poll<()>`
[INFO] [stdout]               found enum `Result<(), _>`
[INFO] [stdout] help: the type constructed contains `Result<(), _>` due to the type of the argument passed
[INFO] [stdout]   --> /opt/rustwide/cargo-home/registry/src/index.crates.io-1949cf8c6b5b557f/sinktools-0.2.0-alpha.4/src/demux_map.rs:81:17
[INFO] [stdout]    |
[INFO] [stdout] 81 |                 Poll::Ready(Ok(()))
[INFO] [stdout]    |                 ^^^^^^^^^^^^------^
[INFO] [stdout]    |                             |
[INFO] [stdout]    |                             this argument influences the type of `Ready`
[INFO] [stdout] note: tuple variant defined here
[INFO] [stdout]   --> /rustc/8773d2c75a8e90130dcce745a7ec4e66bb9963db/library/core/src/task/poll.rs:17:4
[INFO] [stdout] 
[INFO] [stdout] 
[INFO] [stdout] error[E0308]: mismatched types
[INFO] [stdout]   --> /opt/rustwide/cargo-home/registry/src/index.crates.io-1949cf8c6b5b557f/sinktools-0.2.0-alpha.4/src/demux_map.rs:76:9
[INFO] [stdout]    |
[INFO] [stdout] 71 |       fn poll_close(self: Pin<&mut Self>, cx: &mut Context<'_>) -> Poll<Result<(), Self::Error>> {
[INFO] [stdout]    |                                                                    ----------------------------- expected `Poll<Result<(), <Si as futures_util::Sink<Item>>::Error>>` because of return type
[INFO] [stdout] ...
[INFO] [stdout] 76 | /         self.get_mut()
[INFO] [stdout] 77 | |             .sinks
[INFO] [stdout] 78 | |             .values_mut()
[INFO] [stdout] 79 | |             .try_fold(Poll::Ready(()), |poll, sink| {
[INFO] [stdout] 80 | |                 ready_both!(poll, Pin::new(sink).poll_close(cx)?);
[INFO] [stdout] 81 | |                 Poll::Ready(Ok(()))
[INFO] [stdout] 82 | |             })
[INFO] [stdout]    | |______________^ expected `Poll<Result<(), _>>`, found `Poll<Poll<()>>`
[INFO] [stdout]    |
[INFO] [stdout]    = note: expected enum `Poll<Result<(), <Si as futures_util::Sink<Item>>::Error>>`
[INFO] [stdout]               found enum `Poll<Poll<()>>`
[INFO] [stdout] 
[INFO] [stdout] 
[INFO] [stdout] error[E0277]: the `?` operator can only be used in a closure that returns `Result` or `Option` (or another type that implements `ops::try_trait_old::FromResidual`)
[INFO] [stdout]   --> /opt/rustwide/cargo-home/registry/src/index.crates.io-1949cf8c6b5b557f/sinktools-0.2.0-alpha.4/src/demux_map_lazy.rs:46:64
[INFO] [stdout]    |
[INFO] [stdout] 45 |             .try_fold(Poll::Ready(()), |poll, sink| {
[INFO] [stdout]    |                                        ------------ this function should return `Result` or `Option` to accept `?`
[INFO] [stdout] 46 |                 ready_both!(poll, Pin::new(sink).poll_ready(cx)?);
[INFO] [stdout]    |                                                                ^ cannot use the `?` operator in a closure that returns `Poll<Poll<()>>`
[INFO] [stdout]    |
[INFO] [stdout]    = help: the trait `ops::try_trait_old::FromResidual<Result<!, <Si as futures_util::Sink<Item>>::Error>>` is not implemented for `Poll<Poll<()>>`
[INFO] [stdout] help: the following other types implement trait `ops::try_trait_old::FromResidual<R>`
[INFO] [stdout]   --> /rustc/8773d2c75a8e90130dcce745a7ec4e66bb9963db/library/core/src/ops/try_trait_old.rs:300:0
[INFO] [stdout]    |
[INFO] [stdout]    = note: `Poll<Result<T, F>>`
[INFO] [stdout]   ::: /rustc/8773d2c75a8e90130dcce745a7ec4e66bb9963db/library/core/src/ops/try_trait_old.rs:329:0
[INFO] [stdout]    |
[INFO] [stdout]    = note: `Poll<Option<Result<T, F>>>`
[INFO] [stdout] 
[INFO] [stdout] 
[INFO] [stdout] error[E0308]: mismatched types
[INFO] [stdout]   --> /opt/rustwide/cargo-home/registry/src/index.crates.io-1949cf8c6b5b557f/sinktools-0.2.0-alpha.4/src/demux_map_lazy.rs:47:29
[INFO] [stdout]    |
[INFO] [stdout] 47 |                 Poll::Ready(Ok(()))
[INFO] [stdout]    |                 ----------- ^^^^^^ expected `Poll<()>`, found `Result<(), _>`
[INFO] [stdout]    |                 |
[INFO] [stdout]    |                 arguments to this enum variant are incorrect
[INFO] [stdout]    |
[INFO] [stdout]    = note: expected enum `Poll<()>`
[INFO] [stdout]               found enum `Result<(), _>`
[INFO] [stdout] help: the type constructed contains `Result<(), _>` due to the type of the argument passed
[INFO] [stdout]   --> /opt/rustwide/cargo-home/registry/src/index.crates.io-1949cf8c6b5b557f/sinktools-0.2.0-alpha.4/src/demux_map_lazy.rs:47:17
[INFO] [stdout]    |
[INFO] [stdout] 47 |                 Poll::Ready(Ok(()))
[INFO] [stdout]    |                 ^^^^^^^^^^^^------^
[INFO] [stdout]    |                             |
[INFO] [stdout]    |                             this argument influences the type of `Ready`
[INFO] [stdout] note: tuple variant defined here
[INFO] [stdout]   --> /rustc/8773d2c75a8e90130dcce745a7ec4e66bb9963db/library/core/src/task/poll.rs:17:4
[INFO] [stdout] 
[INFO] [stdout] 
[INFO] [stdout] error[E0308]: mismatched types
[INFO] [stdout]   --> /opt/rustwide/cargo-home/registry/src/index.crates.io-1949cf8c6b5b557f/sinktools-0.2.0-alpha.4/src/demux_map_lazy.rs:42:9
[INFO] [stdout]    |
[INFO] [stdout] 37 |       fn poll_ready(self: Pin<&mut Self>, cx: &mut Context<'_>) -> Poll<Result<(), Self::Error>> {
[INFO] [stdout]    |                                                                    ----------------------------- expected `Poll<Result<(), <Si as futures_util::Sink<Item>>::Error>>` because of return type
[INFO] [stdout] ...
[INFO] [stdout] 42 | /         self.get_mut()
[INFO] [stdout] 43 | |             .sinks
[INFO] [stdout] 44 | |             .values_mut()
[INFO] [stdout] 45 | |             .try_fold(Poll::Ready(()), |poll, sink| {
[INFO] [stdout] 46 | |                 ready_both!(poll, Pin::new(sink).poll_ready(cx)?);
[INFO] [stdout] 47 | |                 Poll::Ready(Ok(()))
[INFO] [stdout] 48 | |             })
[INFO] [stdout]    | |______________^ expected `Poll<Result<(), _>>`, found `Poll<Poll<()>>`
[INFO] [stdout]    |
[INFO] [stdout]    = note: expected enum `Poll<Result<(), <Si as futures_util::Sink<Item>>::Error>>`
[INFO] [stdout]               found enum `Poll<Poll<()>>`
[INFO] [stdout] 
[INFO] [stdout] 
[INFO] [stdout] error[E0277]: the `?` operator can only be used in a closure that returns `Result` or `Option` (or another type that implements `ops::try_trait_old::FromResidual`)
[INFO] [stdout]   --> /opt/rustwide/cargo-home/registry/src/index.crates.io-1949cf8c6b5b557f/sinktools-0.2.0-alpha.4/src/demux_map_lazy.rs:69:64
[INFO] [stdout]    |
[INFO] [stdout] 68 |             .try_fold(Poll::Ready(()), |poll, sink| {
[INFO] [stdout]    |                                        ------------ this function should return `Result` or `Option` to accept `?`
[INFO] [stdout] 69 |                 ready_both!(poll, Pin::new(sink).poll_flush(cx)?);
[INFO] [stdout]    |                                                                ^ cannot use the `?` operator in a closure that returns `Poll<Poll<()>>`
[INFO] [stdout]    |
[INFO] [stdout]    = help: the trait `ops::try_trait_old::FromResidual<Result<!, <Si as futures_util::Sink<Item>>::Error>>` is not implemented for `Poll<Poll<()>>`
[INFO] [stdout] help: the following other types implement trait `ops::try_trait_old::FromResidual<R>`
[INFO] [stdout]   --> /rustc/8773d2c75a8e90130dcce745a7ec4e66bb9963db/library/core/src/ops/try_trait_old.rs:300:0
[INFO] [stdout]    |
[INFO] [stdout]    = note: `Poll<Result<T, F>>`
[INFO] [stdout]   ::: /rustc/8773d2c75a8e90130dcce745a7ec4e66bb9963db/library/core/src/ops/try_trait_old.rs:329:0
[INFO] [stdout]    |
[INFO] [stdout]    = note: `Poll<Option<Result<T, F>>>`
[INFO] [stdout] 
[INFO] [stdout] 
[INFO] [stdout] error[E0308]: mismatched types
[INFO] [stdout]   --> /opt/rustwide/cargo-home/registry/src/index.crates.io-1949cf8c6b5b557f/sinktools-0.2.0-alpha.4/src/demux_map_lazy.rs:70:29
[INFO] [stdout]    |
[INFO] [stdout] 70 |                 Poll::Ready(Ok(()))
[INFO] [stdout]    |                 ----------- ^^^^^^ expected `Poll<()>`, found `Result<(), _>`
[INFO] [stdout]    |                 |
[INFO] [stdout]    |                 arguments to this enum variant are incorrect
[INFO] [stdout]    |
[INFO] [stdout]    = note: expected enum `Poll<()>`
[INFO] [stdout]               found enum `Result<(), _>`
[INFO] [stdout] help: the type constructed contains `Result<(), _>` due to the type of the argument passed
[INFO] [stdout]   --> /opt/rustwide/cargo-home/registry/src/index.crates.io-1949cf8c6b5b557f/sinktools-0.2.0-alpha.4/src/demux_map_lazy.rs:70:17
[INFO] [stdout]    |
[INFO] [stdout] 70 |                 Poll::Ready(Ok(()))
[INFO] [stdout]    |                 ^^^^^^^^^^^^------^
[INFO] [stdout]    |                             |
[INFO] [stdout]    |                             this argument influences the type of `Ready`
[INFO] [stdout] note: tuple variant defined here
[INFO] [stdout]   --> /rustc/8773d2c75a8e90130dcce745a7ec4e66bb9963db/library/core/src/task/poll.rs:17:4
[INFO] [stdout] 
[INFO] [stdout] 
[INFO] [stdout] error[E0308]: mismatched types
[INFO] [stdout]   --> /opt/rustwide/cargo-home/registry/src/index.crates.io-1949cf8c6b5b557f/sinktools-0.2.0-alpha.4/src/demux_map_lazy.rs:65:9
[INFO] [stdout]    |
[INFO] [stdout] 60 |       fn poll_flush(self: Pin<&mut Self>, cx: &mut Context<'_>) -> Poll<Result<(), Self::Error>> {
[INFO] [stdout]    |                                                                    ----------------------------- expected `Poll<Result<(), <Si as futures_util::Sink<Item>>::Error>>` because of return type
[INFO] [stdout] ...
[INFO] [stdout] 65 | /         self.get_mut()
[INFO] [stdout] 66 | |             .sinks
[INFO] [stdout] 67 | |             .values_mut()
[INFO] [stdout] 68 | |             .try_fold(Poll::Ready(()), |poll, sink| {
[INFO] [stdout] 69 | |                 ready_both!(poll, Pin::new(sink).poll_flush(cx)?);
[INFO] [stdout] 70 | |                 Poll::Ready(Ok(()))
[INFO] [stdout] 71 | |             })
[INFO] [stdout]    | |______________^ expected `Poll<Result<(), _>>`, found `Poll<Poll<()>>`
[INFO] [stdout]    |
[INFO] [stdout]    = note: expected enum `Poll<Result<(), <Si as futures_util::Sink<Item>>::Error>>`
[INFO] [stdout]               found enum `Poll<Poll<()>>`
[INFO] [stdout] 
[INFO] [stdout] 
[INFO] [stdout] error[E0277]: the `?` operator can only be used in a closure that returns `Result` or `Option` (or another type that implements `ops::try_trait_old::FromResidual`)
[INFO] [stdout]   --> /opt/rustwide/cargo-home/registry/src/index.crates.io-1949cf8c6b5b557f/sinktools-0.2.0-alpha.4/src/demux_map_lazy.rs:83:64
[INFO] [stdout]    |
[INFO] [stdout] 82 |             .try_fold(Poll::Ready(()), |poll, sink| {
[INFO] [stdout]    |                                        ------------ this function should return `Result` or `Option` to accept `?`
[INFO] [stdout] 83 |                 ready_both!(poll, Pin::new(sink).poll_close(cx)?);
[INFO] [stdout]    |                                                                ^ cannot use the `?` operator in a closure that returns `Poll<Poll<()>>`
[INFO] [stdout]    |
[INFO] [stdout]    = help: the trait `ops::try_trait_old::FromResidual<Result<!, <Si as futures_util::Sink<Item>>::Error>>` is not implemented for `Poll<Poll<()>>`
[INFO] [stdout] help: the following other types implement trait `ops::try_trait_old::FromResidual<R>`
[INFO] [stdout]   --> /rustc/8773d2c75a8e90130dcce745a7ec4e66bb9963db/library/core/src/ops/try_trait_old.rs:300:0
[INFO] [stdout]    |
[INFO] [stdout]    = note: `Poll<Result<T, F>>`
[INFO] [stdout]   ::: /rustc/8773d2c75a8e90130dcce745a7ec4e66bb9963db/library/core/src/ops/try_trait_old.rs:329:0
[INFO] [stdout]    |
[INFO] [stdout]    = note: `Poll<Option<Result<T, F>>>`
[INFO] [stdout] 
[INFO] [stdout] 
[INFO] [stdout] error[E0308]: mismatched types
[INFO] [stdout]   --> /opt/rustwide/cargo-home/registry/src/index.crates.io-1949cf8c6b5b557f/sinktools-0.2.0-alpha.4/src/demux_map_lazy.rs:84:29
[INFO] [stdout]    |
[INFO] [stdout] 84 |                 Poll::Ready(Ok(()))
[INFO] [stdout]    |                 ----------- ^^^^^^ expected `Poll<()>`, found `Result<(), _>`
[INFO] [stdout]    |                 |
[INFO] [stdout]    |                 arguments to this enum variant are incorrect
[INFO] [stdout]    |
[INFO] [stdout]    = note: expected enum `Poll<()>`
[INFO] [stdout]               found enum `Result<(), _>`
[INFO] [stdout] help: the type constructed contains `Result<(), _>` due to the type of the argument passed
[INFO] [stdout]   --> /opt/rustwide/cargo-home/registry/src/index.crates.io-1949cf8c6b5b557f/sinktools-0.2.0-alpha.4/src/demux_map_lazy.rs:84:17
[INFO] [stdout]    |
[INFO] [stdout] 84 |                 Poll::Ready(Ok(()))
[INFO] [stdout]    |                 ^^^^^^^^^^^^------^
[INFO] [stdout]    |                             |
[INFO] [stdout]    |                             this argument influences the type of `Ready`
[INFO] [stdout] note: tuple variant defined here
[INFO] [stdout]   --> /rustc/8773d2c75a8e90130dcce745a7ec4e66bb9963db/library/core/src/task/poll.rs:17:4
[INFO] [stdout] 
[INFO] [stdout] 
[INFO] [stdout] error[E0308]: mismatched types
[INFO] [stdout]   --> /opt/rustwide/cargo-home/registry/src/index.crates.io-1949cf8c6b5b557f/sinktools-0.2.0-alpha.4/src/demux_map_lazy.rs:79:9
[INFO] [stdout]    |
[INFO] [stdout] 74 |       fn poll_close(self: Pin<&mut Self>, cx: &mut Context<'_>) -> Poll<Result<(), Self::Error>> {
[INFO] [stdout]    |                                                                    ----------------------------- expected `Poll<Result<(), <Si as futures_util::Sink<Item>>::Error>>` because of return type
[INFO] [stdout] ...
[INFO] [stdout] 79 | /         self.get_mut()
[INFO] [stdout] 80 | |             .sinks
[INFO] [stdout] 81 | |             .values_mut()
[INFO] [stdout] 82 | |             .try_fold(Poll::Ready(()), |poll, sink| {
[INFO] [stdout] 83 | |                 ready_both!(poll, Pin::new(sink).poll_close(cx)?);
[INFO] [stdout] 84 | |                 Poll::Ready(Ok(()))
[INFO] [stdout] 85 | |             })
[INFO] [stdout]    | |______________^ expected `Poll<Result<(), _>>`, found `Poll<Poll<()>>`
[INFO] [stdout]    |
[INFO] [stdout]    = note: expected enum `Poll<Result<(), <Si as futures_util::Sink<Item>>::Error>>`
[INFO] [stdout]               found enum `Poll<Poll<()>>`
[INFO] [stdout] 
[INFO] [stdout] 
[INFO] [stdout] Some errors have detailed explanations: E0277, E0308.
[INFO] [stdout] 
[INFO] [stdout] For more information about an error, try `rustc --explain E0277`.
[INFO] [stdout] 
[INFO] [stderr] error: could not compile `sinktools` (lib) due to 18 previous errors
[INFO] [stderr] warning: build failed, waiting for other jobs to finish...
[INFO] running `Command { std: "docker" "inspect" "bd8015e07e73bcf6cc782dbe48f1a83a66a0885af573beb2596e5502892a9c2a", kill_on_drop: false }`
[INFO] running `Command { std: "docker" "rm" "-f" "bd8015e07e73bcf6cc782dbe48f1a83a66a0885af573beb2596e5502892a9c2a", kill_on_drop: false }`
[INFO] [stdout] bd8015e07e73bcf6cc782dbe48f1a83a66a0885af573beb2596e5502892a9c2a
