[INFO] cloning repository https://github.com/synchronal/medic-ext-node
[INFO] running `Command { std: "git" "-c" "credential.helper=" "-c" "credential.helper=/workspace/cargo-home/bin/git-credential-null" "clone" "--bare" "https://github.com/synchronal/medic-ext-node" "/workspace/cache/git-repos/https%3A%2F%2Fgithub.com%2Fsynchronal%2Fmedic-ext-node", kill_on_drop: false }`
[INFO] [stderr] Cloning into bare repository '/workspace/cache/git-repos/https%3A%2F%2Fgithub.com%2Fsynchronal%2Fmedic-ext-node'...
[INFO] running `Command { std: "git" "rev-parse" "HEAD", kill_on_drop: false }`
[INFO] [stdout] 452a53c6ac39f8fcbeba4392023f2281c2af3e4b
[INFO] checking synchronal/medic-ext-node against 8773d2c75a8e90130dcce745a7ec4e66bb9963db+rustflags=-Aunfulfilled-lint-expectations for pr-163637
[INFO] running `Command { std: "git" "clone" "/workspace/cache/git-repos/https%3A%2F%2Fgithub.com%2Fsynchronal%2Fmedic-ext-node" "/workspace/builds/worker-3-tc2/source", kill_on_drop: false }`
[INFO] [stderr] Cloning into '/workspace/builds/worker-3-tc2/source'...
[INFO] [stderr] done.
[INFO] started tweaking git repo https://github.com/synchronal/medic-ext-node
[INFO] finished tweaking git repo https://github.com/synchronal/medic-ext-node
[INFO] tweaked toml for git repo https://github.com/synchronal/medic-ext-node written to /workspace/builds/worker-3-tc2/source/Cargo.toml
[INFO] validating manifest of git repo https://github.com/synchronal/medic-ext-node on toolchain 8773d2c75a8e90130dcce745a7ec4e66bb9963db
[INFO] running `Command { std: CARGO_HOME="/workspace/cargo-home" RUSTUP_HOME="/workspace/rustup-home" "/workspace/cargo-home/bin/cargo" "+8773d2c75a8e90130dcce745a7ec4e66bb9963db" "metadata" "--manifest-path" "Cargo.toml" "--no-deps", kill_on_drop: false }`
[INFO] crate git repo https://github.com/synchronal/medic-ext-node already has a lockfile, it will not be regenerated
[INFO] running `Command { std: CARGO_HOME="/workspace/cargo-home" RUSTUP_HOME="/workspace/rustup-home" "/workspace/cargo-home/bin/cargo" "+8773d2c75a8e90130dcce745a7ec4e66bb9963db" "fetch" "--manifest-path" "Cargo.toml", kill_on_drop: false }`
[INFO] [stderr] warning: unused workspace dependency `clap_complete`
[INFO] [stderr]  --> Cargo.toml:6:1
[INFO] [stderr]   |
[INFO] [stderr] 6 | clap_complete = "4.1"
[INFO] [stderr]   | ^^^^^^^^^^^^^
[INFO] [stderr]   |
[INFO] [stderr]   = note: `cargo::unused_workspace_dependencies` is set to `warn` by default
[INFO] [stderr] help: consider removing the workspace dependency `clap_complete`
[INFO] [stderr] warning: workspace (manifest) generated 1 warning
[INFO] running `Command { std: "docker" "create" "-v" "/var/lib/crater-agent-workspace/builds/worker-3-tc2/source:/opt/rustwide/workdir:ro,Z" "-v" "/var/lib/crater-agent-workspace/builds/worker-3-tc2/target:/opt/rustwide/target:rw,Z" "-v" "/var/lib/crater-agent-workspace/cargo-home:/opt/rustwide/cargo-home:ro,Z" "-v" "/var/lib/crater-agent-workspace/rustup-home:/opt/rustwide/rustup-home:ro,Z" "-m" "1610612736" "--network" "none" "ghcr.io/rust-lang/crates-build-env/linux@sha256:77db811e55d90add9212f6832c23229e3de5f1c1f9905e8cb07319ea15df73ac" "sleep" "infinity", kill_on_drop: false }`
[INFO] [stdout] 5c082ddde9710ac96443b2886df000645ac8113480bf092430b8d2b627bae84e
[INFO] running `Command { std: "docker" "start" "5c082ddde9710ac96443b2886df000645ac8113480bf092430b8d2b627bae84e", kill_on_drop: false }`
[INFO] running `Command { std: "docker" "inspect" "5c082ddde9710ac96443b2886df000645ac8113480bf092430b8d2b627bae84e", kill_on_drop: false }`
[INFO] running `Command { std: "docker" "exec" "-e" "SOURCE_DIR=/opt/rustwide/workdir" "-e" "CARGO_HOME=/opt/rustwide/cargo-home" "-e" "RUSTUP_HOME=/opt/rustwide/rustup-home" "-e" "CARGO_TARGET_DIR=/opt/rustwide/target" "-w" "/opt/rustwide/workdir" "--user" "0:0" "5c082ddde9710ac96443b2886df000645ac8113480bf092430b8d2b627bae84e" "/opt/rustwide/cargo-home/bin/cargo" "+8773d2c75a8e90130dcce745a7ec4e66bb9963db" "metadata" "--no-deps" "--format-version=1", kill_on_drop: false }`
[INFO] running `Command { std: "docker" "inspect" "5c082ddde9710ac96443b2886df000645ac8113480bf092430b8d2b627bae84e", kill_on_drop: false }`
[INFO] running `Command { std: "docker" "exec" "-e" "SOURCE_DIR=/opt/rustwide/workdir" "-e" "CARGO_HOME=/opt/rustwide/cargo-home" "-e" "RUSTUP_HOME=/opt/rustwide/rustup-home" "-e" "CARGO_TARGET_DIR=/opt/rustwide/target" "-e" "CARGO_INCREMENTAL=0" "-e" "RUST_BACKTRACE=full" "-e" "RUSTFLAGS=--cap-lints=forbid -Aunfulfilled-lint-expectations" "-e" "RUSTDOCFLAGS=--cap-lints=forbid" "-w" "/opt/rustwide/workdir" "--user" "0:0" "5c082ddde9710ac96443b2886df000645ac8113480bf092430b8d2b627bae84e" "/opt/rustwide/cargo-home/bin/cargo" "+8773d2c75a8e90130dcce745a7ec4e66bb9963db" "check" "--frozen" "--all" "--all-targets" "--message-format=json", kill_on_drop: false }`
[INFO] [stderr] warning: unused workspace dependency `clap_complete`
[INFO] [stderr]  --> Cargo.toml:6:1
[INFO] [stderr]   |
[INFO] [stderr] 6 | clap_complete = "4.1"
[INFO] [stderr]   | ^^^^^^^^^^^^^
[INFO] [stderr]   |
[INFO] [stderr]   = note: `cargo::unused_workspace_dependencies` is set to `warn` by default
[INFO] [stderr] help: consider removing the workspace dependency `clap_complete`
[INFO] [stderr] warning: workspace (manifest) generated 1 warning
[INFO] [stderr]    Compiling rustix v1.1.4
[INFO] [stderr]     Checking bitflags v2.11.1
[INFO] [stderr]     Checking unicase v2.9.0
[INFO] [stderr]     Checking serde_json v1.0.149
[INFO] [stderr]     Checking serde v1.0.228
[INFO] [stderr]     Checking which v8.0.2
[INFO] [stderr]     Checking medic-lib v0.3.0
[INFO] [stderr]     Checking terminal_size v0.4.4
[INFO] [stderr]     Checking clap_builder v4.6.0
[INFO] [stderr]     Checking clap v4.6.1
[INFO] [stderr]     Checking medic-check-node v1.0.0 (/opt/rustwide/workdir/medic-check-node)
[INFO] [stderr]     Checking medic-outdated-node v1.0.0 (/opt/rustwide/workdir/medic-outdated-node)
[INFO] [stdout] error[E0277]: the trait bound `CheckResult: ops::try_trait_old::Try` is not satisfied
[INFO] [stdout]   --> medic-check-node/src/lib.rs:83:5
[INFO] [stdout]    |
[INFO] [stdout] 83 |     enable_corepack()?;
[INFO] [stdout]    |     ^^^^^^^^^^^^^^^^^-
[INFO] [stdout]    |     |
[INFO] [stdout]    |     the trait `ops::try_trait_old::Try` is not implemented for `CheckResult`
[INFO] [stdout]    |     required by a bound introduced by this call
[INFO] [stdout]    |
[INFO] [stdout]    = note: `CheckResult` implements similarly named trait `Try`, but not `ops::try_trait_old::Try`
[INFO] [stdout] 
[INFO] [stdout] 
[INFO] [stdout] error[E0277]: the trait bound `CheckResult: ops::try_trait_old::FromResidual<_>` is not satisfied
[INFO] [stdout]   --> medic-check-node/src/lib.rs:83:5
[INFO] [stdout]    |
[INFO] [stdout] 83 |     enable_corepack()?;
[INFO] [stdout]    |     ^^^^^^^^^^^^^^^^^-
[INFO] [stdout]    |     |
[INFO] [stdout]    |     the trait `ops::try_trait_old::FromResidual<_>` is not implemented for `CheckResult`
[INFO] [stdout]    |     required by a bound introduced by this call
[INFO] [stdout]    |
[INFO] [stdout]    = note: `CheckResult` implements similarly named trait `FromResidual`, but not `ops::try_trait_old::FromResidual<_>`
[INFO] [stdout] note: required by a bound in `ops::try_trait_old::Try::branch`
[INFO] [stdout]   --> /rustc/8773d2c75a8e90130dcce745a7ec4e66bb9963db/library/core/src/ops/try_trait_old.rs:54:4
[INFO] [stdout] 
[INFO] [stdout] 
[INFO] [stdout] error[E0277]: the `?` operator can only be used in a function that returns `Result` or `Option` (or another type that implements `ops::try_trait_old::FromResidual`)
[INFO] [stdout]   --> medic-check-node/src/lib.rs:83:22
[INFO] [stdout]    |
[INFO] [stdout] 82 | pub fn corepack_shim_installed(name: String, version: String) -> CheckResult {
[INFO] [stdout]    | ---------------------------------------------------------------------------- this function should return `Result` or `Option` to accept `?`
[INFO] [stdout] 83 |     enable_corepack()?;
[INFO] [stdout]    |                      ^ cannot use the `?` operator in a function that returns `CheckResult`
[INFO] [stdout]    |
[INFO] [stdout]    = help: the trait `ops::try_trait_old::FromResidual<_>` is not implemented for `CheckResult`
[INFO] [stdout]    = note: `CheckResult` implements similarly named trait `FromResidual`, but not `ops::try_trait_old::FromResidual<_>`
[INFO] [stdout] 
[INFO] [stdout] 
[INFO] [stdout] error[E0277]: the trait bound `CheckResult: ops::try_trait_old::Try` is not satisfied
[INFO] [stdout]   --> medic-check-node/src/lib.rs:84:5
[INFO] [stdout]    |
[INFO] [stdout] 84 |     corepack_shim_in_path(&name, &version)?;
[INFO] [stdout]    |     ^^^^^^^^^^^^^^^^^^^^^^^^^^^^^^^^^^^^^^-
[INFO] [stdout]    |     |
[INFO] [stdout]    |     the trait `ops::try_trait_old::Try` is not implemented for `CheckResult`
[INFO] [stdout]    |     required by a bound introduced by this call
[INFO] [stdout]    |
[INFO] [stdout]    = note: `CheckResult` implements similarly named trait `Try`, but not `ops::try_trait_old::Try`
[INFO] [stdout] 
[INFO] [stdout] 
[INFO] [stdout] error[E0277]: the trait bound `CheckResult: ops::try_trait_old::FromResidual<_>` is not satisfied
[INFO] [stdout]   --> medic-check-node/src/lib.rs:84:5
[INFO] [stdout]    |
[INFO] [stdout] 84 |     corepack_shim_in_path(&name, &version)?;
[INFO] [stdout]    |     ^^^^^^^^^^^^^^^^^^^^^^^^^^^^^^^^^^^^^^-
[INFO] [stdout]    |     |
[INFO] [stdout]    |     the trait `ops::try_trait_old::FromResidual<_>` is not implemented for `CheckResult`
[INFO] [stdout]    |     required by a bound introduced by this call
[INFO] [stdout]    |
[INFO] [stdout]    = note: `CheckResult` implements similarly named trait `FromResidual`, but not `ops::try_trait_old::FromResidual<_>`
[INFO] [stdout] note: required by a bound in `ops::try_trait_old::Try::branch`
[INFO] [stdout]   --> /rustc/8773d2c75a8e90130dcce745a7ec4e66bb9963db/library/core/src/ops/try_trait_old.rs:54:4
[INFO] [stdout] 
[INFO] [stdout] 
[INFO] [stdout] error[E0277]: the `?` operator can only be used in a function that returns `Result` or `Option` (or another type that implements `ops::try_trait_old::FromResidual`)
[INFO] [stdout]   --> medic-check-node/src/lib.rs:84:43
[INFO] [stdout]    |
[INFO] [stdout] 82 | pub fn corepack_shim_installed(name: String, version: String) -> CheckResult {
[INFO] [stdout]    | ---------------------------------------------------------------------------- this function should return `Result` or `Option` to accept `?`
[INFO] [stdout] 83 |     enable_corepack()?;
[INFO] [stdout] 84 |     corepack_shim_in_path(&name, &version)?;
[INFO] [stdout]    |                                           ^ cannot use the `?` operator in a function that returns `CheckResult`
[INFO] [stdout]    |
[INFO] [stdout]    = help: the trait `ops::try_trait_old::FromResidual<_>` is not implemented for `CheckResult`
[INFO] [stdout]    = note: `CheckResult` implements similarly named trait `FromResidual`, but not `ops::try_trait_old::FromResidual<_>`
[INFO] [stdout] 
[INFO] [stdout] 
[INFO] [stdout] error[E0277]: the `?` operator can only be applied to values that implement `ops::try_trait_old::Try`
[INFO] [stdout]   --> medic-check-node/src/lib.rs:83:5
[INFO] [stdout]    |
[INFO] [stdout] 83 |     enable_corepack()?;
[INFO] [stdout]    |     ^^^^^^^^^^^^^^^^^^ the `?` operator cannot be applied to type `CheckResult`
[INFO] [stdout]    |
[INFO] [stdout]    = help: the trait `ops::try_trait_old::Try` is not implemented for `CheckResult`
[INFO] [stdout]    = note: `CheckResult` implements similarly named trait `Try`, but not `ops::try_trait_old::Try`
[INFO] [stdout] 
[INFO] [stdout] 
[INFO] [stdout] error[E0277]: the `?` operator can only be applied to values that implement `ops::try_trait_old::Try`
[INFO] [stdout]   --> medic-check-node/src/lib.rs:84:5
[INFO] [stdout]    |
[INFO] [stdout] 84 |     corepack_shim_in_path(&name, &version)?;
[INFO] [stdout]    |     ^^^^^^^^^^^^^^^^^^^^^^^^^^^^^^^^^^^^^^^ the `?` operator cannot be applied to type `CheckResult`
[INFO] [stdout]    |
[INFO] [stdout]    = help: the trait `ops::try_trait_old::Try` is not implemented for `CheckResult`
[INFO] [stdout]    = note: `CheckResult` implements similarly named trait `Try`, but not `ops::try_trait_old::Try`
[INFO] [stdout] 
[INFO] [stdout] 
[INFO] [stdout] For more information about this error, try `rustc --explain E0277`.
[INFO] [stdout] 
[INFO] [stderr] error: could not compile `medic-check-node` (lib) due to 8 previous errors
[INFO] [stderr] warning: build failed, waiting for other jobs to finish...
[INFO] [stdout] error[E0277]: the trait bound `CheckResult: ops::try_trait_old::Try` is not satisfied
[INFO] [stdout]   --> medic-check-node/src/lib.rs:83:5
[INFO] [stdout]    |
[INFO] [stdout] 83 |     enable_corepack()?;
[INFO] [stdout]    |     ^^^^^^^^^^^^^^^^^-
[INFO] [stdout]    |     |
[INFO] [stdout]    |     the trait `ops::try_trait_old::Try` is not implemented for `CheckResult`
[INFO] [stdout]    |     required by a bound introduced by this call
[INFO] [stdout]    |
[INFO] [stdout]    = note: `CheckResult` implements similarly named trait `Try`, but not `ops::try_trait_old::Try`
[INFO] [stdout] 
[INFO] [stdout] 
[INFO] [stdout] error[E0277]: the trait bound `CheckResult: ops::try_trait_old::FromResidual<_>` is not satisfied
[INFO] [stdout]   --> medic-check-node/src/lib.rs:83:5
[INFO] [stdout]    |
[INFO] [stdout] 83 |     enable_corepack()?;
[INFO] [stdout]    |     ^^^^^^^^^^^^^^^^^-
[INFO] [stdout]    |     |
[INFO] [stdout]    |     the trait `ops::try_trait_old::FromResidual<_>` is not implemented for `CheckResult`
[INFO] [stdout]    |     required by a bound introduced by this call
[INFO] [stdout]    |
[INFO] [stdout]    = note: `CheckResult` implements similarly named trait `FromResidual`, but not `ops::try_trait_old::FromResidual<_>`
[INFO] [stdout] note: required by a bound in `ops::try_trait_old::Try::branch`
[INFO] [stdout]   --> /rustc/8773d2c75a8e90130dcce745a7ec4e66bb9963db/library/core/src/ops/try_trait_old.rs:54:4
[INFO] [stdout] 
[INFO] [stdout] 
[INFO] [stdout] error[E0277]: the `?` operator can only be used in a function that returns `Result` or `Option` (or another type that implements `ops::try_trait_old::FromResidual`)
[INFO] [stdout]   --> medic-check-node/src/lib.rs:83:22
[INFO] [stdout]    |
[INFO] [stdout] 82 | pub fn corepack_shim_installed(name: String, version: String) -> CheckResult {
[INFO] [stdout]    | ---------------------------------------------------------------------------- this function should return `Result` or `Option` to accept `?`
[INFO] [stdout] 83 |     enable_corepack()?;
[INFO] [stdout]    |                      ^ cannot use the `?` operator in a function that returns `CheckResult`
[INFO] [stdout]    |
[INFO] [stdout]    = help: the trait `ops::try_trait_old::FromResidual<_>` is not implemented for `CheckResult`
[INFO] [stdout]    = note: `CheckResult` implements similarly named trait `FromResidual`, but not `ops::try_trait_old::FromResidual<_>`
[INFO] [stdout] 
[INFO] [stdout] 
[INFO] [stdout] error[E0277]: the trait bound `CheckResult: ops::try_trait_old::Try` is not satisfied
[INFO] [stdout]   --> medic-check-node/src/lib.rs:84:5
[INFO] [stdout]    |
[INFO] [stdout] 84 |     corepack_shim_in_path(&name, &version)?;
[INFO] [stdout]    |     ^^^^^^^^^^^^^^^^^^^^^^^^^^^^^^^^^^^^^^-
[INFO] [stdout]    |     |
[INFO] [stdout]    |     the trait `ops::try_trait_old::Try` is not implemented for `CheckResult`
[INFO] [stdout]    |     required by a bound introduced by this call
[INFO] [stdout]    |
[INFO] [stdout]    = note: `CheckResult` implements similarly named trait `Try`, but not `ops::try_trait_old::Try`
[INFO] [stdout] 
[INFO] [stdout] 
[INFO] [stdout] error[E0277]: the trait bound `CheckResult: ops::try_trait_old::FromResidual<_>` is not satisfied
[INFO] [stdout]   --> medic-check-node/src/lib.rs:84:5
[INFO] [stdout]    |
[INFO] [stdout] 84 |     corepack_shim_in_path(&name, &version)?;
[INFO] [stdout]    |     ^^^^^^^^^^^^^^^^^^^^^^^^^^^^^^^^^^^^^^-
[INFO] [stdout]    |     |
[INFO] [stdout]    |     the trait `ops::try_trait_old::FromResidual<_>` is not implemented for `CheckResult`
[INFO] [stdout]    |     required by a bound introduced by this call
[INFO] [stdout]    |
[INFO] [stdout]    = note: `CheckResult` implements similarly named trait `FromResidual`, but not `ops::try_trait_old::FromResidual<_>`
[INFO] [stdout] note: required by a bound in `ops::try_trait_old::Try::branch`
[INFO] [stdout]   --> /rustc/8773d2c75a8e90130dcce745a7ec4e66bb9963db/library/core/src/ops/try_trait_old.rs:54:4
[INFO] [stdout] 
[INFO] [stdout] 
[INFO] [stdout] error[E0277]: the `?` operator can only be used in a function that returns `Result` or `Option` (or another type that implements `ops::try_trait_old::FromResidual`)
[INFO] [stdout]   --> medic-check-node/src/lib.rs:84:43
[INFO] [stdout]    |
[INFO] [stdout] 82 | pub fn corepack_shim_installed(name: String, version: String) -> CheckResult {
[INFO] [stdout]    | ---------------------------------------------------------------------------- this function should return `Result` or `Option` to accept `?`
[INFO] [stdout] 83 |     enable_corepack()?;
[INFO] [stdout] 84 |     corepack_shim_in_path(&name, &version)?;
[INFO] [stdout]    |                                           ^ cannot use the `?` operator in a function that returns `CheckResult`
[INFO] [stdout]    |
[INFO] [stdout]    = help: the trait `ops::try_trait_old::FromResidual<_>` is not implemented for `CheckResult`
[INFO] [stdout]    = note: `CheckResult` implements similarly named trait `FromResidual`, but not `ops::try_trait_old::FromResidual<_>`
[INFO] [stdout] 
[INFO] [stdout] 
[INFO] [stdout] error[E0277]: the `?` operator can only be applied to values that implement `ops::try_trait_old::Try`
[INFO] [stdout]   --> medic-check-node/src/lib.rs:83:5
[INFO] [stdout]    |
[INFO] [stdout] 83 |     enable_corepack()?;
[INFO] [stdout]    |     ^^^^^^^^^^^^^^^^^^ the `?` operator cannot be applied to type `CheckResult`
[INFO] [stdout]    |
[INFO] [stdout]    = help: the trait `ops::try_trait_old::Try` is not implemented for `CheckResult`
[INFO] [stdout]    = note: `CheckResult` implements similarly named trait `Try`, but not `ops::try_trait_old::Try`
[INFO] [stdout] 
[INFO] [stdout] 
[INFO] [stdout] error[E0277]: the `?` operator can only be applied to values that implement `ops::try_trait_old::Try`
[INFO] [stdout]   --> medic-check-node/src/lib.rs:84:5
[INFO] [stdout]    |
[INFO] [stdout] 84 |     corepack_shim_in_path(&name, &version)?;
[INFO] [stdout]    |     ^^^^^^^^^^^^^^^^^^^^^^^^^^^^^^^^^^^^^^^ the `?` operator cannot be applied to type `CheckResult`
[INFO] [stdout]    |
[INFO] [stdout]    = help: the trait `ops::try_trait_old::Try` is not implemented for `CheckResult`
[INFO] [stdout]    = note: `CheckResult` implements similarly named trait `Try`, but not `ops::try_trait_old::Try`
[INFO] [stdout] 
[INFO] [stdout] 
[INFO] [stdout] For more information about this error, try `rustc --explain E0277`.
[INFO] [stdout] 
[INFO] [stderr] error: could not compile `medic-check-node` (lib test) due to 8 previous errors
[INFO] [stderr] warning: unused dependency `indoc`
[INFO] [stderr]   --> medic-outdated-node/Cargo.toml:14:1
[INFO] [stderr]    |
[INFO] [stderr] 14 | indoc = { workspace = true }
[INFO] [stderr]    | ^^^^^^^^^^^^^^^^^^^^^^^^^^^^
[INFO] [stderr]    |
[INFO] [stderr]    = note: `cargo::unused_dependencies` is set to `warn` by default
[INFO] [stderr] help: consider removing the dependency on `indoc`
[INFO] [stderr] warning: unused dependency `which`
[INFO] [stderr]   --> medic-outdated-node/Cargo.toml:18:1
[INFO] [stderr]    |
[INFO] [stderr] 18 | which = { workspace = true }
[INFO] [stderr]    | ^^^^^^^^^^^^^^^^^^^^^^^^^^^^
[INFO] [stderr]    |
[INFO] [stderr] help: consider removing the dependency on `which`
[INFO] [stderr] warning: `medic-outdated-node` (manifest) generated 2 warnings
[INFO] running `Command { std: "docker" "inspect" "5c082ddde9710ac96443b2886df000645ac8113480bf092430b8d2b627bae84e", kill_on_drop: false }`
[INFO] running `Command { std: "docker" "rm" "-f" "5c082ddde9710ac96443b2886df000645ac8113480bf092430b8d2b627bae84e", kill_on_drop: false }`
[INFO] [stdout] 5c082ddde9710ac96443b2886df000645ac8113480bf092430b8d2b627bae84e
