[INFO] cloning repository https://github.com/synchronal/medic-ext-homebrew
[INFO] running `Command { std: "git" "-c" "credential.helper=" "-c" "credential.helper=/workspace/cargo-home/bin/git-credential-null" "clone" "--bare" "https://github.com/synchronal/medic-ext-homebrew" "/workspace/cache/git-repos/https%3A%2F%2Fgithub.com%2Fsynchronal%2Fmedic-ext-homebrew", kill_on_drop: false }`
[INFO] [stderr] Cloning into bare repository '/workspace/cache/git-repos/https%3A%2F%2Fgithub.com%2Fsynchronal%2Fmedic-ext-homebrew'...
[INFO] running `Command { std: "git" "rev-parse" "HEAD", kill_on_drop: false }`
[INFO] [stdout] 9808e40589003699559c60b13b4f81c8350e6326
[INFO] checking synchronal/medic-ext-homebrew against 8773d2c75a8e90130dcce745a7ec4e66bb9963db+rustflags=-Aunfulfilled-lint-expectations for pr-163637
[INFO] running `Command { std: "git" "clone" "/workspace/cache/git-repos/https%3A%2F%2Fgithub.com%2Fsynchronal%2Fmedic-ext-homebrew" "/workspace/builds/worker-7-tc2/source", kill_on_drop: false }`
[INFO] [stderr] Cloning into '/workspace/builds/worker-7-tc2/source'...
[INFO] [stderr] done.
[INFO] started tweaking git repo https://github.com/synchronal/medic-ext-homebrew
[INFO] finished tweaking git repo https://github.com/synchronal/medic-ext-homebrew
[INFO] tweaked toml for git repo https://github.com/synchronal/medic-ext-homebrew written to /workspace/builds/worker-7-tc2/source/Cargo.toml
[INFO] validating manifest of git repo https://github.com/synchronal/medic-ext-homebrew on toolchain 8773d2c75a8e90130dcce745a7ec4e66bb9963db
[INFO] running `Command { std: CARGO_HOME="/workspace/cargo-home" RUSTUP_HOME="/workspace/rustup-home" "/workspace/cargo-home/bin/cargo" "+8773d2c75a8e90130dcce745a7ec4e66bb9963db" "metadata" "--manifest-path" "Cargo.toml" "--no-deps", kill_on_drop: false }`
[INFO] crate git repo https://github.com/synchronal/medic-ext-homebrew already has a lockfile, it will not be regenerated
[INFO] running `Command { std: CARGO_HOME="/workspace/cargo-home" RUSTUP_HOME="/workspace/rustup-home" "/workspace/cargo-home/bin/cargo" "+8773d2c75a8e90130dcce745a7ec4e66bb9963db" "fetch" "--manifest-path" "Cargo.toml", kill_on_drop: false }`
[INFO] [stderr]     Blocking waiting for file lock on package cache
[INFO] running `Command { std: "docker" "create" "-v" "/var/lib/crater-agent-workspace/builds/worker-7-tc2/source:/opt/rustwide/workdir:ro,Z" "-v" "/var/lib/crater-agent-workspace/builds/worker-7-tc2/target:/opt/rustwide/target:rw,Z" "-v" "/var/lib/crater-agent-workspace/cargo-home:/opt/rustwide/cargo-home:ro,Z" "-v" "/var/lib/crater-agent-workspace/rustup-home:/opt/rustwide/rustup-home:ro,Z" "-m" "1610612736" "--network" "none" "ghcr.io/rust-lang/crates-build-env/linux@sha256:77db811e55d90add9212f6832c23229e3de5f1c1f9905e8cb07319ea15df73ac" "sleep" "infinity", kill_on_drop: false }`
[INFO] [stdout] e01c709d382ae10da96c3558e1917068037401952d429138694957f0d07d36a0
[INFO] running `Command { std: "docker" "start" "e01c709d382ae10da96c3558e1917068037401952d429138694957f0d07d36a0", kill_on_drop: false }`
[INFO] running `Command { std: "docker" "inspect" "e01c709d382ae10da96c3558e1917068037401952d429138694957f0d07d36a0", kill_on_drop: false }`
[INFO] running `Command { std: "docker" "exec" "-e" "SOURCE_DIR=/opt/rustwide/workdir" "-e" "CARGO_HOME=/opt/rustwide/cargo-home" "-e" "RUSTUP_HOME=/opt/rustwide/rustup-home" "-e" "CARGO_TARGET_DIR=/opt/rustwide/target" "-w" "/opt/rustwide/workdir" "--user" "0:0" "e01c709d382ae10da96c3558e1917068037401952d429138694957f0d07d36a0" "/opt/rustwide/cargo-home/bin/cargo" "+8773d2c75a8e90130dcce745a7ec4e66bb9963db" "metadata" "--no-deps" "--format-version=1", kill_on_drop: false }`
[INFO] running `Command { std: "docker" "inspect" "e01c709d382ae10da96c3558e1917068037401952d429138694957f0d07d36a0", kill_on_drop: false }`
[INFO] running `Command { std: "docker" "exec" "-e" "SOURCE_DIR=/opt/rustwide/workdir" "-e" "CARGO_HOME=/opt/rustwide/cargo-home" "-e" "RUSTUP_HOME=/opt/rustwide/rustup-home" "-e" "CARGO_TARGET_DIR=/opt/rustwide/target" "-e" "CARGO_INCREMENTAL=0" "-e" "RUST_BACKTRACE=full" "-e" "RUSTFLAGS=--cap-lints=forbid -Aunfulfilled-lint-expectations" "-e" "RUSTDOCFLAGS=--cap-lints=forbid" "-w" "/opt/rustwide/workdir" "--user" "0:0" "e01c709d382ae10da96c3558e1917068037401952d429138694957f0d07d36a0" "/opt/rustwide/cargo-home/bin/cargo" "+8773d2c75a8e90130dcce745a7ec4e66bb9963db" "check" "--frozen" "--all" "--all-targets" "--message-format=json", kill_on_drop: false }`
[INFO] [stderr]    Compiling rustix v1.1.4
[INFO] [stderr]    Compiling syn v2.0.117
[INFO] [stderr]    Compiling serde_json v1.0.149
[INFO] [stderr]     Checking memchr v2.8.0
[INFO] [stderr]     Checking terminal_size v0.4.4
[INFO] [stderr]     Checking clap_builder v4.6.0
[INFO] [stderr]    Compiling serde_derive v1.0.228
[INFO] [stderr]    Compiling clap_derive v4.6.1
[INFO] [stderr]     Checking clap v4.6.1
[INFO] [stderr]     Checking serde v1.0.228
[INFO] [stderr]     Checking medic-lib v0.3.0
[INFO] [stderr]     Checking medic-check-homebrew v0.2.0 (/opt/rustwide/workdir/medic-check-homebrew)
[INFO] [stdout] error[E0277]: the trait bound `CheckResult: ops::try_trait_old::Try` is not satisfied
[INFO] [stdout]   --> medic-check-homebrew/src/lib.rs:28:5
[INFO] [stdout]    |
[INFO] [stdout] 28 |     homebrew_installed()?;
[INFO] [stdout]    |     ^^^^^^^^^^^^^^^^^^^^-
[INFO] [stdout]    |     |
[INFO] [stdout]    |     the trait `ops::try_trait_old::Try` is not implemented for `CheckResult`
[INFO] [stdout]    |     required by a bound introduced by this call
[INFO] [stdout]    |
[INFO] [stdout]    = note: `CheckResult` implements similarly named trait `Try`, but not `ops::try_trait_old::Try`
[INFO] [stdout] 
[INFO] [stdout] 
[INFO] [stdout] error[E0277]: the trait bound `CheckResult: ops::try_trait_old::FromResidual<_>` is not satisfied
[INFO] [stdout]   --> medic-check-homebrew/src/lib.rs:28:5
[INFO] [stdout]    |
[INFO] [stdout] 28 |     homebrew_installed()?;
[INFO] [stdout]    |     ^^^^^^^^^^^^^^^^^^^^-
[INFO] [stdout]    |     |
[INFO] [stdout]    |     the trait `ops::try_trait_old::FromResidual<_>` is not implemented for `CheckResult`
[INFO] [stdout]    |     required by a bound introduced by this call
[INFO] [stdout]    |
[INFO] [stdout]    = note: `CheckResult` implements similarly named trait `FromResidual`, but not `ops::try_trait_old::FromResidual<_>`
[INFO] [stdout] note: required by a bound in `ops::try_trait_old::Try::branch`
[INFO] [stdout]   --> /rustc/8773d2c75a8e90130dcce745a7ec4e66bb9963db/library/core/src/ops/try_trait_old.rs:54:4
[INFO] [stdout] 
[INFO] [stdout] 
[INFO] [stdout] error[E0277]: the `?` operator can only be used in a function that returns `Result` or `Option` (or another type that implements `ops::try_trait_old::FromResidual`)
[INFO] [stdout]   --> medic-check-homebrew/src/lib.rs:28:25
[INFO] [stdout]    |
[INFO] [stdout] 27 | pub fn bundled(cd: Option<String>) -> CheckResult {
[INFO] [stdout]    | ------------------------------------------------- this function should return `Result` or `Option` to accept `?`
[INFO] [stdout] 28 |     homebrew_installed()?;
[INFO] [stdout]    |                         ^ cannot use the `?` operator in a function that returns `CheckResult`
[INFO] [stdout]    |
[INFO] [stdout]    = help: the trait `ops::try_trait_old::FromResidual<_>` is not implemented for `CheckResult`
[INFO] [stdout]    = note: `CheckResult` implements similarly named trait `FromResidual`, but not `ops::try_trait_old::FromResidual<_>`
[INFO] [stdout] 
[INFO] [stdout] 
[INFO] [stdout] error[E0277]: the trait bound `CheckResult: ops::try_trait_old::Try` is not satisfied
[INFO] [stdout]   --> medic-check-homebrew/src/lib.rs:41:13
[INFO] [stdout]    |
[INFO] [stdout] 41 |             brewfile_exists(&expanded)?;
[INFO] [stdout]    |             ^^^^^^^^^^^^^^^^^^^^^^^^^^-
[INFO] [stdout]    |             |
[INFO] [stdout]    |             the trait `ops::try_trait_old::Try` is not implemented for `CheckResult`
[INFO] [stdout]    |             required by a bound introduced by this call
[INFO] [stdout]    |
[INFO] [stdout]    = note: `CheckResult` implements similarly named trait `Try`, but not `ops::try_trait_old::Try`
[INFO] [stdout] 
[INFO] [stdout] 
[INFO] [stdout] error[E0277]: the trait bound `CheckResult: ops::try_trait_old::FromResidual<_>` is not satisfied
[INFO] [stdout]   --> medic-check-homebrew/src/lib.rs:41:13
[INFO] [stdout]    |
[INFO] [stdout] 41 |             brewfile_exists(&expanded)?;
[INFO] [stdout]    |             ^^^^^^^^^^^^^^^^^^^^^^^^^^-
[INFO] [stdout]    |             |
[INFO] [stdout]    |             the trait `ops::try_trait_old::FromResidual<_>` is not implemented for `CheckResult`
[INFO] [stdout]    |             required by a bound introduced by this call
[INFO] [stdout]    |
[INFO] [stdout]    = note: `CheckResult` implements similarly named trait `FromResidual`, but not `ops::try_trait_old::FromResidual<_>`
[INFO] [stdout] note: required by a bound in `ops::try_trait_old::Try::branch`
[INFO] [stdout]   --> /rustc/8773d2c75a8e90130dcce745a7ec4e66bb9963db/library/core/src/ops/try_trait_old.rs:54:4
[INFO] [stdout] 
[INFO] [stdout] 
[INFO] [stdout] error[E0277]: the `?` operator can only be used in a function that returns `Result` or `Option` (or another type that implements `ops::try_trait_old::FromResidual`)
[INFO] [stdout]   --> medic-check-homebrew/src/lib.rs:41:39
[INFO] [stdout]    |
[INFO] [stdout] 27 | pub fn bundled(cd: Option<String>) -> CheckResult {
[INFO] [stdout]    | ------------------------------------------------- this function should return `Result` or `Option` to accept `?`
[INFO] [stdout] ...
[INFO] [stdout] 41 |             brewfile_exists(&expanded)?;
[INFO] [stdout]    |                                       ^ cannot use the `?` operator in a function that returns `CheckResult`
[INFO] [stdout]    |
[INFO] [stdout]    = help: the trait `ops::try_trait_old::FromResidual<_>` is not implemented for `CheckResult`
[INFO] [stdout]    = note: `CheckResult` implements similarly named trait `FromResidual`, but not `ops::try_trait_old::FromResidual<_>`
[INFO] [stdout] 
[INFO] [stdout] 
[INFO] [stdout] error[E0277]: the trait bound `CheckResult: ops::try_trait_old::Try` is not satisfied
[INFO] [stdout]   --> medic-check-homebrew/src/lib.rs:51:9
[INFO] [stdout]    |
[INFO] [stdout] 51 |         brewfile_exists(&std::env::current_dir().unwrap())?;
[INFO] [stdout]    |         ^^^^^^^^^^^^^^^^^^^^^^^^^^^^^^^^^^^^^^^^^^^^^^^^^^-
[INFO] [stdout]    |         |
[INFO] [stdout]    |         the trait `ops::try_trait_old::Try` is not implemented for `CheckResult`
[INFO] [stdout]    |         required by a bound introduced by this call
[INFO] [stdout]    |
[INFO] [stdout]    = note: `CheckResult` implements similarly named trait `Try`, but not `ops::try_trait_old::Try`
[INFO] [stdout] 
[INFO] [stdout] 
[INFO] [stdout] error[E0277]: the trait bound `CheckResult: ops::try_trait_old::FromResidual<_>` is not satisfied
[INFO] [stdout]   --> medic-check-homebrew/src/lib.rs:51:9
[INFO] [stdout]    |
[INFO] [stdout] 51 |         brewfile_exists(&std::env::current_dir().unwrap())?;
[INFO] [stdout]    |         ^^^^^^^^^^^^^^^^^^^^^^^^^^^^^^^^^^^^^^^^^^^^^^^^^^-
[INFO] [stdout]    |         |
[INFO] [stdout]    |         the trait `ops::try_trait_old::FromResidual<_>` is not implemented for `CheckResult`
[INFO] [stdout]    |         required by a bound introduced by this call
[INFO] [stdout]    |
[INFO] [stdout]    = note: `CheckResult` implements similarly named trait `FromResidual`, but not `ops::try_trait_old::FromResidual<_>`
[INFO] [stdout] note: required by a bound in `ops::try_trait_old::Try::branch`
[INFO] [stdout]   --> /rustc/8773d2c75a8e90130dcce745a7ec4e66bb9963db/library/core/src/ops/try_trait_old.rs:54:4
[INFO] [stdout] 
[INFO] [stdout] 
[INFO] [stdout] error[E0277]: the `?` operator can only be used in a function that returns `Result` or `Option` (or another type that implements `ops::try_trait_old::FromResidual`)
[INFO] [stdout]   --> medic-check-homebrew/src/lib.rs:51:59
[INFO] [stdout]    |
[INFO] [stdout] 27 | pub fn bundled(cd: Option<String>) -> CheckResult {
[INFO] [stdout]    | ------------------------------------------------- this function should return `Result` or `Option` to accept `?`
[INFO] [stdout] ...
[INFO] [stdout] 51 |         brewfile_exists(&std::env::current_dir().unwrap())?;
[INFO] [stdout]    |                                                           ^ cannot use the `?` operator in a function that returns `CheckResult`
[INFO] [stdout]    |
[INFO] [stdout]    = help: the trait `ops::try_trait_old::FromResidual<_>` is not implemented for `CheckResult`
[INFO] [stdout]    = note: `CheckResult` implements similarly named trait `FromResidual`, but not `ops::try_trait_old::FromResidual<_>`
[INFO] [stdout] 
[INFO] [stdout] 
[INFO] [stdout] error[E0277]: the `?` operator can only be applied to values that implement `ops::try_trait_old::Try`
[INFO] [stdout]   --> medic-check-homebrew/src/lib.rs:28:5
[INFO] [stdout]    |
[INFO] [stdout] 28 |     homebrew_installed()?;
[INFO] [stdout]    |     ^^^^^^^^^^^^^^^^^^^^^ the `?` operator cannot be applied to type `CheckResult`
[INFO] [stdout]    |
[INFO] [stdout]    = help: the trait `ops::try_trait_old::Try` is not implemented for `CheckResult`
[INFO] [stdout]    = note: `CheckResult` implements similarly named trait `Try`, but not `ops::try_trait_old::Try`
[INFO] [stdout] 
[INFO] [stdout] 
[INFO] [stdout] error[E0277]: the `?` operator can only be applied to values that implement `ops::try_trait_old::Try`
[INFO] [stdout]   --> medic-check-homebrew/src/lib.rs:41:13
[INFO] [stdout]    |
[INFO] [stdout] 41 |             brewfile_exists(&expanded)?;
[INFO] [stdout]    |             ^^^^^^^^^^^^^^^^^^^^^^^^^^^ the `?` operator cannot be applied to type `CheckResult`
[INFO] [stdout]    |
[INFO] [stdout]    = help: the trait `ops::try_trait_old::Try` is not implemented for `CheckResult`
[INFO] [stdout]    = note: `CheckResult` implements similarly named trait `Try`, but not `ops::try_trait_old::Try`
[INFO] [stdout] 
[INFO] [stdout] 
[INFO] [stdout] error[E0277]: the `?` operator can only be applied to values that implement `ops::try_trait_old::Try`
[INFO] [stdout]   --> medic-check-homebrew/src/lib.rs:51:9
[INFO] [stdout]    |
[INFO] [stdout] 51 |         brewfile_exists(&std::env::current_dir().unwrap())?;
[INFO] [stdout]    |         ^^^^^^^^^^^^^^^^^^^^^^^^^^^^^^^^^^^^^^^^^^^^^^^^^^^ the `?` operator cannot be applied to type `CheckResult`
[INFO] [stdout]    |
[INFO] [stdout]    = help: the trait `ops::try_trait_old::Try` is not implemented for `CheckResult`
[INFO] [stdout]    = note: `CheckResult` implements similarly named trait `Try`, but not `ops::try_trait_old::Try`
[INFO] [stdout] 
[INFO] [stdout] 
[INFO] [stdout] error[E0277]: the trait bound `CheckResult: ops::try_trait_old::Try` is not satisfied
[INFO] [stdout]   --> medic-check-homebrew/src/lib.rs:28:5
[INFO] [stdout]    |
[INFO] [stdout] 28 |     homebrew_installed()?;
[INFO] [stdout]    |     ^^^^^^^^^^^^^^^^^^^^-
[INFO] [stdout]    |     |
[INFO] [stdout]    |     the trait `ops::try_trait_old::Try` is not implemented for `CheckResult`
[INFO] [stdout]    |     required by a bound introduced by this call
[INFO] [stdout]    |
[INFO] [stdout]    = note: `CheckResult` implements similarly named trait `Try`, but not `ops::try_trait_old::Try`
[INFO] [stdout] 
[INFO] [stdout] 
[INFO] [stdout] error[E0277]: the trait bound `CheckResult: ops::try_trait_old::FromResidual<_>` is not satisfied
[INFO] [stdout]   --> medic-check-homebrew/src/lib.rs:28:5
[INFO] [stdout]    |
[INFO] [stdout] 28 |     homebrew_installed()?;
[INFO] [stdout]    |     ^^^^^^^^^^^^^^^^^^^^-
[INFO] [stdout]    |     |
[INFO] [stdout]    |     the trait `ops::try_trait_old::FromResidual<_>` is not implemented for `CheckResult`
[INFO] [stdout]    |     required by a bound introduced by this call
[INFO] [stdout]    |
[INFO] [stdout]    = note: `CheckResult` implements similarly named trait `FromResidual`, but not `ops::try_trait_old::FromResidual<_>`
[INFO] [stdout] note: required by a bound in `ops::try_trait_old::Try::branch`
[INFO] [stdout]   --> /rustc/8773d2c75a8e90130dcce745a7ec4e66bb9963db/library/core/src/ops/try_trait_old.rs:54:4
[INFO] [stdout] 
[INFO] [stdout] 
[INFO] [stdout] error[E0277]: the `?` operator can only be used in a function that returns `Result` or `Option` (or another type that implements `ops::try_trait_old::FromResidual`)
[INFO] [stdout]   --> medic-check-homebrew/src/lib.rs:28:25
[INFO] [stdout]    |
[INFO] [stdout] 27 | pub fn bundled(cd: Option<String>) -> CheckResult {
[INFO] [stdout]    | ------------------------------------------------- this function should return `Result` or `Option` to accept `?`
[INFO] [stdout] 28 |     homebrew_installed()?;
[INFO] [stdout]    |                         ^ cannot use the `?` operator in a function that returns `CheckResult`
[INFO] [stdout]    |
[INFO] [stdout]    = help: the trait `ops::try_trait_old::FromResidual<_>` is not implemented for `CheckResult`
[INFO] [stdout]    = note: `CheckResult` implements similarly named trait `FromResidual`, but not `ops::try_trait_old::FromResidual<_>`
[INFO] [stdout] 
[INFO] [stdout] 
[INFO] [stdout] error[E0277]: the trait bound `CheckResult: ops::try_trait_old::Try` is not satisfied
[INFO] [stdout]   --> medic-check-homebrew/src/lib.rs:41:13
[INFO] [stdout]    |
[INFO] [stdout] 41 |             brewfile_exists(&expanded)?;
[INFO] [stdout]    |             ^^^^^^^^^^^^^^^^^^^^^^^^^^-
[INFO] [stdout]    |             |
[INFO] [stdout]    |             the trait `ops::try_trait_old::Try` is not implemented for `CheckResult`
[INFO] [stdout]    |             required by a bound introduced by this call
[INFO] [stdout]    |
[INFO] [stdout]    = note: `CheckResult` implements similarly named trait `Try`, but not `ops::try_trait_old::Try`
[INFO] [stdout] 
[INFO] [stdout] 
[INFO] [stdout] error[E0277]: the trait bound `CheckResult: ops::try_trait_old::FromResidual<_>` is not satisfied
[INFO] [stdout]   --> medic-check-homebrew/src/lib.rs:41:13
[INFO] [stdout]    |
[INFO] [stdout] 41 |             brewfile_exists(&expanded)?;
[INFO] [stdout]    |             ^^^^^^^^^^^^^^^^^^^^^^^^^^-
[INFO] [stdout]    |             |
[INFO] [stdout]    |             the trait `ops::try_trait_old::FromResidual<_>` is not implemented for `CheckResult`
[INFO] [stdout]    |             required by a bound introduced by this call
[INFO] [stdout]    |
[INFO] [stdout]    = note: `CheckResult` implements similarly named trait `FromResidual`, but not `ops::try_trait_old::FromResidual<_>`
[INFO] [stdout] note: required by a bound in `ops::try_trait_old::Try::branch`
[INFO] [stdout]   --> /rustc/8773d2c75a8e90130dcce745a7ec4e66bb9963db/library/core/src/ops/try_trait_old.rs:54:4
[INFO] [stdout] 
[INFO] [stdout] 
[INFO] [stdout] error[E0277]: the `?` operator can only be used in a function that returns `Result` or `Option` (or another type that implements `ops::try_trait_old::FromResidual`)
[INFO] [stdout]   --> medic-check-homebrew/src/lib.rs:41:39
[INFO] [stdout]    |
[INFO] [stdout] 27 | pub fn bundled(cd: Option<String>) -> CheckResult {
[INFO] [stdout]    | ------------------------------------------------- this function should return `Result` or `Option` to accept `?`
[INFO] [stdout] ...
[INFO] [stdout] 41 |             brewfile_exists(&expanded)?;
[INFO] [stdout]    |                                       ^ cannot use the `?` operator in a function that returns `CheckResult`
[INFO] [stdout]    |
[INFO] [stdout]    = help: the trait `ops::try_trait_old::FromResidual<_>` is not implemented for `CheckResult`
[INFO] [stdout]    = note: `CheckResult` implements similarly named trait `FromResidual`, but not `ops::try_trait_old::FromResidual<_>`
[INFO] [stdout] 
[INFO] [stdout] 
[INFO] [stdout] error[E0277]: the trait bound `CheckResult: ops::try_trait_old::Try` is not satisfied
[INFO] [stdout]   --> medic-check-homebrew/src/lib.rs:51:9
[INFO] [stdout]    |
[INFO] [stdout] 51 |         brewfile_exists(&std::env::current_dir().unwrap())?;
[INFO] [stdout]    |         ^^^^^^^^^^^^^^^^^^^^^^^^^^^^^^^^^^^^^^^^^^^^^^^^^^-
[INFO] [stdout]    |         |
[INFO] [stdout]    |         the trait `ops::try_trait_old::Try` is not implemented for `CheckResult`
[INFO] [stdout]    |         required by a bound introduced by this call
[INFO] [stdout]    |
[INFO] [stdout]    = note: `CheckResult` implements similarly named trait `Try`, but not `ops::try_trait_old::Try`
[INFO] [stdout] 
[INFO] [stdout] 
[INFO] [stdout] error[E0277]: the trait bound `CheckResult: ops::try_trait_old::FromResidual<_>` is not satisfied
[INFO] [stdout]   --> medic-check-homebrew/src/lib.rs:51:9
[INFO] [stdout]    |
[INFO] [stdout] 51 |         brewfile_exists(&std::env::current_dir().unwrap())?;
[INFO] [stdout]    |         ^^^^^^^^^^^^^^^^^^^^^^^^^^^^^^^^^^^^^^^^^^^^^^^^^^-
[INFO] [stdout]    |         |
[INFO] [stdout]    |         the trait `ops::try_trait_old::FromResidual<_>` is not implemented for `CheckResult`
[INFO] [stdout]    |         required by a bound introduced by this call
[INFO] [stdout]    |
[INFO] [stdout]    = note: `CheckResult` implements similarly named trait `FromResidual`, but not `ops::try_trait_old::FromResidual<_>`
[INFO] [stdout] note: required by a bound in `ops::try_trait_old::Try::branch`
[INFO] [stdout]   --> /rustc/8773d2c75a8e90130dcce745a7ec4e66bb9963db/library/core/src/ops/try_trait_old.rs:54:4
[INFO] [stdout] 
[INFO] [stdout] 
[INFO] [stdout] error[E0277]: the `?` operator can only be used in a function that returns `Result` or `Option` (or another type that implements `ops::try_trait_old::FromResidual`)
[INFO] [stdout]   --> medic-check-homebrew/src/lib.rs:51:59
[INFO] [stdout]    |
[INFO] [stdout] 27 | pub fn bundled(cd: Option<String>) -> CheckResult {
[INFO] [stdout]    | ------------------------------------------------- this function should return `Result` or `Option` to accept `?`
[INFO] [stdout] ...
[INFO] [stdout] 51 |         brewfile_exists(&std::env::current_dir().unwrap())?;
[INFO] [stdout]    |                                                           ^ cannot use the `?` operator in a function that returns `CheckResult`
[INFO] [stdout]    |
[INFO] [stdout]    = help: the trait `ops::try_trait_old::FromResidual<_>` is not implemented for `CheckResult`
[INFO] [stdout]    = note: `CheckResult` implements similarly named trait `FromResidual`, but not `ops::try_trait_old::FromResidual<_>`
[INFO] [stdout] 
[INFO] [stdout] 
[INFO] [stdout] error[E0277]: the `?` operator can only be applied to values that implement `ops::try_trait_old::Try`
[INFO] [stdout]   --> medic-check-homebrew/src/lib.rs:28:5
[INFO] [stdout]    |
[INFO] [stdout] 28 |     homebrew_installed()?;
[INFO] [stdout]    |     ^^^^^^^^^^^^^^^^^^^^^ the `?` operator cannot be applied to type `CheckResult`
[INFO] [stdout]    |
[INFO] [stdout]    = help: the trait `ops::try_trait_old::Try` is not implemented for `CheckResult`
[INFO] [stdout]    = note: `CheckResult` implements similarly named trait `Try`, but not `ops::try_trait_old::Try`
[INFO] [stdout] 
[INFO] [stdout] 
[INFO] [stdout] error[E0277]: the `?` operator can only be applied to values that implement `ops::try_trait_old::Try`
[INFO] [stdout]   --> medic-check-homebrew/src/lib.rs:41:13
[INFO] [stdout]    |
[INFO] [stdout] 41 |             brewfile_exists(&expanded)?;
[INFO] [stdout]    |             ^^^^^^^^^^^^^^^^^^^^^^^^^^^ the `?` operator cannot be applied to type `CheckResult`
[INFO] [stdout]    |
[INFO] [stdout]    = help: the trait `ops::try_trait_old::Try` is not implemented for `CheckResult`
[INFO] [stdout]    = note: `CheckResult` implements similarly named trait `Try`, but not `ops::try_trait_old::Try`
[INFO] [stdout] 
[INFO] [stdout] 
[INFO] [stdout] error[E0277]: the `?` operator can only be applied to values that implement `ops::try_trait_old::Try`
[INFO] [stdout]   --> medic-check-homebrew/src/lib.rs:51:9
[INFO] [stdout]    |
[INFO] [stdout] 51 |         brewfile_exists(&std::env::current_dir().unwrap())?;
[INFO] [stdout]    |         ^^^^^^^^^^^^^^^^^^^^^^^^^^^^^^^^^^^^^^^^^^^^^^^^^^^ the `?` operator cannot be applied to type `CheckResult`
[INFO] [stdout]    |
[INFO] [stdout]    = help: the trait `ops::try_trait_old::Try` is not implemented for `CheckResult`
[INFO] [stdout]    = note: `CheckResult` implements similarly named trait `Try`, but not `ops::try_trait_old::Try`
[INFO] [stdout] 
[INFO] [stdout] 
[INFO] [stdout] For more information about this error, try `rustc --explain E0277`.
[INFO] [stdout] 
[INFO] [stdout] For more information about this error, try `rustc --explain E0277`.
[INFO] [stdout] 
[INFO] [stderr] error: could not compile `medic-check-homebrew` (lib) due to 12 previous errors
[INFO] [stderr] warning: build failed, waiting for other jobs to finish...
[INFO] [stderr] error: could not compile `medic-check-homebrew` (lib test) due to 12 previous errors
[INFO] running `Command { std: "docker" "inspect" "e01c709d382ae10da96c3558e1917068037401952d429138694957f0d07d36a0", kill_on_drop: false }`
[INFO] running `Command { std: "docker" "rm" "-f" "e01c709d382ae10da96c3558e1917068037401952d429138694957f0d07d36a0", kill_on_drop: false }`
[INFO] [stdout] e01c709d382ae10da96c3558e1917068037401952d429138694957f0d07d36a0
