[INFO] cloning repository https://github.com/sodiboo/six
[INFO] running `Command { std: "git" "-c" "credential.helper=" "-c" "credential.helper=/workspace/cargo-home/bin/git-credential-null" "clone" "--bare" "https://github.com/sodiboo/six" "/workspace/cache/git-repos/https%3A%2F%2Fgithub.com%2Fsodiboo%2Fsix", kill_on_drop: false }`
[INFO] [stderr] Cloning into bare repository '/workspace/cache/git-repos/https%3A%2F%2Fgithub.com%2Fsodiboo%2Fsix'...
[INFO] running `Command { std: "git" "rev-parse" "HEAD", kill_on_drop: false }`
[INFO] [stdout] e454cc7f5f76aa368f385c238f2f6b0077a97f0f
[INFO] checking sodiboo/six against 8773d2c75a8e90130dcce745a7ec4e66bb9963db+rustflags=-Aunfulfilled-lint-expectations for pr-163637
[INFO] running `Command { std: "git" "clone" "/workspace/cache/git-repos/https%3A%2F%2Fgithub.com%2Fsodiboo%2Fsix" "/workspace/builds/worker-3-tc2/source", kill_on_drop: false }`
[INFO] [stderr] Cloning into '/workspace/builds/worker-3-tc2/source'...
[INFO] [stderr] done.
[INFO] started tweaking git repo https://github.com/sodiboo/six
[INFO] finished tweaking git repo https://github.com/sodiboo/six
[INFO] tweaked toml for git repo https://github.com/sodiboo/six written to /workspace/builds/worker-3-tc2/source/Cargo.toml
[INFO] validating manifest of git repo https://github.com/sodiboo/six on toolchain 8773d2c75a8e90130dcce745a7ec4e66bb9963db
[INFO] running `Command { std: CARGO_HOME="/workspace/cargo-home" RUSTUP_HOME="/workspace/rustup-home" "/workspace/cargo-home/bin/cargo" "+8773d2c75a8e90130dcce745a7ec4e66bb9963db" "metadata" "--manifest-path" "Cargo.toml" "--no-deps", kill_on_drop: false }`
[INFO] crate git repo https://github.com/sodiboo/six already has a lockfile, it will not be regenerated
[INFO] running `Command { std: CARGO_HOME="/workspace/cargo-home" RUSTUP_HOME="/workspace/rustup-home" "/workspace/cargo-home/bin/cargo" "+8773d2c75a8e90130dcce745a7ec4e66bb9963db" "fetch" "--manifest-path" "Cargo.toml", kill_on_drop: false }`
[INFO] running `Command { std: "docker" "create" "-v" "/var/lib/crater-agent-workspace/builds/worker-3-tc2/source:/opt/rustwide/workdir:ro,Z" "-v" "/var/lib/crater-agent-workspace/builds/worker-3-tc2/target:/opt/rustwide/target:rw,Z" "-v" "/var/lib/crater-agent-workspace/cargo-home:/opt/rustwide/cargo-home:ro,Z" "-v" "/var/lib/crater-agent-workspace/rustup-home:/opt/rustwide/rustup-home:ro,Z" "-m" "1610612736" "--network" "none" "ghcr.io/rust-lang/crates-build-env/linux@sha256:77db811e55d90add9212f6832c23229e3de5f1c1f9905e8cb07319ea15df73ac" "sleep" "infinity", kill_on_drop: false }`
[INFO] [stdout] cf694a8249a9e9727a35ef56284373acd6044dfe3f5c9872026383569575e15c
[INFO] running `Command { std: "docker" "start" "cf694a8249a9e9727a35ef56284373acd6044dfe3f5c9872026383569575e15c", kill_on_drop: false }`
[INFO] running `Command { std: "docker" "inspect" "cf694a8249a9e9727a35ef56284373acd6044dfe3f5c9872026383569575e15c", kill_on_drop: false }`
[INFO] running `Command { std: "docker" "exec" "-e" "SOURCE_DIR=/opt/rustwide/workdir" "-e" "CARGO_HOME=/opt/rustwide/cargo-home" "-e" "RUSTUP_HOME=/opt/rustwide/rustup-home" "-e" "CARGO_TARGET_DIR=/opt/rustwide/target" "-w" "/opt/rustwide/workdir" "--user" "0:0" "cf694a8249a9e9727a35ef56284373acd6044dfe3f5c9872026383569575e15c" "/opt/rustwide/cargo-home/bin/cargo" "+8773d2c75a8e90130dcce745a7ec4e66bb9963db" "metadata" "--no-deps" "--format-version=1", kill_on_drop: false }`
[INFO] running `Command { std: "docker" "inspect" "cf694a8249a9e9727a35ef56284373acd6044dfe3f5c9872026383569575e15c", kill_on_drop: false }`
[INFO] running `Command { std: "docker" "exec" "-e" "SOURCE_DIR=/opt/rustwide/workdir" "-e" "CARGO_HOME=/opt/rustwide/cargo-home" "-e" "RUSTUP_HOME=/opt/rustwide/rustup-home" "-e" "CARGO_TARGET_DIR=/opt/rustwide/target" "-e" "CARGO_INCREMENTAL=0" "-e" "RUST_BACKTRACE=full" "-e" "RUSTFLAGS=--cap-lints=forbid -Aunfulfilled-lint-expectations" "-e" "RUSTDOCFLAGS=--cap-lints=forbid" "-w" "/opt/rustwide/workdir" "--user" "0:0" "cf694a8249a9e9727a35ef56284373acd6044dfe3f5c9872026383569575e15c" "/opt/rustwide/cargo-home/bin/cargo" "+8773d2c75a8e90130dcce745a7ec4e66bb9963db" "check" "--frozen" "--all" "--all-targets" "--message-format=json", kill_on_drop: false }`
[INFO] [stderr]    Compiling unicode-ident v1.0.17
[INFO] [stderr]     Checking unicode-width v0.1.14
[INFO] [stderr]    Compiling libc v0.2.169
[INFO] [stderr]     Checking memchr v2.7.4
[INFO] [stderr]    Compiling object v0.36.7
[INFO] [stderr]    Compiling num-traits v0.2.19
[INFO] [stderr]    Compiling cc v1.2.14
[INFO] [stderr]     Checking adler2 v2.0.0
[INFO] [stderr]     Checking gimli v0.31.1
[INFO] [stderr]    Compiling proc-macro2 v1.0.94
[INFO] [stderr]    Compiling rustix v0.38.44
[INFO] [stderr]     Checking miniz_oxide v0.8.4
[INFO] [stderr]     Checking rustc-demangle v0.1.24
[INFO] [stderr]     Checking bitflags v2.8.0
[INFO] [stderr]    Compiling quote v1.0.39
[INFO] [stderr]     Checking linux-raw-sys v0.4.15
[INFO] [stderr]    Compiling syn v2.0.99
[INFO] [stderr]    Compiling owo-colors v4.1.0
[INFO] [stderr]     Checking anstyle-parse v0.2.6
[INFO] [stderr]     Checking is_ci v1.2.0
[INFO] [stderr]     Checking yansi v1.0.1
[INFO] [stderr]     Checking unicode-linebreak v0.1.5
[INFO] [stderr]     Checking num-integer v0.1.46
[INFO] [stderr]     Checking sptr v0.3.2
[INFO] [stderr]     Checking anstyle v1.0.10
[INFO] [stderr]     Checking once_cell v1.20.3
[INFO] [stderr]     Checking num-bigint v0.4.6
[INFO] [stderr]     Checking minimal-lexical v0.2.1
[INFO] [stderr]     Checking anstyle-query v1.1.2
[INFO] [stderr]     Checking colorchoice v1.0.3
[INFO] [stderr]     Checking anstream v0.6.18
[INFO] [stderr]     Checking num-iter v0.1.45
[INFO] [stderr]     Checking ariadne v0.5.0
[INFO] [stderr]     Checking nom v7.1.3
[INFO] [stderr]     Checking terminal_size v0.4.1
[INFO] [stderr]     Checking textwrap v0.16.1
[INFO] [stderr]    Compiling psm v0.1.25
[INFO] [stderr]    Compiling stacker v0.1.18
[INFO] [stderr]     Checking num-complex v0.4.6
[INFO] [stderr]     Checking supports-color v3.0.2
[INFO] [stderr]     Checking countme v3.0.1
[INFO] [stderr]     Checking rustc-hash v1.1.0
[INFO] [stderr]     Checking hashbrown v0.14.5
[INFO] [stderr]     Checking text-size v1.1.1
[INFO] [stderr]     Checking supports-hyperlinks v3.1.0
[INFO] [stderr]    Compiling thiserror v2.0.11
[INFO] [stderr]     Checking supports-unicode v3.0.0
[INFO] [stderr]    Compiling anyhow v1.0.96
[INFO] [stderr]     Checking num-rational v0.4.2
[INFO] [stderr]     Checking addr2line v0.24.2
[INFO] [stderr]     Checking clap_lex v0.7.4
[INFO] [stderr]     Checking clap_builder v4.5.30
[INFO] [stderr]     Checking rowan v0.15.16
[INFO] [stderr]     Checking num v0.4.3
[INFO] [stderr]     Checking winnow v0.6.24
[INFO] [stderr]     Checking arrayvec v0.7.6
[INFO] [stderr]     Checking rnix v0.12.0
[INFO] [stderr]     Checking backtrace v0.3.74
[INFO] [stderr]     Checking backtrace-ext v0.2.1
[INFO] [stderr]    Compiling synstructure v0.13.1
[INFO] [stderr]    Compiling thiserror-impl v1.0.69
[INFO] [stderr]    Compiling miette-derive v5.10.0
[INFO] [stderr]    Compiling miette-derive v7.5.0
[INFO] [stderr]    Compiling thiserror-impl v2.0.11
[INFO] [stderr]    Compiling clap_derive v4.5.28
[INFO] [stderr]    Compiling six-diagnostic-derive v0.1.0 (/opt/rustwide/workdir/six-diagnostic-derive)
[INFO] [stderr]    Compiling gc-arena-derive v0.5.3
[INFO] [stderr]     Checking gc-arena v0.5.3
[INFO] [stderr]     Checking six-diagnostic v0.1.0 (/opt/rustwide/workdir/six-diagnostic)
[INFO] [stdout] warning: hiding a lifetime that's elided elsewhere is confusing
[INFO] [stdout]   --> six-diagnostic/src/lib.rs:35:17
[INFO] [stdout]    |
[INFO] [stdout] 35 |     diagnostic: &impl Diagnostic<'gc>,
[INFO] [stdout]    |                 ^^^^^^^^^^^^^^^^^^^^^ the lifetime is elided here
[INFO] [stdout] 36 | ) -> ariadne::Report<span::Span<'gc>> {
[INFO] [stdout]    |      ^^^^^^^^^^^^^^^^^^^^^^^^^^^^^^^^ the same lifetime is hidden here
[INFO] [stdout]    |
[INFO] [stdout]    = help: the same lifetime is referred to in inconsistent ways, making the signature confusing
[INFO] [stdout]    = note: `#[warn(mismatched_lifetime_syntaxes)]` on by default
[INFO] [stdout] help: use `'_` for type paths
[INFO] [stdout]    |
[INFO] [stdout] 36 | ) -> ariadne::Report<'_, span::Span<'gc>> {
[INFO] [stdout]    |                      +++
[INFO] [stdout] 
[INFO] [stdout] 
[INFO] [stdout] warning: hiding a lifetime that's elided elsewhere is confusing
[INFO] [stdout]   --> six-diagnostic/src/lib.rs:35:17
[INFO] [stdout]    |
[INFO] [stdout] 35 |     diagnostic: &impl Diagnostic<'gc>,
[INFO] [stdout]    |                 ^^^^^^^^^^^^^^^^^^^^^ the lifetime is elided here
[INFO] [stdout] 36 | ) -> ariadne::Report<span::Span<'gc>> {
[INFO] [stdout]    |      ^^^^^^^^^^^^^^^^^^^^^^^^^^^^^^^^ the same lifetime is hidden here
[INFO] [stdout]    |
[INFO] [stdout]    = help: the same lifetime is referred to in inconsistent ways, making the signature confusing
[INFO] [stdout]    = note: `#[warn(mismatched_lifetime_syntaxes)]` on by default
[INFO] [stdout] help: use `'_` for type paths
[INFO] [stdout]    |
[INFO] [stdout] 36 | ) -> ariadne::Report<'_, span::Span<'gc>> {
[INFO] [stdout]    |                      +++
[INFO] [stdout] 
[INFO] [stdout] 
[INFO] [stderr]     Checking thiserror v1.0.69
[INFO] [stderr]     Checking miette v7.5.0
[INFO] [stderr]     Checking miette v5.10.0
[INFO] [stderr]     Checking kdl v4.7.1
[INFO] [stderr]     Checking clap v4.5.30
[INFO] [stderr]     Checking kdl v6.3.4
[INFO] [stderr]     Checking six v0.1.0 (/opt/rustwide/workdir)
[INFO] [stdout] error[E0271]: type mismatch resolving `<Result<!, _> as Residual<_>>::TryType == Annotated<'gc, Forced<'gc, V>>`
[INFO] [stdout]   --> src/poison/annotated.rs:82:21
[INFO] [stdout]    |
[INFO] [stdout] 82 |     type Residual = Result<std::convert::Infallible, Annotated<'gc, Gc<'gc, Poison<'gc>>>>;
[INFO] [stdout]    |                     ^^^^^^^^^^^^^^^^^^^^^^^^^^^^^^^^^^^^^^^^^^^^^^^^^^^^^^^^^^^^^^^^^^^^^^ expected `Annotated<'_, Forced<'_, V>>`, found `Result<Annotated<'_, V>, _>`
[INFO] [stdout]    |
[INFO] [stdout]    = note: expected struct `Annotated<'_, Forced<'gc, V>>`
[INFO] [stdout]                 found enum `Result<Annotated<'_, V>, Annotated<'gc, Gc<'gc, Poison<'gc>>>>`
[INFO] [stdout] note: required by a bound in `std::ops::Try::Residual`
[INFO] [stdout]   --> /rustc/8773d2c75a8e90130dcce745a7ec4e66bb9963db/library/core/src/ops/try_trait.rs:160:4
[INFO] [stdout]    = note: the full name for the type has been written to '/opt/rustwide/target/debug/build/six/79bc125514fd1abc/out/six-79bc125514fd1abc.long-type-8550308664451372978.txt'
[INFO] [stdout]    = note: consider using `--verbose` to print the full type name to the console
[INFO] [stdout] 
[INFO] [stdout] 
[INFO] [stdout] error[E0271]: type mismatch resolving `<Result<!, Gc<'gc, Poison<'gc>>> as Residual<V>>::TryType == Forced<'gc, V>`
[INFO] [stdout]    --> src/poison/mod.rs:119:21
[INFO] [stdout]     |
[INFO] [stdout] 119 |     type Residual = Result<std::convert::Infallible, Gc<'gc, Poison<'gc>>>;
[INFO] [stdout]     |                     ^^^^^^^^^^^^^^^^^^^^^^^^^^^^^^^^^^^^^^^^^^^^^^^^^^^^^^ expected `Forced<'_, V>`, found `Result<V, Gc<'_, Poison<'_>>>`
[INFO] [stdout]     |
[INFO] [stdout]     = note: expected enum `Forced<'gc, V>`
[INFO] [stdout]                found enum `Result<V, Gc<'gc, Poison<'gc>>>`
[INFO] [stdout] note: required by a bound in `std::ops::Try::Residual`
[INFO] [stdout]    --> /rustc/8773d2c75a8e90130dcce745a7ec4e66bb9963db/library/core/src/ops/try_trait.rs:160:4
[INFO] [stdout] 
[INFO] [stdout] 
[INFO] [stdout] error[E0271]: type mismatch resolving `<Result<!, _> as Residual<_>>::TryType == Annotated<'gc, Forced<'gc, V>>`
[INFO] [stdout]   --> src/poison/annotated.rs:82:21
[INFO] [stdout]    |
[INFO] [stdout] 82 |     type Residual = Result<std::convert::Infallible, Annotated<'gc, Gc<'gc, Poison<'gc>>>>;
[INFO] [stdout]    |                     ^^^^^^^^^^^^^^^^^^^^^^^^^^^^^^^^^^^^^^^^^^^^^^^^^^^^^^^^^^^^^^^^^^^^^^ expected `Annotated<'_, Forced<'_, V>>`, found `Result<Annotated<'_, V>, _>`
[INFO] [stdout]    |
[INFO] [stdout]    = note: expected struct `Annotated<'_, Forced<'gc, V>>`
[INFO] [stdout]                 found enum `Result<Annotated<'_, V>, Annotated<'gc, Gc<'gc, Poison<'gc>>>>`
[INFO] [stdout] note: required by a bound in `std::ops::Try::Residual`
[INFO] [stdout]   --> /rustc/8773d2c75a8e90130dcce745a7ec4e66bb9963db/library/core/src/ops/try_trait.rs:160:4
[INFO] [stdout]    = note: the full name for the type has been written to '/opt/rustwide/target/debug/build/six/257080b67d671648/out/six-257080b67d671648.long-type-17251028477566633626.txt'
[INFO] [stdout]    = note: consider using `--verbose` to print the full type name to the console
[INFO] [stdout] 
[INFO] [stdout] 
[INFO] [stdout] error[E0271]: type mismatch resolving `<Result<!, Gc<'gc, Poison<'gc>>> as Residual<V>>::TryType == Forced<'gc, V>`
[INFO] [stdout]    --> src/poison/mod.rs:119:21
[INFO] [stdout]     |
[INFO] [stdout] 119 |     type Residual = Result<std::convert::Infallible, Gc<'gc, Poison<'gc>>>;
[INFO] [stdout]     |                     ^^^^^^^^^^^^^^^^^^^^^^^^^^^^^^^^^^^^^^^^^^^^^^^^^^^^^^ expected `Forced<'_, V>`, found `Result<V, Gc<'_, Poison<'_>>>`
[INFO] [stdout]     |
[INFO] [stdout]     = note: expected enum `Forced<'gc, V>`
[INFO] [stdout]                found enum `Result<V, Gc<'gc, Poison<'gc>>>`
[INFO] [stdout] note: required by a bound in `std::ops::Try::Residual`
[INFO] [stdout]    --> /rustc/8773d2c75a8e90130dcce745a7ec4e66bb9963db/library/core/src/ops/try_trait.rs:160:4
[INFO] [stdout] 
[INFO] [stdout] 
[INFO] [stdout] For more information about this error, try `rustc --explain E0271`.
[INFO] [stdout] 
[INFO] [stdout] For more information about this error, try `rustc --explain E0271`.
[INFO] [stdout] 
[INFO] [stderr] error: could not compile `six` (lib) due to 2 previous errors
[INFO] [stderr] warning: build failed, waiting for other jobs to finish...
[INFO] [stderr] error: could not compile `six` (lib test) due to 2 previous errors
[INFO] running `Command { std: "docker" "inspect" "cf694a8249a9e9727a35ef56284373acd6044dfe3f5c9872026383569575e15c", kill_on_drop: false }`
[INFO] running `Command { std: "docker" "rm" "-f" "cf694a8249a9e9727a35ef56284373acd6044dfe3f5c9872026383569575e15c", kill_on_drop: false }`
[INFO] [stdout] cf694a8249a9e9727a35ef56284373acd6044dfe3f5c9872026383569575e15c
