[INFO] cloning repository https://github.com/mbenoukaiss/ettac
[INFO] running `Command { std: "git" "-c" "credential.helper=" "-c" "credential.helper=/workspace/cargo-home/bin/git-credential-null" "clone" "--bare" "https://github.com/mbenoukaiss/ettac" "/workspace/cache/git-repos/https%3A%2F%2Fgithub.com%2Fmbenoukaiss%2Fettac", kill_on_drop: false }`
[INFO] [stderr] Cloning into bare repository '/workspace/cache/git-repos/https%3A%2F%2Fgithub.com%2Fmbenoukaiss%2Fettac'...
[INFO] running `Command { std: "git" "rev-parse" "HEAD", kill_on_drop: false }`
[INFO] [stdout] 937dbbe1eb836bd7470f8e85320444e628cba4d4
[INFO] checking mbenoukaiss/ettac against 8773d2c75a8e90130dcce745a7ec4e66bb9963db+rustflags=-Aunfulfilled-lint-expectations for pr-163637
[INFO] running `Command { std: "git" "clone" "/workspace/cache/git-repos/https%3A%2F%2Fgithub.com%2Fmbenoukaiss%2Fettac" "/workspace/builds/worker-0-tc2/source", kill_on_drop: false }`
[INFO] [stderr] Cloning into '/workspace/builds/worker-0-tc2/source'...
[INFO] [stderr] done.
[INFO] removed /workspace/builds/worker-0-tc2/source/.cargo/config.toml
[INFO] removed /workspace/builds/worker-0-tc2/source/rust-toolchain.toml
[INFO] started tweaking git repo https://github.com/mbenoukaiss/ettac
[INFO] finished tweaking git repo https://github.com/mbenoukaiss/ettac
[INFO] tweaked toml for git repo https://github.com/mbenoukaiss/ettac written to /workspace/builds/worker-0-tc2/source/Cargo.toml
[INFO] validating manifest of git repo https://github.com/mbenoukaiss/ettac on toolchain 8773d2c75a8e90130dcce745a7ec4e66bb9963db
[INFO] running `Command { std: CARGO_HOME="/workspace/cargo-home" RUSTUP_HOME="/workspace/rustup-home" "/workspace/cargo-home/bin/cargo" "+8773d2c75a8e90130dcce745a7ec4e66bb9963db" "metadata" "--manifest-path" "Cargo.toml" "--no-deps", kill_on_drop: false }`
[INFO] crate git repo https://github.com/mbenoukaiss/ettac already has a lockfile, it will not be regenerated
[INFO] running `Command { std: CARGO_HOME="/workspace/cargo-home" RUSTUP_HOME="/workspace/rustup-home" "/workspace/cargo-home/bin/cargo" "+8773d2c75a8e90130dcce745a7ec4e66bb9963db" "fetch" "--manifest-path" "Cargo.toml", kill_on_drop: false }`
[INFO] running `Command { std: "docker" "create" "-v" "/var/lib/crater-agent-workspace/builds/worker-0-tc2/source:/opt/rustwide/workdir:ro,Z" "-v" "/var/lib/crater-agent-workspace/builds/worker-0-tc2/target:/opt/rustwide/target:rw,Z" "-v" "/var/lib/crater-agent-workspace/cargo-home:/opt/rustwide/cargo-home:ro,Z" "-v" "/var/lib/crater-agent-workspace/rustup-home:/opt/rustwide/rustup-home:ro,Z" "-m" "1610612736" "--network" "none" "ghcr.io/rust-lang/crates-build-env/linux@sha256:77db811e55d90add9212f6832c23229e3de5f1c1f9905e8cb07319ea15df73ac" "sleep" "infinity", kill_on_drop: false }`
[INFO] [stdout] a42d8749772d1a5bf2e5f7a8bbb15bf4db61492bd37d68d905ec0a366e670ff4
[INFO] running `Command { std: "docker" "start" "a42d8749772d1a5bf2e5f7a8bbb15bf4db61492bd37d68d905ec0a366e670ff4", kill_on_drop: false }`
[INFO] running `Command { std: "docker" "inspect" "a42d8749772d1a5bf2e5f7a8bbb15bf4db61492bd37d68d905ec0a366e670ff4", kill_on_drop: false }`
[INFO] running `Command { std: "docker" "exec" "-e" "SOURCE_DIR=/opt/rustwide/workdir" "-e" "CARGO_HOME=/opt/rustwide/cargo-home" "-e" "RUSTUP_HOME=/opt/rustwide/rustup-home" "-e" "CARGO_TARGET_DIR=/opt/rustwide/target" "-w" "/opt/rustwide/workdir" "--user" "0:0" "a42d8749772d1a5bf2e5f7a8bbb15bf4db61492bd37d68d905ec0a366e670ff4" "/opt/rustwide/cargo-home/bin/cargo" "+8773d2c75a8e90130dcce745a7ec4e66bb9963db" "metadata" "--no-deps" "--format-version=1", kill_on_drop: false }`
[INFO] running `Command { std: "docker" "inspect" "a42d8749772d1a5bf2e5f7a8bbb15bf4db61492bd37d68d905ec0a366e670ff4", kill_on_drop: false }`
[INFO] running `Command { std: "docker" "exec" "-e" "SOURCE_DIR=/opt/rustwide/workdir" "-e" "CARGO_HOME=/opt/rustwide/cargo-home" "-e" "RUSTUP_HOME=/opt/rustwide/rustup-home" "-e" "CARGO_TARGET_DIR=/opt/rustwide/target" "-e" "CARGO_INCREMENTAL=0" "-e" "RUST_BACKTRACE=full" "-e" "RUSTFLAGS=--cap-lints=forbid -Aunfulfilled-lint-expectations" "-e" "RUSTDOCFLAGS=--cap-lints=forbid" "-w" "/opt/rustwide/workdir" "--user" "0:0" "a42d8749772d1a5bf2e5f7a8bbb15bf4db61492bd37d68d905ec0a366e670ff4" "/opt/rustwide/cargo-home/bin/cargo" "+8773d2c75a8e90130dcce745a7ec4e66bb9963db" "check" "--frozen" "--all" "--all-targets" "--message-format=json", kill_on_drop: false }`
[INFO] [stderr]    Compiling cc v1.2.56
[INFO] [stderr]    Compiling quote v1.0.44
[INFO] [stderr]    Compiling libc v0.2.182
[INFO] [stderr]    Compiling rustix v1.1.3
[INFO] [stderr]    Compiling bitflags v2.11.0
[INFO] [stderr]    Compiling linux-raw-sys v0.11.0
[INFO] [stderr]    Compiling autocfg v1.5.0
[INFO] [stderr]    Compiling env_home v0.1.0
[INFO] [stderr]     Checking regex-syntax v0.8.8
[INFO] [stderr]     Checking aho-corasick v1.1.4
[INFO] [stderr]     Checking lock_api v0.4.14
[INFO] [stderr]     Checking predicates-core v1.0.10
[INFO] [stderr]    Compiling argh_shared v0.1.14
[INFO] [stderr]     Checking termtree v0.5.1
[INFO] [stderr]     Checking normalize-line-endings v0.3.0
[INFO] [stderr]     Checking difflib v0.4.0
[INFO] [stderr]     Checking either v1.15.0
[INFO] [stderr]     Checking rustc-hash v2.1.1
[INFO] [stderr]     Checking anstyle v1.0.13
[INFO] [stderr]    Compiling assert_cmd v2.1.2
[INFO] [stderr]     Checking predicates-tree v1.0.13
[INFO] [stderr]     Checking shlex v1.3.0
[INFO] [stderr]    Compiling syn v2.0.116
[INFO] [stderr]    Compiling num-traits v0.2.19
[INFO] [stderr]    Compiling lua-src v550.0.0
[INFO] [stderr]     Checking parking_lot_core v0.9.12
[INFO] [stderr]     Checking wait-timeout v0.2.1
[INFO] [stderr]    Compiling openssl-sys v0.9.111
[INFO] [stderr]    Compiling libz-sys v1.1.24
[INFO] [stderr]    Compiling libssh-rs-sys v0.2.6
[INFO] [stderr]     Checking parking_lot v0.12.5
[INFO] [stderr]     Checking float-cmp v0.10.0
[INFO] [stderr]     Checking regex-automata v0.4.14
[INFO] [stderr]    Compiling which v8.0.0
[INFO] [stderr]    Compiling luajit-src v210.6.6+707c12b
[INFO] [stderr]    Compiling mlua-sys v0.10.0
[INFO] [stderr]     Checking bstr v1.12.1
[INFO] [stderr]     Checking regex v1.12.2
[INFO] [stderr]    Compiling darling_core v0.20.11
[INFO] [stderr]     Checking predicates v3.1.4
[INFO] [stderr]    Compiling thiserror-impl v1.0.69
[INFO] [stderr]    Compiling thiserror-impl v2.0.18
[INFO] [stderr]    Compiling argh_derive v0.1.14
[INFO] [stderr]     Checking thiserror v1.0.69
[INFO] [stderr]     Checking thiserror v2.0.18
[INFO] [stderr]     Checking argh v0.1.14
[INFO] [stderr]    Compiling darling_macro v0.20.11
[INFO] [stderr]    Compiling darling v0.20.11
[INFO] [stderr]    Compiling partially_derive v0.2.1
[INFO] [stderr]     Checking partially v0.2.1
[INFO] [stderr]     Checking mlua v0.11.6
[INFO] [stderr]     Checking libssh-rs v0.3.6
[INFO] [stderr]     Checking ettac v0.1.0 (/opt/rustwide/workdir)
[INFO] [stdout] error[E0271]: type mismatch resolving `<Result<!, AccessError> as Residual<()>>::TryType == AccessError`
[INFO] [stdout]   --> src/error.rs:25:29
[INFO] [stdout]    |
[INFO] [stdout]  6 | macro_rules! impl_error_try {
[INFO] [stdout] ...
[INFO] [stdout] 25 |             type Residual = Result<std::convert::Infallible, $error_ty>;
[INFO] [stdout]    |                             ^^^^^^^^^^^^^^^^^^^^^^^^^^^^^^^^^^^^^^^^^^^ expected `AccessError`, found `Result<(), AccessError>`
[INFO] [stdout]    |
[INFO] [stdout]   ::: src/access.rs:18:1
[INFO] [stdout]    |
[INFO] [stdout] 18 | impl_error_try!(AccessError);
[INFO] [stdout]    | ---------------------------- in this macro invocation
[INFO] [stdout]    |
[INFO] [stdout]    = note: expected enum `AccessError`
[INFO] [stdout]               found enum `Result<(), AccessError>`
[INFO] [stdout] note: required by a bound in `std::ops::Try::Residual`
[INFO] [stdout]   --> /rustc/8773d2c75a8e90130dcce745a7ec4e66bb9963db/library/core/src/ops/try_trait.rs:160:4
[INFO] [stdout] 
[INFO] [stdout] 
[INFO] [stdout] error[E0271]: type mismatch resolving `<Result<!, Error> as Residual<()>>::TryType == Error`
[INFO] [stdout]   --> src/error.rs:25:29
[INFO] [stdout]    |
[INFO] [stdout]  6 | macro_rules! impl_error_try {
[INFO] [stdout] ...
[INFO] [stdout] 25 |             type Residual = Result<std::convert::Infallible, $error_ty>;
[INFO] [stdout]    |                             ^^^^^^^^^^^^^^^^^^^^^^^^^^^^^^^^^^^^^^^^^^^ expected `Error`, found `Result<(), Error>`
[INFO] [stdout] ...
[INFO] [stdout] 62 | impl_error_try!(Error);
[INFO] [stdout]    | ---------------------- in this macro invocation
[INFO] [stdout]    |
[INFO] [stdout]    = note: expected enum `Error`
[INFO] [stdout]               found enum `Result<(), Error>`
[INFO] [stdout] note: required by a bound in `std::ops::Try::Residual`
[INFO] [stdout]   --> /rustc/8773d2c75a8e90130dcce745a7ec4e66bb9963db/library/core/src/ops/try_trait.rs:160:4
[INFO] [stdout] 
[INFO] [stdout] 
[INFO] [stdout] error[E0271]: type mismatch resolving `<Result<!, SetupError> as Residual<()>>::TryType == SetupError`
[INFO] [stdout]   --> src/error.rs:25:29
[INFO] [stdout]    |
[INFO] [stdout]  6 | macro_rules! impl_error_try {
[INFO] [stdout] ...
[INFO] [stdout] 25 |             type Residual = Result<std::convert::Infallible, $error_ty>;
[INFO] [stdout]    |                             ^^^^^^^^^^^^^^^^^^^^^^^^^^^^^^^^^^^^^^^^^^^ expected `SetupError`, found `Result<(), SetupError>`
[INFO] [stdout] ...
[INFO] [stdout] 77 | impl_error_try!(SetupError);
[INFO] [stdout]    | --------------------------- in this macro invocation
[INFO] [stdout]    |
[INFO] [stdout]    = note: expected enum `SetupError`
[INFO] [stdout]               found enum `Result<(), SetupError>`
[INFO] [stdout] note: required by a bound in `std::ops::Try::Residual`
[INFO] [stdout]   --> /rustc/8773d2c75a8e90130dcce745a7ec4e66bb9963db/library/core/src/ops/try_trait.rs:160:4
[INFO] [stdout] 
[INFO] [stdout] 
[INFO] [stdout] For more information about this error, try `rustc --explain E0271`.
[INFO] [stdout] 
[INFO] [stderr] error: could not compile `ettac` (bin "ettac") due to 3 previous errors
[INFO] running `Command { std: "docker" "inspect" "a42d8749772d1a5bf2e5f7a8bbb15bf4db61492bd37d68d905ec0a366e670ff4", kill_on_drop: false }`
[INFO] running `Command { std: "docker" "rm" "-f" "a42d8749772d1a5bf2e5f7a8bbb15bf4db61492bd37d68d905ec0a366e670ff4", kill_on_drop: false }`
[INFO] [stdout] a42d8749772d1a5bf2e5f7a8bbb15bf4db61492bd37d68d905ec0a366e670ff4
