[INFO] cloning repository https://github.com/yuma140902/rvview
[INFO] running `Command { std: "git" "-c" "credential.helper=" "-c" "credential.helper=/workspace/cargo-home/bin/git-credential-null" "clone" "--bare" "https://github.com/yuma140902/rvview" "/workspace/cache/git-repos/https%3A%2F%2Fgithub.com%2Fyuma140902%2Frvview", kill_on_drop: false }`
[INFO] [stderr] Cloning into bare repository '/workspace/cache/git-repos/https%3A%2F%2Fgithub.com%2Fyuma140902%2Frvview'...
[INFO] running `Command { std: "git" "rev-parse" "HEAD", kill_on_drop: false }`
[INFO] [stdout] ca7d019ab3ad5a274938416561a84b94c11ebf90
[INFO] checking yuma140902/rvview against 8773d2c75a8e90130dcce745a7ec4e66bb9963db+rustflags=-Aunfulfilled-lint-expectations for pr-163637
[INFO] running `Command { std: "git" "clone" "/workspace/cache/git-repos/https%3A%2F%2Fgithub.com%2Fyuma140902%2Frvview" "/workspace/builds/worker-1-tc2/source", kill_on_drop: false }`
[INFO] [stderr] Cloning into '/workspace/builds/worker-1-tc2/source'...
[INFO] [stderr] done.
[INFO] started tweaking git repo https://github.com/yuma140902/rvview
[INFO] finished tweaking git repo https://github.com/yuma140902/rvview
[INFO] tweaked toml for git repo https://github.com/yuma140902/rvview written to /workspace/builds/worker-1-tc2/source/Cargo.toml
[INFO] validating manifest of git repo https://github.com/yuma140902/rvview on toolchain 8773d2c75a8e90130dcce745a7ec4e66bb9963db
[INFO] running `Command { std: CARGO_HOME="/workspace/cargo-home" RUSTUP_HOME="/workspace/rustup-home" "/workspace/cargo-home/bin/cargo" "+8773d2c75a8e90130dcce745a7ec4e66bb9963db" "metadata" "--manifest-path" "Cargo.toml" "--no-deps", kill_on_drop: false }`
[INFO] crate git repo https://github.com/yuma140902/rvview already has a lockfile, it will not be regenerated
[INFO] running `Command { std: CARGO_HOME="/workspace/cargo-home" RUSTUP_HOME="/workspace/rustup-home" "/workspace/cargo-home/bin/cargo" "+8773d2c75a8e90130dcce745a7ec4e66bb9963db" "fetch" "--manifest-path" "Cargo.toml", kill_on_drop: false }`
[INFO] [stderr]     Blocking waiting for file lock on package cache
[INFO] [stderr]     Blocking waiting for file lock on package cache
[INFO] running `Command { std: "docker" "create" "-v" "/var/lib/crater-agent-workspace/builds/worker-1-tc2/source:/opt/rustwide/workdir:ro,Z" "-v" "/var/lib/crater-agent-workspace/builds/worker-1-tc2/target:/opt/rustwide/target:rw,Z" "-v" "/var/lib/crater-agent-workspace/cargo-home:/opt/rustwide/cargo-home:ro,Z" "-v" "/var/lib/crater-agent-workspace/rustup-home:/opt/rustwide/rustup-home:ro,Z" "-m" "1610612736" "--network" "none" "ghcr.io/rust-lang/crates-build-env/linux@sha256:77db811e55d90add9212f6832c23229e3de5f1c1f9905e8cb07319ea15df73ac" "sleep" "infinity", kill_on_drop: false }`
[INFO] [stdout] 741e0fae1d1a678bc51321063ee13a3d8ab7fcfd50110c8f3ef1fba3d96423b0
[INFO] running `Command { std: "docker" "start" "741e0fae1d1a678bc51321063ee13a3d8ab7fcfd50110c8f3ef1fba3d96423b0", kill_on_drop: false }`
[INFO] running `Command { std: "docker" "inspect" "741e0fae1d1a678bc51321063ee13a3d8ab7fcfd50110c8f3ef1fba3d96423b0", kill_on_drop: false }`
[INFO] running `Command { std: "docker" "exec" "-e" "SOURCE_DIR=/opt/rustwide/workdir" "-e" "CARGO_HOME=/opt/rustwide/cargo-home" "-e" "RUSTUP_HOME=/opt/rustwide/rustup-home" "-e" "CARGO_TARGET_DIR=/opt/rustwide/target" "-w" "/opt/rustwide/workdir" "--user" "0:0" "741e0fae1d1a678bc51321063ee13a3d8ab7fcfd50110c8f3ef1fba3d96423b0" "/opt/rustwide/cargo-home/bin/cargo" "+8773d2c75a8e90130dcce745a7ec4e66bb9963db" "metadata" "--no-deps" "--format-version=1", kill_on_drop: false }`
[INFO] running `Command { std: "docker" "inspect" "741e0fae1d1a678bc51321063ee13a3d8ab7fcfd50110c8f3ef1fba3d96423b0", kill_on_drop: false }`
[INFO] running `Command { std: "docker" "exec" "-e" "SOURCE_DIR=/opt/rustwide/workdir" "-e" "CARGO_HOME=/opt/rustwide/cargo-home" "-e" "RUSTUP_HOME=/opt/rustwide/rustup-home" "-e" "CARGO_TARGET_DIR=/opt/rustwide/target" "-e" "CARGO_INCREMENTAL=0" "-e" "RUST_BACKTRACE=full" "-e" "RUSTFLAGS=--cap-lints=forbid -Aunfulfilled-lint-expectations" "-e" "RUSTDOCFLAGS=--cap-lints=forbid" "-w" "/opt/rustwide/workdir" "--user" "0:0" "741e0fae1d1a678bc51321063ee13a3d8ab7fcfd50110c8f3ef1fba3d96423b0" "/opt/rustwide/cargo-home/bin/cargo" "+8773d2c75a8e90130dcce745a7ec4e66bb9963db" "check" "--frozen" "--all" "--all-targets" "--message-format=json", kill_on_drop: false }`
[INFO] [stderr]    Compiling proc-macro2 v1.0.87
[INFO] [stderr]    Compiling unicode-ident v1.0.13
[INFO] [stderr]    Compiling windows_x86_64_gnu v0.52.6
[INFO] [stderr]     Checking anstyle-query v1.1.1
[INFO] [stderr]     Checking colorchoice v1.0.2
[INFO] [stderr]     Checking anstyle-parse v0.2.5
[INFO] [stderr]     Checking anstyle v1.0.8
[INFO] [stderr]     Checking clap_lex v0.7.2
[INFO] [stderr]    Compiling anyhow v1.0.89
[INFO] [stderr]     Checking windows-targets v0.52.6
[INFO] [stderr]     Checking windows-result v0.2.0
[INFO] [stderr]     Checking anstream v0.6.15
[INFO] [stderr]     Checking windows-strings v0.1.0
[INFO] [stderr]     Checking clap_builder v4.5.20
[INFO] [stderr]    Compiling quote v1.0.37
[INFO] [stderr]    Compiling syn v2.0.79
[INFO] [stderr]    Compiling windows-interface v0.58.0
[INFO] [stderr]    Compiling windows-implement v0.58.0
[INFO] [stderr]    Compiling clap_derive v4.5.18
[INFO] [stderr]     Checking windows-core v0.58.0
[INFO] [stderr]     Checking windows v0.58.0
[INFO] [stderr]     Checking clap v4.5.20
[INFO] [stderr]     Checking rvview v0.1.0 (/opt/rustwide/workdir)
[INFO] [stdout] error[E0433]: cannot find `Win32` in `windows`
[INFO] [stdout]  --> src/main.rs:3:14
[INFO] [stdout]   |
[INFO] [stdout] 3 | use windows::Win32::{
[INFO] [stdout]   |              ^^^^^ could not find `Win32` in `windows`
[INFO] [stdout] 
[INFO] [stdout] 
[INFO] [stdout] error[E0433]: cannot find `Win32` in `windows`
[INFO] [stdout]  --> src/main.rs:3:14
[INFO] [stdout]   |
[INFO] [stdout] 3 | use windows::Win32::{
[INFO] [stdout]   |              ^^^^^ could not find `Win32` in `windows`
[INFO] [stdout] 
[INFO] [stdout] 
[INFO] [stdout] error[E0432]: unresolved imports `windows_core::w`, `windows_core::PCWSTR`
[INFO] [stdout]   --> src/main.rs:13:20
[INFO] [stdout]    |
[INFO] [stdout] 13 | use windows_core::{w, PCWSTR};
[INFO] [stdout]    |                    ^  ^^^^^^ no `PCWSTR` in the root
[INFO] [stdout]    |                    |
[INFO] [stdout]    |                    no `w` in the root
[INFO] [stdout] 
[INFO] [stdout] 
[INFO] [stdout] error[E0432]: unresolved imports `windows_core::w`, `windows_core::PCWSTR`
[INFO] [stdout]   --> src/main.rs:13:20
[INFO] [stdout]    |
[INFO] [stdout] 13 | use windows_core::{w, PCWSTR};
[INFO] [stdout]    |                    ^  ^^^^^^ no `PCWSTR` in the root
[INFO] [stdout]    |                    |
[INFO] [stdout]    |                    no `w` in the root
[INFO] [stdout] 
[INFO] [stdout] 
[INFO] [stdout] Some errors have detailed explanations: E0432, E0433.
[INFO] [stdout] 
[INFO] [stdout] For more information about an error, try `rustc --explain E0432`.
[INFO] [stdout] 
[INFO] [stdout] Some errors have detailed explanations: E0432, E0433.
[INFO] [stdout] 
[INFO] [stdout] For more information about an error, try `rustc --explain E0432`.
[INFO] [stdout] 
[INFO] [stderr] error: could not compile `rvview` (bin "rvview") due to 2 previous errors
[INFO] [stderr] warning: build failed, waiting for other jobs to finish...
[INFO] [stderr] error: could not compile `rvview` (bin "rvview" test) due to 2 previous errors
[INFO] [stderr] warning: unused dependency `clap`
[INFO] [stderr]  --> Cargo.toml:7:15
[INFO] [stderr]   |
[INFO] [stderr] 7 | [dependencies.clap]
[INFO] [stderr]   |               ^^^^^
[INFO] [stderr]   |
[INFO] [stderr]   = note: `cargo::unused_dependencies` is set to `warn` by default
[INFO] [stderr] help: consider removing the dependency on `clap`
[INFO] [stderr] warning: `rvview` (manifest) generated 1 warning
[INFO] running `Command { std: "docker" "inspect" "741e0fae1d1a678bc51321063ee13a3d8ab7fcfd50110c8f3ef1fba3d96423b0", kill_on_drop: false }`
[INFO] running `Command { std: "docker" "rm" "-f" "741e0fae1d1a678bc51321063ee13a3d8ab7fcfd50110c8f3ef1fba3d96423b0", kill_on_drop: false }`
[INFO] [stdout] 741e0fae1d1a678bc51321063ee13a3d8ab7fcfd50110c8f3ef1fba3d96423b0
