[INFO] cloning repository https://github.com/trendy31158/firecracker
[INFO] running `Command { std: "git" "-c" "credential.helper=" "-c" "credential.helper=/workspace/cargo-home/bin/git-credential-null" "clone" "--bare" "https://github.com/trendy31158/firecracker" "/workspace/cache/git-repos/https%3A%2F%2Fgithub.com%2Ftrendy31158%2Ffirecracker", kill_on_drop: false }`
[INFO] [stderr] Cloning into bare repository '/workspace/cache/git-repos/https%3A%2F%2Fgithub.com%2Ftrendy31158%2Ffirecracker'...
[INFO] running `Command { std: "git" "rev-parse" "HEAD", kill_on_drop: false }`
[INFO] [stdout] 70ac1544d3bb460c47d93132f59a9e35cd5ad3da
[INFO] checking trendy31158/firecracker against 8773d2c75a8e90130dcce745a7ec4e66bb9963db+rustflags=-Aunfulfilled-lint-expectations for pr-163637
[INFO] running `Command { std: "git" "clone" "/workspace/cache/git-repos/https%3A%2F%2Fgithub.com%2Ftrendy31158%2Ffirecracker" "/workspace/builds/worker-0-tc2/source", kill_on_drop: false }`
[INFO] [stderr] Cloning into '/workspace/builds/worker-0-tc2/source'...
[INFO] [stderr] done.
[INFO] removed /workspace/builds/worker-0-tc2/source/.cargo/config.toml
[INFO] removed /workspace/builds/worker-0-tc2/source/rust-toolchain.toml
[INFO] started tweaking git repo https://github.com/trendy31158/firecracker
[INFO] finished tweaking git repo https://github.com/trendy31158/firecracker
[INFO] tweaked toml for git repo https://github.com/trendy31158/firecracker written to /workspace/builds/worker-0-tc2/source/Cargo.toml
[INFO] validating manifest of git repo https://github.com/trendy31158/firecracker on toolchain 8773d2c75a8e90130dcce745a7ec4e66bb9963db
[INFO] running `Command { std: CARGO_HOME="/workspace/cargo-home" RUSTUP_HOME="/workspace/rustup-home" "/workspace/cargo-home/bin/cargo" "+8773d2c75a8e90130dcce745a7ec4e66bb9963db" "metadata" "--manifest-path" "Cargo.toml" "--no-deps", kill_on_drop: false }`
[INFO] crate git repo https://github.com/trendy31158/firecracker already has a lockfile, it will not be regenerated
[INFO] running `Command { std: CARGO_HOME="/workspace/cargo-home" RUSTUP_HOME="/workspace/rustup-home" "/workspace/cargo-home/bin/cargo" "+8773d2c75a8e90130dcce745a7ec4e66bb9963db" "fetch" "--manifest-path" "Cargo.toml", kill_on_drop: false }`
[INFO] [stderr]     Blocking waiting for file lock on package cache
[INFO] [stderr]     Updating crates.io index
[INFO] [stderr]     Updating git repository `https://github.com/firecracker-microvm/micro-http`
[INFO] [stderr]     Updating git submodule `https://github.com/rust-vmm/rust-vmm-ci.git`
[INFO] [stderr]     Blocking waiting for file lock on package cache
[ERROR] error running command: no output for 300 seconds
[INFO] checking trendy31158/firecracker against 8773d2c75a8e90130dcce745a7ec4e66bb9963db+rustflags=-Aunfulfilled-lint-expectations for pr-163637
[INFO] running `Command { std: "git" "clone" "/workspace/cache/git-repos/https%3A%2F%2Fgithub.com%2Ftrendy31158%2Ffirecracker" "/workspace/builds/worker-0-tc2/source", kill_on_drop: false }`
[INFO] [stderr] Cloning into '/workspace/builds/worker-0-tc2/source'...
[INFO] [stderr] done.
[INFO] removed /workspace/builds/worker-0-tc2/source/.cargo/config.toml
[INFO] removed /workspace/builds/worker-0-tc2/source/rust-toolchain.toml
[INFO] started tweaking git repo https://github.com/trendy31158/firecracker
[INFO] finished tweaking git repo https://github.com/trendy31158/firecracker
[INFO] tweaked toml for git repo https://github.com/trendy31158/firecracker written to /workspace/builds/worker-0-tc2/source/Cargo.toml
[INFO] validating manifest of git repo https://github.com/trendy31158/firecracker on toolchain 8773d2c75a8e90130dcce745a7ec4e66bb9963db
[INFO] running `Command { std: CARGO_HOME="/workspace/cargo-home" RUSTUP_HOME="/workspace/rustup-home" "/workspace/cargo-home/bin/cargo" "+8773d2c75a8e90130dcce745a7ec4e66bb9963db" "metadata" "--manifest-path" "Cargo.toml" "--no-deps", kill_on_drop: false }`
[INFO] crate git repo https://github.com/trendy31158/firecracker already has a lockfile, it will not be regenerated
[INFO] running `Command { std: CARGO_HOME="/workspace/cargo-home" RUSTUP_HOME="/workspace/rustup-home" "/workspace/cargo-home/bin/cargo" "+8773d2c75a8e90130dcce745a7ec4e66bb9963db" "fetch" "--manifest-path" "Cargo.toml", kill_on_drop: false }`
[INFO] [stderr]     Blocking waiting for file lock on package cache
[INFO] [stderr]     Blocking waiting for file lock on package cache
[INFO] [stderr]  Downloading crates ...
[INFO] [stderr]   Downloaded vmm-sys-util v0.12.1
[INFO] [stderr]   Downloaded memfd v0.6.4
[INFO] [stderr]   Downloaded which v4.4.2
[INFO] [stderr]   Downloaded peeking_take_while v0.1.2
[INFO] [stderr]   Downloaded gdbstub_arch v0.3.1
[INFO] [stderr]   Downloaded thiserror-impl v2.0.7
[INFO] [stderr]   Downloaded crc64 v2.0.0
[INFO] [stderr]   Downloaded serde_derive v1.0.216
[INFO] [stderr]   Downloaded userfaultfd-sys v0.5.0
[INFO] [stderr]   Downloaded timerfd v1.6.0
[INFO] [stderr]   Downloaded managed v0.8.0
[INFO] [stderr]   Downloaded uuid v1.11.0
[INFO] [stderr]   Downloaded cpufeatures v0.2.16
[INFO] [stderr]   Downloaded clap-num v1.1.1
[INFO] [stderr]   Downloaded serde v1.0.216
[INFO] [stderr]   Downloaded device_tree v1.1.0
[INFO] [stderr]   Downloaded uuid-macro-internal v1.11.0
[INFO] [stderr]   Downloaded env_filter v0.1.2
[INFO] [stderr]   Downloaded home v0.5.11
[INFO] [stderr]   Downloaded env_logger v0.11.5
[INFO] [stderr]   Downloaded cargo_toml v0.21.0
[INFO] [stderr]   Downloaded vm-superio v0.8.0
[INFO] [stderr]   Downloaded thiserror v2.0.7
[INFO] [stderr]   Downloaded userfaultfd v0.8.1
[INFO] [stderr]   Downloaded cmake v0.1.52
[INFO] [stderr]   Downloaded semver v1.0.24
[INFO] [stderr]   Downloaded clap v4.5.23
[INFO] [stderr]   Downloaded linux-loader v0.13.0
[INFO] [stderr]   Downloaded vm-fdt v0.3.0
[INFO] [stderr]   Downloaded vm-allocator v0.1.1
[INFO] [stderr]   Downloaded kvm-ioctls v0.19.1
[INFO] [stderr]   Downloaded event-manager v0.4.0
[INFO] [stderr]   Downloaded zerocopy-derive v0.8.13
[INFO] [stderr]   Downloaded vm-memory v0.16.1
[INFO] [stderr]   Downloaded prettyplease v0.2.25
[INFO] [stderr]   Downloaded cc v1.2.4
[INFO] [stderr]   Downloaded kvm-bindings v0.10.0
[INFO] [stderr]   Downloaded serde_json v1.0.133
[INFO] [stderr]   Downloaded gdbstub v0.7.3
[INFO] [stderr]   Downloaded clap_builder v4.5.23
[INFO] [stderr]   Downloaded syn v2.0.90
[INFO] [stderr]   Downloaded proptest v1.6.0
[INFO] [stderr]   Downloaded aws-lc-rs v1.11.1
[INFO] [stderr]   Downloaded bindgen v0.69.5
[INFO] [stderr]   Downloaded bindgen v0.68.1
[INFO] [stderr]   Downloaded zerocopy v0.8.13
[INFO] [stderr]   Downloaded vhost v0.13.0
[INFO] [stderr]   Downloaded nix v0.27.1
[INFO] [stderr]   Downloaded rustix v0.38.42
[INFO] [stderr]   Downloaded libc v0.2.168
[INFO] [stderr]   Downloaded aws-lc-fips-sys v0.12.15
[INFO] [stderr]   Downloaded aws-lc-sys v0.23.1
[INFO] running `Command { std: "docker" "create" "-v" "/var/lib/crater-agent-workspace/builds/worker-0-tc2/source:/opt/rustwide/workdir:ro,Z" "-v" "/var/lib/crater-agent-workspace/builds/worker-0-tc2/target:/opt/rustwide/target:rw,Z" "-v" "/var/lib/crater-agent-workspace/cargo-home:/opt/rustwide/cargo-home:ro,Z" "-v" "/var/lib/crater-agent-workspace/rustup-home:/opt/rustwide/rustup-home:ro,Z" "-m" "1610612736" "--network" "none" "ghcr.io/rust-lang/crates-build-env/linux@sha256:77db811e55d90add9212f6832c23229e3de5f1c1f9905e8cb07319ea15df73ac" "sleep" "infinity", kill_on_drop: false }`
[INFO] [stdout] 76ae0f176622f1a0be636bc156d033b6a1064243419309f7c984dd53d66d720a
[INFO] running `Command { std: "docker" "start" "76ae0f176622f1a0be636bc156d033b6a1064243419309f7c984dd53d66d720a", kill_on_drop: false }`
[INFO] running `Command { std: "docker" "inspect" "76ae0f176622f1a0be636bc156d033b6a1064243419309f7c984dd53d66d720a", kill_on_drop: false }`
[INFO] running `Command { std: "docker" "exec" "-e" "SOURCE_DIR=/opt/rustwide/workdir" "-e" "CARGO_HOME=/opt/rustwide/cargo-home" "-e" "RUSTUP_HOME=/opt/rustwide/rustup-home" "-e" "CARGO_TARGET_DIR=/opt/rustwide/target" "-w" "/opt/rustwide/workdir" "--user" "0:0" "76ae0f176622f1a0be636bc156d033b6a1064243419309f7c984dd53d66d720a" "/opt/rustwide/cargo-home/bin/cargo" "+8773d2c75a8e90130dcce745a7ec4e66bb9963db" "metadata" "--no-deps" "--format-version=1", kill_on_drop: false }`
[INFO] running `Command { std: "docker" "inspect" "76ae0f176622f1a0be636bc156d033b6a1064243419309f7c984dd53d66d720a", kill_on_drop: false }`
[INFO] running `Command { std: "docker" "exec" "-e" "SOURCE_DIR=/opt/rustwide/workdir" "-e" "CARGO_HOME=/opt/rustwide/cargo-home" "-e" "RUSTUP_HOME=/opt/rustwide/rustup-home" "-e" "CARGO_TARGET_DIR=/opt/rustwide/target" "-e" "CARGO_INCREMENTAL=0" "-e" "RUST_BACKTRACE=full" "-e" "RUSTFLAGS=--cap-lints=forbid -Aunfulfilled-lint-expectations" "-e" "RUSTDOCFLAGS=--cap-lints=forbid" "-w" "/opt/rustwide/workdir" "--user" "0:0" "76ae0f176622f1a0be636bc156d033b6a1064243419309f7c984dd53d66d720a" "/opt/rustwide/cargo-home/bin/cargo" "+8773d2c75a8e90130dcce745a7ec4e66bb9963db" "check" "--frozen" "--all" "--all-targets" "--message-format=json", kill_on_drop: false }`
[INFO] [stderr]    Compiling proc-macro2 v1.0.92
[INFO] [stderr]    Compiling unicode-ident v1.0.14
[INFO] [stderr]    Compiling libc v0.2.168
[INFO] [stderr]    Compiling serde v1.0.216
[INFO] [stderr]    Compiling typenum v1.17.0
[INFO] [stderr]    Compiling thiserror v2.0.7
[INFO] [stderr]    Compiling glob v0.3.1
[INFO] [stderr]    Compiling bitflags v2.6.0
[INFO] [stderr]    Compiling regex-syntax v0.8.5
[INFO] [stderr]    Compiling lazy_static v1.5.0
[INFO] [stderr]    Compiling lazycell v1.3.0
[INFO] [stderr]    Compiling serde_json v1.0.133
[INFO] [stderr]    Compiling prettyplease v0.2.25
[INFO] [stderr]    Compiling rustix v0.38.42
[INFO] [stderr]    Compiling either v1.13.0
[INFO] [stderr]    Compiling linux-raw-sys v0.4.14
[INFO] [stderr]    Compiling bindgen v0.69.5
[INFO] [stderr]    Compiling home v0.5.11
[INFO] [stderr]    Compiling log v0.4.22
[INFO] [stderr]    Compiling bindgen v0.68.1
[INFO] [stderr]    Compiling itertools v0.10.5
[INFO] [stderr]    Compiling peeking_take_while v0.1.2
[INFO] [stderr]    Compiling zerocopy v0.8.13
[INFO] [stderr]    Compiling unicode-xid v0.2.6
[INFO] [stderr]    Compiling kvm-ioctls v0.19.1
[INFO] [stderr]    Compiling micro_http v0.1.0 (https://github.com/firecracker-microvm/micro-http#8182cd55)
[INFO] [stderr]    Compiling aws-lc-rs v1.11.1
[INFO] [stderr]    Compiling semver v1.0.24
[INFO] [stderr]     Checking memchr v2.7.4
[INFO] [stderr]     Checking bitflags v1.3.2
[INFO] [stderr]     Checking cfg-if v1.0.0
[INFO] [stderr]    Compiling clang-sys v1.8.1
[INFO] [stderr]     Checking ryu v1.0.18
[INFO] [stderr]     Checking byteorder v1.5.0
[INFO] [stderr]     Checking cpufeatures v0.2.16
[INFO] [stderr]     Checking opaque-debug v0.3.1
[INFO] [stderr]    Compiling quote v1.0.37
[INFO] [stderr]    Compiling itoa v1.0.14
[INFO] [stderr]     Checking aho-corasick v1.1.3
[INFO] [stderr]    Compiling jobserver v0.1.32
[INFO] [stderr]    Compiling syn v2.0.90
[INFO] [stderr]    Compiling cc v1.2.4
[INFO] [stderr]     Checking untrusted v0.7.1
[INFO] [stderr]     Checking subtle v2.6.1
[INFO] [stderr]     Checking zeroize v1.8.1
[INFO] [stderr]     Checking crc64 v2.0.0
[INFO] [stderr]     Checking vm-superio v0.8.0
[INFO] [stderr]     Checking clap_builder v4.5.23
[INFO] [stderr]     Checking utf8parse v0.2.2
[INFO] [stderr]     Checking getrandom v0.2.15
[INFO] [stderr]     Checking anstyle-parse v0.2.6
[INFO] [stderr]    Compiling cmake v0.1.52
[INFO] [stderr]     Checking regex-automata v0.4.9
[INFO] [stderr]     Checking rand_core v0.6.4
[INFO] [stderr]     Checking nix v0.27.1
[INFO] [stderr]     Checking colorchoice v1.0.3
[INFO] [stderr]     Checking is_terminal_polyfill v1.70.1
[INFO] [stderr]     Checking anstyle v1.0.10
[INFO] [stderr]     Checking anstyle-query v1.1.2
[INFO] [stderr]     Checking slab v0.4.9
[INFO] [stderr]    Compiling num-traits v0.2.19
[INFO] [stderr]     Checking anstream v0.6.18
[INFO] [stderr]     Checking generic-array v0.14.7
[INFO] [stderr]     Checking base64 v0.22.1
[INFO] [stderr]     Checking equivalent v1.0.1
[INFO] [stderr]     Checking hashbrown v0.15.2
[INFO] [stderr]     Checking itertools v0.13.0
[INFO] [stderr]     Checking winnow v0.6.20
[INFO] [stderr]     Checking crypto-common v0.1.6
[INFO] [stderr]     Checking inout v0.1.3
[INFO] [stderr]     Checking universal-hash v0.5.1
[INFO] [stderr]     Checking cipher v0.4.4
[INFO] [stderr]    Compiling which v4.4.2
[INFO] [stderr]     Checking polyval v0.6.2
[INFO] [stderr]     Checking aes v0.8.4
[INFO] [stderr]     Checking ctr v0.9.2
[INFO] [stderr]     Checking aead v0.5.2
[INFO] [stderr]     Checking ghash v0.5.1
[INFO] [stderr]     Checking timerfd v1.6.0
[INFO] [stderr]     Checking memfd v0.6.4
[INFO] [stderr]     Checking indexmap v2.7.0
[INFO] [stderr]     Checking rand_xorshift v0.3.0
[INFO] [stderr]     Checking regex v1.11.1
[INFO] [stderr]     Checking aes-gcm v0.10.3
[INFO] [stderr]     Checking is-terminal v0.4.13
[INFO] [stderr]     Checking once_cell v1.20.2
[INFO] [stderr]     Checking unarray v0.1.4
[INFO] [stderr]     Checking device_tree v1.1.0
[INFO] [stderr]     Checking humantime v2.1.0
[INFO] [stderr]     Checking clap_lex v0.7.4
[INFO] [stderr]     Checking strsim v0.11.1
[INFO] [stderr]    Compiling cpu-template-helper v1.11.0-dev (/opt/rustwide/workdir/src/cpu-template-helper)
[INFO] [stderr]     Checking same-file v1.0.6
[INFO] [stderr]     Checking walkdir v2.5.0
[INFO] [stderr]     Checking criterion-plot v0.5.0
[INFO] [stderr] error: failed to run custom build command for `cpu-template-helper v1.11.0-dev (/opt/rustwide/workdir/src/cpu-template-helper)`
[INFO] [stderr] note: To improve backtraces for build dependencies, set the CARGO_PROFILE_DEV_BUILD_OVERRIDE_DEBUG=true environment variable to enable debug information generation.
[INFO] [stderr] 
[INFO] [stderr] Caused by:
[INFO] [stderr]   process didn't exit successfully: `/opt/rustwide/target/debug/build/cpu-template-helper/4cac07ea204adcd3/out/build_script_build` (exit status: 101)
[INFO] [stderr]   --- stdout
[INFO] [stderr]   cargo:rerun-if-changed=src/utils/mock_kernel/main.c
[INFO] [stderr] 
[INFO] [stderr]   --- stderr
[INFO] [stderr]   /usr/bin/x86_64-linux-gnu-ld.bfd: cannot open output file src/utils/mock_kernel/kernel.bin: Read-only file system
[INFO] [stderr]   collect2: error: ld returned 1 exit status
[INFO] [stderr] 
[INFO] [stderr]   thread 'main' (1356) panicked at src/cpu-template-helper/build.rs:44:13:
[INFO] [stderr]   Failed to compile mock kernel
[INFO] [stderr]   stack backtrace:
[INFO] [stderr]      0:     0x624054d20f41 - std[70848e31ef396c88]::backtrace_rs::backtrace::libunwind::trace
[INFO] [stderr]                                  at /rustc/8773d2c75a8e90130dcce745a7ec4e66bb9963db/library/std/src/../../backtrace/src/backtrace/libunwind.rs:117:9
[INFO] [stderr]      1:     0x624054d20f41 - std[70848e31ef396c88]::backtrace_rs::backtrace::trace_unsynchronized::<std[70848e31ef396c88]::sys::backtrace::_print_fmt::{closure#1}>
[INFO] [stderr]                                  at /rustc/8773d2c75a8e90130dcce745a7ec4e66bb9963db/library/std/src/../../backtrace/src/backtrace/mod.rs:66:14
[INFO] [stderr]      2:     0x624054d20f41 - std[70848e31ef396c88]::sys::backtrace::_print_fmt
[INFO] [stderr]                                  at /rustc/8773d2c75a8e90130dcce745a7ec4e66bb9963db/library/std/src/sys/backtrace.rs:74:9
[INFO] [stderr]      3:     0x624054d20f41 - <<std[70848e31ef396c88]::sys::backtrace::BacktraceLock>::print::DisplayBacktrace as core[c8b5ded6587d6b11]::fmt::Display>::fmt
[INFO] [stderr]                                  at /rustc/8773d2c75a8e90130dcce745a7ec4e66bb9963db/library/std/src/sys/backtrace.rs:44:26
[INFO] [stderr]      4:     0x624054d31dfa - <core[c8b5ded6587d6b11]::fmt::rt::Argument>::fmt
[INFO] [stderr]                                  at /rustc/8773d2c75a8e90130dcce745a7ec4e66bb9963db/library/core/src/fmt/rt.rs:152:76
[INFO] [stderr]      5:     0x624054d31dfa - core[c8b5ded6587d6b11]::fmt::write
[INFO] [stderr]      6:     0x624054d24adc - core[c8b5ded6587d6b11]::io::write::default_write_fmt::<std[70848e31ef396c88]::sys::stdio::unix::Stderr>
[INFO] [stderr]                                  at /rustc/8773d2c75a8e90130dcce745a7ec4e66bb9963db/library/core/src/io/write.rs:402:11
[INFO] [stderr]      7:     0x624054d24adc - <std[70848e31ef396c88]::sys::stdio::unix::Stderr as core[c8b5ded6587d6b11]::io::write::Write>::write_fmt
[INFO] [stderr]                                  at /rustc/8773d2c75a8e90130dcce745a7ec4e66bb9963db/library/core/src/io/write.rs:335:13
[INFO] [stderr]      8:     0x624054d04e86 - <std[70848e31ef396c88]::sys::backtrace::BacktraceLock>::print
[INFO] [stderr]                                  at /rustc/8773d2c75a8e90130dcce745a7ec4e66bb9963db/library/std/src/sys/backtrace.rs:47:9
[INFO] [stderr]      9:     0x624054d04e86 - std[70848e31ef396c88]::panicking::default_hook::{closure#0}
[INFO] [stderr]                                  at /rustc/8773d2c75a8e90130dcce745a7ec4e66bb9963db/library/std/src/panicking.rs:289:27
[INFO] [stderr]     10:     0x624054d1d241 - std[70848e31ef396c88]::panicking::default_hook
[INFO] [stderr]                                  at /rustc/8773d2c75a8e90130dcce745a7ec4e66bb9963db/library/std/src/panicking.rs:316:9
[INFO] [stderr]     11:     0x624054d1d3fb - std[70848e31ef396c88]::panicking::panic_with_hook
[INFO] [stderr]                                  at /rustc/8773d2c75a8e90130dcce745a7ec4e66bb9963db/library/std/src/panicking.rs:811:13
[INFO] [stderr]     12:     0x624054d04f64 - std[70848e31ef396c88]::panicking::panic_handler::{closure#0}
[INFO] [stderr]                                  at /rustc/8773d2c75a8e90130dcce745a7ec4e66bb9963db/library/std/src/panicking.rs:678:13
[INFO] [stderr]     13:     0x624054cff269 - std[70848e31ef396c88]::sys::backtrace::__rust_end_short_backtrace::<std[70848e31ef396c88]::panicking::panic_handler::{closure#0}, !>
[INFO] [stderr]                                  at /rustc/8773d2c75a8e90130dcce745a7ec4e66bb9963db/library/std/src/sys/backtrace.rs:182:18
[INFO] [stderr]     14:     0x624054d056fd - __rustc[3ae3e1263b90db6]::rust_begin_unwind
[INFO] [stderr]                                  at /rustc/8773d2c75a8e90130dcce745a7ec4e66bb9963db/library/std/src/panicking.rs:676:5
[INFO] [stderr]     15:     0x624054d3252c - core[c8b5ded6587d6b11]::panicking::panic_fmt
[INFO] [stderr]                                  at /rustc/8773d2c75a8e90130dcce745a7ec4e66bb9963db/library/core/src/panicking.rs:80:14
[INFO] [stderr]     16:     0x624054cf09c9 - build_script_build[501a24f24c7130e9]::main
[INFO] [stderr]     17:     0x624054cf2b03 - <fn() as core[c8b5ded6587d6b11]::ops::function::FnOnce<()>>::call_once
[INFO] [stderr]     18:     0x624054cf0346 - std[70848e31ef396c88]::sys::backtrace::__rust_begin_short_backtrace::<fn(), ()>
[INFO] [stderr]     19:     0x624054cf07c9 - std[70848e31ef396c88]::rt::lang_start::<()>::{closure#0}
[INFO] [stderr]     20:     0x624054d1c6b8 - <&dyn core[c8b5ded6587d6b11]::ops::function::Fn<(), Output = i32> + core[c8b5ded6587d6b11]::marker::Sync + core[c8b5ded6587d6b11]::panic::unwind_safe::RefUnwindSafe as core[c8b5ded6587d6b11]::ops::function::FnOnce<()>>::call_once
[INFO] [stderr]                                  at /rustc/8773d2c75a8e90130dcce745a7ec4e66bb9963db/library/core/src/ops/function.rs:287:21
[INFO] [stderr]     21:     0x624054d1c6b8 - std[70848e31ef396c88]::panicking::catch_unwind::do_call::<&dyn core[c8b5ded6587d6b11]::ops::function::Fn<(), Output = i32> + core[c8b5ded6587d6b11]::marker::Sync + core[c8b5ded6587d6b11]::panic::unwind_safe::RefUnwindSafe, i32>
[INFO] [stderr]                                  at /rustc/8773d2c75a8e90130dcce745a7ec4e66bb9963db/library/std/src/panicking.rs:573:43
[INFO] [stderr]     22:     0x624054d1c6b8 - std[70848e31ef396c88]::panicking::catch_unwind::<i32, &dyn core[c8b5ded6587d6b11]::ops::function::Fn<(), Output = i32> + core[c8b5ded6587d6b11]::marker::Sync + core[c8b5ded6587d6b11]::panic::unwind_safe::RefUnwindSafe>
[INFO] [stderr]                                  at /rustc/8773d2c75a8e90130dcce745a7ec4e66bb9963db/library/std/src/panicking.rs:541:19
[INFO] [stderr]     23:     0x624054d1c6b8 - std[70848e31ef396c88]::panic::catch_unwind::<&dyn core[c8b5ded6587d6b11]::ops::function::Fn<(), Output = i32> + core[c8b5ded6587d6b11]::marker::Sync + core[c8b5ded6587d6b11]::panic::unwind_safe::RefUnwindSafe, i32>
[INFO] [stderr]                                  at /rustc/8773d2c75a8e90130dcce745a7ec4e66bb9963db/library/std/src/panic.rs:359:14
[INFO] [stderr]     24:     0x624054d1c6b8 - std[70848e31ef396c88]::rt::lang_start_internal::{closure#0}
[INFO] [stderr]                                  at /rustc/8773d2c75a8e90130dcce745a7ec4e66bb9963db/library/std/src/rt.rs:175:24
[INFO] [stderr]     25:     0x624054d1c6b8 - std[70848e31ef396c88]::panicking::catch_unwind::do_call::<std[70848e31ef396c88]::rt::lang_start_internal::{closure#0}, isize>
[INFO] [stderr]                                  at /rustc/8773d2c75a8e90130dcce745a7ec4e66bb9963db/library/std/src/panicking.rs:573:43
[INFO] [stderr]     26:     0x624054d1c6b8 - std[70848e31ef396c88]::panicking::catch_unwind::<isize, std[70848e31ef396c88]::rt::lang_start_internal::{closure#0}>
[INFO] [stderr]                                  at /rustc/8773d2c75a8e90130dcce745a7ec4e66bb9963db/library/std/src/panicking.rs:541:19
[INFO] [stderr]     27:     0x624054d1c6b8 - std[70848e31ef396c88]::panic::catch_unwind::<std[70848e31ef396c88]::rt::lang_start_internal::{closure#0}, isize>
[INFO] [stderr]                                  at /rustc/8773d2c75a8e90130dcce745a7ec4e66bb9963db/library/std/src/panic.rs:359:14
[INFO] [stderr]     28:     0x624054d1c6b8 - std[70848e31ef396c88]::rt::lang_start_internal
[INFO] [stderr]                                  at /rustc/8773d2c75a8e90130dcce745a7ec4e66bb9963db/library/std/src/rt.rs:171:5
[INFO] [stderr]     29:     0x624054cefc91 - std[70848e31ef396c88]::rt::lang_start::<()>
[INFO] [stderr]     30:     0x624054cf2d85 - main
[INFO] [stderr]     31:     0x74a2fc73d601 - <unknown>
[INFO] [stderr]     32:     0x74a2fc73d718 - __libc_start_main
[INFO] [stderr]     33:     0x624054cef4e5 - _start
[INFO] [stderr]     34:                0x0 - <unknown>
[INFO] [stderr] warning: build failed, waiting for other jobs to finish...
[INFO] running `Command { std: "docker" "inspect" "76ae0f176622f1a0be636bc156d033b6a1064243419309f7c984dd53d66d720a", kill_on_drop: false }`
[INFO] running `Command { std: "docker" "rm" "-f" "76ae0f176622f1a0be636bc156d033b6a1064243419309f7c984dd53d66d720a", kill_on_drop: false }`
[INFO] [stdout] 76ae0f176622f1a0be636bc156d033b6a1064243419309f7c984dd53d66d720a
