[INFO] cloning repository https://github.com/tfluan0606/hachimi-tw
[INFO] running `Command { std: "git" "-c" "credential.helper=" "-c" "credential.helper=/workspace/cargo-home/bin/git-credential-null" "clone" "--bare" "https://github.com/tfluan0606/hachimi-tw" "/workspace/cache/git-repos/https%3A%2F%2Fgithub.com%2Ftfluan0606%2Fhachimi-tw", kill_on_drop: false }`
[INFO] [stderr] Cloning into bare repository '/workspace/cache/git-repos/https%3A%2F%2Fgithub.com%2Ftfluan0606%2Fhachimi-tw'...
[INFO] running `Command { std: "git" "rev-parse" "HEAD", kill_on_drop: false }`
[INFO] [stdout] 2da3e5ea5d9d2870039bd424931c1ad50992e7de
[INFO] checking tfluan0606/hachimi-tw against 8773d2c75a8e90130dcce745a7ec4e66bb9963db+rustflags=-Aunfulfilled-lint-expectations for pr-163637
[INFO] running `Command { std: "git" "clone" "/workspace/cache/git-repos/https%3A%2F%2Fgithub.com%2Ftfluan0606%2Fhachimi-tw" "/workspace/builds/worker-5-tc2/source", kill_on_drop: false }`
[INFO] [stderr] Cloning into '/workspace/builds/worker-5-tc2/source'...
[INFO] [stderr] done.
[INFO] removed /workspace/builds/worker-5-tc2/source/.cargo/config.toml
[INFO] started tweaking git repo https://github.com/tfluan0606/hachimi-tw
[INFO] finished tweaking git repo https://github.com/tfluan0606/hachimi-tw
[INFO] tweaked toml for git repo https://github.com/tfluan0606/hachimi-tw written to /workspace/builds/worker-5-tc2/source/Cargo.toml
[INFO] validating manifest of git repo https://github.com/tfluan0606/hachimi-tw on toolchain 8773d2c75a8e90130dcce745a7ec4e66bb9963db
[INFO] running `Command { std: CARGO_HOME="/workspace/cargo-home" RUSTUP_HOME="/workspace/rustup-home" "/workspace/cargo-home/bin/cargo" "+8773d2c75a8e90130dcce745a7ec4e66bb9963db" "metadata" "--manifest-path" "Cargo.toml" "--no-deps", kill_on_drop: false }`
[INFO] crate git repo https://github.com/tfluan0606/hachimi-tw already has a lockfile, it will not be regenerated
[INFO] running `Command { std: CARGO_HOME="/workspace/cargo-home" RUSTUP_HOME="/workspace/rustup-home" "/workspace/cargo-home/bin/cargo" "+8773d2c75a8e90130dcce745a7ec4e66bb9963db" "fetch" "--manifest-path" "Cargo.toml", kill_on_drop: false }`
[INFO] [stderr]     Blocking waiting for file lock on package cache
[INFO] [stderr]     Updating git repository `https://github.com/LeadRDRK/dobby-sys.git`
[INFO] [stderr]     Updating git repository `https://github.com/nabijaczleweli/rust-embed-resource.git`
[INFO] [stderr]     Updating crates.io index
[INFO] [stderr]     Blocking waiting for file lock on package cache
[ERROR] error running command: no output for 300 seconds
[INFO] checking tfluan0606/hachimi-tw against 8773d2c75a8e90130dcce745a7ec4e66bb9963db+rustflags=-Aunfulfilled-lint-expectations for pr-163637
[INFO] running `Command { std: "git" "clone" "/workspace/cache/git-repos/https%3A%2F%2Fgithub.com%2Ftfluan0606%2Fhachimi-tw" "/workspace/builds/worker-5-tc2/source", kill_on_drop: false }`
[INFO] [stderr] Cloning into '/workspace/builds/worker-5-tc2/source'...
[INFO] [stderr] done.
[INFO] removed /workspace/builds/worker-5-tc2/source/.cargo/config.toml
[INFO] started tweaking git repo https://github.com/tfluan0606/hachimi-tw
[INFO] finished tweaking git repo https://github.com/tfluan0606/hachimi-tw
[INFO] tweaked toml for git repo https://github.com/tfluan0606/hachimi-tw written to /workspace/builds/worker-5-tc2/source/Cargo.toml
[INFO] validating manifest of git repo https://github.com/tfluan0606/hachimi-tw on toolchain 8773d2c75a8e90130dcce745a7ec4e66bb9963db
[INFO] running `Command { std: CARGO_HOME="/workspace/cargo-home" RUSTUP_HOME="/workspace/rustup-home" "/workspace/cargo-home/bin/cargo" "+8773d2c75a8e90130dcce745a7ec4e66bb9963db" "metadata" "--manifest-path" "Cargo.toml" "--no-deps", kill_on_drop: false }`
[INFO] crate git repo https://github.com/tfluan0606/hachimi-tw already has a lockfile, it will not be regenerated
[INFO] running `Command { std: CARGO_HOME="/workspace/cargo-home" RUSTUP_HOME="/workspace/rustup-home" "/workspace/cargo-home/bin/cargo" "+8773d2c75a8e90130dcce745a7ec4e66bb9963db" "fetch" "--manifest-path" "Cargo.toml", kill_on_drop: false }`
[INFO] [stderr]     Blocking waiting for file lock on package cache
[INFO] [stderr]     Blocking waiting for file lock on package cache
[INFO] [stderr]  Downloading crates ...
[INFO] [stderr]   Downloaded miniz_oxide v0.9.0
[INFO] [stderr]   Downloaded wchar v0.6.1
[INFO] [stderr]   Downloaded wchar-impl v0.6.0
[INFO] [stderr]   Downloaded windebug_logger v0.1.4
[INFO] [stderr]   Downloaded pelite-macros v0.1.1
[INFO] [stderr]   Downloaded globwalk v0.8.1
[INFO] [stderr]   Downloaded base62 v2.2.1
[INFO] [stderr]   Downloaded dataview v1.0.1
[INFO] [stderr]   Downloaded derive_pod v0.1.2
[INFO] [stderr]   Downloaded rust-i18n v3.1.4
[INFO] [stderr]   Downloaded rust-i18n-support v3.1.4
[INFO] [stderr]   Downloaded normpath v1.3.0
[INFO] [stderr]   Downloaded rmpv v1.3.1
[INFO] [stderr]   Downloaded tauri-winres v0.1.1
[INFO] [stderr]   Downloaded rust-i18n-macro v3.1.4
[INFO] [stderr]   Downloaded twox-hash v2.1.3
[INFO] [stderr]   Downloaded minhook v0.5.0
[INFO] [stderr]   Downloaded toml v0.8.14
[INFO] [stderr]   Downloaded serde v1.0.196
[INFO] [stderr]   Downloaded serde_derive v1.0.196
[INFO] [stderr]   Downloaded arc-swap v1.7.0
[INFO] [stderr]   Downloaded toml_edit v0.22.14
[INFO] [stderr]   Downloaded egui_extras v0.35.0
[INFO] [stderr]   Downloaded syn v2.0.49
[INFO] [stderr]   Downloaded cstr v0.2.11
[INFO] [stderr]   Downloaded vello_cpu v0.0.9
[INFO] [stderr]   Downloaded ecolor v0.35.0
[INFO] [stderr]   Downloaded discord-rich-presence v1.1.0
[INFO] [stderr]   Downloaded winnow v0.6.13
[INFO] [stderr]   Downloaded emath v0.35.0
[INFO] [stderr]   Downloaded serde_json v1.0.113
[INFO] [stderr]   Downloaded sqlparser v0.43.1
[INFO] [stderr]   Downloaded epaint v0.35.0
[INFO] [stderr]   Downloaded dobby-rs v0.1.0
[INFO] [stderr]   Downloaded uuid v1.27.0
[INFO] [stderr]   Downloaded atomic_float v0.1.0
[INFO] [stderr]   Downloaded android_logger v0.13.3
[INFO] [stderr]   Downloaded webpki-roots v0.26.1
[INFO] [stderr]   Downloaded pelite v0.10.0
[INFO] [stderr]   Downloaded harfrust v0.7.0
[INFO] [stderr]   Downloaded egui v0.35.0
[INFO] [stderr]   Downloaded egui-directx11 v0.13.0+egui-0.35.0
[INFO] [stderr]   Downloaded libc v0.2.188
[INFO] [stderr]   Downloaded epaint_default_fonts v0.35.0
[INFO] running `Command { std: "docker" "create" "-v" "/var/lib/crater-agent-workspace/builds/worker-5-tc2/source:/opt/rustwide/workdir:ro,Z" "-v" "/var/lib/crater-agent-workspace/builds/worker-5-tc2/target:/opt/rustwide/target:rw,Z" "-v" "/var/lib/crater-agent-workspace/cargo-home:/opt/rustwide/cargo-home:ro,Z" "-v" "/var/lib/crater-agent-workspace/rustup-home:/opt/rustwide/rustup-home:ro,Z" "-m" "1610612736" "--network" "none" "ghcr.io/rust-lang/crates-build-env/linux@sha256:77db811e55d90add9212f6832c23229e3de5f1c1f9905e8cb07319ea15df73ac" "sleep" "infinity", kill_on_drop: false }`
[INFO] [stdout] b452ada00d383b3e6cfbdb426369f3a56f8b21473cb7355331df7ca824815dda
[INFO] running `Command { std: "docker" "start" "b452ada00d383b3e6cfbdb426369f3a56f8b21473cb7355331df7ca824815dda", kill_on_drop: false }`
[INFO] running `Command { std: "docker" "inspect" "b452ada00d383b3e6cfbdb426369f3a56f8b21473cb7355331df7ca824815dda", kill_on_drop: false }`
[INFO] running `Command { std: "docker" "exec" "-e" "SOURCE_DIR=/opt/rustwide/workdir" "-e" "CARGO_HOME=/opt/rustwide/cargo-home" "-e" "RUSTUP_HOME=/opt/rustwide/rustup-home" "-e" "CARGO_TARGET_DIR=/opt/rustwide/target" "-w" "/opt/rustwide/workdir" "--user" "0:0" "b452ada00d383b3e6cfbdb426369f3a56f8b21473cb7355331df7ca824815dda" "/opt/rustwide/cargo-home/bin/cargo" "+8773d2c75a8e90130dcce745a7ec4e66bb9963db" "metadata" "--no-deps" "--format-version=1", kill_on_drop: false }`
[INFO] running `Command { std: "docker" "inspect" "b452ada00d383b3e6cfbdb426369f3a56f8b21473cb7355331df7ca824815dda", kill_on_drop: false }`
[INFO] running `Command { std: "docker" "exec" "-e" "SOURCE_DIR=/opt/rustwide/workdir" "-e" "CARGO_HOME=/opt/rustwide/cargo-home" "-e" "RUSTUP_HOME=/opt/rustwide/rustup-home" "-e" "CARGO_TARGET_DIR=/opt/rustwide/target" "-e" "CARGO_INCREMENTAL=0" "-e" "RUST_BACKTRACE=full" "-e" "RUSTFLAGS=--cap-lints=forbid -Aunfulfilled-lint-expectations" "-e" "RUSTDOCFLAGS=--cap-lints=forbid" "-w" "/opt/rustwide/workdir" "--user" "0:0" "b452ada00d383b3e6cfbdb426369f3a56f8b21473cb7355331df7ca824815dda" "/opt/rustwide/cargo-home/bin/cargo" "+8773d2c75a8e90130dcce745a7ec4e66bb9963db" "check" "--frozen" "--all" "--all-targets" "--message-format=json", kill_on_drop: false }`
[INFO] [stderr]    Compiling proc-macro2 v1.0.107
[INFO] [stderr]    Compiling serde v1.0.196
[INFO] [stderr]     Checking cfg-if v1.0.0
[INFO] [stderr]     Checking log v0.4.33
[INFO] [stderr]     Checking stable_deref_trait v1.2.0
[INFO] [stderr]    Compiling find-msvc-tools v0.1.14
[INFO] [stderr]     Checking smallvec v1.16.2
[INFO] [stderr]     Checking simd-adler32 v0.3.7
[INFO] [stderr]     Checking arrayvec v0.7.8
[INFO] [stderr]    Compiling libc v0.2.188
[INFO] [stderr]    Compiling crossbeam-utils v0.8.19
[INFO] [stderr]    Compiling crc32fast v1.4.0
[INFO] [stderr]    Compiling cc v1.5.1
[INFO] [stderr]     Checking adler2 v2.0.1
[INFO] [stderr]    Compiling memchr v2.7.1
[INFO] [stderr]    Compiling crossbeam-epoch v0.9.21
[INFO] [stderr]    Compiling num-traits v0.2.19
[INFO] [stderr]     Checking miniz_oxide v0.9.0
[INFO] [stderr]    Compiling hashbrown v0.14.5
[INFO] [stderr]    Compiling equivalent v1.0.1
[INFO] [stderr]    Compiling serde_json v1.0.113
[INFO] [stderr]     Checking fdeflate v0.3.4
[INFO] [stderr]     Checking flate2 v1.1.10
[INFO] [stderr]    Compiling quote v1.0.47
[INFO] [stderr]     Checking once_cell v1.19.0
[INFO] [stderr]     Checking writeable v0.6.4
[INFO] [stderr]     Checking bitflags v1.3.2
[INFO] [stderr]    Compiling syn v3.0.3
[INFO] [stderr]    Compiling syn v2.0.49
[INFO] [stderr]    Compiling indexmap v2.2.6
[INFO] [stderr]     Checking litemap v0.8.3
[INFO] [stderr]    Compiling aho-corasick v1.1.2
[INFO] [stderr]    Compiling generic-array v0.14.7
[INFO] [stderr]     Checking arrayref v0.3.7
[INFO] [stderr]     Checking utf8_iter v1.0.4
[INFO] [stderr]    Compiling regex-syntax v0.8.2
[INFO] [stderr]     Checking ryu v1.0.16
[INFO] [stderr]     Checking itoa v1.0.10
[INFO] [stderr]    Compiling icu_properties_data v2.3.0
[INFO] [stderr]    Compiling icu_normalizer_data v2.3.0
[INFO] [stderr]     Checking adler v1.0.2
[INFO] [stderr]    Compiling ring v0.17.14
[INFO] [stderr]    Compiling winnow v0.6.13
[INFO] [stderr]     Checking typenum v1.20.1
[INFO] [stderr]     Checking miniz_oxide v0.7.2
[INFO] [stderr]    Compiling bstr v1.12.0
[INFO] [stderr]     Checking zeroize v1.9.0
[INFO] [stderr]    Compiling regex-automata v0.4.5
[INFO] [stderr]    Compiling rustversion v1.0.20
[INFO] [stderr]    Compiling synstructure v0.14.0
[INFO] [stderr]    Compiling walkdir v2.4.0
[INFO] [stderr]     Checking rustls-pki-types v1.15.1
[INFO] [stderr]     Checking png v0.17.13
[INFO] [stderr]    Compiling crossbeam-deque v0.8.6
[INFO] [stderr]     Checking getrandom v0.2.12
[INFO] [stderr]     Checking polycool v0.4.0
[INFO] [stderr]    Compiling thiserror v2.0.20
[INFO] [stderr]    Compiling bytemuck_derive v1.12.1
[INFO] [stderr]    Compiling zerofrom-derive v0.1.8
[INFO] [stderr]    Compiling yoke-derive v0.8.3
[INFO] [stderr]    Compiling zerovec-derive v0.11.6
[INFO] [stderr]    Compiling displaydoc v0.2.7
[INFO] [stderr]    Compiling semver v1.0.23
[INFO] [stderr]     Checking zerofrom v0.1.8
[INFO] [stderr]     Checking yoke v0.8.3
[INFO] [stderr]    Compiling globset v0.4.16
[INFO] [stderr]     Checking untrusted v0.9.0
[INFO] [stderr]     Checking zerotrie v0.2.5
[INFO] [stderr]     Checking bytemuck v1.25.2
[INFO] [stderr]     Checking zerovec v0.11.8
[INFO] [stderr]    Compiling ignore v0.4.23
[INFO] [stderr]    Compiling serde_derive v1.0.196
[INFO] [stderr]     Checking color v0.3.3
[INFO] [stderr]     Checking font-types v0.11.3
[INFO] [stderr]    Compiling thiserror-impl v2.0.20
[INFO] [stderr]     Checking kurbo v0.13.1
[INFO] [stderr]     Checking tinystr v0.8.4
[INFO] [stderr]     Checking icu_locale_core v2.3.0
[INFO] [stderr]     Checking potential_utf v0.1.6
[INFO] [stderr]     Checking icu_collections v2.3.0
[INFO] [stderr]     Checking euclid v0.22.14
[INFO] [stderr]    Compiling rustls v0.23.45
[INFO] [stderr]     Checking linebender_resource_handle v0.1.1
[INFO] [stderr]     Checking icu_provider v2.3.1
[INFO] [stderr]     Checking bitflags v2.13.2
[INFO] [stderr]    Compiling zerocopy v0.8.59
[INFO] [stderr]     Checking either v1.15.0
[INFO] [stderr]     Checking percent-encoding v2.3.2
[INFO] [stderr]     Checking icu_normalizer v2.3.0
[INFO] [stderr]     Checking icu_properties v2.3.0
[INFO] [stderr]     Checking foldhash v0.2.0
[INFO] [stderr]     Checking form_urlencoded v1.2.2
[INFO] [stderr]     Checking guillotiere v0.7.0
[INFO] [stderr]    Compiling parking_lot_core v0.9.12
[INFO] [stderr]     Checking hashbrown v0.17.1
[INFO] [stderr]    Compiling globwalk v0.8.1
[INFO] [stderr]     Checking peniko v0.6.1
[INFO] [stderr]     Checking rustls-webpki v0.103.15
[INFO] [stderr]     Checking read-fonts v0.39.2
[INFO] [stderr]    Compiling regex v1.10.3
[INFO] [stderr]    Compiling ahash v0.8.12
[INFO] [stderr]     Checking fearless_simd v0.4.1
[INFO] [stderr]     Checking strict-num v0.1.1
[INFO] [stderr]     Checking subtle v2.5.0
[INFO] [stderr]     Checking same-file v1.0.6
[INFO] [stderr]     Checking scopeguard v1.2.0
[INFO] [stderr]     Checking ttf-parser v0.20.0
[INFO] [stderr]    Compiling winnow v0.5.40
[INFO] [stderr]    Compiling unicode-general-category v1.1.0
[INFO] [stderr]     Checking idna_adapter v1.2.2
[INFO] [stderr]     Checking lock_api v0.4.14
[INFO] [stderr]     Checking idna v1.1.0
[INFO] [stderr]     Checking url v2.5.8
[INFO] [stderr]     Checking tiny-skia-path v0.11.4
[INFO] [stderr]    Compiling rustc_version v0.4.0
[INFO] [stderr]     Checking owned_ttf_parser v0.20.0
[INFO] [stderr]     Checking webpki-roots v0.26.1
[INFO] [stderr]     Checking crypto-common v0.1.7
[INFO] [stderr]    Compiling blake3 v1.5.1
[INFO] [stderr]    Compiling unsafe-libyaml v0.2.11
[INFO] [stderr]    Compiling arc-swap v1.7.0
[INFO] [stderr]     Checking ab_glyph_rasterizer v0.1.8
[INFO] [stderr]     Checking emath v0.35.0
[INFO] [stderr]     Checking toml_datetime v0.6.6
[INFO] [stderr]     Checking serde_spanned v0.6.6
[INFO] [stderr]     Checking base64 v0.22.1
[INFO] [stderr]    Compiling toml_edit v0.22.14
[INFO] [stderr]     Checking vello_common v0.0.9
[INFO] [stderr]    Compiling toml_edit v0.19.15
[INFO] [stderr]    Compiling triomphe v0.1.14
[INFO] [stderr]     Checking ureq v2.12.1
[INFO] [stderr]    Compiling serde_yaml v0.9.34+deprecated
[INFO] [stderr]     Checking vello_cpu v0.0.9
[INFO] [stderr]    Compiling itertools v0.11.0
[INFO] [stderr]     Checking harfrust v0.7.0
[INFO] [stderr]     Checking skrifa v0.42.1
[INFO] [stderr]    Compiling toml v0.8.14
[INFO] [stderr]    Compiling embed-resource v2.4.2 (https://github.com/nabijaczleweli/rust-embed-resource.git?rev=e98e9aa28d66b0c2ff43516b41847cac372310dd#e98e9aa2)
[INFO] [stderr]    Compiling toml v0.7.8
[INFO] [stderr]     Checking ecolor v0.35.0
[INFO] [stderr]     Checking ab_glyph v0.2.23
[INFO] [stderr]     Checking parking_lot v0.12.5
[INFO] [stderr]     Checking tiny-skia v0.11.4
[INFO] [stderr]    Compiling base62 v2.2.1
[INFO] [stderr]     Checking block-padding v0.3.3
[INFO] [stderr]     Checking miniz_oxide v0.8.9
[INFO] [stderr]     Checking nohash-hasher v0.2.0
[INFO] [stderr]     Checking constant_time_eq v0.3.0
[INFO] [stderr]    Compiling siphasher v1.0.1
[INFO] [stderr]     Checking profiling v1.0.18
[INFO] [stderr]     Checking pxfm v0.1.30
[INFO] [stderr]     Checking unicode-ident v1.0.12
[INFO] [stderr]    Compiling lazy_static v1.4.0
[INFO] [stderr]     Checking self_cell v1.3.0
[INFO] [stderr]     Checking uuid v1.27.0
[INFO] [stderr]     Checking unicode-segmentation v1.13.3
[INFO] [stderr]    Compiling normpath v1.3.0
[INFO] [stderr]     Checking accesskit v0.24.1
[INFO] [stderr]    Compiling rust-i18n-support v3.1.4
[INFO] [stderr]     Checking png v0.18.1
[INFO] [stderr]     Checking epaint v0.35.0
[INFO] [stderr]     Checking inout v0.1.4
[INFO] [stderr]    Compiling tauri-winres v0.1.1
[INFO] [stderr]    Compiling rust-i18n v3.1.4
[INFO] [stderr]     Checking itertools v0.14.0
[INFO] [stderr]    Compiling enum-map-derive v0.17.0
[INFO] [stderr]     Checking byteorder v1.5.0
[INFO] [stderr]     Checking byteorder-lite v0.1.0
[INFO] [stderr]    Compiling glob v0.3.2
[INFO] [stderr]     Checking enum-map v2.7.3
[INFO] [stderr]    Compiling hachimi v1.1.1 (/opt/rustwide/workdir)
[INFO] [stderr]     Checking cipher v0.4.4
[INFO] [stderr]     Checking factor-card v0.1.0 (/opt/rustwide/workdir/crates/factor-card)
[INFO] [stderr]     Checking block-buffer v0.10.4
[INFO] [stderr]    Compiling rust-i18n-macro v3.1.4
[INFO] [stderr]     Checking num_cpus v1.16.0
[INFO] [stderr]     Checking rmp v0.8.15
[INFO] [stderr]     Checking chunked_transfer v1.5.0
[INFO] [stdout] warning: variable does not need to be mutable
[INFO] [stdout]    --> crates/factor-card/src/render.rs:329:13
[INFO] [stdout]     |
[INFO] [stdout] 329 |         let mut push = |queue: &mut Vec<(u32, u32)>, transparent: &mut Vec<bool>, x: u32, y: u32| {
[INFO] [stdout]     |             ----^^^^
[INFO] [stdout]     |             |
[INFO] [stdout]     |             help: remove this `mut`
[INFO] [stdout]     |
[INFO] [stdout]     = note: `#[warn(unused_mut)]` (part of `#[warn(unused)]`) on by default
[INFO] [stdout] 
[INFO] [stdout] 
[INFO] [stdout] warning: constant `STAT_H` is never used
[INFO] [stdout]    --> crates/factor-card/src/render.rs:105:7
[INFO] [stdout]     |
[INFO] [stdout] 105 | const STAT_H: f32 = 56.0;
[INFO] [stdout]     |       ^^^^^^
[INFO] [stdout]     |
[INFO] [stdout]     = note: `#[warn(dead_code)]` (part of `#[warn(unused)]`) on by default
[INFO] [stdout] 
[INFO] [stdout] 
[INFO] [stdout] warning: constant `STAT_TALL_H` is never used
[INFO] [stdout]    --> crates/factor-card/src/render.rs:108:7
[INFO] [stdout]     |
[INFO] [stdout] 108 | const STAT_TALL_H: f32 = 12.0 + 17.0 + 8.0 + STAT_LINE_H * 3.0 + 10.0;
[INFO] [stdout]     |       ^^^^^^^^^^^
[INFO] [stdout] 
[INFO] [stdout] 
[INFO] [stdout] warning: function `res_chips_width` is never used
[INFO] [stdout]    --> crates/factor-card/src/render.rs:757:4
[INFO] [stdout]     |
[INFO] [stdout] 757 | fn res_chips_width(canvas: &Canvas, chips: &[(String, String, FbClass, f32, f32)]) -> f32 {
[INFO] [stdout]     |    ^^^^^^^^^^^^^^^
[INFO] [stdout] 
[INFO] [stdout] 
[INFO] [stderr]     Checking color_quant v1.1.0
[INFO] [stderr]     Checking httpdate v1.0.3
[INFO] [stderr]     Checking unicode-width v0.1.11
[INFO] [stderr]     Checking twox-hash v2.1.3
[INFO] [stderr]     Checking smawk v0.3.2
[INFO] [stderr]     Checking unicode-linebreak v0.1.5
[INFO] [stderr]     Checking ascii v1.1.0
[INFO] [stderr]     Checking lz4_flex v0.11.6
[INFO] [stderr]     Checking rmpv v1.3.1
[INFO] [stderr]     Checking moxcms v0.8.1
[INFO] [stderr]     Checking textwrap v0.16.1
[INFO] [stderr]     Checking tiny_http v0.12.0
[INFO] [stderr]     Checking image v0.24.9
[INFO] [stderr]     Checking threadpool v1.8.1
[INFO] [stderr]     Checking digest v0.10.7
[INFO] [stderr]     Checking zip v0.6.6
[INFO] [stderr]    Compiling cstr v0.2.11
[INFO] [stderr]     Checking sqlparser v0.43.1
[INFO] [stderr]     Checking size v0.4.1
[INFO] [stderr]     Checking egui v0.35.0
[INFO] [stderr]     Checking cpufeatures v0.2.17
[INFO] [stderr]     Checking fnv v1.0.7
[INFO] [stderr]     Checking widestring v1.1.0
[INFO] [stderr]     Checking atomic_float v0.1.0
[INFO] [stderr]     Checking aes v0.8.4
[INFO] [stderr]     Checking md-5 v0.10.6
[INFO] [stderr]     Checking cbc v0.1.2
[INFO] [stderr]     Checking blake3json v0.1.0 (/opt/rustwide/workdir/crates/blake3json)
[INFO] [stdout] warning: variable does not need to be mutable
[INFO] [stdout]    --> crates/factor-card/src/render.rs:329:13
[INFO] [stdout]     |
[INFO] [stdout] 329 |         let mut push = |queue: &mut Vec<(u32, u32)>, transparent: &mut Vec<bool>, x: u32, y: u32| {
[INFO] [stdout]     |             ----^^^^
[INFO] [stdout]     |             |
[INFO] [stdout]     |             help: remove this `mut`
[INFO] [stdout]     |
[INFO] [stdout]     = note: `#[warn(unused_mut)]` (part of `#[warn(unused)]`) on by default
[INFO] [stdout] 
[INFO] [stdout] 
[INFO] [stdout] warning: constant `STAT_H` is never used
[INFO] [stdout]    --> crates/factor-card/src/render.rs:105:7
[INFO] [stdout]     |
[INFO] [stdout] 105 | const STAT_H: f32 = 56.0;
[INFO] [stdout]     |       ^^^^^^
[INFO] [stdout]     |
[INFO] [stdout]     = note: `#[warn(dead_code)]` (part of `#[warn(unused)]`) on by default
[INFO] [stdout] 
[INFO] [stdout] 
[INFO] [stdout] warning: constant `STAT_TALL_H` is never used
[INFO] [stdout]    --> crates/factor-card/src/render.rs:108:7
[INFO] [stdout]     |
[INFO] [stdout] 108 | const STAT_TALL_H: f32 = 12.0 + 17.0 + 8.0 + STAT_LINE_H * 3.0 + 10.0;
[INFO] [stdout]     |       ^^^^^^^^^^^
[INFO] [stdout] 
[INFO] [stdout] 
[INFO] [stdout] warning: function `res_chips_width` is never used
[INFO] [stdout]    --> crates/factor-card/src/render.rs:757:4
[INFO] [stdout]     |
[INFO] [stdout] 757 | fn res_chips_width(canvas: &Canvas, chips: &[(String, String, FbClass, f32, f32)]) -> f32 {
[INFO] [stdout]     |    ^^^^^^^^^^^^^^^
[INFO] [stdout] 
[INFO] [stdout] 
[INFO] [stderr]     Checking image v0.25.10
[INFO] [stderr]     Checking egui_extras v0.35.0
[INFO] [stdout] error[E0432]: unresolved import `crate::il2cpp::hook::umamusume::WebViewManager`
[INFO] [stdout]   --> src/core/gui.rs:15:5
[INFO] [stdout]    |
[INFO] [stdout] 15 | use crate::il2cpp::hook::umamusume::WebViewManager;
[INFO] [stdout]    |     ^^^^^^^^^^^^^^^^^^^^^^^^^^^^^^^^--------------
[INFO] [stdout]    |                                     |
[INFO] [stdout]    |                                     no `WebViewManager` in `il2cpp::hook::umamusume`
[INFO] [stdout] 
[INFO] [stdout] 
[INFO] [stdout] error[E0432]: unresolved import `crate::il2cpp::hook::umamusume::WebViewManager`
[INFO] [stdout]   --> src/core/gui.rs:15:5
[INFO] [stdout]    |
[INFO] [stdout] 15 | use crate::il2cpp::hook::umamusume::WebViewManager;
[INFO] [stdout]    |     ^^^^^^^^^^^^^^^^^^^^^^^^^^^^^^^^--------------
[INFO] [stdout]    |                                     |
[INFO] [stdout]    |                                     no `WebViewManager` in `il2cpp::hook::umamusume`
[INFO] [stdout] 
[INFO] [stdout] 
[INFO] [stdout] error[E0432]: unresolved imports `crate::gui_impl`, `crate::hachimi_impl`
[INFO] [stdout]   --> src/core/hachimi.rs:7:39
[INFO] [stdout]    |
[INFO] [stdout]  7 | use crate::{core::plugin_api::Plugin, gui_impl, hachimi_impl, il2cpp::{self, hook::umamusume::{CySpringController::SpringUpdateMode,...
[INFO] [stdout]    |                                       ^^^^^^^^  ^^^^^^^^^^^^ no `hachimi_impl` in the root
[INFO] [stdout]    |                                       |
[INFO] [stdout]    |                                       no `gui_impl` in the root
[INFO] [stdout]    |
[INFO] [stdout] note: found an item that was configured out
[INFO] [stdout]   --> src/lib.rs:16:50
[INFO] [stdout]    |
[INFO] [stdout] 15 | #[cfg(target_os = "android")]
[INFO] [stdout]    |       --------------------- the item is gated behind the `android` feature
[INFO] [stdout] 16 | use android::{log_impl, game_impl, hachimi_impl, gui_impl, symbols_impl, interceptor_impl};
[INFO] [stdout]    |                                                  ^^^^^^^^
[INFO] [stdout] note: found an item that was configured out
[INFO] [stdout]   --> src/lib.rs:23:50
[INFO] [stdout]    |
[INFO] [stdout] 22 | #[cfg(target_os = "windows")]
[INFO] [stdout]    |       --------------------- the item is gated behind the `windows` feature
[INFO] [stdout] 23 | use windows::{log_impl, game_impl, hachimi_impl, gui_impl, symbols_impl, interceptor_impl};
[INFO] [stdout]    |                                                  ^^^^^^^^
[INFO] [stdout] note: found an item that was configured out
[INFO] [stdout]   --> src/lib.rs:16:36
[INFO] [stdout]    |
[INFO] [stdout] 15 | #[cfg(target_os = "android")]
[INFO] [stdout]    |       --------------------- the item is gated behind the `android` feature
[INFO] [stdout] 16 | use android::{log_impl, game_impl, hachimi_impl, gui_impl, symbols_impl, interceptor_impl};
[INFO] [stdout]    |                                    ^^^^^^^^^^^^
[INFO] [stdout] note: found an item that was configured out
[INFO] [stdout]   --> src/lib.rs:23:36
[INFO] [stdout]    |
[INFO] [stdout] 22 | #[cfg(target_os = "windows")]
[INFO] [stdout]    |       --------------------- the item is gated behind the `windows` feature
[INFO] [stdout] 23 | use windows::{log_impl, game_impl, hachimi_impl, gui_impl, symbols_impl, interceptor_impl};
[INFO] [stdout]    |                                    ^^^^^^^^^^^^
[INFO] [stdout] 
[INFO] [stdout] 
[INFO] [stdout] error[E0432]: unresolved imports `crate::gui_impl`, `crate::hachimi_impl`
[INFO] [stdout]   --> src/core/hachimi.rs:7:39
[INFO] [stdout]    |
[INFO] [stdout]  7 | use crate::{core::plugin_api::Plugin, gui_impl, hachimi_impl, il2cpp::{self, hook::umamusume::{CySpringController::SpringUpdateMode,...
[INFO] [stdout]    |                                       ^^^^^^^^  ^^^^^^^^^^^^ no `hachimi_impl` in the root
[INFO] [stdout]    |                                       |
[INFO] [stdout]    |                                       no `gui_impl` in the root
[INFO] [stdout]    |
[INFO] [stdout] note: found an item that was configured out
[INFO] [stdout]   --> src/lib.rs:16:50
[INFO] [stdout]    |
[INFO] [stdout] 15 | #[cfg(target_os = "android")]
[INFO] [stdout]    |       --------------------- the item is gated behind the `android` feature
[INFO] [stdout] 16 | use android::{log_impl, game_impl, hachimi_impl, gui_impl, symbols_impl, interceptor_impl};
[INFO] [stdout]    |                                                  ^^^^^^^^
[INFO] [stdout] note: found an item that was configured out
[INFO] [stdout]   --> src/lib.rs:23:50
[INFO] [stdout]    |
[INFO] [stdout] 22 | #[cfg(target_os = "windows")]
[INFO] [stdout]    |       --------------------- the item is gated behind the `windows` feature
[INFO] [stdout] 23 | use windows::{log_impl, game_impl, hachimi_impl, gui_impl, symbols_impl, interceptor_impl};
[INFO] [stdout]    |                                                  ^^^^^^^^
[INFO] [stdout] note: found an item that was configured out
[INFO] [stdout]   --> src/lib.rs:16:36
[INFO] [stdout]    |
[INFO] [stdout] 15 | #[cfg(target_os = "android")]
[INFO] [stdout]    |       --------------------- the item is gated behind the `android` feature
[INFO] [stdout] 16 | use android::{log_impl, game_impl, hachimi_impl, gui_impl, symbols_impl, interceptor_impl};
[INFO] [stdout]    |                                    ^^^^^^^^^^^^
[INFO] [stdout] note: found an item that was configured out
[INFO] [stdout]   --> src/lib.rs:23:36
[INFO] [stdout]    |
[INFO] [stdout] 22 | #[cfg(target_os = "windows")]
[INFO] [stdout]    |       --------------------- the item is gated behind the `windows` feature
[INFO] [stdout] 23 | use windows::{log_impl, game_impl, hachimi_impl, gui_impl, symbols_impl, interceptor_impl};
[INFO] [stdout]    |                                    ^^^^^^^^^^^^
[INFO] [stdout] 
[INFO] [stdout] 
[INFO] [stdout] error[E0432]: unresolved import `crate::game_impl`
[INFO] [stdout]   --> src/core/game.rs:3:5
[INFO] [stdout]    |
[INFO] [stdout]  3 | use crate::game_impl;
[INFO] [stdout]    |     ^^^^^^^---------
[INFO] [stdout]    |            |
[INFO] [stdout]    |            no `game_impl` in the root
[INFO] [stdout]    |
[INFO] [stdout] note: found an item that was configured out
[INFO] [stdout]   --> src/lib.rs:16:25
[INFO] [stdout]    |
[INFO] [stdout] 15 | #[cfg(target_os = "android")]
[INFO] [stdout]    |       --------------------- the item is gated behind the `android` feature
[INFO] [stdout] 16 | use android::{log_impl, game_impl, hachimi_impl, gui_impl, symbols_impl, interceptor_impl};
[INFO] [stdout]    |                         ^^^^^^^^^
[INFO] [stdout] note: found an item that was configured out
[INFO] [stdout]   --> src/lib.rs:23:25
[INFO] [stdout]    |
[INFO] [stdout] 22 | #[cfg(target_os = "windows")]
[INFO] [stdout]    |       --------------------- the item is gated behind the `windows` feature
[INFO] [stdout] 23 | use windows::{log_impl, game_impl, hachimi_impl, gui_impl, symbols_impl, interceptor_impl};
[INFO] [stdout]    |                         ^^^^^^^^^
[INFO] [stdout] 
[INFO] [stdout] 
[INFO] [stdout] error[E0432]: unresolved import `crate::game_impl`
[INFO] [stdout]   --> src/core/game.rs:3:5
[INFO] [stdout]    |
[INFO] [stdout]  3 | use crate::game_impl;
[INFO] [stdout]    |     ^^^^^^^---------
[INFO] [stdout]    |            |
[INFO] [stdout]    |            no `game_impl` in the root
[INFO] [stdout]    |
[INFO] [stdout] note: found an item that was configured out
[INFO] [stdout]   --> src/lib.rs:16:25
[INFO] [stdout]    |
[INFO] [stdout] 15 | #[cfg(target_os = "android")]
[INFO] [stdout]    |       --------------------- the item is gated behind the `android` feature
[INFO] [stdout] 16 | use android::{log_impl, game_impl, hachimi_impl, gui_impl, symbols_impl, interceptor_impl};
[INFO] [stdout]    |                         ^^^^^^^^^
[INFO] [stdout] note: found an item that was configured out
[INFO] [stdout]   --> src/lib.rs:23:25
[INFO] [stdout]    |
[INFO] [stdout] 22 | #[cfg(target_os = "windows")]
[INFO] [stdout]    |       --------------------- the item is gated behind the `windows` feature
[INFO] [stdout] 23 | use windows::{log_impl, game_impl, hachimi_impl, gui_impl, symbols_impl, interceptor_impl};
[INFO] [stdout]    |                         ^^^^^^^^^
[INFO] [stdout] 
[INFO] [stdout] 
[INFO] [stdout] error[E0432]: unresolved import `crate::interceptor_impl`
[INFO] [stdout]   --> src/core/interceptor.rs:5:5
[INFO] [stdout]    |
[INFO] [stdout]  5 | use crate::interceptor_impl;
[INFO] [stdout]    |     ^^^^^^^----------------
[INFO] [stdout]    |            |
[INFO] [stdout]    |            no `interceptor_impl` in the root
[INFO] [stdout]    |
[INFO] [stdout] note: found an item that was configured out
[INFO] [stdout]   --> src/lib.rs:16:74
[INFO] [stdout]    |
[INFO] [stdout] 15 | #[cfg(target_os = "android")]
[INFO] [stdout]    |       --------------------- the item is gated behind the `android` feature
[INFO] [stdout] 16 | use android::{log_impl, game_impl, hachimi_impl, gui_impl, symbols_impl, interceptor_impl};
[INFO] [stdout]    |                                                                          ^^^^^^^^^^^^^^^^
[INFO] [stdout] note: found an item that was configured out
[INFO] [stdout]   --> src/lib.rs:23:74
[INFO] [stdout]    |
[INFO] [stdout] 22 | #[cfg(target_os = "windows")]
[INFO] [stdout]    |       --------------------- the item is gated behind the `windows` feature
[INFO] [stdout] 23 | use windows::{log_impl, game_impl, hachimi_impl, gui_impl, symbols_impl, interceptor_impl};
[INFO] [stdout]    |                                                                          ^^^^^^^^^^^^^^^^
[INFO] [stdout] 
[INFO] [stdout] 
[INFO] [stdout] error[E0432]: unresolved import `crate::interceptor_impl`
[INFO] [stdout]   --> src/core/interceptor.rs:5:5
[INFO] [stdout]    |
[INFO] [stdout]  5 | use crate::interceptor_impl;
[INFO] [stdout]    |     ^^^^^^^----------------
[INFO] [stdout]    |            |
[INFO] [stdout]    |            no `interceptor_impl` in the root
[INFO] [stdout]    |
[INFO] [stdout] note: found an item that was configured out
[INFO] [stdout]   --> src/lib.rs:16:74
[INFO] [stdout]    |
[INFO] [stdout] 15 | #[cfg(target_os = "android")]
[INFO] [stdout]    |       --------------------- the item is gated behind the `android` feature
[INFO] [stdout] 16 | use android::{log_impl, game_impl, hachimi_impl, gui_impl, symbols_impl, interceptor_impl};
[INFO] [stdout]    |                                                                          ^^^^^^^^^^^^^^^^
[INFO] [stdout] note: found an item that was configured out
[INFO] [stdout]   --> src/lib.rs:23:74
[INFO] [stdout]    |
[INFO] [stdout] 22 | #[cfg(target_os = "windows")]
[INFO] [stdout]    |       --------------------- the item is gated behind the `windows` feature
[INFO] [stdout] 23 | use windows::{log_impl, game_impl, hachimi_impl, gui_impl, symbols_impl, interceptor_impl};
[INFO] [stdout]    |                                                                          ^^^^^^^^^^^^^^^^
[INFO] [stdout] 
[INFO] [stdout] 
[INFO] [stdout] error[E0432]: unresolved import `crate::log_impl`
[INFO] [stdout]   --> src/core/log.rs:1:5
[INFO] [stdout]    |
[INFO] [stdout]  1 | use crate::log_impl;
[INFO] [stdout]    |     ^^^^^^^--------
[INFO] [stdout]    |            |
[INFO] [stdout]    |            no `log_impl` in the root
[INFO] [stdout]    |
[INFO] [stdout] note: found an item that was configured out
[INFO] [stdout]   --> src/lib.rs:16:15
[INFO] [stdout]    |
[INFO] [stdout] 15 | #[cfg(target_os = "android")]
[INFO] [stdout]    |       --------------------- the item is gated behind the `android` feature
[INFO] [stdout] 16 | use android::{log_impl, game_impl, hachimi_impl, gui_impl, symbols_impl, interceptor_impl};
[INFO] [stdout]    |               ^^^^^^^^
[INFO] [stdout] note: found an item that was configured out
[INFO] [stdout]   --> src/lib.rs:23:15
[INFO] [stdout]    |
[INFO] [stdout] 22 | #[cfg(target_os = "windows")]
[INFO] [stdout]    |       --------------------- the item is gated behind the `windows` feature
[INFO] [stdout] 23 | use windows::{log_impl, game_impl, hachimi_impl, gui_impl, symbols_impl, interceptor_impl};
[INFO] [stdout]    |               ^^^^^^^^
[INFO] [stdout] 
[INFO] [stdout] 
[INFO] [stdout] error[E0432]: unresolved import `crate::symbols_impl`
[INFO] [stdout]   --> src/il2cpp/symbols.rs:13:5
[INFO] [stdout]    |
[INFO] [stdout] 13 | use crate::symbols_impl;
[INFO] [stdout]    |     ^^^^^^^------------
[INFO] [stdout]    |            |
[INFO] [stdout]    |            no `symbols_impl` in the root
[INFO] [stdout]    |
[INFO] [stdout] note: found an item that was configured out
[INFO] [stdout]   --> src/lib.rs:16:60
[INFO] [stdout]    |
[INFO] [stdout] 15 | #[cfg(target_os = "android")]
[INFO] [stdout]    |       --------------------- the item is gated behind the `android` feature
[INFO] [stdout] 16 | use android::{log_impl, game_impl, hachimi_impl, gui_impl, symbols_impl, interceptor_impl};
[INFO] [stdout]    |                                                            ^^^^^^^^^^^^
[INFO] [stdout] note: found an item that was configured out
[INFO] [stdout]   --> src/lib.rs:23:60
[INFO] [stdout]    |
[INFO] [stdout] 22 | #[cfg(target_os = "windows")]
[INFO] [stdout]    |       --------------------- the item is gated behind the `windows` feature
[INFO] [stdout] 23 | use windows::{log_impl, game_impl, hachimi_impl, gui_impl, symbols_impl, interceptor_impl};
[INFO] [stdout]    |                                                            ^^^^^^^^^^^^
[INFO] [stdout] 
[INFO] [stdout] 
[INFO] [stdout] error[E0432]: unresolved import `crate::log_impl`
[INFO] [stdout]   --> src/core/log.rs:1:5
[INFO] [stdout]    |
[INFO] [stdout]  1 | use crate::log_impl;
[INFO] [stdout]    |     ^^^^^^^--------
[INFO] [stdout]    |            |
[INFO] [stdout]    |            no `log_impl` in the root
[INFO] [stdout]    |
[INFO] [stdout] note: found an item that was configured out
[INFO] [stdout]   --> src/lib.rs:16:15
[INFO] [stdout]    |
[INFO] [stdout] 15 | #[cfg(target_os = "android")]
[INFO] [stdout]    |       --------------------- the item is gated behind the `android` feature
[INFO] [stdout] 16 | use android::{log_impl, game_impl, hachimi_impl, gui_impl, symbols_impl, interceptor_impl};
[INFO] [stdout]    |               ^^^^^^^^
[INFO] [stdout] note: found an item that was configured out
[INFO] [stdout]   --> src/lib.rs:23:15
[INFO] [stdout]    |
[INFO] [stdout] 22 | #[cfg(target_os = "windows")]
[INFO] [stdout]    |       --------------------- the item is gated behind the `windows` feature
[INFO] [stdout] 23 | use windows::{log_impl, game_impl, hachimi_impl, gui_impl, symbols_impl, interceptor_impl};
[INFO] [stdout]    |               ^^^^^^^^
[INFO] [stdout] 
[INFO] [stdout] 
[INFO] [stdout] error[E0432]: unresolved import `crate::symbols_impl`
[INFO] [stdout]   --> src/il2cpp/symbols.rs:13:5
[INFO] [stdout]    |
[INFO] [stdout] 13 | use crate::symbols_impl;
[INFO] [stdout]    |     ^^^^^^^------------
[INFO] [stdout]    |            |
[INFO] [stdout]    |            no `symbols_impl` in the root
[INFO] [stdout]    |
[INFO] [stdout] note: found an item that was configured out
[INFO] [stdout]   --> src/lib.rs:16:60
[INFO] [stdout]    |
[INFO] [stdout] 15 | #[cfg(target_os = "android")]
[INFO] [stdout]    |       --------------------- the item is gated behind the `android` feature
[INFO] [stdout] 16 | use android::{log_impl, game_impl, hachimi_impl, gui_impl, symbols_impl, interceptor_impl};
[INFO] [stdout]    |                                                            ^^^^^^^^^^^^
[INFO] [stdout] note: found an item that was configured out
[INFO] [stdout]   --> src/lib.rs:23:60
[INFO] [stdout]    |
[INFO] [stdout] 22 | #[cfg(target_os = "windows")]
[INFO] [stdout]    |       --------------------- the item is gated behind the `windows` feature
[INFO] [stdout] 23 | use windows::{log_impl, game_impl, hachimi_impl, gui_impl, symbols_impl, interceptor_impl};
[INFO] [stdout]    |                                                            ^^^^^^^^^^^^
[INFO] [stdout] 
[INFO] [stdout] 
[INFO] [stdout] warning: unused macro definition: `find_nested_class_or_return`
[INFO] [stdout]   --> src/il2cpp/hook/mod.rs:49:14
[INFO] [stdout]    |
[INFO] [stdout] 49 | macro_rules! find_nested_class_or_return {
[INFO] [stdout]    |              ^^^^^^^^^^^^^^^^^^^^^^^^^^^
[INFO] [stdout]    |
[INFO] [stdout]    = note: `#[warn(unused_macros)]` (part of `#[warn(unused)]`) on by default
[INFO] [stdout] 
[INFO] [stdout] 
[INFO] [stdout] warning: unused import: `hook::UnityEngine_UI::CanvasScaler`
[INFO] [stdout]  --> src/il2cpp/hook/umamusume/UIManager.rs:4:9
[INFO] [stdout]   |
[INFO] [stdout] 4 |         hook::UnityEngine_UI::CanvasScaler, symbols::{get_method_addr, Array, SingletonLike}, types::*
[INFO] [stdout]   |         ^^^^^^^^^^^^^^^^^^^^^^^^^^^^^^^^^^
[INFO] [stdout]   |
[INFO] [stdout]   = note: `#[warn(unused_imports)]` (part of `#[warn(unused)]`) on by default
[INFO] [stdout] 
[INFO] [stdout] 
[INFO] [stdout] warning: unused import: `symbols::get_method_addr`
[INFO] [stdout]  --> src/il2cpp/hook/umamusume/Screen.rs:1:21
[INFO] [stdout]   |
[INFO] [stdout] 1 | use crate::il2cpp::{symbols::get_method_addr, types::*};
[INFO] [stdout]   |                     ^^^^^^^^^^^^^^^^^^^^^^^^
[INFO] [stdout] 
[INFO] [stdout] 
[INFO] [stdout] warning: unused macro definition: `find_nested_class_or_return`
[INFO] [stdout]   --> src/il2cpp/hook/mod.rs:49:14
[INFO] [stdout]    |
[INFO] [stdout] 49 | macro_rules! find_nested_class_or_return {
[INFO] [stdout]    |              ^^^^^^^^^^^^^^^^^^^^^^^^^^^
[INFO] [stdout]    |
[INFO] [stdout]    = note: `#[warn(unused_macros)]` (part of `#[warn(unused)]`) on by default
[INFO] [stdout] 
[INFO] [stdout] 
[INFO] [stdout] warning: unused import: `hook::UnityEngine_UI::CanvasScaler`
[INFO] [stdout]  --> src/il2cpp/hook/umamusume/UIManager.rs:4:9
[INFO] [stdout]   |
[INFO] [stdout] 4 |         hook::UnityEngine_UI::CanvasScaler, symbols::{get_method_addr, Array, SingletonLike}, types::*
[INFO] [stdout]   |         ^^^^^^^^^^^^^^^^^^^^^^^^^^^^^^^^^^
[INFO] [stdout]   |
[INFO] [stdout]   = note: `#[warn(unused_imports)]` (part of `#[warn(unused)]`) on by default
[INFO] [stdout] 
[INFO] [stdout] 
[INFO] [stdout] warning: unused import: `symbols::get_method_addr`
[INFO] [stdout]  --> src/il2cpp/hook/umamusume/Screen.rs:1:21
[INFO] [stdout]   |
[INFO] [stdout] 1 | use crate::il2cpp::{symbols::get_method_addr, types::*};
[INFO] [stdout]   |                     ^^^^^^^^^^^^^^^^^^^^^^^^
[INFO] [stdout] 
[INFO] [stdout] 
[INFO] [stdout] error[E0392]: type parameter `T` is never used
[INFO] [stdout]    --> src/core/hachimi.rs:372:21
[INFO] [stdout]     |
[INFO] [stdout] 372 | pub struct OsOption<T> {
[INFO] [stdout]     |                     ^ unused type parameter
[INFO] [stdout]     |
[INFO] [stdout]     = help: consider removing `T`, referring to it in a field, or using a marker such as `PhantomData`
[INFO] [stdout]     = help: if you intended `T` to be a const parameter, use `const T: /* Type */` instead
[INFO] [stdout] 
[INFO] [stdout] 
[INFO] [stdout] error[E0392]: type parameter `T` is never used
[INFO] [stdout]    --> src/core/hachimi.rs:372:21
[INFO] [stdout]     |
[INFO] [stdout] 372 | pub struct OsOption<T> {
[INFO] [stdout]     |                     ^
[INFO] [stdout]     |                     |
[INFO] [stdout]     |                     unused type parameter
[INFO] [stdout]     |                     `T` is named here, but is not used in the type that wraps it
[INFO] [stdout]     |
[INFO] [stdout]     = help: consider removing `T`, referring to it in a field, or using a marker such as `PhantomData`
[INFO] [stdout]     = help: if you intended `T` to be a const parameter, use `const T: /* Type */` instead
[INFO] [stdout] 
[INFO] [stdout] 
[INFO] [stdout] error[E0392]: type parameter `T` is never used
[INFO] [stdout]    --> src/core/hachimi.rs:372:21
[INFO] [stdout]     |
[INFO] [stdout] 372 | pub struct OsOption<T> {
[INFO] [stdout]     |                     ^ unused type parameter
[INFO] [stdout]     |
[INFO] [stdout]     = help: consider removing `T`, referring to it in a field, or using a marker such as `PhantomData`
[INFO] [stdout]     = help: if you intended `T` to be a const parameter, use `const T: /* Type */` instead
[INFO] [stdout] 
[INFO] [stdout] 
[INFO] [stdout] error[E0392]: type parameter `T` is never used
[INFO] [stdout]    --> src/core/hachimi.rs:372:21
[INFO] [stdout]     |
[INFO] [stdout] 372 | pub struct OsOption<T> {
[INFO] [stdout]     |                     ^
[INFO] [stdout]     |                     |
[INFO] [stdout]     |                     unused type parameter
[INFO] [stdout]     |                     `T` is named here, but is not used in the type that wraps it
[INFO] [stdout]     |
[INFO] [stdout]     = help: consider removing `T`, referring to it in a field, or using a marker such as `PhantomData`
[INFO] [stdout]     = help: if you intended `T` to be a const parameter, use `const T: /* Type */` instead
[INFO] [stdout] 
[INFO] [stdout] 
[INFO] [stdout] error[E0282]: type annotations needed
[INFO] [stdout]    --> src/core/hachimi.rs:371:10
[INFO] [stdout]     |
[INFO] [stdout] 371 | #[derive(Deserialize, Default, Clone)]
[INFO] [stdout]     |          ^^^^^^^^^^^ cannot infer type
[INFO] [stdout]     |
[INFO] [stdout]     = note: this error originates in the derive macro `Deserialize` (in Nightly builds, run with -Z macro-backtrace for more info)
[INFO] [stdout] 
[INFO] [stdout] 
[INFO] [stdout] error[E0282]: type annotations needed
[INFO] [stdout]    --> src/core/hachimi.rs:372:12
[INFO] [stdout]     |
[INFO] [stdout] 372 | pub struct OsOption<T> {
[INFO] [stdout]     |            ^^^^^^^^ cannot infer type for type parameter `T` declared on the struct `OsOption`
[INFO] [stdout] 
[INFO] [stdout] 
[INFO] [stdout] error[E0308]: mismatched types
[INFO] [stdout]    --> src/core/hachimi.rs:381:29
[INFO] [stdout]     |
[INFO] [stdout] 381 |     pub fn as_ref(&self) -> Option<&T> {
[INFO] [stdout]     |            ------           ^^^^^^^^^^ expected `Option<&T>`, found `()`
[INFO] [stdout]     |            |
[INFO] [stdout]     |            implicitly returns `()` as its body has no tail or `return` expression
[INFO] [stdout]     |
[INFO] [stdout]     = note:   expected enum `std::option::Option<&T>`
[INFO] [stdout]             found unit type `()`
[INFO] [stdout] 
[INFO] [stdout] 
[INFO] [stdout] error[E0282]: type annotations needed
[INFO] [stdout]    --> src/core/hachimi.rs:371:10
[INFO] [stdout]     |
[INFO] [stdout] 371 | #[derive(Deserialize, Default, Clone)]
[INFO] [stdout]     |          ^^^^^^^^^^^ cannot infer type
[INFO] [stdout]     |
[INFO] [stdout]     = note: this error originates in the derive macro `Deserialize` (in Nightly builds, run with -Z macro-backtrace for more info)
[INFO] [stdout] 
[INFO] [stdout] 
[INFO] [stdout] error[E0282]: type annotations needed
[INFO] [stdout]    --> src/core/hachimi.rs:372:12
[INFO] [stdout]     |
[INFO] [stdout] 372 | pub struct OsOption<T> {
[INFO] [stdout]     |            ^^^^^^^^ cannot infer type for type parameter `T` declared on the struct `OsOption`
[INFO] [stdout] 
[INFO] [stdout] 
[INFO] [stdout] error[E0308]: mismatched types
[INFO] [stdout]    --> src/core/hachimi.rs:381:29
[INFO] [stdout]     |
[INFO] [stdout] 381 |     pub fn as_ref(&self) -> Option<&T> {
[INFO] [stdout]     |            ------           ^^^^^^^^^^ expected `Option<&T>`, found `()`
[INFO] [stdout]     |            |
[INFO] [stdout]     |            implicitly returns `()` as its body has no tail or `return` expression
[INFO] [stdout]     |
[INFO] [stdout]     = note:   expected enum `std::option::Option<&T>`
[INFO] [stdout]             found unit type `()`
[INFO] [stdout] 
[INFO] [stdout] 
[INFO] [stdout] error[E0308]: mismatched types
[INFO] [stdout]    --> src/core/hachimi.rs:610:30
[INFO] [stdout]     |
[INFO] [stdout] 610 |     pub fn metadata(self) -> AssetMetadata {
[INFO] [stdout]     |            --------          ^^^^^^^^^^^^^ expected `AssetMetadata`, found `()`
[INFO] [stdout]     |            |
[INFO] [stdout]     |            implicitly returns `()` as its body has no tail or `return` expression
[INFO] [stdout] 
[INFO] [stdout] 
[INFO] [stdout] error[E0308]: mismatched types
[INFO] [stdout]    --> src/core/hachimi.rs:618:35
[INFO] [stdout]     |
[INFO] [stdout] 618 |     pub fn metadata_ref(&self) -> &AssetMetadata {
[INFO] [stdout]     |            ------------           ^^^^^^^^^^^^^^ expected `&AssetMetadata`, found `()`
[INFO] [stdout]     |            |
[INFO] [stdout]     |            implicitly returns `()` as its body has no tail or `return` expression
[INFO] [stdout] 
[INFO] [stdout] 
[INFO] [stdout] error[E0308]: mismatched types
[INFO] [stdout]    --> src/core/hachimi.rs:610:30
[INFO] [stdout]     |
[INFO] [stdout] 610 |     pub fn metadata(self) -> AssetMetadata {
[INFO] [stdout]     |            --------          ^^^^^^^^^^^^^ expected `AssetMetadata`, found `()`
[INFO] [stdout]     |            |
[INFO] [stdout]     |            implicitly returns `()` as its body has no tail or `return` expression
[INFO] [stdout] 
[INFO] [stdout] 
[INFO] [stdout] error[E0308]: mismatched types
[INFO] [stdout]    --> src/core/hachimi.rs:618:35
[INFO] [stdout]     |
[INFO] [stdout] 618 |     pub fn metadata_ref(&self) -> &AssetMetadata {
[INFO] [stdout]     |            ------------           ^^^^^^^^^^^^^^ expected `&AssetMetadata`, found `()`
[INFO] [stdout]     |            |
[INFO] [stdout]     |            implicitly returns `()` as its body has no tail or `return` expression
[INFO] [stdout] 
[INFO] [stdout] 
[INFO] [stdout] error[E0284]: type annotations needed: cannot satisfy `OsOption<_>: '_`
[INFO] [stdout]   --> src/il2cpp/ext.rs:54:57
[INFO] [stdout]    |
[INFO] [stdout] 54 |         let Some(path) = self.config.extra_asset_bundle.as_ref().map(|p| self.get_data_path(p)).unwrap_or_default() else {
[INFO] [stdout]    |                                                         ^^^^^^ cannot satisfy `OsOption<_>: '_`
[INFO] [stdout] 
[INFO] [stdout] 
[INFO] [stdout] error[E0283]: type annotations needed for `&_`
[INFO] [stdout]    --> src/il2cpp/ext.rs:54:71
[INFO] [stdout]     |
[INFO] [stdout]  54 |         let Some(path) = self.config.extra_asset_bundle.as_ref().map(|p| self.get_data_path(p)).unwrap_or_default() else {
[INFO] [stdout]     |                                                                       ^       ------------- type must be known at this point
[INFO] [stdout]     |
[INFO] [stdout]     = note: multiple `impl`s satisfying `_: AsRef<std::path::Path>` found in the following crates: `normpath`, `std`:
[INFO] [stdout]             - impl AsRef<std::path::Path> for OsStr;
[INFO] [stdout]             - impl AsRef<std::path::Path> for OsString;
[INFO] [stdout]             - impl AsRef<std::path::Path> for PathBuf;
[INFO] [stdout]             - impl AsRef<std::path::Path> for normpath::base::BasePath;
[INFO] [stdout]             - impl AsRef<std::path::Path> for normpath::base::BasePathBuf;
[INFO] [stdout]             - impl AsRef<std::path::Path> for std::path::Path;
[INFO] [stdout]             - impl AsRef<std::path::Path> for std::string::String;
[INFO] [stdout]             - impl AsRef<std::path::Path> for str;
[INFO] [stdout]     = note: required for `&_` to implement `AsRef<std::path::Path>`
[INFO] [stdout] note: required by a bound in `LocalizedData::get_data_path`
[INFO] [stdout]    --> src/core/hachimi.rs:534:29
[INFO] [stdout]     |
[INFO] [stdout] 449 | impl LocalizedData {
[INFO] [stdout] ...
[INFO] [stdout] 534 |     pub fn get_data_path<P: AsRef<Path>>(&self, rel_path: P) -> Option<PathBuf> {
[INFO] [stdout]     |                             ^^^^^^^^^^^ required by this bound in `LocalizedData::get_data_path`
[INFO] [stdout] help: consider giving this closure parameter an explicit type, where the type for type parameter `T` is specified
[INFO] [stdout]     |
[INFO] [stdout]  54 |         let Some(path) = self.config.extra_asset_bundle.as_ref().map(|p: &T| self.get_data_path(p)).unwrap_or_default() else {
[INFO] [stdout]     |                                                                        ++++
[INFO] [stdout] 
[INFO] [stdout] 
[INFO] [stdout] error[E0284]: type annotations needed: cannot satisfy `OsOption<_>: '_`
[INFO] [stdout]   --> src/il2cpp/ext.rs:54:57
[INFO] [stdout]    |
[INFO] [stdout] 54 |         let Some(path) = self.config.extra_asset_bundle.as_ref().map(|p| self.get_data_path(p)).unwrap_or_default() else {
[INFO] [stdout]    |                                                         ^^^^^^ cannot satisfy `OsOption<_>: '_`
[INFO] [stdout] 
[INFO] [stdout] 
[INFO] [stdout] error[E0283]: type annotations needed for `&_`
[INFO] [stdout]    --> src/il2cpp/ext.rs:54:71
[INFO] [stdout]     |
[INFO] [stdout]  54 |         let Some(path) = self.config.extra_asset_bundle.as_ref().map(|p| self.get_data_path(p)).unwrap_or_default() else {
[INFO] [stdout]     |                                                                       ^       ------------- type must be known at this point
[INFO] [stdout]     |
[INFO] [stdout]     = note: multiple `impl`s satisfying `_: AsRef<std::path::Path>` found in the following crates: `normpath`, `std`:
[INFO] [stdout]             - impl AsRef<std::path::Path> for OsStr;
[INFO] [stdout]             - impl AsRef<std::path::Path> for OsString;
[INFO] [stdout]             - impl AsRef<std::path::Path> for PathBuf;
[INFO] [stdout]             - impl AsRef<std::path::Path> for normpath::base::BasePath;
[INFO] [stdout]             - impl AsRef<std::path::Path> for normpath::base::BasePathBuf;
[INFO] [stdout]             - impl AsRef<std::path::Path> for std::path::Path;
[INFO] [stdout]             - impl AsRef<std::path::Path> for std::string::String;
[INFO] [stdout]             - impl AsRef<std::path::Path> for str;
[INFO] [stdout]     = note: required for `&_` to implement `AsRef<std::path::Path>`
[INFO] [stdout] note: required by a bound in `LocalizedData::get_data_path`
[INFO] [stdout]    --> src/core/hachimi.rs:534:29
[INFO] [stdout]     |
[INFO] [stdout] 449 | impl LocalizedData {
[INFO] [stdout] ...
[INFO] [stdout] 534 |     pub fn get_data_path<P: AsRef<Path>>(&self, rel_path: P) -> Option<PathBuf> {
[INFO] [stdout]     |                             ^^^^^^^^^^^ required by this bound in `LocalizedData::get_data_path`
[INFO] [stdout] help: consider giving this closure parameter an explicit type, where the type for type parameter `T` is specified
[INFO] [stdout]     |
[INFO] [stdout]  54 |         let Some(path) = self.config.extra_asset_bundle.as_ref().map(|p: &T| self.get_data_path(p)).unwrap_or_default() else {
[INFO] [stdout]     |                                                                        ++++
[INFO] [stdout] 
[INFO] [stdout] 
[INFO] [stdout] warning: unused variable: `scale`
[INFO] [stdout]   --> src/il2cpp/hook/umamusume/UIManager.rs:27:9
[INFO] [stdout]    |
[INFO] [stdout] 27 |     let mut scale = config.ui_scale;
[INFO] [stdout]    |         ^^^^^^^^^ help: if this is intentional, prefix it with an underscore: `_scale`
[INFO] [stdout]    |
[INFO] [stdout]    = note: `#[warn(unused_variables)]` (part of `#[warn(unused)]`) on by default
[INFO] [stdout] 
[INFO] [stdout] 
[INFO] [stdout] warning: unused variable: `scaler`
[INFO] [stdout]   --> src/il2cpp/hook/umamusume/UIManager.rs:43:9
[INFO] [stdout]    |
[INFO] [stdout] 43 |     for scaler in unsafe { canvas_scaler_list.as_slice().iter() } {
[INFO] [stdout]    |         ^^^^^^ help: if this is intentional, prefix it with an underscore: `_scaler`
[INFO] [stdout] 
[INFO] [stdout] 
[INFO] [stdout] warning: unused variable: `Screen`
[INFO] [stdout]   --> src/il2cpp/hook/mod.rs:39:13
[INFO] [stdout]    |
[INFO] [stdout] 37 | macro_rules! get_class_or_return {
[INFO] [stdout] 38 |     ($image:ident, $namespace:tt, $class_name:ident) => (
[INFO] [stdout] 39 |         let $class_name = match crate::il2cpp::symbols::get_class($image, cstr!($namespace), cstr!($class_name)) {
[INFO] [stdout]    |             ^^^^^^^^^^^
[INFO] [stdout]    |
[INFO] [stdout]   ::: src/il2cpp/hook/umamusume/Screen.rs:87:5
[INFO] [stdout]    |
[INFO] [stdout] 87 |     get_class_or_return!(umamusume, Gallop, Screen);
[INFO] [stdout]    |     ----------------------------------------------- in this macro invocation
[INFO] [stdout]    |
[INFO] [stdout] help: `Screen` is captured in macro and introduced a unused variable
[INFO] [stdout]   --> src/il2cpp/hook/mod.rs:39:13
[INFO] [stdout]    |
[INFO] [stdout] 39 |         let $class_name = match crate::il2cpp::symbols::get_class($image, cstr!($namespace), cstr!($class_name)) {
[INFO] [stdout]    |             ^^^^^^^^^^^
[INFO] [stdout]    |
[INFO] [stdout]   ::: src/il2cpp/hook/umamusume/Screen.rs:87:5
[INFO] [stdout]    |
[INFO] [stdout] 87 |     get_class_or_return!(umamusume, Gallop, Screen);
[INFO] [stdout]    |     ----------------------------------------------- in this macro invocation
[INFO] [stdout] 
[INFO] [stdout] 
[INFO] [stdout] warning: unused variable: `scale`
[INFO] [stdout]   --> src/il2cpp/hook/umamusume/UIManager.rs:27:9
[INFO] [stdout]    |
[INFO] [stdout] 27 |     let mut scale = config.ui_scale;
[INFO] [stdout]    |         ^^^^^^^^^ help: if this is intentional, prefix it with an underscore: `_scale`
[INFO] [stdout]    |
[INFO] [stdout]    = note: `#[warn(unused_variables)]` (part of `#[warn(unused)]`) on by default
[INFO] [stdout] 
[INFO] [stdout] 
[INFO] [stdout] warning: unused variable: `scaler`
[INFO] [stdout]   --> src/il2cpp/hook/umamusume/UIManager.rs:43:9
[INFO] [stdout]    |
[INFO] [stdout] 43 |     for scaler in unsafe { canvas_scaler_list.as_slice().iter() } {
[INFO] [stdout]    |         ^^^^^^ help: if this is intentional, prefix it with an underscore: `_scaler`
[INFO] [stdout] 
[INFO] [stdout] 
[INFO] [stdout] warning: unused variable: `Screen`
[INFO] [stdout]   --> src/il2cpp/hook/mod.rs:39:13
[INFO] [stdout]    |
[INFO] [stdout] 37 | macro_rules! get_class_or_return {
[INFO] [stdout] 38 |     ($image:ident, $namespace:tt, $class_name:ident) => (
[INFO] [stdout] 39 |         let $class_name = match crate::il2cpp::symbols::get_class($image, cstr!($namespace), cstr!($class_name)) {
[INFO] [stdout]    |             ^^^^^^^^^^^
[INFO] [stdout]    |
[INFO] [stdout]   ::: src/il2cpp/hook/umamusume/Screen.rs:87:5
[INFO] [stdout]    |
[INFO] [stdout] 87 |     get_class_or_return!(umamusume, Gallop, Screen);
[INFO] [stdout]    |     ----------------------------------------------- in this macro invocation
[INFO] [stdout]    |
[INFO] [stdout] help: `Screen` is captured in macro and introduced a unused variable
[INFO] [stdout]   --> src/il2cpp/hook/mod.rs:39:13
[INFO] [stdout]    |
[INFO] [stdout] 39 |         let $class_name = match crate::il2cpp::symbols::get_class($image, cstr!($namespace), cstr!($class_name)) {
[INFO] [stdout]    |             ^^^^^^^^^^^
[INFO] [stdout]    |
[INFO] [stdout]   ::: src/il2cpp/hook/umamusume/Screen.rs:87:5
[INFO] [stdout]    |
[INFO] [stdout] 87 |     get_class_or_return!(umamusume, Gallop, Screen);
[INFO] [stdout]    |     ----------------------------------------------- in this macro invocation
[INFO] [stdout] 
[INFO] [stdout] 
[INFO] [stdout] warning: unreachable pattern
[INFO] [stdout]    --> src/il2cpp/sql.rs:401:13
[INFO] [stdout]     |
[INFO] [stdout] 396 |             501 | 502 => return None,
[INFO] [stdout]     |             --------- matches all the relevant values
[INFO] [stdout] ...
[INFO] [stdout] 401 |             502 => return Self::str("effect.fixed.loh_stat"),
[INFO] [stdout]     |             ^^^ no value can reach this
[INFO] [stdout]     |
[INFO] [stdout]     = note: `#[warn(unreachable_patterns)]` (part of `#[warn(unused)]`) on by default
[INFO] [stdout] 
[INFO] [stdout] 
[INFO] [stdout] warning: unreachable pattern
[INFO] [stdout]    --> src/il2cpp/sql.rs:401:13
[INFO] [stdout]     |
[INFO] [stdout] 396 |             501 | 502 => return None,
[INFO] [stdout]     |             --------- matches all the relevant values
[INFO] [stdout] ...
[INFO] [stdout] 401 |             502 => return Self::str("effect.fixed.loh_stat"),
[INFO] [stdout]     |             ^^^ no value can reach this
[INFO] [stdout]     |
[INFO] [stdout]     = note: `#[warn(unreachable_patterns)]` (part of `#[warn(unused)]`) on by default
[INFO] [stdout] 
[INFO] [stdout] 
[INFO] [stdout] Some errors have detailed explanations: E0282, E0283, E0284, E0308, E0392, E0432.
[INFO] [stdout] 
[INFO] [stdout] For more information about an error, try `rustc --explain E0282`.
[INFO] [stdout] 
[INFO] [stderr] error: could not compile `hachimi` (lib) due to 15 previous errors; 7 warnings emitted
[INFO] [stderr] warning: build failed, waiting for other jobs to finish...
[INFO] [stdout] Some errors have detailed explanations: E0282, E0283, E0284, E0308, E0392, E0432.
[INFO] [stdout] 
[INFO] [stdout] For more information about an error, try `rustc --explain E0282`.
[INFO] [stdout] 
[INFO] [stderr] error: could not compile `hachimi` (lib test) due to 15 previous errors; 7 warnings emitted
[INFO] running `Command { std: "docker" "inspect" "b452ada00d383b3e6cfbdb426369f3a56f8b21473cb7355331df7ca824815dda", kill_on_drop: false }`
[INFO] running `Command { std: "docker" "rm" "-f" "b452ada00d383b3e6cfbdb426369f3a56f8b21473cb7355331df7ca824815dda", kill_on_drop: false }`
[INFO] [stdout] b452ada00d383b3e6cfbdb426369f3a56f8b21473cb7355331df7ca824815dda
