[INFO] cloning repository https://github.com/sugidaffection/genetic_algorithm
[INFO] running `Command { std: "git" "-c" "credential.helper=" "-c" "credential.helper=/workspace/cargo-home/bin/git-credential-null" "clone" "--bare" "https://github.com/sugidaffection/genetic_algorithm" "/workspace/cache/git-repos/https%3A%2F%2Fgithub.com%2Fsugidaffection%2Fgenetic_algorithm", kill_on_drop: false }`
[INFO] [stderr] Cloning into bare repository '/workspace/cache/git-repos/https%3A%2F%2Fgithub.com%2Fsugidaffection%2Fgenetic_algorithm'...
[INFO] running `Command { std: "git" "rev-parse" "HEAD", kill_on_drop: false }`
[INFO] [stdout] 776d310e1b3684b2c7d1657bff7e9686044eb1d4
[INFO] checking sugidaffection/genetic_algorithm against 8773d2c75a8e90130dcce745a7ec4e66bb9963db+rustflags=-Aunfulfilled-lint-expectations for pr-163637
[INFO] running `Command { std: "git" "clone" "/workspace/cache/git-repos/https%3A%2F%2Fgithub.com%2Fsugidaffection%2Fgenetic_algorithm" "/workspace/builds/worker-1-tc2/source", kill_on_drop: false }`
[INFO] [stderr] Cloning into '/workspace/builds/worker-1-tc2/source'...
[INFO] [stderr] done.
[INFO] started tweaking git repo https://github.com/sugidaffection/genetic_algorithm
[INFO] finished tweaking git repo https://github.com/sugidaffection/genetic_algorithm
[INFO] tweaked toml for git repo https://github.com/sugidaffection/genetic_algorithm written to /workspace/builds/worker-1-tc2/source/Cargo.toml
[INFO] validating manifest of git repo https://github.com/sugidaffection/genetic_algorithm on toolchain 8773d2c75a8e90130dcce745a7ec4e66bb9963db
[INFO] running `Command { std: CARGO_HOME="/workspace/cargo-home" RUSTUP_HOME="/workspace/rustup-home" "/workspace/cargo-home/bin/cargo" "+8773d2c75a8e90130dcce745a7ec4e66bb9963db" "metadata" "--manifest-path" "Cargo.toml" "--no-deps", kill_on_drop: false }`
[INFO] crate git repo https://github.com/sugidaffection/genetic_algorithm already has a lockfile, it will not be regenerated
[INFO] running `Command { std: CARGO_HOME="/workspace/cargo-home" RUSTUP_HOME="/workspace/rustup-home" "/workspace/cargo-home/bin/cargo" "+8773d2c75a8e90130dcce745a7ec4e66bb9963db" "fetch" "--manifest-path" "Cargo.toml", kill_on_drop: false }`
[INFO] [stderr]     Blocking waiting for file lock on package cache
[INFO] [stderr]     Blocking waiting for file lock on package cache
[ERROR] error running command: no output for 300 seconds
[INFO] checking sugidaffection/genetic_algorithm against 8773d2c75a8e90130dcce745a7ec4e66bb9963db+rustflags=-Aunfulfilled-lint-expectations for pr-163637
[INFO] running `Command { std: "git" "clone" "/workspace/cache/git-repos/https%3A%2F%2Fgithub.com%2Fsugidaffection%2Fgenetic_algorithm" "/workspace/builds/worker-1-tc2/source", kill_on_drop: false }`
[INFO] [stderr] Cloning into '/workspace/builds/worker-1-tc2/source'...
[INFO] [stderr] done.
[INFO] started tweaking git repo https://github.com/sugidaffection/genetic_algorithm
[INFO] finished tweaking git repo https://github.com/sugidaffection/genetic_algorithm
[INFO] tweaked toml for git repo https://github.com/sugidaffection/genetic_algorithm written to /workspace/builds/worker-1-tc2/source/Cargo.toml
[INFO] validating manifest of git repo https://github.com/sugidaffection/genetic_algorithm on toolchain 8773d2c75a8e90130dcce745a7ec4e66bb9963db
[INFO] running `Command { std: CARGO_HOME="/workspace/cargo-home" RUSTUP_HOME="/workspace/rustup-home" "/workspace/cargo-home/bin/cargo" "+8773d2c75a8e90130dcce745a7ec4e66bb9963db" "metadata" "--manifest-path" "Cargo.toml" "--no-deps", kill_on_drop: false }`
[INFO] crate git repo https://github.com/sugidaffection/genetic_algorithm already has a lockfile, it will not be regenerated
[INFO] running `Command { std: CARGO_HOME="/workspace/cargo-home" RUSTUP_HOME="/workspace/rustup-home" "/workspace/cargo-home/bin/cargo" "+8773d2c75a8e90130dcce745a7ec4e66bb9963db" "fetch" "--manifest-path" "Cargo.toml", kill_on_drop: false }`
[INFO] [stderr]     Blocking waiting for file lock on package cache
[INFO] [stderr]     Blocking waiting for file lock on package cache
[INFO] [stderr]  Downloading crates ...
[INFO] [stderr]   Downloaded rand v0.9.3
[INFO] [stderr]   Downloaded libc v0.2.185
[INFO] running `Command { std: "docker" "create" "-v" "/var/lib/crater-agent-workspace/builds/worker-1-tc2/source:/opt/rustwide/workdir:ro,Z" "-v" "/var/lib/crater-agent-workspace/builds/worker-1-tc2/target:/opt/rustwide/target:rw,Z" "-v" "/var/lib/crater-agent-workspace/cargo-home:/opt/rustwide/cargo-home:ro,Z" "-v" "/var/lib/crater-agent-workspace/rustup-home:/opt/rustwide/rustup-home:ro,Z" "-m" "1610612736" "--network" "none" "ghcr.io/rust-lang/crates-build-env/linux@sha256:77db811e55d90add9212f6832c23229e3de5f1c1f9905e8cb07319ea15df73ac" "sleep" "infinity", kill_on_drop: false }`
[INFO] [stdout] c6eddae3dd1d2584ce58a34e5e9cfe830af36c06b2419bde191c32a027757032
[INFO] running `Command { std: "docker" "start" "c6eddae3dd1d2584ce58a34e5e9cfe830af36c06b2419bde191c32a027757032", kill_on_drop: false }`
[INFO] running `Command { std: "docker" "inspect" "c6eddae3dd1d2584ce58a34e5e9cfe830af36c06b2419bde191c32a027757032", kill_on_drop: false }`
[INFO] running `Command { std: "docker" "exec" "-e" "SOURCE_DIR=/opt/rustwide/workdir" "-e" "CARGO_HOME=/opt/rustwide/cargo-home" "-e" "RUSTUP_HOME=/opt/rustwide/rustup-home" "-e" "CARGO_TARGET_DIR=/opt/rustwide/target" "-w" "/opt/rustwide/workdir" "--user" "0:0" "c6eddae3dd1d2584ce58a34e5e9cfe830af36c06b2419bde191c32a027757032" "/opt/rustwide/cargo-home/bin/cargo" "+8773d2c75a8e90130dcce745a7ec4e66bb9963db" "metadata" "--no-deps" "--format-version=1", kill_on_drop: false }`
[INFO] running `Command { std: "docker" "inspect" "c6eddae3dd1d2584ce58a34e5e9cfe830af36c06b2419bde191c32a027757032", kill_on_drop: false }`
[INFO] running `Command { std: "docker" "exec" "-e" "SOURCE_DIR=/opt/rustwide/workdir" "-e" "CARGO_HOME=/opt/rustwide/cargo-home" "-e" "RUSTUP_HOME=/opt/rustwide/rustup-home" "-e" "CARGO_TARGET_DIR=/opt/rustwide/target" "-e" "CARGO_INCREMENTAL=0" "-e" "RUST_BACKTRACE=full" "-e" "RUSTFLAGS=--cap-lints=forbid -Aunfulfilled-lint-expectations" "-e" "RUSTDOCFLAGS=--cap-lints=forbid" "-w" "/opt/rustwide/workdir" "--user" "0:0" "c6eddae3dd1d2584ce58a34e5e9cfe830af36c06b2419bde191c32a027757032" "/opt/rustwide/cargo-home/bin/cargo" "+8773d2c75a8e90130dcce745a7ec4e66bb9963db" "check" "--frozen" "--all" "--all-targets" "--message-format=json", kill_on_drop: false }`
[INFO] [stderr]    Compiling libc v0.2.185
[INFO] [stderr]    Compiling getrandom v0.3.4
[INFO] [stderr]     Checking rand_core v0.9.5
[INFO] [stderr]     Checking rand_chacha v0.9.0
[INFO] [stderr]     Checking rand v0.9.3
[INFO] [stderr]     Checking genetic_algorithm v0.1.0 (/opt/rustwide/workdir)
[INFO] [stdout] warning: use of deprecated function `rand::thread_rng`: Renamed to `rng`
[INFO] [stdout]   --> src/main.rs:15:21
[INFO] [stdout]    |
[INFO] [stdout] 15 |             genes.push(rand::thread_rng().gen_range(32, 126));
[INFO] [stdout]    |                              ^^^^^^^^^^
[INFO] [stdout]    |
[INFO] [stdout]    = note: `#[warn(deprecated)]` on by default
[INFO] [stdout] 
[INFO] [stdout] 
[INFO] [stdout] warning: use of deprecated function `rand::thread_rng`: Renamed to `rng`
[INFO] [stdout]   --> src/main.rs:62:26
[INFO] [stdout]    |
[INFO] [stdout] 62 |         let mut random = rand::thread_rng();
[INFO] [stdout]    |                                ^^^^^^^^^^
[INFO] [stdout] 
[INFO] [stdout] 
[INFO] [stdout] warning: use of deprecated method `rand::Rng::gen_range`: Renamed to `random_range`
[INFO] [stdout]   --> src/main.rs:15:34
[INFO] [stdout]    |
[INFO] [stdout] 15 |             genes.push(rand::thread_rng().gen_range(32, 126));
[INFO] [stdout]    |                                           ^^^^^^^^^
[INFO] [stdout] 
[INFO] [stdout] 
[INFO] [stdout] warning: use of deprecated function `rand::thread_rng`: Renamed to `rng`
[INFO] [stdout]   --> src/main.rs:15:21
[INFO] [stdout]    |
[INFO] [stdout] 15 |             genes.push(rand::thread_rng().gen_range(32, 126));
[INFO] [stdout]    |                              ^^^^^^^^^^
[INFO] [stdout]    |
[INFO] [stdout]    = note: `#[warn(deprecated)]` on by default
[INFO] [stdout] 
[INFO] [stdout] 
[INFO] [stdout] warning: use of deprecated function `rand::thread_rng`: Renamed to `rng`
[INFO] [stdout]   --> src/main.rs:62:26
[INFO] [stdout]    |
[INFO] [stdout] 62 |         let mut random = rand::thread_rng();
[INFO] [stdout]    |                                ^^^^^^^^^^
[INFO] [stdout] 
[INFO] [stdout] 
[INFO] [stdout] warning: use of deprecated method `rand::Rng::gen_range`: Renamed to `random_range`
[INFO] [stdout]   --> src/main.rs:15:34
[INFO] [stdout]    |
[INFO] [stdout] 15 |             genes.push(rand::thread_rng().gen_range(32, 126));
[INFO] [stdout]    |                                           ^^^^^^^^^
[INFO] [stdout] 
[INFO] [stdout] 
[INFO] [stdout] error[E0277]: the trait bound `{integer}: SampleRange<_>` is not satisfied
[INFO] [stdout]    --> src/main.rs:15:44
[INFO] [stdout]     |
[INFO] [stdout]  15 |             genes.push(rand::thread_rng().gen_range(32, 126));
[INFO] [stdout]     |                                           --------- ^^ the trait `SampleRange<_>` is not implemented for `{integer}`
[INFO] [stdout]     |                                           |
[INFO] [stdout]     |                                           required by a bound introduced by this call
[INFO] [stdout]     |
[INFO] [stdout]     = help: the following other types implement trait `SampleRange<T>`:
[INFO] [stdout]               `RangeTo<u128>` implements `SampleRange<u128>`
[INFO] [stdout]               `RangeTo<u16>` implements `SampleRange<u16>`
[INFO] [stdout]               `RangeTo<u32>` implements `SampleRange<u32>`
[INFO] [stdout]               `RangeTo<u64>` implements `SampleRange<u64>`
[INFO] [stdout]               `RangeTo<u8>` implements `SampleRange<u8>`
[INFO] [stdout]               `RangeTo<usize>` implements `SampleRange<usize>`
[INFO] [stdout]               `std::ops::Range<T>` implements `SampleRange<T>`
[INFO] [stdout]               `std::ops::RangeInclusive<T>` implements `SampleRange<T>`
[INFO] [stdout]             and 6 others
[INFO] [stdout] note: required by a bound in `gen_range`
[INFO] [stdout]    --> /opt/rustwide/cargo-home/registry/src/index.crates.io-1949cf8c6b5b557f/rand-0.9.3/src/rng.rs:337:12
[INFO] [stdout]     |
[INFO] [stdout]  58 | pub trait Rng: RngCore {
[INFO] [stdout] ...
[INFO] [stdout] 334 |     fn gen_range<T, R>(&mut self, range: R) -> T
[INFO] [stdout] ...
[INFO] [stdout] 337 |         R: SampleRange<T>,
[INFO] [stdout]     |            ^^^^^^^^^^^^^^ required by this bound in `Rng::gen_range`
[INFO] [stdout] 
[INFO] [stdout] 
[INFO] [stdout] error[E0277]: the trait bound `{integer}: SampleRange<_>` is not satisfied
[INFO] [stdout]    --> src/main.rs:15:44
[INFO] [stdout]     |
[INFO] [stdout]  15 |             genes.push(rand::thread_rng().gen_range(32, 126));
[INFO] [stdout]     |                                           --------- ^^ the trait `SampleRange<_>` is not implemented for `{integer}`
[INFO] [stdout]     |                                           |
[INFO] [stdout]     |                                           required by a bound introduced by this call
[INFO] [stdout]     |
[INFO] [stdout]     = help: the following other types implement trait `SampleRange<T>`:
[INFO] [stdout]               `RangeTo<u128>` implements `SampleRange<u128>`
[INFO] [stdout]               `RangeTo<u16>` implements `SampleRange<u16>`
[INFO] [stdout]               `RangeTo<u32>` implements `SampleRange<u32>`
[INFO] [stdout]               `RangeTo<u64>` implements `SampleRange<u64>`
[INFO] [stdout]               `RangeTo<u8>` implements `SampleRange<u8>`
[INFO] [stdout]               `RangeTo<usize>` implements `SampleRange<usize>`
[INFO] [stdout]               `std::ops::Range<T>` implements `SampleRange<T>`
[INFO] [stdout]               `std::ops::RangeInclusive<T>` implements `SampleRange<T>`
[INFO] [stdout]             and 6 others
[INFO] [stdout] note: required by a bound in `gen_range`
[INFO] [stdout]    --> /opt/rustwide/cargo-home/registry/src/index.crates.io-1949cf8c6b5b557f/rand-0.9.3/src/rng.rs:337:12
[INFO] [stdout]     |
[INFO] [stdout]  58 | pub trait Rng: RngCore {
[INFO] [stdout] ...
[INFO] [stdout] 334 |     fn gen_range<T, R>(&mut self, range: R) -> T
[INFO] [stdout] ...
[INFO] [stdout] 337 |         R: SampleRange<T>,
[INFO] [stdout]     |            ^^^^^^^^^^^^^^ required by this bound in `Rng::gen_range`
[INFO] [stdout] 
[INFO] [stdout] 
[INFO] [stdout] error[E0061]: this method takes 1 argument but 2 arguments were supplied
[INFO] [stdout]    --> src/main.rs:15:34
[INFO] [stdout]     |
[INFO] [stdout]  15 |             genes.push(rand::thread_rng().gen_range(32, 126));
[INFO] [stdout]     |                                           ^^^^^^^^^     --- unexpected argument #2 of type `{integer}`
[INFO] [stdout]     |
[INFO] [stdout] note: method defined here
[INFO] [stdout]    --> /opt/rustwide/cargo-home/registry/src/index.crates.io-1949cf8c6b5b557f/rand-0.9.3/src/rng.rs:334:8
[INFO] [stdout]     |
[INFO] [stdout] 334 |     fn gen_range<T, R>(&mut self, range: R) -> T
[INFO] [stdout]     |        ^^^^^^^^^
[INFO] [stdout] help: remove the extra argument
[INFO] [stdout]     |
[INFO] [stdout]  15 -             genes.push(rand::thread_rng().gen_range(32, 126));
[INFO] [stdout]  15 +             genes.push(rand::thread_rng().gen_range(32));
[INFO] [stdout]     |
[INFO] [stdout] 
[INFO] [stdout] 
[INFO] [stdout] error[E0061]: this method takes 1 argument but 2 arguments were supplied
[INFO] [stdout]    --> src/main.rs:15:34
[INFO] [stdout]     |
[INFO] [stdout]  15 |             genes.push(rand::thread_rng().gen_range(32, 126));
[INFO] [stdout]     |                                           ^^^^^^^^^     --- unexpected argument #2 of type `{integer}`
[INFO] [stdout]     |
[INFO] [stdout] note: method defined here
[INFO] [stdout]    --> /opt/rustwide/cargo-home/registry/src/index.crates.io-1949cf8c6b5b557f/rand-0.9.3/src/rng.rs:334:8
[INFO] [stdout]     |
[INFO] [stdout] 334 |     fn gen_range<T, R>(&mut self, range: R) -> T
[INFO] [stdout]     |        ^^^^^^^^^
[INFO] [stdout] help: remove the extra argument
[INFO] [stdout]     |
[INFO] [stdout]  15 -             genes.push(rand::thread_rng().gen_range(32, 126));
[INFO] [stdout]  15 +             genes.push(rand::thread_rng().gen_range(32));
[INFO] [stdout]     |
[INFO] [stdout] 
[INFO] [stdout] 
[INFO] [stdout] warning: use of deprecated method `rand::Rng::gen_range`: Renamed to `random_range`
[INFO] [stdout]   --> src/main.rs:64:19
[INFO] [stdout]    |
[INFO] [stdout] 64 |             let n = random.gen_range(0.0, 1.0);
[INFO] [stdout]    |                            ^^^^^^^^^
[INFO] [stdout] 
[INFO] [stdout] 
[INFO] [stdout] error[E0277]: the trait bound `{float}: SampleRange<_>` is not satisfied
[INFO] [stdout]    --> src/main.rs:64:29
[INFO] [stdout]     |
[INFO] [stdout]  64 |             let n = random.gen_range(0.0, 1.0);
[INFO] [stdout]     |                            --------- ^^^ the trait `SampleRange<_>` is not implemented for `{float}`
[INFO] [stdout]     |                            |
[INFO] [stdout]     |                            required by a bound introduced by this call
[INFO] [stdout]     |
[INFO] [stdout]     = help: the following other types implement trait `SampleRange<T>`:
[INFO] [stdout]               `RangeTo<u128>` implements `SampleRange<u128>`
[INFO] [stdout]               `RangeTo<u16>` implements `SampleRange<u16>`
[INFO] [stdout]               `RangeTo<u32>` implements `SampleRange<u32>`
[INFO] [stdout]               `RangeTo<u64>` implements `SampleRange<u64>`
[INFO] [stdout]               `RangeTo<u8>` implements `SampleRange<u8>`
[INFO] [stdout]               `RangeTo<usize>` implements `SampleRange<usize>`
[INFO] [stdout]               `std::ops::Range<T>` implements `SampleRange<T>`
[INFO] [stdout]               `std::ops::RangeInclusive<T>` implements `SampleRange<T>`
[INFO] [stdout]             and 6 others
[INFO] [stdout] note: required by a bound in `gen_range`
[INFO] [stdout]    --> /opt/rustwide/cargo-home/registry/src/index.crates.io-1949cf8c6b5b557f/rand-0.9.3/src/rng.rs:337:12
[INFO] [stdout]     |
[INFO] [stdout]  58 | pub trait Rng: RngCore {
[INFO] [stdout] ...
[INFO] [stdout] 334 |     fn gen_range<T, R>(&mut self, range: R) -> T
[INFO] [stdout] ...
[INFO] [stdout] 337 |         R: SampleRange<T>,
[INFO] [stdout]     |            ^^^^^^^^^^^^^^ required by this bound in `Rng::gen_range`
[INFO] [stdout] 
[INFO] [stdout] 
[INFO] [stdout] warning: use of deprecated method `rand::Rng::gen_range`: Renamed to `random_range`
[INFO] [stdout]   --> src/main.rs:64:19
[INFO] [stdout]    |
[INFO] [stdout] 64 |             let n = random.gen_range(0.0, 1.0);
[INFO] [stdout]    |                            ^^^^^^^^^
[INFO] [stdout] 
[INFO] [stdout] 
[INFO] [stdout] error[E0277]: the trait bound `{float}: SampleRange<_>` is not satisfied
[INFO] [stdout]    --> src/main.rs:64:29
[INFO] [stdout]     |
[INFO] [stdout]  64 |             let n = random.gen_range(0.0, 1.0);
[INFO] [stdout]     |                            --------- ^^^ the trait `SampleRange<_>` is not implemented for `{float}`
[INFO] [stdout]     |                            |
[INFO] [stdout]     |                            required by a bound introduced by this call
[INFO] [stdout]     |
[INFO] [stdout]     = help: the following other types implement trait `SampleRange<T>`:
[INFO] [stdout]               `RangeTo<u128>` implements `SampleRange<u128>`
[INFO] [stdout]               `RangeTo<u16>` implements `SampleRange<u16>`
[INFO] [stdout]               `RangeTo<u32>` implements `SampleRange<u32>`
[INFO] [stdout]               `RangeTo<u64>` implements `SampleRange<u64>`
[INFO] [stdout]               `RangeTo<u8>` implements `SampleRange<u8>`
[INFO] [stdout]               `RangeTo<usize>` implements `SampleRange<usize>`
[INFO] [stdout]               `std::ops::Range<T>` implements `SampleRange<T>`
[INFO] [stdout]               `std::ops::RangeInclusive<T>` implements `SampleRange<T>`
[INFO] [stdout]             and 6 others
[INFO] [stdout] note: required by a bound in `gen_range`
[INFO] [stdout]    --> /opt/rustwide/cargo-home/registry/src/index.crates.io-1949cf8c6b5b557f/rand-0.9.3/src/rng.rs:337:12
[INFO] [stdout]     |
[INFO] [stdout]  58 | pub trait Rng: RngCore {
[INFO] [stdout] ...
[INFO] [stdout] 334 |     fn gen_range<T, R>(&mut self, range: R) -> T
[INFO] [stdout] ...
[INFO] [stdout] 337 |         R: SampleRange<T>,
[INFO] [stdout]     |            ^^^^^^^^^^^^^^ required by this bound in `Rng::gen_range`
[INFO] [stdout] 
[INFO] [stdout] 
[INFO] [stdout] error[E0061]: this method takes 1 argument but 2 arguments were supplied
[INFO] [stdout]    --> src/main.rs:64:19
[INFO] [stdout]     |
[INFO] [stdout]  64 |             let n = random.gen_range(0.0, 1.0);
[INFO] [stdout]     |                            ^^^^^^^^^      --- unexpected argument #2 of type `{float}`
[INFO] [stdout]     |
[INFO] [stdout] note: method defined here
[INFO] [stdout]    --> /opt/rustwide/cargo-home/registry/src/index.crates.io-1949cf8c6b5b557f/rand-0.9.3/src/rng.rs:334:8
[INFO] [stdout]     |
[INFO] [stdout] 334 |     fn gen_range<T, R>(&mut self, range: R) -> T
[INFO] [stdout]     |        ^^^^^^^^^
[INFO] [stdout] help: remove the extra argument
[INFO] [stdout]     |
[INFO] [stdout]  64 -             let n = random.gen_range(0.0, 1.0);
[INFO] [stdout]  64 +             let n = random.gen_range(0.0);
[INFO] [stdout]     |
[INFO] [stdout] 
[INFO] [stdout] 
[INFO] [stdout] warning: use of deprecated method `rand::Rng::gen_range`: Renamed to `random_range`
[INFO] [stdout]   --> src/main.rs:66:28
[INFO] [stdout]    |
[INFO] [stdout] 66 |                 self.genes[i] = random.gen_range(32, 126);
[INFO] [stdout]    |                                        ^^^^^^^^^
[INFO] [stdout] 
[INFO] [stdout] 
[INFO] [stdout] error[E0061]: this method takes 1 argument but 2 arguments were supplied
[INFO] [stdout]    --> src/main.rs:64:19
[INFO] [stdout]     |
[INFO] [stdout]  64 |             let n = random.gen_range(0.0, 1.0);
[INFO] [stdout]     |                            ^^^^^^^^^      --- unexpected argument #2 of type `{float}`
[INFO] [stdout]     |
[INFO] [stdout] note: method defined here
[INFO] [stdout]    --> /opt/rustwide/cargo-home/registry/src/index.crates.io-1949cf8c6b5b557f/rand-0.9.3/src/rng.rs:334:8
[INFO] [stdout]     |
[INFO] [stdout] 334 |     fn gen_range<T, R>(&mut self, range: R) -> T
[INFO] [stdout]     |        ^^^^^^^^^
[INFO] [stdout] help: remove the extra argument
[INFO] [stdout]     |
[INFO] [stdout]  64 -             let n = random.gen_range(0.0, 1.0);
[INFO] [stdout]  64 +             let n = random.gen_range(0.0);
[INFO] [stdout]     |
[INFO] [stdout] 
[INFO] [stdout] 
[INFO] [stdout] warning: use of deprecated method `rand::Rng::gen_range`: Renamed to `random_range`
[INFO] [stdout]   --> src/main.rs:66:28
[INFO] [stdout]    |
[INFO] [stdout] 66 |                 self.genes[i] = random.gen_range(32, 126);
[INFO] [stdout]    |                                        ^^^^^^^^^
[INFO] [stdout] 
[INFO] [stdout] 
[INFO] [stdout] error[E0277]: the trait bound `{integer}: SampleRange<_>` is not satisfied
[INFO] [stdout]    --> src/main.rs:66:38
[INFO] [stdout]     |
[INFO] [stdout]  66 |                 self.genes[i] = random.gen_range(32, 126);
[INFO] [stdout]     |                                        --------- ^^ the trait `SampleRange<_>` is not implemented for `{integer}`
[INFO] [stdout]     |                                        |
[INFO] [stdout]     |                                        required by a bound introduced by this call
[INFO] [stdout]     |
[INFO] [stdout]     = help: the following other types implement trait `SampleRange<T>`:
[INFO] [stdout]               `RangeTo<u128>` implements `SampleRange<u128>`
[INFO] [stdout]               `RangeTo<u16>` implements `SampleRange<u16>`
[INFO] [stdout]               `RangeTo<u32>` implements `SampleRange<u32>`
[INFO] [stdout]               `RangeTo<u64>` implements `SampleRange<u64>`
[INFO] [stdout]               `RangeTo<u8>` implements `SampleRange<u8>`
[INFO] [stdout]               `RangeTo<usize>` implements `SampleRange<usize>`
[INFO] [stdout]               `std::ops::Range<T>` implements `SampleRange<T>`
[INFO] [stdout]               `std::ops::RangeInclusive<T>` implements `SampleRange<T>`
[INFO] [stdout]             and 6 others
[INFO] [stdout] note: required by a bound in `gen_range`
[INFO] [stdout]    --> /opt/rustwide/cargo-home/registry/src/index.crates.io-1949cf8c6b5b557f/rand-0.9.3/src/rng.rs:337:12
[INFO] [stdout]     |
[INFO] [stdout]  58 | pub trait Rng: RngCore {
[INFO] [stdout] ...
[INFO] [stdout] 334 |     fn gen_range<T, R>(&mut self, range: R) -> T
[INFO] [stdout] ...
[INFO] [stdout] 337 |         R: SampleRange<T>,
[INFO] [stdout]     |            ^^^^^^^^^^^^^^ required by this bound in `Rng::gen_range`
[INFO] [stdout] 
[INFO] [stdout] 
[INFO] [stdout] error[E0277]: the trait bound `{integer}: SampleRange<_>` is not satisfied
[INFO] [stdout]    --> src/main.rs:66:38
[INFO] [stdout]     |
[INFO] [stdout]  66 |                 self.genes[i] = random.gen_range(32, 126);
[INFO] [stdout]     |                                        --------- ^^ the trait `SampleRange<_>` is not implemented for `{integer}`
[INFO] [stdout]     |                                        |
[INFO] [stdout]     |                                        required by a bound introduced by this call
[INFO] [stdout]     |
[INFO] [stdout]     = help: the following other types implement trait `SampleRange<T>`:
[INFO] [stdout]               `RangeTo<u128>` implements `SampleRange<u128>`
[INFO] [stdout]               `RangeTo<u16>` implements `SampleRange<u16>`
[INFO] [stdout]               `RangeTo<u32>` implements `SampleRange<u32>`
[INFO] [stdout]               `RangeTo<u64>` implements `SampleRange<u64>`
[INFO] [stdout]               `RangeTo<u8>` implements `SampleRange<u8>`
[INFO] [stdout]               `RangeTo<usize>` implements `SampleRange<usize>`
[INFO] [stdout]               `std::ops::Range<T>` implements `SampleRange<T>`
[INFO] [stdout]               `std::ops::RangeInclusive<T>` implements `SampleRange<T>`
[INFO] [stdout]             and 6 others
[INFO] [stdout] note: required by a bound in `gen_range`
[INFO] [stdout]    --> /opt/rustwide/cargo-home/registry/src/index.crates.io-1949cf8c6b5b557f/rand-0.9.3/src/rng.rs:337:12
[INFO] [stdout]     |
[INFO] [stdout]  58 | pub trait Rng: RngCore {
[INFO] [stdout] ...
[INFO] [stdout] 334 |     fn gen_range<T, R>(&mut self, range: R) -> T
[INFO] [stdout] ...
[INFO] [stdout] 337 |         R: SampleRange<T>,
[INFO] [stdout]     |            ^^^^^^^^^^^^^^ required by this bound in `Rng::gen_range`
[INFO] [stdout] 
[INFO] [stdout] 
[INFO] [stdout] error[E0061]: this method takes 1 argument but 2 arguments were supplied
[INFO] [stdout]    --> src/main.rs:66:28
[INFO] [stdout]     |
[INFO] [stdout]  66 |                 self.genes[i] = random.gen_range(32, 126);
[INFO] [stdout]     |                                        ^^^^^^^^^     --- unexpected argument #2 of type `{integer}`
[INFO] [stdout]     |
[INFO] [stdout] note: method defined here
[INFO] [stdout]    --> /opt/rustwide/cargo-home/registry/src/index.crates.io-1949cf8c6b5b557f/rand-0.9.3/src/rng.rs:334:8
[INFO] [stdout]     |
[INFO] [stdout] 334 |     fn gen_range<T, R>(&mut self, range: R) -> T
[INFO] [stdout]     |        ^^^^^^^^^
[INFO] [stdout] help: remove the extra argument
[INFO] [stdout]     |
[INFO] [stdout]  66 -                 self.genes[i] = random.gen_range(32, 126);
[INFO] [stdout]  66 +                 self.genes[i] = random.gen_range(32);
[INFO] [stdout]     |
[INFO] [stdout] 
[INFO] [stdout] 
[INFO] [stdout] error[E0061]: this method takes 1 argument but 2 arguments were supplied
[INFO] [stdout]    --> src/main.rs:66:28
[INFO] [stdout]     |
[INFO] [stdout]  66 |                 self.genes[i] = random.gen_range(32, 126);
[INFO] [stdout]     |                                        ^^^^^^^^^     --- unexpected argument #2 of type `{integer}`
[INFO] [stdout]     |
[INFO] [stdout] note: method defined here
[INFO] [stdout]    --> /opt/rustwide/cargo-home/registry/src/index.crates.io-1949cf8c6b5b557f/rand-0.9.3/src/rng.rs:334:8
[INFO] [stdout]     |
[INFO] [stdout] 334 |     fn gen_range<T, R>(&mut self, range: R) -> T
[INFO] [stdout]     |        ^^^^^^^^^
[INFO] [stdout] help: remove the extra argument
[INFO] [stdout]     |
[INFO] [stdout]  66 -                 self.genes[i] = random.gen_range(32, 126);
[INFO] [stdout]  66 +                 self.genes[i] = random.gen_range(32);
[INFO] [stdout]     |
[INFO] [stdout] 
[INFO] [stdout] 
[INFO] [stdout] Some errors have detailed explanations: E0061, E0277.
[INFO] [stdout] 
[INFO] [stdout] For more information about an error, try `rustc --explain E0061`.
[INFO] [stdout] 
[INFO] [stdout] Some errors have detailed explanations: E0061, E0277.
[INFO] [stdout] 
[INFO] [stdout] For more information about an error, try `rustc --explain E0061`.
[INFO] [stdout] 
[INFO] [stderr] error: could not compile `genetic_algorithm` (bin "genetic_algorithm" test) due to 6 previous errors; 5 warnings emitted
[INFO] [stderr] warning: build failed, waiting for other jobs to finish...
[INFO] [stderr] error: could not compile `genetic_algorithm` (bin "genetic_algorithm") due to 6 previous errors; 5 warnings emitted
[INFO] running `Command { std: "docker" "inspect" "c6eddae3dd1d2584ce58a34e5e9cfe830af36c06b2419bde191c32a027757032", kill_on_drop: false }`
[INFO] running `Command { std: "docker" "rm" "-f" "c6eddae3dd1d2584ce58a34e5e9cfe830af36c06b2419bde191c32a027757032", kill_on_drop: false }`
[INFO] [stdout] c6eddae3dd1d2584ce58a34e5e9cfe830af36c06b2419bde191c32a027757032
