[INFO] cloning repository https://github.com/speechbutton/llama-cpp-rs
[INFO] running `Command { std: "git" "-c" "credential.helper=" "-c" "credential.helper=/workspace/cargo-home/bin/git-credential-null" "clone" "--bare" "https://github.com/speechbutton/llama-cpp-rs" "/workspace/cache/git-repos/https%3A%2F%2Fgithub.com%2Fspeechbutton%2Fllama-cpp-rs", kill_on_drop: false }`
[INFO] [stderr] Cloning into bare repository '/workspace/cache/git-repos/https%3A%2F%2Fgithub.com%2Fspeechbutton%2Fllama-cpp-rs'...
[INFO] running `Command { std: "git" "rev-parse" "HEAD", kill_on_drop: false }`
[INFO] [stdout] 3f03e3774bbb9fb0db0d905967438161ce8a0bd8
[INFO] checking speechbutton/llama-cpp-rs/3f03e3774bbb9fb0db0d905967438161ce8a0bd8 against 8d1a76430406c877b35d0b627e7f796dcf0dfeca+rustflags=-Aunfulfilled-lint-expectations for pr-163637
[INFO] running `Command { std: "git" "clone" "/workspace/cache/git-repos/https%3A%2F%2Fgithub.com%2Fspeechbutton%2Fllama-cpp-rs" "/workspace/builds/worker-3-tc1/source", kill_on_drop: false }`
[INFO] [stderr] Cloning into '/workspace/builds/worker-3-tc1/source'...
[INFO] [stderr] done.
[INFO] started tweaking git repo https://github.com/speechbutton/llama-cpp-rs
[INFO] finished tweaking git repo https://github.com/speechbutton/llama-cpp-rs
[INFO] tweaked toml for git repo https://github.com/speechbutton/llama-cpp-rs written to /workspace/builds/worker-3-tc1/source/Cargo.toml
[INFO] validating manifest of git repo https://github.com/speechbutton/llama-cpp-rs on toolchain 8d1a76430406c877b35d0b627e7f796dcf0dfeca
[INFO] running `Command { std: CARGO_HOME="/workspace/cargo-home" RUSTUP_HOME="/workspace/rustup-home" "/workspace/cargo-home/bin/cargo" "+8d1a76430406c877b35d0b627e7f796dcf0dfeca" "metadata" "--manifest-path" "Cargo.toml" "--no-deps", kill_on_drop: false }`
[INFO] crate git repo https://github.com/speechbutton/llama-cpp-rs already has a lockfile, it will not be regenerated
[INFO] running `Command { std: CARGO_HOME="/workspace/cargo-home" RUSTUP_HOME="/workspace/rustup-home" "/workspace/cargo-home/bin/cargo" "+8d1a76430406c877b35d0b627e7f796dcf0dfeca" "fetch" "--manifest-path" "Cargo.toml", kill_on_drop: false }`
[INFO] [stderr] warning: unused workspace dependency `criterion`
[INFO] [stderr]  --> Cargo.toml:9:1
[INFO] [stderr]   |
[INFO] [stderr] 9 | criterion = "0.8.2"
[INFO] [stderr]   | ^^^^^^^^^
[INFO] [stderr]   |
[INFO] [stderr]   = note: `cargo::unused_workspace_dependencies` is set to `warn` by default
[INFO] [stderr] help: consider removing the workspace dependency `criterion`
[INFO] [stderr] warning: unused workspace dependency `pprof`
[INFO] [stderr]   --> Cargo.toml:11:1
[INFO] [stderr]    |
[INFO] [stderr] 11 | pprof = "0.15.0"
[INFO] [stderr]    | ^^^^^
[INFO] [stderr]    |
[INFO] [stderr] help: consider removing the workspace dependency `pprof`
[INFO] [stderr] warning: workspace (manifest) generated 2 warnings
[INFO] [stderr] warning: missing `[lints]` to inherit `[workspace.lints]`
[INFO] [stderr]    --> llama-cpp-sys-4/Cargo.toml
[INFO] [stderr]     = note: `cargo::missing_lints_inheritance` is set to `warn` by default
[INFO] [stderr] help: to inherit `workspace.lints, add:
[INFO] [stderr]     |
[INFO] [stderr] 133 ~ q1 = []
[INFO] [stderr] 134 + [lints]
[INFO] [stderr] 135 + workspace = true
[INFO] [stderr]     |
[INFO] [stderr] help: to clarify your intent to not inherit, add:
[INFO] [stderr]     |
[INFO] [stderr] 133 ~ q1 = []
[INFO] [stderr] 134 + [lints]
[INFO] [stderr]     |
[INFO] [stderr] warning: `llama-cpp-sys-4` (manifest) generated 1 warning
[INFO] [stderr] warning: missing `[lints]` to inherit `[workspace.lints]`
[INFO] [stderr]   --> examples/split_model/Cargo.toml
[INFO] [stderr]    = note: `cargo::missing_lints_inheritance` is set to `warn` by default
[INFO] [stderr] help: to inherit `workspace.lints, add:
[INFO] [stderr]    |
[INFO] [stderr] 10 ~ hf-hub = { workspace = true }
[INFO] [stderr] 11 + [lints]
[INFO] [stderr] 12 + workspace = true
[INFO] [stderr]    |
[INFO] [stderr] help: to clarify your intent to not inherit, add:
[INFO] [stderr]    |
[INFO] [stderr] 10 ~ hf-hub = { workspace = true }
[INFO] [stderr] 11 + [lints]
[INFO] [stderr]    |
[INFO] [stderr] warning: `split-model-example` (manifest) generated 1 warning
[INFO] [stderr]     Updating crates.io index
[INFO] [stderr]  Downloading crates ...
[INFO] [stderr]   Downloaded wasm-bindgen-shared v0.2.115
[INFO] [stderr]   Downloaded wasm-bindgen-macro v0.2.115
[INFO] [stderr]   Downloaded wasm-bindgen-futures v0.4.65
[INFO] [stderr]   Downloaded cc v1.2.58
[INFO] [stderr]   Downloaded hf-hub v0.5.0
[INFO] [stderr]   Downloaded wasm-bindgen v0.2.115
[INFO] [stderr]   Downloaded wasm-bindgen-macro-support v0.2.115
[INFO] [stderr]   Downloaded js-sys v0.3.92
[INFO] [stderr]   Downloaded iri-string v0.7.11
[INFO] [stderr]   Downloaded parse-size v1.1.0
[INFO] [stderr]   Downloaded web-sys v0.3.92
[INFO] [stderr]   Downloaded actix-multipart v0.7.2
[INFO] [stderr]   Downloaded actix-multipart-derive v0.7.0
[INFO] running `Command { std: "docker" "create" "-v" "/var/lib/crater-agent-workspace/builds/worker-3-tc1/source:/opt/rustwide/workdir:ro,Z" "-v" "/var/lib/crater-agent-workspace/builds/worker-3-tc1/target:/opt/rustwide/target:rw,Z" "-v" "/var/lib/crater-agent-workspace/cargo-home:/opt/rustwide/cargo-home:ro,Z" "-v" "/var/lib/crater-agent-workspace/rustup-home:/opt/rustwide/rustup-home:ro,Z" "-m" "1610612736" "--network" "none" "ghcr.io/rust-lang/crates-build-env/linux@sha256:77db811e55d90add9212f6832c23229e3de5f1c1f9905e8cb07319ea15df73ac" "sleep" "infinity", kill_on_drop: false }`
[INFO] [stdout] dadb41dbeac181a912f716a03a6e0910a8dfd91e20a48716ba0c7d299b8900a2
[INFO] running `Command { std: "docker" "start" "dadb41dbeac181a912f716a03a6e0910a8dfd91e20a48716ba0c7d299b8900a2", kill_on_drop: false }`
[INFO] running `Command { std: "docker" "inspect" "dadb41dbeac181a912f716a03a6e0910a8dfd91e20a48716ba0c7d299b8900a2", kill_on_drop: false }`
[INFO] running `Command { std: "docker" "exec" "-e" "SOURCE_DIR=/opt/rustwide/workdir" "-e" "CARGO_HOME=/opt/rustwide/cargo-home" "-e" "RUSTUP_HOME=/opt/rustwide/rustup-home" "-e" "CARGO_TARGET_DIR=/opt/rustwide/target" "-w" "/opt/rustwide/workdir" "--user" "0:0" "dadb41dbeac181a912f716a03a6e0910a8dfd91e20a48716ba0c7d299b8900a2" "/opt/rustwide/cargo-home/bin/cargo" "+8d1a76430406c877b35d0b627e7f796dcf0dfeca" "metadata" "--no-deps" "--format-version=1", kill_on_drop: false }`
[INFO] running `Command { std: "docker" "inspect" "dadb41dbeac181a912f716a03a6e0910a8dfd91e20a48716ba0c7d299b8900a2", kill_on_drop: false }`
[INFO] running `Command { std: "docker" "exec" "-e" "SOURCE_DIR=/opt/rustwide/workdir" "-e" "CARGO_HOME=/opt/rustwide/cargo-home" "-e" "RUSTUP_HOME=/opt/rustwide/rustup-home" "-e" "CARGO_TARGET_DIR=/opt/rustwide/target" "-e" "CARGO_INCREMENTAL=0" "-e" "RUST_BACKTRACE=full" "-e" "RUSTFLAGS=--cap-lints=forbid -Aunfulfilled-lint-expectations" "-e" "RUSTDOCFLAGS=--cap-lints=forbid" "-w" "/opt/rustwide/workdir" "--user" "0:0" "dadb41dbeac181a912f716a03a6e0910a8dfd91e20a48716ba0c7d299b8900a2" "/opt/rustwide/cargo-home/bin/cargo" "+8d1a76430406c877b35d0b627e7f796dcf0dfeca" "check" "--frozen" "--all" "--all-targets" "--message-format=json", kill_on_drop: false }`
[INFO] [stderr] warning: unused workspace dependency `criterion`
[INFO] [stderr]  --> Cargo.toml:9:1
[INFO] [stderr]   |
[INFO] [stderr] 9 | criterion = "0.8.2"
[INFO] [stderr]   | ^^^^^^^^^
[INFO] [stderr]   |
[INFO] [stderr]   = note: `cargo::unused_workspace_dependencies` is set to `warn` by default
[INFO] [stderr] help: consider removing the workspace dependency `criterion`
[INFO] [stderr] warning: unused workspace dependency `pprof`
[INFO] [stderr]   --> Cargo.toml:11:1
[INFO] [stderr]    |
[INFO] [stderr] 11 | pprof = "0.15.0"
[INFO] [stderr]    | ^^^^^
[INFO] [stderr]    |
[INFO] [stderr] help: consider removing the workspace dependency `pprof`
[INFO] [stderr] warning: workspace (manifest) generated 2 warnings
[INFO] [stderr] warning: missing `[lints]` to inherit `[workspace.lints]`
[INFO] [stderr]    --> llama-cpp-sys-4/Cargo.toml
[INFO] [stderr]     = note: `cargo::missing_lints_inheritance` is set to `warn` by default
[INFO] [stderr] help: to inherit `workspace.lints, add:
[INFO] [stderr]     |
[INFO] [stderr] 133 ~ q1 = []
[INFO] [stderr] 134 + [lints]
[INFO] [stderr] 135 + workspace = true
[INFO] [stderr]     |
[INFO] [stderr] help: to clarify your intent to not inherit, add:
[INFO] [stderr]     |
[INFO] [stderr] 133 ~ q1 = []
[INFO] [stderr] 134 + [lints]
[INFO] [stderr]     |
[INFO] [stderr] warning: `llama-cpp-sys-4` (manifest) generated 1 warning
[INFO] [stderr] warning: missing `[lints]` to inherit `[workspace.lints]`
[INFO] [stderr]   --> examples/split_model/Cargo.toml
[INFO] [stderr]    = note: `cargo::missing_lints_inheritance` is set to `warn` by default
[INFO] [stderr] help: to inherit `workspace.lints, add:
[INFO] [stderr]    |
[INFO] [stderr] 10 ~ hf-hub = { workspace = true }
[INFO] [stderr] 11 + [lints]
[INFO] [stderr] 12 + workspace = true
[INFO] [stderr]    |
[INFO] [stderr] help: to clarify your intent to not inherit, add:
[INFO] [stderr]    |
[INFO] [stderr] 10 ~ hf-hub = { workspace = true }
[INFO] [stderr] 11 + [lints]
[INFO] [stderr]    |
[INFO] [stderr] warning: `split-model-example` (manifest) generated 1 warning
[INFO] [stderr]    Compiling libc v0.2.183
[INFO] [stderr]     Checking tracing v0.1.44
[INFO] [stderr]    Compiling prettyplease v0.2.37
[INFO] [stderr]    Compiling enumflags2_derive v0.7.12
[INFO] [stderr]    Compiling clap_derive v4.6.0
[INFO] [stderr]     Checking parking_lot_core v0.9.12
[INFO] [stderr]     Checking errno v0.3.14
[INFO] [stderr]     Checking socket2 v0.6.3
[INFO] [stderr]     Checking signal-hook-registry v1.4.8
[INFO] [stderr]     Checking mio v1.2.0
[INFO] [stderr]     Checking parking_lot v0.12.5
[INFO] [stderr]     Checking http v1.4.0
[INFO] [stderr]     Checking getrandom v0.2.17
[INFO] [stderr]     Checking indexmap v2.13.0
[INFO] [stderr]    Compiling aws-lc-rs v1.16.2
[INFO] [stderr]     Checking tokio v1.50.0
[INFO] [stderr]     Checking enumflags2 v0.7.12
[INFO] [stderr]     Checking serde v1.0.228
[INFO] [stderr]    Compiling rustls v0.23.37
[INFO] [stderr]     Checking serde_json v1.0.149
[INFO] [stderr]     Checking http-body v1.0.1
[INFO] [stderr]     Checking rand_chacha v0.9.0
[INFO] [stderr]     Checking http-body-util v0.1.3
[INFO] [stderr]     Checking rand v0.9.2
[INFO] [stderr]     Checking serde_urlencoded v0.7.1
[INFO] [stderr]    Compiling jobserver v0.1.34
[INFO] [stderr]    Compiling clang-sys v1.8.1
[INFO] [stderr]     Checking iri-string v0.7.11
[INFO] [stderr]    Compiling cc v1.2.58
[INFO] [stderr]     Checking socks v0.3.4
[INFO] [stderr]     Checking dirs-sys v0.5.0
[INFO] [stderr]     Checking console v0.16.3
[INFO] [stderr]     Checking der v0.8.0
[INFO] [stderr]     Checking ureq-proto v0.6.0
[INFO] [stderr]     Checking webpki-root-certs v1.0.6
[INFO] [stderr]     Checking futures-executor v0.3.32
[INFO] [stderr]     Checking clap v4.6.0
[INFO] [stderr]     Checking utf8-zero v0.8.1
[INFO] [stderr]     Checking indicatif v0.18.4
[INFO] [stderr]     Checking futures v0.3.32
[INFO] [stderr]     Checking dirs v6.0.0
[INFO] [stderr]     Checking num_cpus v1.17.0
[INFO] [stderr]     Checking http v0.2.12
[INFO] [stderr]    Compiling serde_core v1.0.228
[INFO] [stderr]    Compiling cmake v0.1.58
[INFO] [stderr]    Compiling num-conv v0.2.1
[INFO] [stderr]    Compiling derive_more-impl v2.1.1
[INFO] [stderr]     Checking rand_core v0.6.4
[INFO] [stderr]     Checking socket2 v0.5.10
[INFO] [stderr]    Compiling time-macros v0.2.27
[INFO] [stderr]     Checking actix-router v0.5.4
[INFO] [stderr]    Compiling aws-lc-sys v0.39.1
[INFO] [stderr]    Compiling ring v0.17.14
[INFO] [stderr]    Compiling openssl-sys v0.9.112
[INFO] [stderr]    Compiling zstd-sys v2.0.16+zstd.1.5.7
[INFO] [stderr]    Compiling openssl v0.10.76
[INFO] [stderr]    Compiling bindgen v0.72.1
[INFO] [stderr]    Compiling native-tls v0.2.18
[INFO] [stderr]     Checking tokio-util v0.7.18
[INFO] [stderr]     Checking h2 v0.4.13
[INFO] [stderr]     Checking tower v0.5.3
[INFO] [stderr]     Checking actix-rt v2.11.0
[INFO] [stderr]     Checking tower-http v0.6.8
[INFO] [stderr]     Checking derive_more v2.1.1
[INFO] [stderr]     Checking actix-codec v0.5.2
[INFO] [stderr]     Checking h2 v0.3.27
[INFO] [stderr]     Checking time v0.3.47
[INFO] [stderr]     Checking tokio-native-tls v0.3.1
[INFO] [stderr]    Compiling actix-web-codegen v4.3.0
[INFO] [stderr]     Checking actix-server v2.6.0
[INFO] [stderr]     Checking rand_chacha v0.3.1
[INFO] [stderr]     Checking getrandom v0.4.2
[INFO] [stderr]     Checking cookie v0.16.2
[INFO] [stderr]    Compiling parse-size v1.1.0
[INFO] [stderr]     Checking tempfile v3.27.0
[INFO] [stderr]    Compiling actix-multipart-derive v0.7.0
[INFO] [stderr]     Checking rand v0.8.5
[INFO] [stderr]     Checking serde_plain v1.0.2
[INFO] [stderr]     Checking tracing-subscriber v0.3.23
[INFO] [stderr]     Checking hyper v1.8.1
[INFO] [stderr]    Compiling llama-cpp-sys-4 v0.2.24 (/opt/rustwide/workdir/llama-cpp-sys-4)
[INFO] [stderr]     Checking hyper-util v0.1.20
[INFO] [stderr] error: failed to run custom build command for `llama-cpp-sys-4 v0.2.24 (/opt/rustwide/workdir/llama-cpp-sys-4)`
[INFO] [stderr] note: To improve backtraces for build dependencies, set the CARGO_PROFILE_DEV_BUILD_OVERRIDE_DEBUG=true environment variable to enable debug information generation.
[INFO] [stderr] 
[INFO] [stderr] Caused by:
[INFO] [stderr]   process didn't exit successfully: `/opt/rustwide/target/debug/build/llama-cpp-sys-4/c66e0738b417fd91/out/build_script_build` (exit status: 101)
[INFO] [stderr]   --- stdout
[INFO] [stderr]   cargo:rerun-if-changed=/opt/rustwide/workdir/llama-cpp-sys-4/patches
[INFO] [stderr]   cargo:rerun-if-env-changed=TARGET
[INFO] [stderr]   cargo:rerun-if-env-changed=BINDGEN_EXTRA_CLANG_ARGS_x86_64-unknown-linux-gnu
[INFO] [stderr]   cargo:rerun-if-env-changed=BINDGEN_EXTRA_CLANG_ARGS_x86_64_unknown_linux_gnu
[INFO] [stderr]   cargo:rerun-if-env-changed=BINDGEN_EXTRA_CLANG_ARGS
[INFO] [stderr]   cargo:rerun-if-changed=wrapper.h
[INFO] [stderr] 
[INFO] [stderr]   --- stderr
[INFO] [stderr]   wrapper.h:4:10: fatal error: 'llama.h' file not found
[INFO] [stderr] 
[INFO] [stderr]   thread 'main' (1245) panicked at llama-cpp-sys-4/build.rs:979:10:
[INFO] [stderr]   Failed to generate bindings: ClangDiagnostic("wrapper.h:4:10: fatal error: 'llama.h' file not found\n")
[INFO] [stderr]   stack backtrace:
[INFO] [stderr]      0:     0x5e80ce8b32c1 - std[4277eccd800b78b2]::backtrace_rs::backtrace::libunwind::trace
[INFO] [stderr]                                  at /rustc/8d1a76430406c877b35d0b627e7f796dcf0dfeca/library/std/src/../../backtrace/src/backtrace/libunwind.rs:117:9
[INFO] [stderr]      1:     0x5e80ce8b32c1 - std[4277eccd800b78b2]::backtrace_rs::backtrace::trace_unsynchronized::<std[4277eccd800b78b2]::sys::backtrace::_print_fmt::{closure#1}>
[INFO] [stderr]                                  at /rustc/8d1a76430406c877b35d0b627e7f796dcf0dfeca/library/std/src/../../backtrace/src/backtrace/mod.rs:66:14
[INFO] [stderr]      2:     0x5e80ce8b32c1 - std[4277eccd800b78b2]::sys::backtrace::_print_fmt
[INFO] [stderr]                                  at /rustc/8d1a76430406c877b35d0b627e7f796dcf0dfeca/library/std/src/sys/backtrace.rs:74:9
[INFO] [stderr]      3:     0x5e80ce8b32c1 - <<std[4277eccd800b78b2]::sys::backtrace::BacktraceLock>::print::DisplayBacktrace as core[c462f097285717c3]::fmt::Display>::fmt
[INFO] [stderr]                                  at /rustc/8d1a76430406c877b35d0b627e7f796dcf0dfeca/library/std/src/sys/backtrace.rs:44:26
[INFO] [stderr]      4:     0x5e80ce8cb5fa - <core[c462f097285717c3]::fmt::rt::Argument>::fmt
[INFO] [stderr]                                  at /rustc/8d1a76430406c877b35d0b627e7f796dcf0dfeca/library/core/src/fmt/rt.rs:152:76
[INFO] [stderr]      5:     0x5e80ce8cb5fa - core[c462f097285717c3]::fmt::write
[INFO] [stderr]      6:     0x5e80ce8b97ec - core[c462f097285717c3]::io::write::default_write_fmt::<std[4277eccd800b78b2]::sys::stdio::unix::Stderr>
[INFO] [stderr]                                  at /rustc/8d1a76430406c877b35d0b627e7f796dcf0dfeca/library/core/src/io/write.rs:402:11
[INFO] [stderr]      7:     0x5e80ce8b97ec - <std[4277eccd800b78b2]::sys::stdio::unix::Stderr as core[c462f097285717c3]::io::write::Write>::write_fmt
[INFO] [stderr]                                  at /rustc/8d1a76430406c877b35d0b627e7f796dcf0dfeca/library/core/src/io/write.rs:335:13
[INFO] [stderr]      8:     0x5e80ce88b766 - <std[4277eccd800b78b2]::sys::backtrace::BacktraceLock>::print
[INFO] [stderr]                                  at /rustc/8d1a76430406c877b35d0b627e7f796dcf0dfeca/library/std/src/sys/backtrace.rs:47:9
[INFO] [stderr]      9:     0x5e80ce88b766 - std[4277eccd800b78b2]::panicking::default_hook::{closure#0}
[INFO] [stderr]                                  at /rustc/8d1a76430406c877b35d0b627e7f796dcf0dfeca/library/std/src/panicking.rs:289:27
[INFO] [stderr]     10:     0x5e80ce8a95e1 - std[4277eccd800b78b2]::panicking::default_hook
[INFO] [stderr]                                  at /rustc/8d1a76430406c877b35d0b627e7f796dcf0dfeca/library/std/src/panicking.rs:316:9
[INFO] [stderr]     11:     0x5e80ce8a990b - std[4277eccd800b78b2]::panicking::panic_with_hook
[INFO] [stderr]                                  at /rustc/8d1a76430406c877b35d0b627e7f796dcf0dfeca/library/std/src/panicking.rs:811:13
[INFO] [stderr]     12:     0x5e80ce88b812 - std[4277eccd800b78b2]::panicking::panic_handler::{closure#0}
[INFO] [stderr]                                  at /rustc/8d1a76430406c877b35d0b627e7f796dcf0dfeca/library/std/src/panicking.rs:685:13
[INFO] [stderr]     13:     0x5e80ce883fb9 - std[4277eccd800b78b2]::sys::backtrace::__rust_end_short_backtrace::<std[4277eccd800b78b2]::panicking::panic_handler::{closure#0}, !>
[INFO] [stderr]                                  at /rustc/8d1a76430406c877b35d0b627e7f796dcf0dfeca/library/std/src/sys/backtrace.rs:182:18
[INFO] [stderr]     14:     0x5e80ce88c59d - __rustc[645588fcd52e2aab]::rust_begin_unwind
[INFO] [stderr]                                  at /rustc/8d1a76430406c877b35d0b627e7f796dcf0dfeca/library/std/src/panicking.rs:676:5
[INFO] [stderr]     15:     0x5e80ce8cbe9c - core[c462f097285717c3]::panicking::panic_fmt
[INFO] [stderr]                                  at /rustc/8d1a76430406c877b35d0b627e7f796dcf0dfeca/library/core/src/panicking.rs:80:14
[INFO] [stderr]     16:     0x5e80ce8cbbf2 - core[c462f097285717c3]::result::unwrap_failed
[INFO] [stderr]                                  at /rustc/8d1a76430406c877b35d0b627e7f796dcf0dfeca/library/core/src/result.rs:1866:5
[INFO] [stderr]     17:     0x5e80ce2edeeb - <core[c462f097285717c3]::result::Result<bindgen[29921564f4339a40]::Bindings, bindgen[29921564f4339a40]::BindgenError>>::expect
[INFO] [stderr]     18:     0x5e80ce2e0a9f - build_script_build[3e7bd7abaae2ba1f]::main
[INFO] [stderr]     19:     0x5e80ce2f5fb3 - <fn() as core[c462f097285717c3]::ops::function::FnOnce<()>>::call_once
[INFO] [stderr]     20:     0x5e80ce2ec1fe - std[4277eccd800b78b2]::sys::backtrace::__rust_begin_short_backtrace::<fn(), ()>
[INFO] [stderr]     21:     0x5e80ce2ed829 - std[4277eccd800b78b2]::rt::lang_start::<()>::{closure#0}
[INFO] [stderr]     22:     0x5e80ce8a8548 - <&dyn core[c462f097285717c3]::ops::function::Fn<(), Output = i32> + core[c462f097285717c3]::panic::unwind_safe::RefUnwindSafe + core[c462f097285717c3]::marker::Sync as core[c462f097285717c3]::ops::function::FnOnce<()>>::call_once
[INFO] [stderr]                                  at /rustc/8d1a76430406c877b35d0b627e7f796dcf0dfeca/library/core/src/ops/function.rs:287:21
[INFO] [stderr]     23:     0x5e80ce8a8548 - std[4277eccd800b78b2]::panicking::catch_unwind::do_call::<&dyn core[c462f097285717c3]::ops::function::Fn<(), Output = i32> + core[c462f097285717c3]::panic::unwind_safe::RefUnwindSafe + core[c462f097285717c3]::marker::Sync, i32>
[INFO] [stderr]                                  at /rustc/8d1a76430406c877b35d0b627e7f796dcf0dfeca/library/std/src/panicking.rs:573:43
[INFO] [stderr]     24:     0x5e80ce8a8548 - std[4277eccd800b78b2]::panicking::catch_unwind::<i32, &dyn core[c462f097285717c3]::ops::function::Fn<(), Output = i32> + core[c462f097285717c3]::panic::unwind_safe::RefUnwindSafe + core[c462f097285717c3]::marker::Sync>
[INFO] [stderr]                                  at /rustc/8d1a76430406c877b35d0b627e7f796dcf0dfeca/library/std/src/panicking.rs:541:19
[INFO] [stderr]     25:     0x5e80ce8a8548 - std[4277eccd800b78b2]::panic::catch_unwind::<&dyn core[c462f097285717c3]::ops::function::Fn<(), Output = i32> + core[c462f097285717c3]::panic::unwind_safe::RefUnwindSafe + core[c462f097285717c3]::marker::Sync, i32>
[INFO] [stderr]                                  at /rustc/8d1a76430406c877b35d0b627e7f796dcf0dfeca/library/std/src/panic.rs:359:14
[INFO] [stderr]     26:     0x5e80ce8a8548 - std[4277eccd800b78b2]::rt::lang_start_internal::{closure#0}
[INFO] [stderr]                                  at /rustc/8d1a76430406c877b35d0b627e7f796dcf0dfeca/library/std/src/rt.rs:175:24
[INFO] [stderr]     27:     0x5e80ce8a8548 - std[4277eccd800b78b2]::panicking::catch_unwind::do_call::<std[4277eccd800b78b2]::rt::lang_start_internal::{closure#0}, isize>
[INFO] [stderr]                                  at /rustc/8d1a76430406c877b35d0b627e7f796dcf0dfeca/library/std/src/panicking.rs:573:43
[INFO] [stderr]     28:     0x5e80ce8a8548 - std[4277eccd800b78b2]::panicking::catch_unwind::<isize, std[4277eccd800b78b2]::rt::lang_start_internal::{closure#0}>
[INFO] [stderr]                                  at /rustc/8d1a76430406c877b35d0b627e7f796dcf0dfeca/library/std/src/panicking.rs:541:19
[INFO] [stderr]     29:     0x5e80ce8a8548 - std[4277eccd800b78b2]::panic::catch_unwind::<std[4277eccd800b78b2]::rt::lang_start_internal::{closure#0}, isize>
[INFO] [stderr]                                  at /rustc/8d1a76430406c877b35d0b627e7f796dcf0dfeca/library/std/src/panic.rs:359:14
[INFO] [stderr]     30:     0x5e80ce8a8548 - std[4277eccd800b78b2]::rt::lang_start_internal
[INFO] [stderr]                                  at /rustc/8d1a76430406c877b35d0b627e7f796dcf0dfeca/library/std/src/rt.rs:171:5
[INFO] [stderr]     31:     0x5e80ce2ec1f1 - std[4277eccd800b78b2]::rt::lang_start::<()>
[INFO] [stderr]     32:     0x5e80ce2e9995 - main
[INFO] [stderr]     33:     0x78d3cef7b601 - <unknown>
[INFO] [stderr]     34:     0x78d3cef7b718 - __libc_start_main
[INFO] [stderr]     35:     0x5e80ce2d5dd5 - _start
[INFO] [stderr]     36:                0x0 - <unknown>
[INFO] [stderr] warning: build failed, waiting for other jobs to finish...
[INFO] running `Command { std: "docker" "inspect" "dadb41dbeac181a912f716a03a6e0910a8dfd91e20a48716ba0c7d299b8900a2", kill_on_drop: false }`
[INFO] running `Command { std: "docker" "rm" "-f" "dadb41dbeac181a912f716a03a6e0910a8dfd91e20a48716ba0c7d299b8900a2", kill_on_drop: false }`
[INFO] [stdout] dadb41dbeac181a912f716a03a6e0910a8dfd91e20a48716ba0c7d299b8900a2
