[INFO] cloning repository https://github.com/pku-liang/p2sim
[INFO] running `Command { std: "git" "-c" "credential.helper=" "-c" "credential.helper=/workspace/cargo-home/bin/git-credential-null" "clone" "--bare" "https://github.com/pku-liang/p2sim" "/workspace/cache/git-repos/https%3A%2F%2Fgithub.com%2Fpku-liang%2Fp2sim", kill_on_drop: false }`
[INFO] [stderr] Cloning into bare repository '/workspace/cache/git-repos/https%3A%2F%2Fgithub.com%2Fpku-liang%2Fp2sim'...
[INFO] running `Command { std: "git" "rev-parse" "HEAD", kill_on_drop: false }`
[INFO] [stdout] 269c83f2de71b1d5e03cdcf363649cb50407756a
[INFO] checking pku-liang/p2sim against 8773d2c75a8e90130dcce745a7ec4e66bb9963db+rustflags=-Aunfulfilled-lint-expectations for pr-163637
[INFO] running `Command { std: "git" "clone" "/workspace/cache/git-repos/https%3A%2F%2Fgithub.com%2Fpku-liang%2Fp2sim" "/workspace/builds/worker-3-tc2/source", kill_on_drop: false }`
[INFO] [stderr] Cloning into '/workspace/builds/worker-3-tc2/source'...
[INFO] [stderr] done.
[INFO] started tweaking git repo https://github.com/pku-liang/p2sim
[INFO] finished tweaking git repo https://github.com/pku-liang/p2sim
[INFO] tweaked toml for git repo https://github.com/pku-liang/p2sim written to /workspace/builds/worker-3-tc2/source/Cargo.toml
[INFO] validating manifest of git repo https://github.com/pku-liang/p2sim on toolchain 8773d2c75a8e90130dcce745a7ec4e66bb9963db
[INFO] running `Command { std: CARGO_HOME="/workspace/cargo-home" RUSTUP_HOME="/workspace/rustup-home" "/workspace/cargo-home/bin/cargo" "+8773d2c75a8e90130dcce745a7ec4e66bb9963db" "metadata" "--manifest-path" "Cargo.toml" "--no-deps", kill_on_drop: false }`
[INFO] crate git repo https://github.com/pku-liang/p2sim already has a lockfile, it will not be regenerated
[INFO] running `Command { std: CARGO_HOME="/workspace/cargo-home" RUSTUP_HOME="/workspace/rustup-home" "/workspace/cargo-home/bin/cargo" "+8773d2c75a8e90130dcce745a7ec4e66bb9963db" "fetch" "--manifest-path" "Cargo.toml", kill_on_drop: false }`
[INFO] [stderr]     Blocking waiting for file lock on package cache
[INFO] [stderr]     Updating crates.io index
[INFO] [stderr]     Blocking waiting for file lock on package cache
[INFO] [stderr]  Downloading crates ...
[INFO] [stderr]   Downloaded lexpr-macros v0.2.2
[INFO] [stderr]   Downloaded serde-lexpr v0.1.3
[INFO] [stderr]   Downloaded lexpr v0.2.7
[INFO] [stderr]   Downloaded ariadne v0.5.1
[INFO] [stderr]   Downloaded concolor v0.1.1
[INFO] [stderr]   Downloaded concolor-query v0.3.3
[INFO] [stderr]   Downloaded petgraph v0.8.2
[INFO] running `Command { std: "docker" "create" "-v" "/var/lib/crater-agent-workspace/builds/worker-3-tc2/source:/opt/rustwide/workdir:ro,Z" "-v" "/var/lib/crater-agent-workspace/builds/worker-3-tc2/target:/opt/rustwide/target:rw,Z" "-v" "/var/lib/crater-agent-workspace/cargo-home:/opt/rustwide/cargo-home:ro,Z" "-v" "/var/lib/crater-agent-workspace/rustup-home:/opt/rustwide/rustup-home:ro,Z" "-m" "1610612736" "--network" "none" "ghcr.io/rust-lang/crates-build-env/linux@sha256:77db811e55d90add9212f6832c23229e3de5f1c1f9905e8cb07319ea15df73ac" "sleep" "infinity", kill_on_drop: false }`
[INFO] [stdout] b51a90947126bd44cd6660953cae12378abc5cbb20d344c015a46b4f76ca9a02
[INFO] running `Command { std: "docker" "start" "b51a90947126bd44cd6660953cae12378abc5cbb20d344c015a46b4f76ca9a02", kill_on_drop: false }`
[INFO] running `Command { std: "docker" "inspect" "b51a90947126bd44cd6660953cae12378abc5cbb20d344c015a46b4f76ca9a02", kill_on_drop: false }`
[INFO] running `Command { std: "docker" "exec" "-e" "SOURCE_DIR=/opt/rustwide/workdir" "-e" "CARGO_HOME=/opt/rustwide/cargo-home" "-e" "RUSTUP_HOME=/opt/rustwide/rustup-home" "-e" "CARGO_TARGET_DIR=/opt/rustwide/target" "-w" "/opt/rustwide/workdir" "--user" "0:0" "b51a90947126bd44cd6660953cae12378abc5cbb20d344c015a46b4f76ca9a02" "/opt/rustwide/cargo-home/bin/cargo" "+8773d2c75a8e90130dcce745a7ec4e66bb9963db" "metadata" "--no-deps" "--format-version=1", kill_on_drop: false }`
[INFO] running `Command { std: "docker" "inspect" "b51a90947126bd44cd6660953cae12378abc5cbb20d344c015a46b4f76ca9a02", kill_on_drop: false }`
[INFO] running `Command { std: "docker" "exec" "-e" "SOURCE_DIR=/opt/rustwide/workdir" "-e" "CARGO_HOME=/opt/rustwide/cargo-home" "-e" "RUSTUP_HOME=/opt/rustwide/rustup-home" "-e" "CARGO_TARGET_DIR=/opt/rustwide/target" "-e" "CARGO_INCREMENTAL=0" "-e" "RUST_BACKTRACE=full" "-e" "RUSTFLAGS=--cap-lints=forbid -Aunfulfilled-lint-expectations" "-e" "RUSTDOCFLAGS=--cap-lints=forbid" "-w" "/opt/rustwide/workdir" "--user" "0:0" "b51a90947126bd44cd6660953cae12378abc5cbb20d344c015a46b4f76ca9a02" "/opt/rustwide/cargo-home/bin/cargo" "+8773d2c75a8e90130dcce745a7ec4e66bb9963db" "check" "--frozen" "--all" "--all-targets" "--message-format=json", kill_on_drop: false }`
[INFO] [stderr]    Compiling serde_core v1.0.226
[INFO] [stderr]    Compiling serde v1.0.226
[INFO] [stderr]     Checking regex-syntax v0.8.6
[INFO] [stderr]    Compiling winnow v0.7.13
[INFO] [stderr]     Checking log v0.4.28
[INFO] [stderr]    Compiling syn v2.0.106
[INFO] [stderr]     Checking is-terminal v0.4.16
[INFO] [stderr]     Checking indexmap v2.11.4
[INFO] [stderr]    Compiling lexpr-macros v0.2.2
[INFO] [stderr]    Compiling rustc-hash v2.1.1
[INFO] [stderr]     Checking concolor-query v0.3.3
[INFO] [stderr]     Checking fixedbitset v0.5.7
[INFO] [stderr]     Checking ordered-float v5.0.0
[INFO] [stderr]     Checking sha1 v0.10.6
[INFO] [stderr]     Checking memmap2 v0.9.8
[INFO] [stderr]     Checking concolor v0.1.1
[INFO] [stderr]     Checking ariadne v0.5.1
[INFO] [stderr]     Checking lexpr v0.2.7
[INFO] [stderr]     Checking petgraph v0.8.2
[INFO] [stderr]     Checking priority-queue v2.7.0
[INFO] [stderr]     Checking regex-automata v0.4.11
[INFO] [stderr]     Checking regex v1.11.3
[INFO] [stderr]    Compiling basic-toml v0.1.10
[INFO] [stderr]     Checking env_filter v0.1.3
[INFO] [stderr]     Checking env_logger v0.11.8
[INFO] [stderr]    Compiling serde_derive v1.0.226
[INFO] [stderr]    Compiling serde_tuple_macros v1.1.2
[INFO] [stderr]    Compiling clap_derive v4.5.47
[INFO] [stderr]     Checking clap v4.5.48
[INFO] [stderr]    Compiling askama_parser v0.14.0
[INFO] [stderr]     Checking serde-lexpr v0.1.3
[INFO] [stderr]     Checking serde_tuple v1.1.2
[INFO] [stderr]    Compiling askama_derive v0.14.0
[INFO] [stderr]     Checking askama v0.14.0
[INFO] [stderr]     Checking ggsim v0.1.0 (/opt/rustwide/workdir)
[INFO] [stdout] error[E0046]: not all trait items implemented, missing: `forward_overflowing`, `backward_overflowing`
[INFO] [stdout]   --> src/lib.rs:52:9
[INFO] [stdout]    |
[INFO] [stdout] 29 |   macro_rules! index_ext {
[INFO] [stdout] ...
[INFO] [stdout] 52 |           impl std::iter::Step for $name {
[INFO] [stdout]    |           ^^^^^^^^^^^^^^^^^^^^^^^^^^^^^^ missing `forward_overflowing`, `backward_overflowing` in implementation
[INFO] [stdout]    |
[INFO] [stdout]   ::: src/ir.rs:20:1
[INFO] [stdout]    |
[INFO] [stdout] 20 | / index_ext! {
[INFO] [stdout] 21 | |     #[derive(Serialize, Deserialize)]
[INFO] [stdout] 22 | |     pub struct LogicId(pub u32) for Logic
[INFO] [stdout] 23 | | }
[INFO] [stdout]    | |_- in this macro invocation
[INFO] [stdout]    |
[INFO] [stdout]    = help: implement the missing item: `fn forward_overflowing(_: Self, _: usize) -> (Self, bool) { todo!() }`
[INFO] [stdout]    = help: implement the missing item: `fn backward_overflowing(_: Self, _: usize) -> (Self, bool) { todo!() }`
[INFO] [stdout] 
[INFO] [stdout] 
[INFO] [stdout] error[E0046]: not all trait items implemented, missing: `forward_overflowing`, `backward_overflowing`
[INFO] [stdout]   --> src/lib.rs:52:9
[INFO] [stdout]    |
[INFO] [stdout] 29 |   macro_rules! index_ext {
[INFO] [stdout] ...
[INFO] [stdout] 52 |           impl std::iter::Step for $name {
[INFO] [stdout]    |           ^^^^^^^^^^^^^^^^^^^^^^^^^^^^^^ missing `forward_overflowing`, `backward_overflowing` in implementation
[INFO] [stdout]    |
[INFO] [stdout]   ::: src/ir.rs:20:1
[INFO] [stdout]    |
[INFO] [stdout] 20 | / index_ext! {
[INFO] [stdout] 21 | |     #[derive(Serialize, Deserialize)]
[INFO] [stdout] 22 | |     pub struct LogicId(pub u32) for Logic
[INFO] [stdout] 23 | | }
[INFO] [stdout]    | |_- in this macro invocation
[INFO] [stdout]    |
[INFO] [stdout]    = help: implement the missing item: `fn forward_overflowing(_: Self, _: usize) -> (Self, bool) { todo!() }`
[INFO] [stdout]    = help: implement the missing item: `fn backward_overflowing(_: Self, _: usize) -> (Self, bool) { todo!() }`
[INFO] [stdout] 
[INFO] [stdout] 
[INFO] [stdout] error[E0046]: not all trait items implemented, missing: `forward_overflowing`, `backward_overflowing`
[INFO] [stdout]   --> src/lib.rs:52:9
[INFO] [stdout]    |
[INFO] [stdout] 29 |   macro_rules! index_ext {
[INFO] [stdout] ...
[INFO] [stdout] 52 |           impl std::iter::Step for $name {
[INFO] [stdout]    |           ^^^^^^^^^^^^^^^^^^^^^^^^^^^^^^ missing `forward_overflowing`, `backward_overflowing` in implementation
[INFO] [stdout]    |
[INFO] [stdout]   ::: src/ir.rs:25:1
[INFO] [stdout]    |
[INFO] [stdout] 25 | / index_ext! {
[INFO] [stdout] 26 | |     #[derive(Serialize, Deserialize)]
[INFO] [stdout] 27 | |     pub struct StateId(pub u32) for State
[INFO] [stdout] 28 | | }
[INFO] [stdout]    | |_- in this macro invocation
[INFO] [stdout]    |
[INFO] [stdout]    = help: implement the missing item: `fn forward_overflowing(_: Self, _: usize) -> (Self, bool) { todo!() }`
[INFO] [stdout]    = help: implement the missing item: `fn backward_overflowing(_: Self, _: usize) -> (Self, bool) { todo!() }`
[INFO] [stdout] 
[INFO] [stdout] 
[INFO] [stdout] error[E0046]: not all trait items implemented, missing: `forward_overflowing`, `backward_overflowing`
[INFO] [stdout]   --> src/lib.rs:52:9
[INFO] [stdout]    |
[INFO] [stdout] 29 |   macro_rules! index_ext {
[INFO] [stdout] ...
[INFO] [stdout] 52 |           impl std::iter::Step for $name {
[INFO] [stdout]    |           ^^^^^^^^^^^^^^^^^^^^^^^^^^^^^^ missing `forward_overflowing`, `backward_overflowing` in implementation
[INFO] [stdout]    |
[INFO] [stdout]   ::: src/ir.rs:25:1
[INFO] [stdout]    |
[INFO] [stdout] 25 | / index_ext! {
[INFO] [stdout] 26 | |     #[derive(Serialize, Deserialize)]
[INFO] [stdout] 27 | |     pub struct StateId(pub u32) for State
[INFO] [stdout] 28 | | }
[INFO] [stdout]    | |_- in this macro invocation
[INFO] [stdout]    |
[INFO] [stdout]    = help: implement the missing item: `fn forward_overflowing(_: Self, _: usize) -> (Self, bool) { todo!() }`
[INFO] [stdout]    = help: implement the missing item: `fn backward_overflowing(_: Self, _: usize) -> (Self, bool) { todo!() }`
[INFO] [stdout] 
[INFO] [stdout] 
[INFO] [stdout] For more information about this error, try `rustc --explain E0046`.
[INFO] [stdout] 
[INFO] [stdout] For more information about this error, try `rustc --explain E0046`.
[INFO] [stdout] 
[INFO] [stderr] error: could not compile `ggsim` (lib) due to 2 previous errors
[INFO] [stderr] warning: build failed, waiting for other jobs to finish...
[INFO] [stderr] error: could not compile `ggsim` (lib test) due to 2 previous errors
[INFO] running `Command { std: "docker" "inspect" "b51a90947126bd44cd6660953cae12378abc5cbb20d344c015a46b4f76ca9a02", kill_on_drop: false }`
[INFO] running `Command { std: "docker" "rm" "-f" "b51a90947126bd44cd6660953cae12378abc5cbb20d344c015a46b4f76ca9a02", kill_on_drop: false }`
[INFO] [stdout] b51a90947126bd44cd6660953cae12378abc5cbb20d344c015a46b4f76ca9a02
