[INFO] cloning repository https://github.com/modeckrus/leptos_rust_llama
[INFO] running `Command { std: "git" "-c" "credential.helper=" "-c" "credential.helper=/workspace/cargo-home/bin/git-credential-null" "clone" "--bare" "https://github.com/modeckrus/leptos_rust_llama" "/workspace/cache/git-repos/https%3A%2F%2Fgithub.com%2Fmodeckrus%2Fleptos_rust_llama", kill_on_drop: false }`
[INFO] [stderr] Cloning into bare repository '/workspace/cache/git-repos/https%3A%2F%2Fgithub.com%2Fmodeckrus%2Fleptos_rust_llama'...
[INFO] running `Command { std: "git" "rev-parse" "HEAD", kill_on_drop: false }`
[INFO] [stdout] 78dca3bfcd7bee06ea55c0f531d907d5f15b4530
[INFO] checking modeckrus/leptos_rust_llama/78dca3bfcd7bee06ea55c0f531d907d5f15b4530 against 8d1a76430406c877b35d0b627e7f796dcf0dfeca+rustflags=-Aunfulfilled-lint-expectations for pr-163637
[INFO] running `Command { std: "git" "clone" "/workspace/cache/git-repos/https%3A%2F%2Fgithub.com%2Fmodeckrus%2Fleptos_rust_llama" "/workspace/builds/worker-2-tc1/source", kill_on_drop: false }`
[INFO] [stderr] Cloning into '/workspace/builds/worker-2-tc1/source'...
[INFO] [stderr] done.
[INFO] removed /workspace/builds/worker-2-tc1/source/rust-toolchain.toml
[INFO] started tweaking git repo https://github.com/modeckrus/leptos_rust_llama
[INFO] finished tweaking git repo https://github.com/modeckrus/leptos_rust_llama
[INFO] tweaked toml for git repo https://github.com/modeckrus/leptos_rust_llama written to /workspace/builds/worker-2-tc1/source/Cargo.toml
[INFO] validating manifest of git repo https://github.com/modeckrus/leptos_rust_llama on toolchain 8d1a76430406c877b35d0b627e7f796dcf0dfeca
[INFO] running `Command { std: CARGO_HOME="/workspace/cargo-home" RUSTUP_HOME="/workspace/rustup-home" "/workspace/cargo-home/bin/cargo" "+8d1a76430406c877b35d0b627e7f796dcf0dfeca" "metadata" "--manifest-path" "Cargo.toml" "--no-deps", kill_on_drop: false }`
[INFO] crate git repo https://github.com/modeckrus/leptos_rust_llama already has a lockfile, it will not be regenerated
[INFO] running `Command { std: CARGO_HOME="/workspace/cargo-home" RUSTUP_HOME="/workspace/rustup-home" "/workspace/cargo-home/bin/cargo" "+8d1a76430406c877b35d0b627e7f796dcf0dfeca" "fetch" "--manifest-path" "Cargo.toml", kill_on_drop: false }`
[INFO] [stderr]     Blocking waiting for file lock on package cache
[INFO] [stderr]     Updating crates.io index
[INFO] [stderr]     Updating git repository `https://github.com/rustformers/llm.git`
[INFO] [stderr]     Updating git submodule `https://github.com/ggerganov/llama.cpp`
[INFO] [stderr]     Blocking waiting for file lock on package cache
[INFO] [stderr]  Downloading crates ...
[INFO] [stderr]   Downloaded monostate v0.1.11
[INFO] [stderr]   Downloaded server_fn_macro_default v0.6.12
[INFO] [stderr]   Downloaded redox_users v0.4.4
[INFO] [stderr]   Downloaded monostate-impl v0.1.11
[INFO] [stderr]   Downloaded server_fn_macro v0.6.12
[INFO] [stderr]   Downloaded ciborium-io v0.2.1
[INFO] [stderr]   Downloaded bytestring v1.3.1
[INFO] [stderr]   Downloaded smallvec v1.12.0
[INFO] [stderr]   Downloaded leptos_hot_reload v0.6.12
[INFO] [stderr]   Downloaded leptos_meta v0.6.12
[INFO] [stderr]   Downloaded ciborium-ll v0.2.1
[INFO] [stderr]   Downloaded inventory v0.3.14
[INFO] [stderr]   Downloaded libredox v0.0.1
[INFO] [stderr]   Downloaded leptos_server v0.6.12
[INFO] [stderr]   Downloaded oco_ref v0.1.1
[INFO] [stderr]   Downloaded self_cell v1.0.3
[INFO] [stderr]   Downloaded attribute-derive-macro v0.9.2
[INFO] [stderr]   Downloaded manyhow-macros v0.10.4
[INFO] [stderr]   Downloaded quote-use v0.8.3
[INFO] [stderr]   Downloaded leptos_config v0.6.12
[INFO] [stderr]   Downloaded quote-use-macros v0.8.3
[INFO] [stderr]   Downloaded leptos_integration_utils v0.6.12
[INFO] [stderr]   Downloaded cached_proc_macro v0.18.1
[INFO] [stderr]   Downloaded typed-builder-macro v0.18.1
[INFO] [stderr]   Downloaded leptos_actix v0.6.12
[INFO] [stderr]   Downloaded leptos v0.6.12
[INFO] [stderr]   Downloaded actix-rt v2.9.0
[INFO] [stderr]   Downloaded actix-web-codegen v4.2.2
[INFO] [stderr]   Downloaded actix-ws v0.2.5
[INFO] [stderr]   Downloaded cached_proc_macro_types v0.1.0
[INFO] [stderr]   Downloaded env_filter v0.1.0
[INFO] [stderr]   Downloaded v_htmlescape v0.15.8
[INFO] [stderr]   Downloaded zstd-safe v7.0.0
[INFO] [stderr]   Downloaded serde_test v1.0.176
[INFO] [stderr]   Downloaded server_fn v0.6.12
[INFO] [stderr]   Downloaded pin-project-internal v1.1.3
[INFO] [stderr]   Downloaded xxhash-rust v0.8.8
[INFO] [stderr]   Downloaded time-macros v0.2.16
[INFO] [stderr]   Downloaded actix-router v0.5.2
[INFO] [stderr]   Downloaded typed-builder v0.18.1
[INFO] [stderr]   Downloaded gloo-net v0.5.0
[INFO] [stderr]   Downloaded semver v1.0.21
[INFO] [stderr]   Downloaded rstml v0.11.2
[INFO] [stderr]   Downloaded yansi v1.0.0-rc.1
[INFO] [stderr]   Downloaded attribute-derive v0.9.2
[INFO] [stderr]   Downloaded manyhow v0.10.4
[INFO] [stderr]   Downloaded ciborium v0.2.1
[INFO] [stderr]   Downloaded wasm-streams v0.4.0
[INFO] [stderr]   Downloaded actix-server v2.3.0
[INFO] [stderr]   Downloaded env_logger v0.11.3
[INFO] [stderr]   Downloaded zstd v0.13.0
[INFO] [stderr]   Downloaded actix-files v0.6.5
[INFO] [stderr]   Downloaded serde_qs v0.12.0
[INFO] [stderr]   Downloaded leptos_router v0.6.12
[INFO] [stderr]   Downloaded pin-project v1.1.3
[INFO] [stderr]   Downloaded leptos_macro v0.6.12
[INFO] [stderr]   Downloaded cached-path v0.6.1
[INFO] [stderr]   Downloaded cached v0.45.1
[INFO] [stderr]   Downloaded leptos_reactive v0.6.12
[INFO] [stderr]   Downloaded uuid v1.6.1
[INFO] [stderr]   Downloaded leptos_dom v0.6.12
[INFO] [stderr]   Downloaded itertools v0.12.0
[INFO] [stderr]   Downloaded toml_edit v0.22.15
[INFO] [stderr]   Downloaded actix-http v3.5.1
[INFO] [stderr]   Downloaded h2 v0.3.23
[INFO] [stderr]   Downloaded rayon v1.8.1
[INFO] [stderr]   Downloaded actix-web v4.4.1
[INFO] [stderr]   Downloaded web-sys v0.3.66
[INFO] [stderr]   Downloaded brotli v3.4.0
[INFO] running `Command { std: "docker" "create" "-v" "/var/lib/crater-agent-workspace/builds/worker-2-tc1/source:/opt/rustwide/workdir:ro,Z" "-v" "/var/lib/crater-agent-workspace/builds/worker-2-tc1/target:/opt/rustwide/target:rw,Z" "-v" "/var/lib/crater-agent-workspace/cargo-home:/opt/rustwide/cargo-home:ro,Z" "-v" "/var/lib/crater-agent-workspace/rustup-home:/opt/rustwide/rustup-home:ro,Z" "-m" "1610612736" "--network" "none" "ghcr.io/rust-lang/crates-build-env/linux@sha256:77db811e55d90add9212f6832c23229e3de5f1c1f9905e8cb07319ea15df73ac" "sleep" "infinity", kill_on_drop: false }`
[INFO] [stdout] cb725e16d1d2b7a9cb591d7a4c05373fdcb31ff7fbd9e3fbc925dbca217952d8
[INFO] running `Command { std: "docker" "start" "cb725e16d1d2b7a9cb591d7a4c05373fdcb31ff7fbd9e3fbc925dbca217952d8", kill_on_drop: false }`
[INFO] running `Command { std: "docker" "inspect" "cb725e16d1d2b7a9cb591d7a4c05373fdcb31ff7fbd9e3fbc925dbca217952d8", kill_on_drop: false }`
[INFO] running `Command { std: "docker" "exec" "-e" "SOURCE_DIR=/opt/rustwide/workdir" "-e" "CARGO_HOME=/opt/rustwide/cargo-home" "-e" "RUSTUP_HOME=/opt/rustwide/rustup-home" "-e" "CARGO_TARGET_DIR=/opt/rustwide/target" "-w" "/opt/rustwide/workdir" "--user" "0:0" "cb725e16d1d2b7a9cb591d7a4c05373fdcb31ff7fbd9e3fbc925dbca217952d8" "/opt/rustwide/cargo-home/bin/cargo" "+8d1a76430406c877b35d0b627e7f796dcf0dfeca" "metadata" "--no-deps" "--format-version=1", kill_on_drop: false }`
[INFO] running `Command { std: "docker" "inspect" "cb725e16d1d2b7a9cb591d7a4c05373fdcb31ff7fbd9e3fbc925dbca217952d8", kill_on_drop: false }`
[INFO] running `Command { std: "docker" "exec" "-e" "SOURCE_DIR=/opt/rustwide/workdir" "-e" "CARGO_HOME=/opt/rustwide/cargo-home" "-e" "RUSTUP_HOME=/opt/rustwide/rustup-home" "-e" "CARGO_TARGET_DIR=/opt/rustwide/target" "-e" "CARGO_INCREMENTAL=0" "-e" "RUST_BACKTRACE=full" "-e" "RUSTFLAGS=--cap-lints=forbid -Aunfulfilled-lint-expectations" "-e" "RUSTDOCFLAGS=--cap-lints=forbid" "-w" "/opt/rustwide/workdir" "--user" "0:0" "cb725e16d1d2b7a9cb591d7a4c05373fdcb31ff7fbd9e3fbc925dbca217952d8" "/opt/rustwide/cargo-home/bin/cargo" "+8d1a76430406c877b35d0b627e7f796dcf0dfeca" "check" "--frozen" "--all" "--all-targets" "--message-format=json", kill_on_drop: false }`
[INFO] [stderr]    Compiling proc-macro2 v1.0.76
[INFO] [stderr]    Compiling serde v1.0.195
[INFO] [stderr]    Compiling once_cell v1.19.0
[INFO] [stderr]    Compiling wasm-bindgen-shared v0.2.92
[INFO] [stderr]     Checking memchr v2.7.1
[INFO] [stderr]    Compiling bumpalo v3.14.0
[INFO] [stderr]    Compiling log v0.4.22
[INFO] [stderr]    Compiling thiserror v1.0.56
[INFO] [stderr]    Compiling wasm-bindgen v0.2.92
[INFO] [stderr]    Compiling libc v0.2.152
[INFO] [stderr]    Compiling smallvec v1.12.0
[INFO] [stderr]     Checking futures-core v0.3.30
[INFO] [stderr]     Checking futures-sink v0.3.30
[INFO] [stderr]     Checking hashbrown v0.14.3
[INFO] [stderr]    Compiling unicode-xid v0.2.4
[INFO] [stderr]    Compiling proc-macro-error-attr v1.0.4
[INFO] [stderr]    Compiling serde_json v1.0.111
[INFO] [stderr]     Checking futures-io v0.3.30
[INFO] [stderr]     Checking equivalent v1.0.1
[INFO] [stderr]     Checking futures-task v0.3.30
[INFO] [stderr]    Compiling proc-macro-error v1.0.4
[INFO] [stderr]    Compiling unicode-segmentation v1.10.1
[INFO] [stderr]     Checking futures-channel v0.3.30
[INFO] [stderr]     Checking ryu v1.0.16
[INFO] [stderr]    Compiling proc-macro2-diagnostics v0.10.1
[INFO] [stderr]    Compiling xxhash-rust v0.8.8
[INFO] [stderr]     Checking bytes v1.5.0
[INFO] [stderr]     Checking unicode-normalization v0.1.22
[INFO] [stderr]    Compiling slotmap v1.0.7
[INFO] [stderr]    Compiling anyhow v1.0.79
[INFO] [stderr]     Checking ciborium-io v0.2.1
[INFO] [stderr]    Compiling camino v1.1.6
[INFO] [stderr]    Compiling yansi v1.0.0-rc.1
[INFO] [stderr]     Checking unicode-bidi v0.3.14
[INFO] [stderr]     Checking half v1.8.2
[INFO] [stderr]     Checking regex-syntax v0.8.2
[INFO] [stderr]    Compiling convert_case v0.6.0
[INFO] [stderr]     Checking http v0.2.11
[INFO] [stderr]    Compiling lock_api v0.4.11
[INFO] [stderr]     Checking tracing-core v0.1.32
[INFO] [stderr]    Compiling interpolator v0.5.0
[INFO] [stderr]     Checking ciborium-ll v0.2.1
[INFO] [stderr]    Compiling prettyplease v0.2.16
[INFO] [stderr]     Checking aho-corasick v1.1.2
[INFO] [stderr]    Compiling collection_literals v1.0.1
[INFO] [stderr]     Checking winnow v0.6.13
[INFO] [stderr]    Compiling walkdir v2.4.0
[INFO] [stderr]     Checking http v1.1.0
[INFO] [stderr]     Checking idna v0.5.0
[INFO] [stderr]     Checking indexmap v2.1.0
[INFO] [stderr]     Checking send_wrapper v0.6.0
[INFO] [stderr]    Compiling quote v1.0.35
[INFO] [stderr]    Compiling pin-project-lite v0.2.13
[INFO] [stderr]     Checking parking_lot_core v0.9.9
[INFO] [stderr]     Checking self_cell v1.0.3
[INFO] [stderr]    Compiling utf8-width v0.1.7
[INFO] [stderr]    Compiling either v1.9.0
[INFO] [stderr]    Compiling getrandom v0.2.12
[INFO] [stderr]    Compiling html-escape v0.2.13
[INFO] [stderr]     Checking nom v7.1.3
[INFO] [stderr]     Checking dashmap v5.5.3
[INFO] [stderr]    Compiling syn v2.0.48
[INFO] [stderr]    Compiling proc-macro-utils v0.8.0
[INFO] [stderr]     Checking url v2.5.0
[INFO] [stderr]    Compiling parking_lot v0.12.1
[INFO] [stderr]    Compiling itertools v0.12.0
[INFO] [stderr]    Compiling const_format_proc_macros v0.2.32
[INFO] [stderr]    Compiling uuid v1.6.1
[INFO] [stderr]     Checking pathdiff v0.2.1
[INFO] [stderr]     Checking pad-adapter v0.1.1
[INFO] [stderr]     Checking drain_filter_polyfill v0.1.3
[INFO] [stderr]     Checking inventory v0.3.14
[INFO] [stderr]     Checking anstyle-parse v0.2.4
[INFO] [stderr]     Checking is_terminal_polyfill v1.70.0
[INFO] [stderr]     Checking anstyle v1.0.7
[INFO] [stderr]     Checking anstyle-query v1.1.0
[INFO] [stderr]     Checking colorchoice v1.0.1
[INFO] [stderr]     Checking humantime v2.1.0
[INFO] [stderr]     Checking tokio v1.35.1
[INFO] [stderr]    Compiling manyhow-macros v0.10.4
[INFO] [stderr]     Checking anstream v0.6.14
[INFO] [stderr]    Compiling const_format v0.2.32
[INFO] [stderr]     Checking regex-automata v0.4.3
[INFO] [stderr]     Checking regex v1.10.2
[INFO] [stderr]    Compiling wasm-bindgen-backend v0.2.92
[INFO] [stderr]    Compiling server_fn_macro v0.6.12
[INFO] [stderr]    Compiling manyhow v0.10.4
[INFO] [stderr]     Checking env_filter v0.1.0
[INFO] [stderr]     Checking env_logger v0.11.3
[INFO] [stderr]    Compiling serde_derive v1.0.195
[INFO] [stderr]    Compiling thiserror-impl v1.0.56
[INFO] [stderr]    Compiling futures-macro v0.3.30
[INFO] [stderr]    Compiling derive-where v1.2.7
[INFO] [stderr]    Compiling tracing-attributes v0.1.27
[INFO] [stderr]    Compiling pin-project-internal v1.1.3
[INFO] [stderr]    Compiling syn_derive v0.1.8
[INFO] [stderr]    Compiling typed-builder-macro v0.18.1
[INFO] [stderr]    Compiling async-recursion v1.0.5
[INFO] [stderr]    Compiling server_fn_macro_default v0.6.12
[INFO] [stderr]     Checking futures-util v0.3.30
[INFO] [stderr]    Compiling wasm-bindgen-macro-support v0.2.92
[INFO] [stderr]     Checking pin-project v1.1.3
[INFO] [stderr]     Checking tracing v0.1.40
[INFO] [stderr]    Compiling rstml v0.11.2
[INFO] [stderr]     Checking typed-builder v0.18.1
[INFO] [stderr]    Compiling quote-use-macros v0.8.3
[INFO] [stderr]    Compiling wasm-bindgen-macro v0.2.92
[INFO] [stderr]    Compiling quote-use v0.8.3
[INFO] [stderr]    Compiling attribute-derive-macro v0.9.2
[INFO] [stderr]    Compiling attribute-derive v0.9.2
[INFO] [stderr]     Checking js-sys v0.3.66
[INFO] [stderr]     Checking console_error_panic_hook v0.1.7
[INFO] [stderr]     Checking futures-executor v0.3.30
[INFO] [stderr]     Checking futures v0.3.30
[INFO] [stderr]     Checking web-sys v0.3.66
[INFO] [stderr]     Checking wasm-bindgen-futures v0.4.39
[INFO] [stderr]    Compiling leptos_hot_reload v0.6.12
[INFO] [stderr]     Checking toml_datetime v0.6.6
[INFO] [stderr]     Checking serde_spanned v0.6.6
[INFO] [stderr]     Checking serde_qs v0.12.0
[INFO] [stderr]     Checking oco_ref v0.1.1
[INFO] [stderr]     Checking ciborium v0.2.1
[INFO] [stderr]     Checking serde-wasm-bindgen v0.6.5
[INFO] [stderr]     Checking serde_test v1.0.176
[INFO] [stderr]     Checking serde_qs v0.13.0
[INFO] [stderr]     Checking toml_edit v0.22.15
[INFO] [stderr]     Checking linear-map v1.2.0
[INFO] [stderr]    Compiling leptos_macro v0.6.12
[INFO] [stderr]     Checking leptos_reactive v0.6.12
[INFO] [stderr]     Checking toml v0.8.14
[INFO] [stderr]     Checking config v0.14.0
[INFO] [stderr]     Checking leptos_config v0.6.12
[INFO] [stderr]     Checking gloo-utils v0.2.0
[INFO] [stderr]     Checking wasm-streams v0.4.0
[INFO] [stderr]     Checking gloo-net v0.5.0
[INFO] [stderr]     Checking server_fn v0.6.12
[INFO] [stderr]     Checking leptos_dom v0.6.12
[INFO] [stderr]     Checking leptos_server v0.6.12
[INFO] [stderr]     Checking leptos v0.6.12
[INFO] [stderr]     Checking leptos_meta v0.6.12
[INFO] [stderr]     Checking leptos_router v0.6.12
[INFO] [stderr]     Checking leptos_rust_llama v0.1.0 (/opt/rustwide/workdir)
[INFO] [stdout] error[E0433]: cannot find module or crate `futures` in this scope
[INFO] [stdout]  --> src/app.rs:4:5
[INFO] [stdout]   |
[INFO] [stdout] 4 | use futures::stream::SplitSink;
[INFO] [stdout]   |     ^^^^^^^ use of unresolved module or unlinked crate `futures`
[INFO] [stdout]   |
[INFO] [stdout]   = help: if you wanted to use a crate named `futures`, use `cargo add futures` to add it to your `Cargo.toml`
[INFO] [stdout] 
[INFO] [stdout] 
[INFO] [stdout] error[E0433]: cannot find module or crate `futures` in this scope
[INFO] [stdout]  --> src/app.rs:4:5
[INFO] [stdout]   |
[INFO] [stdout] 4 | use futures::stream::SplitSink;
[INFO] [stdout]   |     ^^^^^^^ use of unresolved module or unlinked crate `futures`
[INFO] [stdout]   |
[INFO] [stdout]   = help: if you wanted to use a crate named `futures`, use `cargo add futures` to add it to your `Cargo.toml`
[INFO] [stdout] 
[INFO] [stdout] 
[INFO] [stdout] error[E0432]: unresolved import `futures`
[INFO] [stdout]   --> src/app.rs:27:9
[INFO] [stdout]    |
[INFO] [stdout] 27 |     use futures::{SinkExt, StreamExt};
[INFO] [stdout]    |         ^^^^^^^ use of unresolved module or unlinked crate `futures`
[INFO] [stdout]    |
[INFO] [stdout]    = help: if you wanted to use a crate named `futures`, use `cargo add futures` to add it to your `Cargo.toml`
[INFO] [stdout] 
[INFO] [stdout] 
[INFO] [stdout] error[E0432]: unresolved import `futures`
[INFO] [stdout]   --> src/app.rs:27:9
[INFO] [stdout]    |
[INFO] [stdout] 27 |     use futures::{SinkExt, StreamExt};
[INFO] [stdout]    |         ^^^^^^^ use of unresolved module or unlinked crate `futures`
[INFO] [stdout]    |
[INFO] [stdout]    = help: if you wanted to use a crate named `futures`, use `cargo add futures` to add it to your `Cargo.toml`
[INFO] [stdout] 
[INFO] [stdout] 
[INFO] [stdout] error[E0599]: no method named `split` found for struct `gloo_net::websocket::futures::WebSocket` in the current scope
[INFO] [stdout]     --> src/app.rs:39:45
[INFO] [stdout]      |
[INFO] [stdout]   39 |         let (sender, mut recv) = connection.split();
[INFO] [stdout]      |                                             ^^^^^ method not found in `gloo_net::websocket::futures::WebSocket`
[INFO] [stdout]      |
[INFO] [stdout]     ::: /opt/rustwide/cargo-home/registry/src/index.crates.io-1949cf8c6b5b557f/futures-util-0.3.30/src/stream/stream/mod.rs:1582:8
[INFO] [stdout]      |
[INFO] [stdout] 1582 |     fn split<Item>(self) -> (SplitSink<Self, Item>, SplitStream<Self>)
[INFO] [stdout]      |        ----- the method is available for `gloo_net::websocket::futures::WebSocket` here
[INFO] [stdout]      |
[INFO] [stdout]      = help: items from traits can only be used if the trait is in scope
[INFO] [stdout] help: trait `StreamExt` which provides `split` is implemented but not in scope; perhaps you want to import it
[INFO] [stdout]      |
[INFO] [stdout]    1 + use futures_util::stream::stream::StreamExt;
[INFO] [stdout]      |
[INFO] [stdout] 
[INFO] [stdout] 
[INFO] [stdout] error[E0599]: no method named `split` found for struct `gloo_net::websocket::futures::WebSocket` in the current scope
[INFO] [stdout]     --> src/app.rs:39:45
[INFO] [stdout]      |
[INFO] [stdout]   39 |         let (sender, mut recv) = connection.split();
[INFO] [stdout]      |                                             ^^^^^ method not found in `gloo_net::websocket::futures::WebSocket`
[INFO] [stdout]      |
[INFO] [stdout]     ::: /opt/rustwide/cargo-home/registry/src/index.crates.io-1949cf8c6b5b557f/futures-util-0.3.30/src/stream/stream/mod.rs:1582:8
[INFO] [stdout]      |
[INFO] [stdout] 1582 |     fn split<Item>(self) -> (SplitSink<Self, Item>, SplitStream<Self>)
[INFO] [stdout]      |        ----- the method is available for `gloo_net::websocket::futures::WebSocket` here
[INFO] [stdout]      |
[INFO] [stdout]      = help: items from traits can only be used if the trait is in scope
[INFO] [stdout] help: trait `StreamExt` which provides `split` is implemented but not in scope; perhaps you want to import it
[INFO] [stdout]      |
[INFO] [stdout]    1 + use futures_util::stream::stream::StreamExt;
[INFO] [stdout]      |
[INFO] [stdout] 
[INFO] [stdout] 
[INFO] [stdout] Some errors have detailed explanations: E0432, E0433, E0599.
[INFO] [stdout] 
[INFO] [stdout] For more information about an error, try `rustc --explain E0432`.
[INFO] [stdout] 
[INFO] [stdout] Some errors have detailed explanations: E0432, E0433, E0599.
[INFO] [stdout] 
[INFO] [stdout] For more information about an error, try `rustc --explain E0432`.
[INFO] [stdout] 
[INFO] [stderr] error: could not compile `leptos_rust_llama` (lib) due to 3 previous errors
[INFO] [stderr] warning: build failed, waiting for other jobs to finish...
[INFO] [stderr] error: could not compile `leptos_rust_llama` (lib test) due to 3 previous errors
[INFO] running `Command { std: "docker" "inspect" "cb725e16d1d2b7a9cb591d7a4c05373fdcb31ff7fbd9e3fbc925dbca217952d8", kill_on_drop: false }`
[INFO] running `Command { std: "docker" "rm" "-f" "cb725e16d1d2b7a9cb591d7a4c05373fdcb31ff7fbd9e3fbc925dbca217952d8", kill_on_drop: false }`
[INFO] [stdout] cb725e16d1d2b7a9cb591d7a4c05373fdcb31ff7fbd9e3fbc925dbca217952d8
