[INFO] cloning repository https://github.com/mfiumara/nrf-tracker
[INFO] running `Command { std: "git" "-c" "credential.helper=" "-c" "credential.helper=/workspace/cargo-home/bin/git-credential-null" "clone" "--bare" "https://github.com/mfiumara/nrf-tracker" "/workspace/cache/git-repos/https%3A%2F%2Fgithub.com%2Fmfiumara%2Fnrf-tracker", kill_on_drop: false }`
[INFO] [stderr] Cloning into bare repository '/workspace/cache/git-repos/https%3A%2F%2Fgithub.com%2Fmfiumara%2Fnrf-tracker'...
[INFO] running `Command { std: "git" "rev-parse" "HEAD", kill_on_drop: false }`
[INFO] [stdout] 4f4fbcc843cf462403e8b3dfb73830ad4c2fc18b
[INFO] checking mfiumara/nrf-tracker against 8773d2c75a8e90130dcce745a7ec4e66bb9963db+rustflags=-Aunfulfilled-lint-expectations for pr-163637
[INFO] running `Command { std: "git" "clone" "/workspace/cache/git-repos/https%3A%2F%2Fgithub.com%2Fmfiumara%2Fnrf-tracker" "/workspace/builds/worker-0-tc2/source", kill_on_drop: false }`
[INFO] [stderr] Cloning into '/workspace/builds/worker-0-tc2/source'...
[INFO] [stderr] done.
[INFO] removed /workspace/builds/worker-0-tc2/source/.cargo/config.toml
[INFO] started tweaking git repo https://github.com/mfiumara/nrf-tracker
[INFO] finished tweaking git repo https://github.com/mfiumara/nrf-tracker
[INFO] tweaked toml for git repo https://github.com/mfiumara/nrf-tracker written to /workspace/builds/worker-0-tc2/source/Cargo.toml
[INFO] validating manifest of git repo https://github.com/mfiumara/nrf-tracker on toolchain 8773d2c75a8e90130dcce745a7ec4e66bb9963db
[INFO] running `Command { std: CARGO_HOME="/workspace/cargo-home" RUSTUP_HOME="/workspace/rustup-home" "/workspace/cargo-home/bin/cargo" "+8773d2c75a8e90130dcce745a7ec4e66bb9963db" "metadata" "--manifest-path" "Cargo.toml" "--no-deps", kill_on_drop: false }`
[INFO] crate git repo https://github.com/mfiumara/nrf-tracker already has a lockfile, it will not be regenerated
[INFO] running `Command { std: CARGO_HOME="/workspace/cargo-home" RUSTUP_HOME="/workspace/rustup-home" "/workspace/cargo-home/bin/cargo" "+8773d2c75a8e90130dcce745a7ec4e66bb9963db" "fetch" "--manifest-path" "Cargo.toml", kill_on_drop: false }`
[INFO] [stderr]     Blocking waiting for file lock on package cache
[INFO] [stderr]     Blocking waiting for file lock on package cache
[INFO] [stderr]  Downloading crates ...
[INFO] [stderr]   Downloaded panic-probe v0.3.2
[INFO] [stderr]   Downloaded defmt-parser v0.4.1
[INFO] [stderr]   Downloaded cortex-m-rt-macros v0.7.5
[INFO] [stderr]   Downloaded portable-atomic v1.10.0
[INFO] [stderr]   Downloaded defmt v0.3.10
[INFO] [stderr]   Downloaded defmt-macros v0.4.0
[INFO] [stderr]   Downloaded thiserror v2.0.7
[INFO] [stderr]   Downloaded thiserror-impl v2.0.7
[INFO] [stderr]   Downloaded embassy-net v0.5.0
[INFO] [stderr]   Downloaded defmt-rtt v0.4.1
[INFO] [stderr]   Downloaded adp5360 v0.2.1
[INFO] [stderr]   Downloaded cortex-m-rt v0.7.5
[INFO] running `Command { std: "docker" "create" "-v" "/var/lib/crater-agent-workspace/builds/worker-0-tc2/source:/opt/rustwide/workdir:ro,Z" "-v" "/var/lib/crater-agent-workspace/builds/worker-0-tc2/target:/opt/rustwide/target:rw,Z" "-v" "/var/lib/crater-agent-workspace/cargo-home:/opt/rustwide/cargo-home:ro,Z" "-v" "/var/lib/crater-agent-workspace/rustup-home:/opt/rustwide/rustup-home:ro,Z" "-m" "1610612736" "--network" "none" "ghcr.io/rust-lang/crates-build-env/linux@sha256:77db811e55d90add9212f6832c23229e3de5f1c1f9905e8cb07319ea15df73ac" "sleep" "infinity", kill_on_drop: false }`
[INFO] [stdout] d5d52927870a953b50ab6fa37cbc75435c4a1c6bb1003766b120a7fb9965981a
[INFO] running `Command { std: "docker" "start" "d5d52927870a953b50ab6fa37cbc75435c4a1c6bb1003766b120a7fb9965981a", kill_on_drop: false }`
[INFO] running `Command { std: "docker" "inspect" "d5d52927870a953b50ab6fa37cbc75435c4a1c6bb1003766b120a7fb9965981a", kill_on_drop: false }`
[INFO] running `Command { std: "docker" "exec" "-e" "SOURCE_DIR=/opt/rustwide/workdir" "-e" "CARGO_HOME=/opt/rustwide/cargo-home" "-e" "RUSTUP_HOME=/opt/rustwide/rustup-home" "-e" "CARGO_TARGET_DIR=/opt/rustwide/target" "-w" "/opt/rustwide/workdir" "--user" "0:0" "d5d52927870a953b50ab6fa37cbc75435c4a1c6bb1003766b120a7fb9965981a" "/opt/rustwide/cargo-home/bin/cargo" "+8773d2c75a8e90130dcce745a7ec4e66bb9963db" "metadata" "--no-deps" "--format-version=1", kill_on_drop: false }`
[INFO] running `Command { std: "docker" "inspect" "d5d52927870a953b50ab6fa37cbc75435c4a1c6bb1003766b120a7fb9965981a", kill_on_drop: false }`
[INFO] running `Command { std: "docker" "exec" "-e" "SOURCE_DIR=/opt/rustwide/workdir" "-e" "CARGO_HOME=/opt/rustwide/cargo-home" "-e" "RUSTUP_HOME=/opt/rustwide/rustup-home" "-e" "CARGO_TARGET_DIR=/opt/rustwide/target" "-e" "CARGO_INCREMENTAL=0" "-e" "RUST_BACKTRACE=full" "-e" "RUSTFLAGS=--cap-lints=forbid -Aunfulfilled-lint-expectations" "-e" "RUSTDOCFLAGS=--cap-lints=forbid" "-w" "/opt/rustwide/workdir" "--user" "0:0" "d5d52927870a953b50ab6fa37cbc75435c4a1c6bb1003766b120a7fb9965981a" "/opt/rustwide/cargo-home/bin/cargo" "+8773d2c75a8e90130dcce745a7ec4e66bb9963db" "check" "--frozen" "--all" "--all-targets" "--message-format=json", kill_on_drop: false }`
[INFO] [stderr]    Compiling proc-macro2 v1.0.92
[INFO] [stderr]    Compiling unicode-ident v1.0.14
[INFO] [stderr]    Compiling defmt v0.3.10
[INFO] [stderr]    Compiling thiserror v2.0.7
[INFO] [stderr]    Compiling defmt-macros v0.4.0
[INFO] [stderr]     Checking nb v1.1.0
[INFO] [stderr]    Compiling cortex-m v0.7.7
[INFO] [stderr]     Checking critical-section v1.2.0
[INFO] [stderr]    Compiling embassy-time-driver v0.1.0 (https://github.com/embassy-rs/embassy?rev=02ba6cd6c81ac1174287bbad1efd4fd68ad13aa3#02ba6cd6)
[INFO] [stderr]    Compiling heapless v0.8.0
[INFO] [stderr]     Checking byteorder v1.5.0
[INFO] [stderr]    Compiling embassy-time-queue-driver v0.1.0 (https://github.com/embassy-rs/embassy?rev=02ba6cd6c81ac1174287bbad1efd4fd68ad13aa3#02ba6cd6)
[INFO] [stderr]     Checking stable_deref_trait v1.2.0
[INFO] [stderr]     Checking vcell v0.1.3
[INFO] [stderr]    Compiling embedded-io-async v0.6.1
[INFO] [stderr]    Compiling bare-metal v0.2.5
[INFO] [stderr]    Compiling litrs v0.4.1
[INFO] [stderr]    Compiling embedded-hal-async v1.0.0
[INFO] [stderr]     Checking volatile-register v0.2.2
[INFO] [stderr]     Checking futures-task v0.3.31
[INFO] [stderr]     Checking pin-project-lite v0.2.15
[INFO] [stderr]     Checking embedded-hal v1.0.0
[INFO] [stderr]     Checking nb v0.1.3
[INFO] [stderr]     Checking bitfield v0.13.2
[INFO] [stderr]    Compiling cortex-m-rt v0.7.5
[INFO] [stderr]     Checking futures-core v0.3.31
[INFO] [stderr]     Checking embedded-hal v0.2.7
[INFO] [stderr]    Compiling embassy-sync v0.6.1 (https://github.com/embassy-rs/embassy?rev=02ba6cd6c81ac1174287bbad1efd4fd68ad13aa3#02ba6cd6)
[INFO] [stderr]    Compiling num-traits v0.2.19
[INFO] [stderr]     Checking hash32 v0.3.1
[INFO] [stderr]     Checking futures-sink v0.3.31
[INFO] [stderr]    Compiling az v1.2.1
[INFO] [stderr]    Compiling smoltcp v0.12.0
[INFO] [stderr]    Compiling nrf-pac v0.1.0 (https://github.com/embassy-rs/nrf-pac?rev=52e3a757f06035c94291bfc42b0c03f71e4d677e#52e3a757)
[INFO] [stderr]     Checking embedded-storage v0.3.1
[INFO] [stderr]     Checking futures-util v0.3.31
[INFO] [stderr]    Compiling fixed v1.28.0
[INFO] [stderr]    Compiling portable-atomic v1.10.0
[INFO] [stderr]    Compiling embassy-hal-internal v0.2.0 (https://github.com/embassy-rs/embassy?rev=02ba6cd6c81ac1174287bbad1efd4fd68ad13aa3#02ba6cd6)
[INFO] [stderr]     Checking embedded-nal v0.9.0
[INFO] [stderr]     Checking half v2.4.1
[INFO] [stderr]     Checking managed v0.8.0
[INFO] [stderr]    Compiling embassy-executor v0.6.3 (https://github.com/embassy-rs/embassy?rev=02ba6cd6c81ac1174287bbad1efd4fd68ad13aa3#02ba6cd6)
[INFO] [stderr]    Compiling defmt-rtt v0.4.1
[INFO] [stdout] error[E0425]: cannot find function `__basepri_r` in module `crate::asm::inline`
[INFO] [stdout]   --> /opt/rustwide/cargo-home/registry/src/index.crates.io-1949cf8c6b5b557f/cortex-m-0.7.7/src/register/basepri.rs:6:15
[INFO] [stdout]    |
[INFO] [stdout]  6 |     call_asm!(__basepri_r() -> u8)
[INFO] [stdout]    |               ^^^^^^^^^^^ not found in `crate::asm::inline`
[INFO] [stdout]    |
[INFO] [stdout]   ::: /opt/rustwide/cargo-home/registry/src/index.crates.io-1949cf8c6b5b557f/cortex-m-0.7.7/src/call_asm.rs:11:43
[INFO] [stdout]    |
[INFO] [stdout] 11 |                 () => crate::asm::inline::$func($($args),*),
[INFO] [stdout]    |                                           ----- due to this macro variable
[INFO] [stdout] 
[INFO] [stdout] 
[INFO] [stdout] error[E0425]: cannot find function `__basepri_w` in module `crate::asm::inline`
[INFO] [stdout]   --> /opt/rustwide/cargo-home/registry/src/index.crates.io-1949cf8c6b5b557f/cortex-m-0.7.7/src/register/basepri.rs:22:19
[INFO] [stdout]    |
[INFO] [stdout] 22 |         call_asm!(__basepri_w(basepri: u8));
[INFO] [stdout]    |                   ^^^^^^^^^^^ not found in `crate::asm::inline`
[INFO] [stdout]    |
[INFO] [stdout]   ::: /opt/rustwide/cargo-home/registry/src/index.crates.io-1949cf8c6b5b557f/cortex-m-0.7.7/src/call_asm.rs:11:43
[INFO] [stdout]    |
[INFO] [stdout] 11 |                 () => crate::asm::inline::$func($($args),*),
[INFO] [stdout]    |                                           ----- due to this macro variable
[INFO] [stdout] 
[INFO] [stdout] 
[INFO] [stdout] error[E0425]: cannot find function `__basepri_max` in module `crate::asm::inline`
[INFO] [stdout]   --> /opt/rustwide/cargo-home/registry/src/index.crates.io-1949cf8c6b5b557f/cortex-m-0.7.7/src/register/basepri_max.rs:19:19
[INFO] [stdout]    |
[INFO] [stdout] 19 |         call_asm!(__basepri_max(basepri: u8));
[INFO] [stdout]    |                   ^^^^^^^^^^^^^ not found in `crate::asm::inline`
[INFO] [stdout]    |
[INFO] [stdout]   ::: /opt/rustwide/cargo-home/registry/src/index.crates.io-1949cf8c6b5b557f/cortex-m-0.7.7/src/call_asm.rs:11:43
[INFO] [stdout]    |
[INFO] [stdout] 11 |                 () => crate::asm::inline::$func($($args),*),
[INFO] [stdout]    |                                           ----- due to this macro variable
[INFO] [stdout] 
[INFO] [stdout] 
[INFO] [stdout] error[E0425]: cannot find function `__faultmask_r` in module `crate::asm::inline`
[INFO] [stdout]   --> /opt/rustwide/cargo-home/registry/src/index.crates.io-1949cf8c6b5b557f/cortex-m-0.7.7/src/register/faultmask.rs:29:28
[INFO] [stdout]    |
[INFO] [stdout] 29 |     let r: u32 = call_asm!(__faultmask_r() -> u32);
[INFO] [stdout]    |                            ^^^^^^^^^^^^^ not found in `crate::asm::inline`
[INFO] [stdout]    |
[INFO] [stdout]   ::: /opt/rustwide/cargo-home/registry/src/index.crates.io-1949cf8c6b5b557f/cortex-m-0.7.7/src/call_asm.rs:11:43
[INFO] [stdout]    |
[INFO] [stdout] 11 |                 () => crate::asm::inline::$func($($args),*),
[INFO] [stdout]    |                                           ----- due to this macro variable
[INFO] [stdout] 
[INFO] [stdout] 
[INFO] [stdout] error: invalid register `r0`: unknown register
[INFO] [stdout]    --> /opt/rustwide/cargo-home/registry/src/index.crates.io-1949cf8c6b5b557f/cortex-m-0.7.7/src/../asm/inline.rs:197:24
[INFO] [stdout]     |
[INFO] [stdout] 197 |     asm!("bkpt #0xab", inout("r0") nr, in("r1") arg, options(nomem, nostack, preserves_flags));
[INFO] [stdout]     |                        ^^^^^^^^^^^^^^
[INFO] [stdout] 
[INFO] [stdout] 
[INFO] [stdout] error: invalid register `r1`: unknown register
[INFO] [stdout]    --> /opt/rustwide/cargo-home/registry/src/index.crates.io-1949cf8c6b5b557f/cortex-m-0.7.7/src/../asm/inline.rs:197:40
[INFO] [stdout]     |
[INFO] [stdout] 197 |     asm!("bkpt #0xab", inout("r0") nr, in("r1") arg, options(nomem, nostack, preserves_flags));
[INFO] [stdout]     |                                        ^^^^^^^^^^^^
[INFO] [stdout] 
[INFO] [stdout] 
[INFO] [stderr]     Checking embedded-storage-async v0.4.1
[INFO] [stderr]     Checking bytemuck v1.20.0
[INFO] [stderr]    Compiling panic-probe v0.3.2
[INFO] [stdout] For more information about this error, try `rustc --explain E0425`.
[INFO] [stdout] 
[INFO] [stderr]    Compiling document-features v0.2.10
[INFO] [stderr] error: could not compile `cortex-m` (lib) due to 6 previous errors
[INFO] [stderr] warning: build failed, waiting for other jobs to finish...
[INFO] running `Command { std: "docker" "inspect" "d5d52927870a953b50ab6fa37cbc75435c4a1c6bb1003766b120a7fb9965981a", kill_on_drop: false }`
[INFO] running `Command { std: "docker" "rm" "-f" "d5d52927870a953b50ab6fa37cbc75435c4a1c6bb1003766b120a7fb9965981a", kill_on_drop: false }`
[INFO] [stdout] d5d52927870a953b50ab6fa37cbc75435c4a1c6bb1003766b120a7fb9965981a
