[INFO] cloning repository https://github.com/jordan-rash/help_me_brooks
[INFO] running `Command { std: "git" "-c" "credential.helper=" "-c" "credential.helper=/workspace/cargo-home/bin/git-credential-null" "clone" "--bare" "https://github.com/jordan-rash/help_me_brooks" "/workspace/cache/git-repos/https%3A%2F%2Fgithub.com%2Fjordan-rash%2Fhelp_me_brooks", kill_on_drop: false }`
[INFO] [stderr] Cloning into bare repository '/workspace/cache/git-repos/https%3A%2F%2Fgithub.com%2Fjordan-rash%2Fhelp_me_brooks'...
[INFO] running `Command { std: "git" "rev-parse" "HEAD", kill_on_drop: false }`
[INFO] [stdout] 2caab72c576dced6012d84eb006cf50a2d5bc25e
[INFO] checking jordan-rash/help_me_brooks against 8773d2c75a8e90130dcce745a7ec4e66bb9963db+rustflags=-Aunfulfilled-lint-expectations for pr-163637
[INFO] running `Command { std: "git" "clone" "/workspace/cache/git-repos/https%3A%2F%2Fgithub.com%2Fjordan-rash%2Fhelp_me_brooks" "/workspace/builds/worker-6-tc2/source", kill_on_drop: false }`
[INFO] [stderr] Cloning into '/workspace/builds/worker-6-tc2/source'...
[INFO] [stderr] done.
[INFO] removed /workspace/builds/worker-6-tc2/source/.cargo/config.toml
[INFO] started tweaking git repo https://github.com/jordan-rash/help_me_brooks
[INFO] finished tweaking git repo https://github.com/jordan-rash/help_me_brooks
[INFO] tweaked toml for git repo https://github.com/jordan-rash/help_me_brooks written to /workspace/builds/worker-6-tc2/source/Cargo.toml
[INFO] validating manifest of git repo https://github.com/jordan-rash/help_me_brooks on toolchain 8773d2c75a8e90130dcce745a7ec4e66bb9963db
[INFO] running `Command { std: CARGO_HOME="/workspace/cargo-home" RUSTUP_HOME="/workspace/rustup-home" "/workspace/cargo-home/bin/cargo" "+8773d2c75a8e90130dcce745a7ec4e66bb9963db" "metadata" "--manifest-path" "Cargo.toml" "--no-deps", kill_on_drop: false }`
[INFO] crate git repo https://github.com/jordan-rash/help_me_brooks already has a lockfile, it will not be regenerated
[INFO] running `Command { std: CARGO_HOME="/workspace/cargo-home" RUSTUP_HOME="/workspace/rustup-home" "/workspace/cargo-home/bin/cargo" "+8773d2c75a8e90130dcce745a7ec4e66bb9963db" "fetch" "--manifest-path" "Cargo.toml", kill_on_drop: false }`
[INFO] [stderr]     Blocking waiting for file lock on package cache
[INFO] [stderr]     Blocking waiting for file lock on package cache
[INFO] [stderr]  Downloading crates ...
[INFO] [stderr]   Downloaded serde_derive v1.0.144
[INFO] [stderr]   Downloaded pest_derive v2.3.0
[INFO] [stderr]   Downloaded minicbor-ser v0.1.3
[INFO] [stderr]   Downloaded escape_string v0.1.2
[INFO] [stderr]   Downloaded signature v1.6.0
[INFO] [stderr]   Downloaded futures-io v0.3.23
[INFO] [stderr]   Downloaded base64ct v1.1.1
[INFO] [stderr]   Downloaded tracing-serde v0.1.3
[INFO] [stderr]   Downloaded serde v1.0.144
[INFO] [stderr]   Downloaded httparse v1.7.1
[INFO] [stderr]   Downloaded serde_nanos v0.1.2
[INFO] [stderr]   Downloaded clap_derive v3.2.17
[INFO] [stderr]   Downloaded ipnet v2.5.0
[INFO] [stderr]   Downloaded futures-task v0.3.23
[INFO] [stderr]   Downloaded hyper-rustls v0.23.0
[INFO] [stderr]   Downloaded ctor v0.1.23
[INFO] [stderr]   Downloaded der v0.4.5
[INFO] [stderr]   Downloaded unicode-xid v0.2.3
[INFO] [stderr]   Downloaded futures-macro v0.3.23
[INFO] [stderr]   Downloaded sha-1 v0.10.0
[INFO] [stderr]   Downloaded block-buffer v0.10.2
[INFO] [stderr]   Downloaded pest_meta v2.3.0
[INFO] [stderr]   Downloaded uuid v1.1.2
[INFO] [stderr]   Downloaded output_vt100 v0.1.3
[INFO] [stderr]   Downloaded wasmbus-macros v0.1.11
[INFO] [stderr]   Downloaded cpufeatures v0.2.4
[INFO] [stderr]   Downloaded const-oid v0.6.2
[INFO] [stderr]   Downloaded ed25519 v1.5.2
[INFO] [stderr]   Downloaded futures-core v0.3.23
[INFO] [stderr]   Downloaded atelier_assembler v0.1.4
[INFO] [stderr]   Downloaded atelier_test v0.1.4
[INFO] [stderr]   Downloaded nuid v0.3.2
[INFO] [stderr]   Downloaded serde_bytes v0.11.7
[INFO] [stderr]   Downloaded pest_ascii_tree v0.1.0
[INFO] [stderr]   Downloaded weld-codegen v0.5.0
[INFO] [stderr]   Downloaded itoa v1.0.3
[INFO] [stderr]   Downloaded futures-channel v0.3.23
[INFO] [stderr]   Downloaded once_cell v1.13.1
[INFO] [stderr]   Downloaded error-chain v0.12.4
[INFO] [stderr]   Downloaded spki v0.4.1
[INFO] [stderr]   Downloaded futures-sink v0.3.23
[INFO] [stderr]   Downloaded tracing-attributes v0.1.22
[INFO] [stderr]   Downloaded ascii_tree v0.1.1
[INFO] [stderr]   Downloaded sha2 v0.9.9
[INFO] [stderr]   Downloaded os_str_bytes v6.3.0
[INFO] [stderr]   Downloaded async-nats v0.18.0
[INFO] [stderr]   Downloaded semver v1.0.13
[INFO] [stderr]   Downloaded downloader v0.2.6
[INFO] [stderr]   Downloaded paste v1.0.8
[INFO] [stderr]   Downloaded data-encoding v2.3.2
[INFO] [stderr]   Downloaded rmp v0.8.11
[INFO] [stderr]   Downloaded serde_repr v0.1.9
[INFO] [stderr]   Downloaded digest v0.10.3
[INFO] [stderr]   Downloaded wascap v0.8.0
[INFO] [stderr]   Downloaded sha2 v0.10.2
[INFO] [stderr]   Downloaded ucd-trie v0.1.4
[INFO] [stderr]   Downloaded futures v0.3.23
[INFO] [stderr]   Downloaded directories v4.0.1
[INFO] [stderr]   Downloaded anyhow v1.0.62
[INFO] [stderr]   Downloaded zeroize_derive v1.3.2
[INFO] [stderr]   Downloaded async-task v4.3.0
[INFO] [stderr]   Downloaded pest_generator v2.3.0
[INFO] [stderr]   Downloaded atelier_smithy v0.2.13
[INFO] [stderr]   Downloaded diff v0.1.13
[INFO] [stderr]   Downloaded nkeys v0.2.0
[INFO] [stderr]   Downloaded rmp-serde v1.1.0
[INFO] [stderr]   Downloaded socket2 v0.4.6
[INFO] [stderr]   Downloaded lexical-sort v0.3.1
[INFO] [stderr]   Downloaded futures-executor v0.3.23
[INFO] [stderr]   Downloaded pretty_assertions v0.7.2
[INFO] [stderr]   Downloaded pkcs8 v0.7.6
[INFO] [stderr]   Downloaded env_logger v0.8.4
[INFO] [stderr]   Downloaded async-trait v0.1.57
[INFO] [stderr]   Downloaded tracing-core v0.1.29
[INFO] [stderr]   Downloaded textwrap v0.15.0
[INFO] [stderr]   Downloaded atelier_core v0.2.22
[INFO] [stderr]   Downloaded pem-rfc7468 v0.2.4
[INFO] [stderr]   Downloaded time v0.3.14
[INFO] [stderr]   Downloaded rustls-pemfile v0.2.1
[INFO] [stderr]   Downloaded tracing v0.1.36
[INFO] [stderr]   Downloaded tokio-util v0.7.3
[INFO] [stderr]   Downloaded miniz_oxide v0.5.3
[INFO] [stderr]   Downloaded wasmbus-rpc v0.10.0
[INFO] [stderr]   Downloaded signatory v0.23.2
[INFO] [stderr]   Downloaded bumpalo v3.11.0
[INFO] [stderr]   Downloaded http v0.2.8
[INFO] [stderr]   Downloaded handlebars v4.3.3
[INFO] [stderr]   Downloaded minicbor-derive v0.11.0
[INFO] [stderr]   Downloaded serde_json v1.0.85
[INFO] [stderr]   Downloaded reqwest v0.11.11
[INFO] [stderr]   Downloaded pest v2.3.0
[INFO] [stderr]   Downloaded nats v0.22.0
[INFO] [stderr]   Downloaded unicode-normalization v0.1.21
[INFO] [stderr]   Downloaded hyper v0.14.20
[INFO] [stderr]   Downloaded h2 v0.3.14
[INFO] [stderr]   Downloaded futures-util v0.3.23
[INFO] [stderr]   Downloaded clap v3.2.17
[INFO] [stderr]   Downloaded concurrent-queue v1.2.4
[INFO] [stderr]   Downloaded webpki-roots v0.22.4
[INFO] [stderr]   Downloaded tracing-subscriber v0.3.15
[INFO] [stderr]   Downloaded any_ascii v0.1.7
[INFO] [stderr]   Downloaded rustls v0.20.6
[INFO] [stderr]   Downloaded parity-wasm v0.42.2
[INFO] [stderr]   Downloaded rustls-native-certs v0.6.2
[INFO] [stderr]   Downloaded tokio v1.20.1
[INFO] [stderr]   Downloaded libc v0.2.132
[INFO] [stderr]   Downloaded curve25519-dalek v3.2.0
[INFO] [stderr]   Downloaded web-sys v0.3.59
[INFO] [stderr]   Downloaded minicbor v0.17.1
[INFO] [stderr]   Downloaded async-channel v1.7.1
[INFO] [stderr]   Downloaded atomic-waker v1.0.0
[INFO] [stderr]   Downloaded parking v2.0.0
[INFO] [stderr]   Downloaded rustls-pemfile v0.3.0
[INFO] [stderr]   Downloaded wasmcloud-interface-httpserver v0.7.0
[INFO] [stderr]   Downloaded subslice v0.2.3
[INFO] [stderr]   Downloaded half v1.8.2
[INFO] [stderr]   Downloaded waker-fn v1.1.0
[INFO] [stderr]   Downloaded minicbor v0.11.5
[INFO] [stderr]   Downloaded blocking v1.2.0
[INFO] [stderr]   Downloaded rustls-native-certs v0.5.0
[INFO] [stderr]   Downloaded wasmcloud-interface-sqldb v0.7.0
[INFO] [stderr]   Downloaded base64-url v1.4.13
[INFO] [stderr]   Downloaded atelier_json v0.2.7
[INFO] [stderr]   Downloaded futures-lite v1.12.0
[INFO] running `Command { std: "docker" "create" "-v" "/var/lib/crater-agent-workspace/builds/worker-6-tc2/source:/opt/rustwide/workdir:ro,Z" "-v" "/var/lib/crater-agent-workspace/builds/worker-6-tc2/target:/opt/rustwide/target:rw,Z" "-v" "/var/lib/crater-agent-workspace/cargo-home:/opt/rustwide/cargo-home:ro,Z" "-v" "/var/lib/crater-agent-workspace/rustup-home:/opt/rustwide/rustup-home:ro,Z" "-m" "1610612736" "--network" "none" "ghcr.io/rust-lang/crates-build-env/linux@sha256:77db811e55d90add9212f6832c23229e3de5f1c1f9905e8cb07319ea15df73ac" "sleep" "infinity", kill_on_drop: false }`
[INFO] [stdout] e1c112d6009a009570379eec0747f3dbadf3ad6114f6d1a089b7ecec6c76d213
[INFO] running `Command { std: "docker" "start" "e1c112d6009a009570379eec0747f3dbadf3ad6114f6d1a089b7ecec6c76d213", kill_on_drop: false }`
[INFO] running `Command { std: "docker" "inspect" "e1c112d6009a009570379eec0747f3dbadf3ad6114f6d1a089b7ecec6c76d213", kill_on_drop: false }`
[INFO] running `Command { std: "docker" "exec" "-e" "SOURCE_DIR=/opt/rustwide/workdir" "-e" "CARGO_HOME=/opt/rustwide/cargo-home" "-e" "RUSTUP_HOME=/opt/rustwide/rustup-home" "-e" "CARGO_TARGET_DIR=/opt/rustwide/target" "-w" "/opt/rustwide/workdir" "--user" "0:0" "e1c112d6009a009570379eec0747f3dbadf3ad6114f6d1a089b7ecec6c76d213" "/opt/rustwide/cargo-home/bin/cargo" "+8773d2c75a8e90130dcce745a7ec4e66bb9963db" "metadata" "--no-deps" "--format-version=1", kill_on_drop: false }`
[INFO] running `Command { std: "docker" "inspect" "e1c112d6009a009570379eec0747f3dbadf3ad6114f6d1a089b7ecec6c76d213", kill_on_drop: false }`
[INFO] running `Command { std: "docker" "exec" "-e" "SOURCE_DIR=/opt/rustwide/workdir" "-e" "CARGO_HOME=/opt/rustwide/cargo-home" "-e" "RUSTUP_HOME=/opt/rustwide/rustup-home" "-e" "CARGO_TARGET_DIR=/opt/rustwide/target" "-e" "CARGO_INCREMENTAL=0" "-e" "RUST_BACKTRACE=full" "-e" "RUSTFLAGS=--cap-lints=forbid -Aunfulfilled-lint-expectations" "-e" "RUSTDOCFLAGS=--cap-lints=forbid" "-w" "/opt/rustwide/workdir" "--user" "0:0" "e1c112d6009a009570379eec0747f3dbadf3ad6114f6d1a089b7ecec6c76d213" "/opt/rustwide/cargo-home/bin/cargo" "+8773d2c75a8e90130dcce745a7ec4e66bb9963db" "check" "--frozen" "--all" "--all-targets" "--message-format=json", kill_on_drop: false }`
[INFO] [stderr]    Compiling proc-macro2 v1.0.43
[INFO] [stderr]    Compiling unicode-ident v1.0.3
[INFO] [stderr]    Compiling quote v1.0.21
[INFO] [stderr]    Compiling syn v1.0.99
[INFO] [stderr]    Compiling libc v0.2.132
[INFO] [stderr]    Compiling autocfg v1.1.0
[INFO] [stderr]     Checking once_cell v1.13.1
[INFO] [stderr]    Compiling version_check v0.9.4
[INFO] [stderr]    Compiling memchr v2.5.0
[INFO] [stderr]    Compiling log v0.4.17
[INFO] [stderr]    Compiling serde_derive v1.0.144
[INFO] [stderr]    Compiling typenum v1.15.0
[INFO] [stderr]    Compiling cc v1.0.73
[INFO] [stderr]    Compiling serde v1.0.144
[INFO] [stderr]     Checking pin-project-lite v0.2.9
[INFO] [stderr]    Compiling futures-core v0.3.23
[INFO] [stderr]    Compiling unicode-xid v0.2.3
[INFO] [stderr]    Compiling parking_lot_core v0.9.3
[INFO] [stderr]     Checking regex-syntax v0.6.27
[INFO] [stderr]     Checking const-oid v0.6.2
[INFO] [stderr]     Checking smallvec v1.9.0
[INFO] [stderr]     Checking itoa v1.0.3
[INFO] [stderr]     Checking cpufeatures v0.2.4
[INFO] [stderr]     Checking futures-io v0.3.23
[INFO] [stderr]     Checking signature v1.6.0
[INFO] [stderr]     Checking tracing-core v0.1.29
[INFO] [stderr]     Checking base64ct v1.1.1
[INFO] [stderr]    Compiling futures-task v0.3.23
[INFO] [stderr]     Checking der v0.4.5
[INFO] [stderr]    Compiling generic-array v0.14.6
[INFO] [stderr]    Compiling lock_api v0.4.7
[INFO] [stderr]    Compiling slab v0.4.7
[INFO] [stderr]    Compiling futures-channel v0.3.23
[INFO] [stderr]    Compiling serde_json v1.0.85
[INFO] [stderr]     Checking futures-sink v0.3.23
[INFO] [stderr]     Checking pem-rfc7468 v0.2.4
[INFO] [stderr]     Checking rand_core v0.5.1
[INFO] [stderr]     Checking subtle v2.4.1
[INFO] [stderr]     Checking tinyvec v1.6.0
[INFO] [stderr]    Compiling tokio v1.20.1
[INFO] [stderr]     Checking ed25519 v1.5.2
[INFO] [stderr]     Checking ryu v1.0.11
[INFO] [stderr]    Compiling futures-util v0.3.23
[INFO] [stderr]     Checking matches v0.1.9
[INFO] [stderr]     Checking bytes v1.2.1
[INFO] [stderr]     Checking aho-corasick v0.7.18
[INFO] [stderr]    Compiling num-traits v0.2.15
[INFO] [stderr]    Compiling crossbeam-utils v0.7.2
[INFO] [stderr]    Compiling proc-macro-error-attr v1.0.4
[INFO] [stderr]    Compiling rustls v0.20.6
[INFO] [stderr]     Checking getrandom v0.2.7
[INFO] [stderr]     Checking signal-hook-registry v1.4.0
[INFO] [stderr]     Checking mio v0.8.4
[INFO] [stderr]     Checking socket2 v0.4.6
[INFO] [stderr]     Checking spki v0.4.1
[INFO] [stderr]     Checking rand_core v0.6.3
[INFO] [stderr]     Checking num_cpus v1.13.1
[INFO] [stderr]     Checking unicode-bidi v0.3.8
[INFO] [stderr]     Checking parking_lot v0.12.1
[INFO] [stderr]    Compiling crossbeam-utils v0.8.11
[INFO] [stderr]     Checking rand_chacha v0.3.1
[INFO] [stderr]     Checking cache-padded v1.2.0
[INFO] [stderr]     Checking data-encoding v2.3.2
[INFO] [stderr]     Checking unicode-normalization v0.1.21
[INFO] [stderr]     Checking form_urlencoded v1.0.1
[INFO] [stderr]     Checking concurrent-queue v1.2.4
[INFO] [stderr]    Compiling proc-macro-error v1.0.4
[INFO] [stderr]     Checking num_threads v0.1.6
[INFO] [stderr]     Checking waker-fn v1.1.0
[INFO] [stderr]     Checking event-listener v2.5.3
[INFO] [stderr]    Compiling minicbor v0.11.5
[INFO] [stderr]     Checking parking v2.0.0
[INFO] [stderr]     Checking rand v0.8.5
[INFO] [stderr]     Checking fastrand v1.8.0
[INFO] [stderr]     Checking async-channel v1.7.1
[INFO] [stderr]     Checking atty v0.2.14
[INFO] [stderr]     Checking futures-lite v1.12.0
[INFO] [stderr]    Compiling ring v0.16.20
[INFO] [stderr]     Checking base64-url v1.4.13
[INFO] [stderr]     Checking rustls-pemfile v1.0.1
[INFO] [stderr]    Compiling minicbor v0.17.1
[INFO] [stderr]     Checking termcolor v1.1.3
[INFO] [stderr]     Checking async-task v4.3.0
[INFO] [stderr]    Compiling anyhow v1.0.62
[INFO] [stderr]     Checking atomic-waker v1.0.0
[INFO] [stderr]    Compiling paste v1.0.8
[INFO] [stderr]    Compiling async-trait v0.1.57
[INFO] [stderr]     Checking http v0.2.8
[INFO] [stderr]     Checking idna v0.2.3
[INFO] [stderr]     Checking rustls-native-certs v0.6.2
[INFO] [stderr]     Checking crossbeam-channel v0.5.6
[INFO] [stderr]     Checking subslice v0.2.3
[INFO] [stderr]     Checking url v2.2.2
[INFO] [stderr]     Checking tracing-log v0.1.3
[INFO] [stderr]     Checking nuid v0.3.2
[INFO] [stderr]     Checking thread_local v1.1.4
[INFO] [stderr]     Checking sharded-slab v0.1.4
[INFO] [stderr]     Checking rustls-pemfile v0.2.1
[INFO] [stderr]     Checking tokio-executor v0.1.10
[INFO] [stderr]     Checking rustls-pemfile v0.3.0
[INFO] [stderr]     Checking half v1.8.2
[INFO] [stderr]     Checking blocking v1.2.0
[INFO] [stderr]     Checking ansi_term v0.12.1
[INFO] [stderr]     Checking parity-wasm v0.42.2
[INFO] [stderr]     Checking json v0.12.4
[INFO] [stderr]     Checking tokio-timer v0.2.13
[INFO] [stderr]     Checking regex v1.6.0
[INFO] [stderr]     Checking regex-automata v0.1.10
[INFO] [stderr]     Checking rmp v0.8.11
[INFO] [stderr]     Checking matchers v0.1.0
[INFO] [stderr]     Checking digest v0.9.0
[INFO] [stderr]     Checking block-buffer v0.9.0
[INFO] [stderr]     Checking block-buffer v0.10.2
[INFO] [stderr]     Checking crypto-common v0.1.6
[INFO] [stderr]     Checking env_logger v0.8.4
[INFO] [stderr]     Checking sha2 v0.9.9
[INFO] [stderr]     Checking digest v0.10.3
[INFO] [stderr]     Checking sha2 v0.10.2
[INFO] [stderr]     Checking sct v0.7.0
[INFO] [stderr]     Checking webpki v0.22.0
[INFO] [stderr]     Checking webpki v0.21.4
[INFO] [stderr]     Checking sct v0.6.1
[INFO] [stderr]     Checking rustls v0.19.1
[INFO] [stderr]     Checking rustls-native-certs v0.5.0
[INFO] [stderr]    Compiling synstructure v0.12.6
[INFO] [stderr]    Compiling zeroize_derive v1.3.2
[INFO] [stderr]    Compiling tracing-attributes v0.1.22
[INFO] [stderr]    Compiling tokio-macros v1.8.0
[INFO] [stderr]    Compiling futures-macro v0.3.23
[INFO] [stderr]    Compiling pin-project-internal v1.0.12
[INFO] [stderr]    Compiling serde_repr v0.1.9
[INFO] [stderr]    Compiling thiserror-impl v1.0.32
[INFO] [stderr]    Compiling minicbor-derive v0.11.0
[INFO] [stderr]    Compiling wasmbus-macros v0.1.11
[INFO] [stderr]     Checking zeroize v1.5.7
[INFO] [stderr]     Checking pkcs8 v0.7.6
[INFO] [stderr]     Checking curve25519-dalek v3.2.0
[INFO] [stderr]     Checking signatory v0.23.2
[INFO] [stderr]     Checking pin-project v1.0.12
[INFO] [stderr]     Checking tracing v0.1.36
[INFO] [stderr]     Checking ed25519-dalek v1.0.1
[INFO] [stderr]     Checking thiserror v1.0.32
[INFO] [stderr]     Checking tracing-futures v0.2.5
[INFO] [stderr]     Checking nkeys v0.2.0
[INFO] [stderr]     Checking futures-executor v0.3.23
[INFO] [stderr]     Checking futures v0.3.23
[INFO] [stderr]     Checking tokio-rustls v0.23.4
[INFO] [stderr]     Checking tokio-util v0.7.3
[INFO] [stderr]     Checking serde_nanos v0.1.2
[INFO] [stderr]     Checking time v0.3.14
[INFO] [stderr]     Checking tracing-serde v0.1.3
[INFO] [stderr]     Checking minicbor-ser v0.1.3
[INFO] [stderr]     Checking serde_bytes v0.11.7
[INFO] [stderr]     Checking uuid v1.1.2
[INFO] [stderr]     Checking rmp-serde v1.1.0
[INFO] [stderr]     Checking toml v0.5.9
[INFO] [stderr]     Checking async-nats v0.18.0
[INFO] [stderr]     Checking wascap v0.8.0
[INFO] [stderr]     Checking nats v0.22.0
[INFO] [stderr]     Checking tracing-subscriber v0.3.15
[INFO] [stderr]     Checking wasmbus-rpc v0.10.0
[INFO] [stderr]     Checking wasmcloud-interface-httpserver v0.7.0
[INFO] [stderr]     Checking wasmcloud-interface-sqldb v0.7.0
[INFO] [stderr]     Checking sqldb_tester v0.1.0 (/opt/rustwide/workdir)
[INFO] [stdout] error[E0107]: type alias takes 1 generic argument but 2 generic arguments were supplied
[INFO] [stdout]   --> src/lib.rs:51:53
[INFO] [stdout]    |
[INFO] [stdout] 51 | async fn select_star(ctx: &Context, client: &Db) -> Result<Vec<UserType>, SqlDbError> {
[INFO] [stdout]    |                                                     ^^^^^^              ------------ help: remove the unnecessary generic argument
[INFO] [stdout]    |                                                     |
[INFO] [stdout]    |                                                     expected 1 generic argument
[INFO] [stdout]    |
[INFO] [stdout] note: type alias defined here, with 1 generic parameter: `T`
[INFO] [stdout]   --> /opt/rustwide/cargo-home/registry/src/index.crates.io-1949cf8c6b5b557f/serde_json-1.0.85/src/error.rs:23:10
[INFO] [stdout]    |
[INFO] [stdout] 23 | pub type Result<T> = result::Result<T, Error>;
[INFO] [stdout]    |          ^^^^^^ -
[INFO] [stdout] 
[INFO] [stdout] 
[INFO] [stdout] error[E0107]: type alias takes 1 generic argument but 2 generic arguments were supplied
[INFO] [stdout]   --> src/lib.rs:74:49
[INFO] [stdout]    |
[INFO] [stdout] 74 | fn safe_decode<'b, T>(resp: &'b QueryResult) -> Result<Vec<T>, minicbor::decode::Error>
[INFO] [stdout]    |                                                 ^^^^^^       ------------------------- help: remove the unnecessary generic argument
[INFO] [stdout]    |                                                 |
[INFO] [stdout]    |                                                 expected 1 generic argument
[INFO] [stdout]    |
[INFO] [stdout] note: type alias defined here, with 1 generic parameter: `T`
[INFO] [stdout]   --> /opt/rustwide/cargo-home/registry/src/index.crates.io-1949cf8c6b5b557f/serde_json-1.0.85/src/error.rs:23:10
[INFO] [stdout]    |
[INFO] [stdout] 23 | pub type Result<T> = result::Result<T, Error>;
[INFO] [stdout]    |          ^^^^^^ -
[INFO] [stdout] 
[INFO] [stdout] 
[INFO] [stdout] error[E0277]: `?` couldn't convert the error to `serde_json::Error`
[INFO] [stdout]   --> src/lib.rs:61:15
[INFO] [stdout]    |
[INFO] [stdout] 61 |         .await?;
[INFO] [stdout]    |               ^ the trait `From<wasmbus_rpc::error::RpcError>` is not implemented for `serde_json::Error`
[INFO] [stdout]    |
[INFO] [stdout]    = note: the question mark operation (`?`) implicitly performs a conversion on the error value using the `From` trait
[INFO] [stdout] help: the trait `FromResidual<Result<_, wasmbus_rpc::error::RpcError>>` is not implemented for `std::result::Result<Vec<UserType>, serde_json::Error>`
[INFO] [stdout]       but trait `FromResidual<Result<_, serde_json::Error>>` is implemented for it
[INFO] [stdout]   --> /rustc/8773d2c75a8e90130dcce745a7ec4e66bb9963db/library/core/src/ops/try_trait_old.rs:194:0
[INFO] [stdout]    = help: for that trait implementation, expected `serde_json::Error`, found `wasmbus_rpc::error::RpcError`
[INFO] [stdout]    = note: required for `std::result::Result<Vec<UserType>, serde_json::Error>` to implement `ops::try_trait_old::FromResidual<std::result::Result<!, wasmbus_rpc::error::RpcError>>`
[INFO] [stdout] 
[INFO] [stdout] 
[INFO] [stdout] error[E0107]: type alias takes 1 generic argument but 2 generic arguments were supplied
[INFO] [stdout]   --> src/lib.rs:51:53
[INFO] [stdout]    |
[INFO] [stdout] 51 | async fn select_star(ctx: &Context, client: &Db) -> Result<Vec<UserType>, SqlDbError> {
[INFO] [stdout]    |                                                     ^^^^^^              ------------ help: remove the unnecessary generic argument
[INFO] [stdout]    |                                                     |
[INFO] [stdout]    |                                                     expected 1 generic argument
[INFO] [stdout]    |
[INFO] [stdout] note: type alias defined here, with 1 generic parameter: `T`
[INFO] [stdout]   --> /opt/rustwide/cargo-home/registry/src/index.crates.io-1949cf8c6b5b557f/serde_json-1.0.85/src/error.rs:23:10
[INFO] [stdout]    |
[INFO] [stdout] 23 | pub type Result<T> = result::Result<T, Error>;
[INFO] [stdout]    |          ^^^^^^ -
[INFO] [stdout] 
[INFO] [stdout] 
[INFO] [stdout] error[E0107]: type alias takes 1 generic argument but 2 generic arguments were supplied
[INFO] [stdout]   --> src/lib.rs:74:49
[INFO] [stdout]    |
[INFO] [stdout] 74 | fn safe_decode<'b, T>(resp: &'b QueryResult) -> Result<Vec<T>, minicbor::decode::Error>
[INFO] [stdout]    |                                                 ^^^^^^       ------------------------- help: remove the unnecessary generic argument
[INFO] [stdout]    |                                                 |
[INFO] [stdout]    |                                                 expected 1 generic argument
[INFO] [stdout]    |
[INFO] [stdout] note: type alias defined here, with 1 generic parameter: `T`
[INFO] [stdout]   --> /opt/rustwide/cargo-home/registry/src/index.crates.io-1949cf8c6b5b557f/serde_json-1.0.85/src/error.rs:23:10
[INFO] [stdout]    |
[INFO] [stdout] 23 | pub type Result<T> = result::Result<T, Error>;
[INFO] [stdout]    |          ^^^^^^ -
[INFO] [stdout] 
[INFO] [stdout] 
[INFO] [stdout] error[E0277]: `?` couldn't convert the error to `serde_json::Error`
[INFO] [stdout]   --> src/lib.rs:61:15
[INFO] [stdout]    |
[INFO] [stdout] 61 |         .await?;
[INFO] [stdout]    |               ^ the trait `From<wasmbus_rpc::error::RpcError>` is not implemented for `serde_json::Error`
[INFO] [stdout]    |
[INFO] [stdout]    = note: the question mark operation (`?`) implicitly performs a conversion on the error value using the `From` trait
[INFO] [stdout] help: the trait `FromResidual<Result<_, wasmbus_rpc::error::RpcError>>` is not implemented for `std::result::Result<Vec<UserType>, serde_json::Error>`
[INFO] [stdout]       but trait `FromResidual<Result<_, serde_json::Error>>` is implemented for it
[INFO] [stdout]   --> /rustc/8773d2c75a8e90130dcce745a7ec4e66bb9963db/library/core/src/ops/try_trait_old.rs:194:0
[INFO] [stdout]    = help: for that trait implementation, expected `serde_json::Error`, found `wasmbus_rpc::error::RpcError`
[INFO] [stdout]    = note: required for `std::result::Result<Vec<UserType>, serde_json::Error>` to implement `ops::try_trait_old::FromResidual<std::result::Result<!, wasmbus_rpc::error::RpcError>>`
[INFO] [stdout] 
[INFO] [stdout] 
[INFO] [stdout] error[E0599]: no associated function or constant named `new` found for struct `wasmcloud_interface_sqldb::SqlDbSender<T>` in the current scope
[INFO] [stdout]    --> src/lib.rs:29:39
[INFO] [stdout]     |
[INFO] [stdout]  29 |                 let db = SqlDbSender::new();
[INFO] [stdout]     |                                       ^^^ associated function or constant not found in `wasmcloud_interface_sqldb::SqlDbSender<_>`
[INFO] [stdout]     |
[INFO] [stdout] note: if you're trying to build a new `wasmcloud_interface_sqldb::SqlDbSender<_>`, consider using `wasmcloud_interface_sqldb::SqlDbSender::<T>::via` which returns `wasmcloud_interface_sqldb::SqlDbSender<_>`
[INFO] [stdout]    --> /opt/rustwide/cargo-home/registry/src/index.crates.io-1949cf8c6b5b557f/wasmcloud-interface-sqldb-0.7.0/src/sqldb.rs:847:5
[INFO] [stdout]     |
[INFO] [stdout] 847 |     pub fn via(transport: T) -> Self {
[INFO] [stdout]     |     ^^^^^^^^^^^^^^^^^^^^^^^^^^^^^^^^
[INFO] [stdout] 
[INFO] [stdout] 
[INFO] [stdout] error[E0599]: no associated function or constant named `new` found for struct `wasmcloud_interface_sqldb::SqlDbSender<T>` in the current scope
[INFO] [stdout]    --> src/lib.rs:29:39
[INFO] [stdout]     |
[INFO] [stdout]  29 |                 let db = SqlDbSender::new();
[INFO] [stdout]     |                                       ^^^ associated function or constant not found in `wasmcloud_interface_sqldb::SqlDbSender<_>`
[INFO] [stdout]     |
[INFO] [stdout] note: if you're trying to build a new `wasmcloud_interface_sqldb::SqlDbSender<_>`, consider using `wasmcloud_interface_sqldb::SqlDbSender::<T>::via` which returns `wasmcloud_interface_sqldb::SqlDbSender<_>`
[INFO] [stdout]    --> /opt/rustwide/cargo-home/registry/src/index.crates.io-1949cf8c6b5b557f/wasmcloud-interface-sqldb-0.7.0/src/sqldb.rs:847:5
[INFO] [stdout]     |
[INFO] [stdout] 847 |     pub fn via(transport: T) -> Self {
[INFO] [stdout]     |     ^^^^^^^^^^^^^^^^^^^^^^^^^^^^^^^^
[INFO] [stdout] 
[INFO] [stdout] 
[INFO] [stdout] error[E0599]: no associated function or constant named `new` found for struct `wasmcloud_interface_sqldb::SqlDbSender<T>` in the current scope
[INFO] [stdout]    --> src/lib.rs:34:39
[INFO] [stdout]     |
[INFO] [stdout]  34 |                 let db = SqlDbSender::new();
[INFO] [stdout]     |                                       ^^^ associated function or constant not found in `wasmcloud_interface_sqldb::SqlDbSender<_>`
[INFO] [stdout]     |
[INFO] [stdout] note: if you're trying to build a new `wasmcloud_interface_sqldb::SqlDbSender<_>`, consider using `wasmcloud_interface_sqldb::SqlDbSender::<T>::via` which returns `wasmcloud_interface_sqldb::SqlDbSender<_>`
[INFO] [stdout]    --> /opt/rustwide/cargo-home/registry/src/index.crates.io-1949cf8c6b5b557f/wasmcloud-interface-sqldb-0.7.0/src/sqldb.rs:847:5
[INFO] [stdout]     |
[INFO] [stdout] 847 |     pub fn via(transport: T) -> Self {
[INFO] [stdout]     |     ^^^^^^^^^^^^^^^^^^^^^^^^^^^^^^^^
[INFO] [stdout] 
[INFO] [stdout] 
[INFO] [stdout] error[E0599]: no associated function or constant named `new` found for struct `wasmcloud_interface_sqldb::SqlDbSender<T>` in the current scope
[INFO] [stdout]    --> src/lib.rs:34:39
[INFO] [stdout]     |
[INFO] [stdout]  34 |                 let db = SqlDbSender::new();
[INFO] [stdout]     |                                       ^^^ associated function or constant not found in `wasmcloud_interface_sqldb::SqlDbSender<_>`
[INFO] [stdout]     |
[INFO] [stdout] note: if you're trying to build a new `wasmcloud_interface_sqldb::SqlDbSender<_>`, consider using `wasmcloud_interface_sqldb::SqlDbSender::<T>::via` which returns `wasmcloud_interface_sqldb::SqlDbSender<_>`
[INFO] [stdout]    --> /opt/rustwide/cargo-home/registry/src/index.crates.io-1949cf8c6b5b557f/wasmcloud-interface-sqldb-0.7.0/src/sqldb.rs:847:5
[INFO] [stdout]     |
[INFO] [stdout] 847 |     pub fn via(transport: T) -> Self {
[INFO] [stdout]     |     ^^^^^^^^^^^^^^^^^^^^^^^^^^^^^^^^
[INFO] [stdout] 
[INFO] [stdout] 
[INFO] [stdout] error[E0277]: the trait bound `serde_json::Error: serde::Serialize` is not satisfied
[INFO] [stdout]     --> src/lib.rs:38:49
[INFO] [stdout]      |
[INFO] [stdout]   38 |                     body: serde_json::to_string(&selstar)?.into_bytes(),
[INFO] [stdout]      |                           --------------------- ^^^^^^^^ the trait `serde::Serialize` is not implemented for `serde_json::Error`
[INFO] [stdout]      |                           |
[INFO] [stdout]      |                           required by a bound introduced by this call
[INFO] [stdout]      |
[INFO] [stdout]      = help: the following other types implement trait `serde::Serialize`:
[INFO] [stdout]                &'a T
[INFO] [stdout]                &'a mut T
[INFO] [stdout]                ()
[INFO] [stdout]                (T0, T1)
[INFO] [stdout]                (T0, T1, T2)
[INFO] [stdout]                (T0, T1, T2, T3)
[INFO] [stdout]                (T0, T1, T2, T3, T4)
[INFO] [stdout]                (T0, T1, T2, T3, T4, T5)
[INFO] [stdout]              and 249 others
[INFO] [stdout]      = note: required for `std::result::Result<Vec<UserType>, serde_json::Error>` to implement `serde::Serialize`
[INFO] [stdout] note: required by a bound in `serde_json::to_string`
[INFO] [stdout]     --> /opt/rustwide/cargo-home/registry/src/index.crates.io-1949cf8c6b5b557f/serde_json-1.0.85/src/ser.rs:2219:17
[INFO] [stdout]      |
[INFO] [stdout] 2217 | pub fn to_string<T>(value: &T) -> Result<String>
[INFO] [stdout] 2218 | where
[INFO] [stdout] 2219 |     T: ?Sized + Serialize,
[INFO] [stdout]      |                 ^^^^^^^^^ required by this bound in `to_string`
[INFO] [stdout] 
[INFO] [stdout] 
[INFO] [stdout] error[E0277]: the trait bound `serde_json::Error: serde::Serialize` is not satisfied
[INFO] [stdout]     --> src/lib.rs:38:49
[INFO] [stdout]      |
[INFO] [stdout]   38 |                     body: serde_json::to_string(&selstar)?.into_bytes(),
[INFO] [stdout]      |                           --------------------- ^^^^^^^^ the trait `serde::Serialize` is not implemented for `serde_json::Error`
[INFO] [stdout]      |                           |
[INFO] [stdout]      |                           required by a bound introduced by this call
[INFO] [stdout]      |
[INFO] [stdout]      = help: the following other types implement trait `serde::Serialize`:
[INFO] [stdout]                &'a T
[INFO] [stdout]                &'a mut T
[INFO] [stdout]                ()
[INFO] [stdout]                (T0, T1)
[INFO] [stdout]                (T0, T1, T2)
[INFO] [stdout]                (T0, T1, T2, T3)
[INFO] [stdout]                (T0, T1, T2, T3, T4)
[INFO] [stdout]                (T0, T1, T2, T3, T4, T5)
[INFO] [stdout]              and 249 others
[INFO] [stdout]      = note: required for `std::result::Result<Vec<UserType>, serde_json::Error>` to implement `serde::Serialize`
[INFO] [stdout] note: required by a bound in `serde_json::to_string`
[INFO] [stdout]     --> /opt/rustwide/cargo-home/registry/src/index.crates.io-1949cf8c6b5b557f/serde_json-1.0.85/src/ser.rs:2219:17
[INFO] [stdout]      |
[INFO] [stdout] 2217 | pub fn to_string<T>(value: &T) -> Result<String>
[INFO] [stdout] 2218 | where
[INFO] [stdout] 2219 |     T: ?Sized + Serialize,
[INFO] [stdout]      |                 ^^^^^^^^^ required by this bound in `to_string`
[INFO] [stdout] 
[INFO] [stdout] 
[INFO] [stdout] error[E0277]: `?` couldn't convert the error to `wasmbus_rpc::error::RpcError`
[INFO] [stdout]   --> src/lib.rs:38:58
[INFO] [stdout]    |
[INFO] [stdout] 38 |                     body: serde_json::to_string(&selstar)?.into_bytes(),
[INFO] [stdout]    |                                                          ^ the trait `From<serde_json::Error>` is not implemented for `wasmbus_rpc::error::RpcError`
[INFO] [stdout]    |
[INFO] [stdout]    = note: the question mark operation (`?`) implicitly performs a conversion on the error value using the `From` trait
[INFO] [stdout]    = help: `wasmbus_rpc::error::RpcError` implements trait `From<T>`:
[INFO] [stdout]              From<&str>
[INFO] [stdout]              From<std::io::Error>
[INFO] [stdout]              From<std::string::String>
[INFO] [stdout]              From<wasmbus_rpc::minicbor::decode::Error>
[INFO] [stdout]              From<wasmbus_rpc::minicbor::encode::Error<E>>
[INFO] [stdout]              From<wasmcloud_interface_sqldb::SqlDbError>
[INFO] [stdout]    = note: required for `std::result::Result<HttpResponse, wasmbus_rpc::error::RpcError>` to implement `ops::try_trait_old::FromResidual<std::result::Result<!, serde_json::Error>>`
[INFO] [stdout] 
[INFO] [stdout] 
[INFO] [stdout] error[E0277]: `?` couldn't convert the error to `wasmbus_rpc::error::RpcError`
[INFO] [stdout]   --> src/lib.rs:38:58
[INFO] [stdout]    |
[INFO] [stdout] 38 |                     body: serde_json::to_string(&selstar)?.into_bytes(),
[INFO] [stdout]    |                                                          ^ the trait `From<serde_json::Error>` is not implemented for `wasmbus_rpc::error::RpcError`
[INFO] [stdout]    |
[INFO] [stdout]    = note: the question mark operation (`?`) implicitly performs a conversion on the error value using the `From` trait
[INFO] [stdout]    = help: `wasmbus_rpc::error::RpcError` implements trait `From<T>`:
[INFO] [stdout]              From<&str>
[INFO] [stdout]              From<std::io::Error>
[INFO] [stdout]              From<std::string::String>
[INFO] [stdout]              From<wasmbus_rpc::minicbor::decode::Error>
[INFO] [stdout]              From<wasmbus_rpc::minicbor::encode::Error<E>>
[INFO] [stdout]              From<wasmcloud_interface_sqldb::SqlDbError>
[INFO] [stdout]    = note: required for `std::result::Result<HttpResponse, wasmbus_rpc::error::RpcError>` to implement `ops::try_trait_old::FromResidual<std::result::Result<!, serde_json::Error>>`
[INFO] [stdout] 
[INFO] [stdout] 
[INFO] [stdout] error[E0308]: mismatched types
[INFO] [stdout]   --> src/lib.rs:81:9
[INFO] [stdout]    |
[INFO] [stdout] 74 | fn safe_decode<'b, T>(resp: &'b QueryResult) -> Result<Vec<T>, minicbor::decode::Error>
[INFO] [stdout]    |                                                 --------------------------------------- expected `std::result::Result<Vec<T>, serde_json::Error>` because of return type
[INFO] [stdout] ...
[INFO] [stdout] 81 |         wasmbus_rpc::minicbor::decode(&resp.rows)
[INFO] [stdout]    |         ^^^^^^^^^^^^^^^^^^^^^^^^^^^^^^^^^^^^^^^^^ expected `Result<Vec<T>, Error>`, found `Result<_, Error>`
[INFO] [stdout]    |
[INFO] [stdout]    = note: `wasmbus_rpc::minicbor::decode::Error` and `serde_json::Error` have similar names, but are actually distinct types
[INFO] [stdout] note: `wasmbus_rpc::minicbor::decode::Error` is defined in crate `minicbor`
[INFO] [stdout]   --> /opt/rustwide/cargo-home/registry/src/index.crates.io-1949cf8c6b5b557f/minicbor-0.17.1/src/decode/error.rs:9:1
[INFO] [stdout]    |
[INFO] [stdout]  9 | pub struct Error {
[INFO] [stdout]    | ^^^^^^^^^^^^^^^^
[INFO] [stdout] note: `serde_json::Error` is defined in crate `serde_json`
[INFO] [stdout]   --> /opt/rustwide/cargo-home/registry/src/index.crates.io-1949cf8c6b5b557f/serde_json-1.0.85/src/error.rs:15:1
[INFO] [stdout]    |
[INFO] [stdout] 15 | pub struct Error {
[INFO] [stdout]    | ^^^^^^^^^^^^^^^^
[INFO] [stdout] help: use the `?` operator to extract the `std::result::Result<_, wasmbus_rpc::minicbor::decode::Error>` value, propagating a `Result::Err` value to the caller
[INFO] [stdout]    |
[INFO] [stdout] 81 |         wasmbus_rpc::minicbor::decode(&resp.rows)?
[INFO] [stdout]    |                                                  +
[INFO] [stdout] 
[INFO] [stdout] 
[INFO] [stdout] error[E0308]: mismatched types
[INFO] [stdout]   --> src/lib.rs:81:9
[INFO] [stdout]    |
[INFO] [stdout] 74 | fn safe_decode<'b, T>(resp: &'b QueryResult) -> Result<Vec<T>, minicbor::decode::Error>
[INFO] [stdout]    |                                                 --------------------------------------- expected `std::result::Result<Vec<T>, serde_json::Error>` because of return type
[INFO] [stdout] ...
[INFO] [stdout] 81 |         wasmbus_rpc::minicbor::decode(&resp.rows)
[INFO] [stdout]    |         ^^^^^^^^^^^^^^^^^^^^^^^^^^^^^^^^^^^^^^^^^ expected `Result<Vec<T>, Error>`, found `Result<_, Error>`
[INFO] [stdout]    |
[INFO] [stdout]    = note: `wasmbus_rpc::minicbor::decode::Error` and `serde_json::Error` have similar names, but are actually distinct types
[INFO] [stdout] note: `wasmbus_rpc::minicbor::decode::Error` is defined in crate `minicbor`
[INFO] [stdout]   --> /opt/rustwide/cargo-home/registry/src/index.crates.io-1949cf8c6b5b557f/minicbor-0.17.1/src/decode/error.rs:9:1
[INFO] [stdout]    |
[INFO] [stdout]  9 | pub struct Error {
[INFO] [stdout]    | ^^^^^^^^^^^^^^^^
[INFO] [stdout] note: `serde_json::Error` is defined in crate `serde_json`
[INFO] [stdout]   --> /opt/rustwide/cargo-home/registry/src/index.crates.io-1949cf8c6b5b557f/serde_json-1.0.85/src/error.rs:15:1
[INFO] [stdout]    |
[INFO] [stdout] 15 | pub struct Error {
[INFO] [stdout]    | ^^^^^^^^^^^^^^^^
[INFO] [stdout] help: use the `?` operator to extract the `std::result::Result<_, wasmbus_rpc::minicbor::decode::Error>` value, propagating a `Result::Err` value to the caller
[INFO] [stdout]    |
[INFO] [stdout] 81 |         wasmbus_rpc::minicbor::decode(&resp.rows)?
[INFO] [stdout]    |                                                  +
[INFO] [stdout] 
[INFO] [stdout] 
[INFO] [stdout] Some errors have detailed explanations: E0107, E0277, E0308, E0599.
[INFO] [stdout] 
[INFO] [stdout] For more information about an error, try `rustc --explain E0107`.
[INFO] [stdout] 
[INFO] [stdout] Some errors have detailed explanations: E0107, E0277, E0308, E0599.
[INFO] [stdout] 
[INFO] [stdout] For more information about an error, try `rustc --explain E0107`.
[INFO] [stdout] 
[INFO] [stderr] error: could not compile `sqldb_tester` (lib test) due to 8 previous errors
[INFO] [stderr] warning: build failed, waiting for other jobs to finish...
[INFO] [stderr] error: could not compile `sqldb_tester` (lib) due to 8 previous errors
[INFO] running `Command { std: "docker" "inspect" "e1c112d6009a009570379eec0747f3dbadf3ad6114f6d1a089b7ecec6c76d213", kill_on_drop: false }`
[INFO] running `Command { std: "docker" "rm" "-f" "e1c112d6009a009570379eec0747f3dbadf3ad6114f6d1a089b7ecec6c76d213", kill_on_drop: false }`
[INFO] [stdout] e1c112d6009a009570379eec0747f3dbadf3ad6114f6d1a089b7ecec6c76d213
