[INFO] cloning repository https://github.com/gausk/machine-learning
[INFO] running `Command { std: "git" "-c" "credential.helper=" "-c" "credential.helper=/workspace/cargo-home/bin/git-credential-null" "clone" "--bare" "https://github.com/gausk/machine-learning" "/workspace/cache/git-repos/https%3A%2F%2Fgithub.com%2Fgausk%2Fmachine-learning", kill_on_drop: false }`
[INFO] [stderr] Cloning into bare repository '/workspace/cache/git-repos/https%3A%2F%2Fgithub.com%2Fgausk%2Fmachine-learning'...
[INFO] running `Command { std: "git" "rev-parse" "HEAD", kill_on_drop: false }`
[INFO] [stdout] 0927c3932fd21cd641cd3fba25f35ed0c97fff8f
[INFO] checking gausk/machine-learning against 8773d2c75a8e90130dcce745a7ec4e66bb9963db+rustflags=-Aunfulfilled-lint-expectations for pr-163637
[INFO] running `Command { std: "git" "clone" "/workspace/cache/git-repos/https%3A%2F%2Fgithub.com%2Fgausk%2Fmachine-learning" "/workspace/builds/worker-0-tc2/source", kill_on_drop: false }`
[INFO] [stderr] Cloning into '/workspace/builds/worker-0-tc2/source'...
[INFO] [stderr] done.
[INFO] started tweaking git repo https://github.com/gausk/machine-learning
[INFO] finished tweaking git repo https://github.com/gausk/machine-learning
[INFO] tweaked toml for git repo https://github.com/gausk/machine-learning written to /workspace/builds/worker-0-tc2/source/Cargo.toml
[INFO] validating manifest of git repo https://github.com/gausk/machine-learning on toolchain 8773d2c75a8e90130dcce745a7ec4e66bb9963db
[INFO] running `Command { std: CARGO_HOME="/workspace/cargo-home" RUSTUP_HOME="/workspace/rustup-home" "/workspace/cargo-home/bin/cargo" "+8773d2c75a8e90130dcce745a7ec4e66bb9963db" "metadata" "--manifest-path" "Cargo.toml" "--no-deps", kill_on_drop: false }`
[INFO] crate git repo https://github.com/gausk/machine-learning already has a lockfile, it will not be regenerated
[INFO] running `Command { std: CARGO_HOME="/workspace/cargo-home" RUSTUP_HOME="/workspace/rustup-home" "/workspace/cargo-home/bin/cargo" "+8773d2c75a8e90130dcce745a7ec4e66bb9963db" "fetch" "--manifest-path" "Cargo.toml", kill_on_drop: false }`
[INFO] [stderr]     Blocking waiting for file lock on package cache
[INFO] [stderr]     Updating crates.io index
[INFO] [stderr]     Blocking waiting for file lock on package cache
[ERROR] error running command: no output for 300 seconds
[INFO] checking gausk/machine-learning against 8773d2c75a8e90130dcce745a7ec4e66bb9963db+rustflags=-Aunfulfilled-lint-expectations for pr-163637
[INFO] running `Command { std: "git" "clone" "/workspace/cache/git-repos/https%3A%2F%2Fgithub.com%2Fgausk%2Fmachine-learning" "/workspace/builds/worker-0-tc2/source", kill_on_drop: false }`
[INFO] [stderr] Cloning into '/workspace/builds/worker-0-tc2/source'...
[INFO] [stderr] done.
[INFO] started tweaking git repo https://github.com/gausk/machine-learning
[INFO] finished tweaking git repo https://github.com/gausk/machine-learning
[INFO] tweaked toml for git repo https://github.com/gausk/machine-learning written to /workspace/builds/worker-0-tc2/source/Cargo.toml
[INFO] validating manifest of git repo https://github.com/gausk/machine-learning on toolchain 8773d2c75a8e90130dcce745a7ec4e66bb9963db
[INFO] running `Command { std: CARGO_HOME="/workspace/cargo-home" RUSTUP_HOME="/workspace/rustup-home" "/workspace/cargo-home/bin/cargo" "+8773d2c75a8e90130dcce745a7ec4e66bb9963db" "metadata" "--manifest-path" "Cargo.toml" "--no-deps", kill_on_drop: false }`
[INFO] crate git repo https://github.com/gausk/machine-learning already has a lockfile, it will not be regenerated
[INFO] running `Command { std: CARGO_HOME="/workspace/cargo-home" RUSTUP_HOME="/workspace/rustup-home" "/workspace/cargo-home/bin/cargo" "+8773d2c75a8e90130dcce745a7ec4e66bb9963db" "fetch" "--manifest-path" "Cargo.toml", kill_on_drop: false }`
[INFO] [stderr]     Blocking waiting for file lock on package cache
[INFO] [stderr]     Blocking waiting for file lock on package cache
[INFO] [stderr]  Downloading crates ...
[INFO] [stderr]   Downloaded thread-tree v0.3.3
[INFO] [stderr]   Downloaded moddef v0.3.0
[INFO] [stderr]   Downloaded macerator v0.2.9
[INFO] [stderr]   Downloaded proc-macro2 v1.0.97
[INFO] [stderr]   Downloaded wgpu-core-deps-apple v25.0.0
[INFO] [stderr]   Downloaded wgpu-core-deps-emscripten v25.0.0
[INFO] [stderr]   Downloaded embassy-time v0.4.0
[INFO] [stderr]   Downloaded embassy-futures v0.1.1
[INFO] [stderr]   Downloaded nb v0.1.3
[INFO] [stderr]   Downloaded r2d2_sqlite v0.31.0
[INFO] [stderr]   Downloaded cubecl-macros-internal v0.6.0
[INFO] [stderr]   Downloaded burn-ndarray v0.18.0
[INFO] [stderr]   Downloaded embedded-hal-async v1.0.0
[INFO] [stderr]   Downloaded embassy-time-driver v0.2.0
[INFO] [stderr]   Downloaded nb v1.1.0
[INFO] [stderr]   Downloaded text_placeholder v0.5.1
[INFO] [stderr]   Downloaded gix-utils v0.3.0
[INFO] [stderr]   Downloaded serde_spanned v1.0.0
[INFO] [stderr]   Downloaded darling_macro v0.21.2
[INFO] [stderr]   Downloaded toml_datetime v0.7.0
[INFO] [stderr]   Downloaded cubecl-hip v0.6.0
[INFO] [stderr]   Downloaded cubecl-cuda v0.6.0
[INFO] [stderr]   Downloaded burn-ir v0.18.0
[INFO] [stderr]   Downloaded atomic_float v1.1.0
[INFO] [stderr]   Downloaded embedded-hal v1.0.0
[INFO] [stderr]   Downloaded derive-new v0.7.0
[INFO] [stderr]   Downloaded wrapcenum-derive v0.4.1
[INFO] [stderr]   Downloaded gix-trace v0.1.13
[INFO] [stderr]   Downloaded macerator-macros v0.1.3
[INFO] [stderr]   Downloaded wgpu-core-deps-windows-linux-android v25.0.0
[INFO] [stderr]   Downloaded toml_writer v1.0.2
[INFO] [stderr]   Downloaded cubecl-ir v0.6.0
[INFO] [stderr]   Downloaded embedded-hal v0.2.7
[INFO] [stderr]   Downloaded cubecl-std v0.6.0
[INFO] [stderr]   Downloaded cubecl-random v0.6.0
[INFO] [stderr]   Downloaded burn-wgpu v0.18.0
[INFO] [stderr]   Downloaded serde_rusqlite v0.40.0
[INFO] [stderr]   Downloaded cubecl v0.6.0
[INFO] [stderr]   Downloaded toml_parser v1.0.2
[INFO] [stderr]   Downloaded thiserror-impl v2.0.14
[INFO] [stderr]   Downloaded cubecl-common v0.6.0
[INFO] [stderr]   Downloaded cubecl-convolution v0.6.0
[INFO] [stderr]   Downloaded libz-rs-sys v0.5.1
[INFO] [stderr]   Downloaded burn-derive v0.18.0
[INFO] [stderr]   Downloaded gix-tempfile v17.1.0
[INFO] [stderr]   Downloaded gix-validate v0.10.0
[INFO] [stderr]   Downloaded gix-features v0.42.1
[INFO] [stderr]   Downloaded thiserror v2.0.14
[INFO] [stderr]   Downloaded darling v0.21.2
[INFO] [stderr]   Downloaded cubecl-macros v0.6.0
[INFO] [stderr]   Downloaded rstest v0.25.0
[INFO] [stderr]   Downloaded tempfile v3.21.0
[INFO] [stderr]   Downloaded burn-rocm v0.18.0
[INFO] [stderr]   Downloaded weezl v0.1.10
[INFO] [stderr]   Downloaded gix-fs v0.15.0
[INFO] [stderr]   Downloaded toml v0.9.5
[INFO] [stderr]   Downloaded burn-fusion v0.18.0
[INFO] [stderr]   Downloaded nu-ansi-term v0.50.1
[INFO] [stderr]   Downloaded nvml-wrapper-sys v0.9.0
[INFO] [stderr]   Downloaded av1-grain v0.2.4
[INFO] [stderr]   Downloaded gix-path v0.10.20
[INFO] [stderr]   Downloaded zune-jpeg v0.4.20
[INFO] [stderr]   Downloaded burn-tch v0.18.0
[INFO] [stderr]   Downloaded cubecl-wgpu v0.6.0
[INFO] [stderr]   Downloaded cubecl-runtime v0.6.0
[INFO] [stderr]   Downloaded darling_core v0.21.2
[INFO] [stderr]   Downloaded burn v0.18.0
[INFO] [stderr]   Downloaded burn-router v0.18.0
[INFO] [stderr]   Downloaded burn-remote v0.18.0
[INFO] [stderr]   Downloaded systemstat v0.2.5
[INFO] [stderr]   Downloaded burn-dataset v0.18.0
[INFO] [stderr]   Downloaded rustc-demangle v0.1.26
[INFO] [stderr]   Downloaded cubecl-cpp v0.6.0
[INFO] [stderr]   Downloaded burn-cubecl-fusion v0.18.0
[INFO] [stderr]   Downloaded rstest_macros v0.25.0
[INFO] [stderr]   Downloaded tokio-tungstenite v0.26.2
[INFO] [stderr]   Downloaded axum-core v0.5.2
[INFO] [stderr]   Downloaded wgpu-types v25.0.0
[INFO] [stderr]   Downloaded cubecl-core v0.6.0
[INFO] [stderr]   Downloaded burn-autodiff v0.18.0
[INFO] [stderr]   Downloaded burn-train v0.18.0
[INFO] [stderr]   Downloaded nvml-wrapper v0.11.0
[INFO] [stderr]   Downloaded url v2.5.6
[INFO] [stderr]   Downloaded burn-cuda v0.18.0
[INFO] [stderr]   Downloaded burn-cubecl v0.18.0
[INFO] [stderr]   Downloaded cubecl-matmul v0.6.0
[INFO] [stderr]   Downloaded tungstenite v0.26.2
[INFO] [stderr]   Downloaded burn-candle v0.18.0
[INFO] [stderr]   Downloaded burn-core v0.18.0
[INFO] [stderr]   Downloaded ug v0.1.0
[INFO] [stderr]   Downloaded serde_json v1.0.143
[INFO] [stderr]   Downloaded memmap2 v0.9.8
[INFO] [stderr]   Downloaded moxcms v0.7.5
[INFO] [stderr]   Downloaded raw-cpuid v11.5.0
[INFO] [stderr]   Downloaded wgpu v25.0.2
[INFO] [stderr]   Downloaded sysinfo v0.36.1
[INFO] [stderr]   Downloaded objc2-io-kit v0.3.1
[INFO] [stderr]   Downloaded dyn-stack v0.13.0
[INFO] [stderr]   Downloaded burn-tensor v0.18.0
[INFO] [stderr]   Downloaded wgpu-core v25.0.2
[INFO] [stderr]   Downloaded zlib-rs v0.5.1
[INFO] [stderr]   Downloaded torch-sys v0.19.0
[INFO] [stderr]   Downloaded webpki-roots v1.0.2
[INFO] [stderr]   Downloaded axum v0.8.4
[INFO] [stderr]   Downloaded candle-core v0.8.4
[INFO] [stderr]   Downloaded wgpu-hal v25.0.2
[INFO] [stderr]   Downloaded cubecl-hip-sys v6.4.4348201
[INFO] [stderr]   Downloaded cudarc v0.16.6
[INFO] [stderr]   Downloaded bstr v1.12.0
[INFO] [stderr]   Downloaded pxfm v0.1.23
[INFO] [stderr]   Downloaded tch v0.19.0
[INFO] [stderr]   Downloaded metal v0.31.0
[INFO] [stderr]   Downloaded approx v0.4.0
[INFO] [stderr]   Downloaded linfa-reduction v0.7.1
[INFO] [stderr]   Downloaded sprs v0.11.1
[INFO] [stderr]   Downloaded ndarray-rand v0.14.0
[INFO] [stderr]   Downloaded rand_distr v0.4.3
[INFO] [stderr]   Downloaded linfa-linalg v0.1.0
[INFO] [stderr]   Downloaded linfa-nn v0.7.2
[INFO] [stderr]   Downloaded order-stat v0.1.3
[INFO] [stderr]   Downloaded noisy_float v0.2.0
[INFO] [stderr]   Downloaded ndarray-stats v0.5.1
[INFO] [stderr]   Downloaded kdtree v0.7.0
[INFO] [stderr]   Downloaded ndarray-csv v0.5.1
[INFO] [stderr]   Downloaded py_literal v0.4.0
[INFO] [stderr]   Downloaded pest_derive v2.8.1
[INFO] [stderr]   Downloaded pest_meta v2.8.1
[INFO] [stderr]   Downloaded zopfli v0.8.2
[INFO] [stderr]   Downloaded filetime v0.2.26
[INFO] [stderr]   Downloaded linfa-kernel v0.7.1
[INFO] [stderr]   Downloaded ndarray-npy v0.8.1
[INFO] [stderr]   Downloaded pest_generator v2.8.1
[INFO] [stderr]   Downloaded pest v2.8.1
[INFO] [stderr]   Downloaded plotters-bitmap v0.3.7
[INFO] [stderr]   Downloaded argmin v0.9.0
[INFO] [stderr]   Downloaded lenient_semver_version_builder v0.4.2
[INFO] [stderr]   Downloaded webdriver-downloader v0.16.0
[INFO] [stderr]   Downloaded dwrote v0.11.3
[INFO] [stderr]   Downloaded argmin-math v0.3.0
[INFO] [stderr]   Downloaded ref-cast v1.0.24
[INFO] [stderr]   Downloaded linfa-logistic v0.7.1
[INFO] [stderr]   Downloaded ref-cast-impl v1.0.24
[INFO] [stderr]   Downloaded xattr v1.5.1
[INFO] [stderr]   Downloaded lenient_semver_parser v0.4.2
[INFO] [stderr]   Downloaded font-kit v0.14.3
[INFO] [stderr]   Downloaded webdriver v0.53.0
[INFO] [stderr]   Downloaded serde_with_macros v3.14.0
[INFO] [stderr]   Downloaded bzip2 v0.6.0
[INFO] [stderr]   Downloaded ppmd-rust v1.2.1
[INFO] [stderr]   Downloaded liblzma v0.4.3
[INFO] [stderr]   Downloaded erased-serde v0.4.6
[INFO] [stderr]   Downloaded linfa v0.7.1
[INFO] [stderr]   Downloaded schemars v1.0.4
[INFO] [stderr]   Downloaded zip v4.5.0
[INFO] [stderr]   Downloaded fantoccini v0.19.3
[INFO] [stderr]   Downloaded webdriver v0.46.0
[INFO] [stderr]   Downloaded linfa-elasticnet v0.7.1
[INFO] [stderr]   Downloaded encoding_index_tests v0.1.4
[INFO] [stderr]   Downloaded fantoccini v0.22.0
[INFO] [stderr]   Downloaded plotly_derive v0.13.5
[INFO] [stderr]   Downloaded askama v0.14.0
[INFO] [stderr]   Downloaded append-only-vec v0.1.7
[INFO] [stderr]   Downloaded serde_with v3.14.0
[INFO] [stderr]   Downloaded askama_parser v0.14.0
[INFO] [stderr]   Downloaded encoding-index-singlebyte v1.20141219.5
[INFO] [stderr]   Downloaded tinyjson v2.5.1
[INFO] [stderr]   Downloaded self_cell v1.2.0
[INFO] [stderr]   Downloaded linfa-preprocessing v0.7.1
[INFO] [stderr]   Downloaded linfa-linear v0.7.1
[INFO] [stderr]   Downloaded askama_derive v0.14.0
[INFO] [stderr]   Downloaded encoding-index-tradchinese v1.20141219.5
[INFO] [stderr]   Downloaded encoding-index-japanese v1.20141219.5
[INFO] [stderr]   Downloaded encoding-index-korean v1.20141219.5
[INFO] [stderr]   Downloaded encoding v0.2.33
[INFO] [stderr]   Downloaded encoding-index-simpchinese v1.20141219.5
[INFO] [stderr]   Downloaded lenient_semver v0.4.2
[INFO] [stderr]   Downloaded smartcore v0.4.2
[INFO] [stderr]   Downloaded rug v1.28.0
[INFO] [stderr]   Downloaded icu_segmenter v1.5.0
[INFO] [stderr]   Downloaded symbolica v0.18.0
[INFO] [stderr]   Downloaded liblzma-sys v0.4.4
[INFO] [stderr]   Downloaded cubecl-reduce v0.6.0
[INFO] [stderr]   Downloaded burn-common v0.18.0
[INFO] [stderr]   Downloaded plotly v0.13.5
[INFO] [stderr]   Downloaded plotly_static v0.0.4
[INFO] [stderr]   Downloaded icu_segmenter_data v1.5.1
[INFO] [stderr]   Downloaded gmp-mpfr-sys v1.6.8
[INFO] running `Command { std: "docker" "create" "-v" "/var/lib/crater-agent-workspace/builds/worker-0-tc2/source:/opt/rustwide/workdir:ro,Z" "-v" "/var/lib/crater-agent-workspace/builds/worker-0-tc2/target:/opt/rustwide/target:rw,Z" "-v" "/var/lib/crater-agent-workspace/cargo-home:/opt/rustwide/cargo-home:ro,Z" "-v" "/var/lib/crater-agent-workspace/rustup-home:/opt/rustwide/rustup-home:ro,Z" "-m" "1610612736" "--network" "none" "ghcr.io/rust-lang/crates-build-env/linux@sha256:77db811e55d90add9212f6832c23229e3de5f1c1f9905e8cb07319ea15df73ac" "sleep" "infinity", kill_on_drop: false }`
[INFO] [stdout] 5e668ca23a1585a6a3e9af060ae0da454b85b81c8264ce7a8c62ba01b59378a6
[INFO] running `Command { std: "docker" "start" "5e668ca23a1585a6a3e9af060ae0da454b85b81c8264ce7a8c62ba01b59378a6", kill_on_drop: false }`
[INFO] running `Command { std: "docker" "inspect" "5e668ca23a1585a6a3e9af060ae0da454b85b81c8264ce7a8c62ba01b59378a6", kill_on_drop: false }`
[INFO] running `Command { std: "docker" "exec" "-e" "SOURCE_DIR=/opt/rustwide/workdir" "-e" "CARGO_HOME=/opt/rustwide/cargo-home" "-e" "RUSTUP_HOME=/opt/rustwide/rustup-home" "-e" "CARGO_TARGET_DIR=/opt/rustwide/target" "-w" "/opt/rustwide/workdir" "--user" "0:0" "5e668ca23a1585a6a3e9af060ae0da454b85b81c8264ce7a8c62ba01b59378a6" "/opt/rustwide/cargo-home/bin/cargo" "+8773d2c75a8e90130dcce745a7ec4e66bb9963db" "metadata" "--no-deps" "--format-version=1", kill_on_drop: false }`
[INFO] running `Command { std: "docker" "inspect" "5e668ca23a1585a6a3e9af060ae0da454b85b81c8264ce7a8c62ba01b59378a6", kill_on_drop: false }`
[INFO] running `Command { std: "docker" "exec" "-e" "SOURCE_DIR=/opt/rustwide/workdir" "-e" "CARGO_HOME=/opt/rustwide/cargo-home" "-e" "RUSTUP_HOME=/opt/rustwide/rustup-home" "-e" "CARGO_TARGET_DIR=/opt/rustwide/target" "-e" "CARGO_INCREMENTAL=0" "-e" "RUST_BACKTRACE=full" "-e" "RUSTFLAGS=--cap-lints=forbid -Aunfulfilled-lint-expectations" "-e" "RUSTDOCFLAGS=--cap-lints=forbid" "-w" "/opt/rustwide/workdir" "--user" "0:0" "5e668ca23a1585a6a3e9af060ae0da454b85b81c8264ce7a8c62ba01b59378a6" "/opt/rustwide/cargo-home/bin/cargo" "+8773d2c75a8e90130dcce745a7ec4e66bb9963db" "check" "--frozen" "--all" "--all-targets" "--message-format=json", kill_on_drop: false }`
[INFO] [stderr]    Compiling proc-macro2 v1.0.97
[INFO] [stderr]     Checking rawpointer v0.2.1
[INFO] [stderr]    Compiling serde v1.0.219
[INFO] [stderr]    Compiling libc v0.2.175
[INFO] [stderr]    Compiling matrixmultiply v0.3.10
[INFO] [stderr]     Checking bitflags v2.9.2
[INFO] [stderr]    Compiling semver v1.0.26
[INFO] [stderr]     Checking crc32fast v1.5.0
[INFO] [stderr]     Checking weezl v0.1.10
[INFO] [stderr]     Checking num-integer v0.1.46
[INFO] [stderr]     Checking num-complex v0.4.6
[INFO] [stderr]     Checking thread-tree v0.3.3
[INFO] [stderr]     Checking approx v0.4.0
[INFO] [stderr]     Checking option-ext v0.2.0
[INFO] [stderr]     Checking csv-core v0.1.12
[INFO] [stderr]     Checking rayon-core v1.13.0
[INFO] [stderr]    Compiling yeslogic-fontconfig-sys v6.0.0
[INFO] [stderr]    Compiling font-kit v0.14.3
[INFO] [stderr]     Checking flate2 v1.1.2
[INFO] [stderr]     Checking jpeg-decoder v0.3.2
[INFO] [stderr]     Checking plotters-backend v0.3.7
[INFO] [stderr]     Checking gif v0.12.0
[INFO] [stderr]     Checking float-ord v0.3.2
[INFO] [stderr]     Checking ttf-parser v0.20.0
[INFO] [stderr]     Checking chrono v0.4.41
[INFO] [stderr]    Compiling anyhow v1.0.99
[INFO] [stderr]    Compiling cfg-if v1.0.1
[INFO] [stderr]    Compiling getrandom v0.3.3
[INFO] [stderr]     Checking plotters-svg v0.3.7
[INFO] [stderr]    Compiling thiserror v2.0.14
[INFO] [stderr]     Checking num-bigint v0.4.6
[INFO] [stderr]    Compiling num-conv v0.1.0
[INFO] [stderr]    Compiling time-core v0.1.4
[INFO] [stderr]    Compiling rustc_version v0.4.1
[INFO] [stderr]     Checking aho-corasick v1.1.3
[INFO] [stderr]    Compiling time-macros v0.2.22
[INFO] [stderr]     Checking rayon v1.11.0
[INFO] [stderr]    Compiling rustix v1.0.8
[INFO] [stderr]     Checking unicode-normalization v0.1.24
[INFO] [stderr]     Checking deranged v0.4.0
[INFO] [stderr]     Checking minimal-lexical v0.2.1
[INFO] [stderr]    Compiling pathfinder_simd v0.5.5
[INFO] [stderr]     Checking png v0.17.16
[INFO] [stderr]    Compiling built v0.7.7
[INFO] [stderr]    Compiling quote v1.0.40
[INFO] [stderr]     Checking nom v7.1.3
[INFO] [stderr]     Checking num_cpus v1.17.0
[INFO] [stderr]     Checking dirs-sys v0.5.0
[INFO] [stderr]     Checking dirs v6.0.0
[INFO] [stderr]    Compiling syn v2.0.106
[INFO] [stderr]     Checking getrandom v0.2.16
[INFO] [stderr]     Checking rand_core v0.6.4
[INFO] [stderr]     Checking parking_lot_core v0.9.11
[INFO] [stderr]     Checking rand_chacha v0.3.1
[INFO] [stderr]     Checking parking_lot v0.12.4
[INFO] [stderr]     Checking pathfinder_geometry v0.5.1
[INFO] [stderr]     Checking rand_core v0.9.3
[INFO] [stderr]     Checking signal-hook-registry v1.4.6
[INFO] [stderr]     Checking mio v1.0.4
[INFO] [stderr]     Checking rand v0.8.5
[INFO] [stderr]     Checking num-rational v0.4.2
[INFO] [stderr]     Checking ndarray v0.15.6
[INFO] [stderr]     Checking rand_chacha v0.9.0
[INFO] [stderr]    Compiling serde_json v1.0.143
[INFO] [stderr]    Compiling regex-automata v0.4.9
[INFO] [stderr]    Compiling rav1e v0.7.1
[INFO] [stderr]     Checking quick-error v2.0.1
[INFO] [stderr]    Compiling portable-atomic v1.11.1
[INFO] [stderr]     Checking colored v3.0.0
[INFO] [stderr]    Compiling simd_helpers v0.1.0
[INFO] [stderr]     Checking rand v0.9.2
[INFO] [stderr]     Checking itertools v0.12.1
[INFO] [stderr]     Checking imgref v1.11.0
[INFO] [stderr]     Checking new_debug_unreachable v1.0.6
[INFO] [stderr]     Checking bitstream-io v2.6.0
[INFO] [stderr]    Compiling noop_proc_macro v0.3.0
[INFO] [stderr]     Checking zune-core v0.4.12
[INFO] [stderr]     Checking loop9 v0.1.5
[INFO] [stderr]     Checking zune-jpeg v0.4.20
[INFO] [stderr]     Checking time v0.3.41
[INFO] [stderr]     Checking avif-serialize v0.8.6
[INFO] [stderr]     Checking pxfm v0.1.23
[INFO] [stderr]    Compiling jobserver v0.1.33
[INFO] [stderr]     Checking zune-inflate v0.2.54
[INFO] [stderr]     Checking rgb v0.8.52
[INFO] [stderr]     Checking bit_field v0.10.3
[INFO] [stderr]     Checking lebe v0.5.2
[INFO] [stderr]    Compiling cubecl-common v0.6.0
[INFO] [stderr]     Checking image-webp v0.2.4
[INFO] [stderr]     Checking futures-lite v2.6.1
[INFO] [stderr]     Checking png v0.18.0
[INFO] [stderr]     Checking gif v0.13.3
[INFO] [stderr]    Compiling cc v1.2.33
[INFO] [stderr]     Checking spin v0.10.0
[INFO] [stderr]     Checking web-time v1.1.0
[INFO] [stderr]     Checking embassy-futures v0.1.1
[INFO] [stderr]     Checking ahash v0.8.12
[INFO] [stderr]     Checking signal-hook v0.3.18
[INFO] [stderr]     Checking gix-trace v0.1.13
[INFO] [stderr]     Checking rand_distr v0.5.1
[INFO] [stderr]     Checking gix-utils v0.3.0
[INFO] [stderr]     Checking home v0.5.11
[INFO] [stderr]     Checking linux-raw-sys v0.9.4
[INFO] [stderr]     Checking gix-features v0.42.1
[INFO] [stderr]     Checking scheduled-thread-pool v0.2.7
[INFO] [stderr]     Checking hashbrown v0.14.5
[INFO] [stderr]    Compiling toml_edit v0.22.27
[INFO] [stderr]     Checking r2d2 v0.8.10
[INFO] [stderr]    Compiling macerator v0.2.9
[INFO] [stderr]     Checking uuid v1.18.0
[INFO] [stderr]    Compiling rstest_macros v0.25.0
[INFO] [stderr]     Checking rmp v0.8.14
[INFO] [stderr]     Checking concurrent-queue v2.5.0
[INFO] [stderr]    Compiling instability v0.3.9
[INFO] [stderr]     Checking rustix v0.38.44
[INFO] [stderr]     Checking signal-hook-mio v0.2.4
[INFO] [stderr]     Checking event-listener v5.4.1
[INFO] [stderr]     Checking tracing-log v0.2.0
[INFO] [stderr]     Checking maybe-rayon v0.1.1
[INFO] [stderr]     Checking itertools v0.13.0
[INFO] [stderr]     Checking thread_local v1.1.9
[INFO] [stderr]    Compiling indoc v2.0.6
[INFO] [stderr]    Compiling relative-path v1.9.3
[INFO] [stderr]    Compiling glob v0.3.3
[INFO] [stderr]     Checking dashmap v6.1.0
[INFO] [stderr]     Checking unty v0.0.4
[INFO] [stderr]     Checking moddef v0.3.0
[INFO] [stderr]    Compiling burn-ndarray v0.18.0
[INFO] [stderr]     Checking nu-ansi-term v0.50.1
[INFO] [stderr]     Checking event-listener-strategy v0.5.4
[INFO] [stderr]     Checking compact_str v0.8.1
[INFO] [stderr]     Checking ndarray v0.16.1
[INFO] [stderr]     Checking crossterm v0.28.1
[INFO] [stderr]     Checking moxcms v0.7.5
[INFO] [stderr]     Checking tracing-subscriber v0.3.20
[INFO] [stderr]     Checking nvml-wrapper-sys v0.9.0
[INFO] [stderr]     Checking unicode-width v0.2.0
[INFO] [stderr]    Compiling regex v1.11.1
[INFO] [stderr]     Checking futures-timer v3.0.3
[INFO] [stderr]     Checking bstr v1.12.0
[INFO] [stderr]    Compiling seq-macro v0.3.6
[INFO] [stderr]     Checking data-encoding v2.9.0
[INFO] [stderr]     Checking atomic_float v1.1.0
[INFO] [stderr]    Compiling freetype-sys v0.20.1
[INFO] [stderr]    Compiling libsqlite3-sys v0.35.0
[INFO] [stderr]     Checking tempfile v3.21.0
[INFO] [stderr]     Checking sanitize-filename v0.6.0
[INFO] [stderr]     Checking bytesize v1.3.3
[INFO] [stderr]    Compiling synstructure v0.13.2
[INFO] [stderr]    Compiling darling_core v0.20.11
[INFO] [stderr]    Compiling proc-macro-crate v3.3.0
[INFO] [stderr]     Checking systemstat v0.2.5
[INFO] [stderr]     Checking async-channel v2.5.0
[INFO] [stderr]     Checking sysinfo v0.36.1
[INFO] [stderr]     Checking unicode-truncate v1.1.0
[INFO] [stderr]     Checking rand_distr v0.4.3
[INFO] [stderr]    Compiling num-complex v0.2.4
[INFO] [stderr]     Checking approx v0.3.2
[INFO] [stderr]     Checking bytes v1.10.1
[INFO] [stderr]    Compiling linfa v0.7.1
[INFO] [stderr]    Compiling openssl-sys v0.9.109
[INFO] [stderr]    Compiling stable_deref_trait v1.2.0
[INFO] [stderr]    Compiling typenum v1.18.0
[INFO] [stderr]    Compiling smallvec v1.15.1
[INFO] [stderr]    Compiling generic-array v0.14.7
[INFO] [stderr]    Compiling itoa v1.0.15
[INFO] [stderr]     Checking rand_xoshiro v0.6.0
[INFO] [stderr]    Compiling indexmap v1.9.3
[INFO] [stderr]    Compiling openssl v0.10.73
[INFO] [stderr]    Compiling ucd-trie v0.1.7
[INFO] [stderr]     Checking ndarray-rand v0.14.0
[INFO] [stderr]     Checking itertools v0.10.5
[INFO] [stderr]     Checking noisy_float v0.2.0
[INFO] [stderr]    Compiling pin-project-lite v0.2.16
[INFO] [stderr]    Compiling native-tls v0.2.14
[INFO] [stderr]    Compiling zstd-sys v2.0.15+zstd.1.5.7
[INFO] [stderr]     Checking instant v0.1.13
[INFO] [stderr]    Compiling litemap v0.8.0
[INFO] [stderr]    Compiling writeable v0.6.1
[INFO] [stderr]    Compiling lock_api v0.4.13
[INFO] [stderr]     Checking alga v0.9.3
[INFO] [stderr]    Compiling subtle v2.6.1
[INFO] [stderr]    Compiling socket2 v0.6.0
[INFO] [stderr]    Compiling futures-core v0.3.31
[INFO] [stderr]     Checking encoding_index_tests v0.1.4
[INFO] [stderr]     Checking sprs v0.11.1
[INFO] [stderr]    Compiling icu_properties_data v2.0.1
[INFO] [stderr]    Compiling icu_normalizer_data v2.0.0
[INFO] [stderr]    Compiling http v0.2.12
[INFO] [stderr]    Compiling powerfmt v0.2.0
[INFO] [stderr]    Compiling percent-encoding v2.3.2
[INFO] [stderr]    Compiling foreign-types-shared v0.1.1
[INFO] [stderr]     Checking http v1.3.1
[INFO] [stderr]    Compiling serde_derive v1.0.219
[INFO] [stderr]    Compiling bytemuck_derive v1.10.1
[INFO] [stderr]    Compiling thiserror-impl v1.0.69
[INFO] [stderr]    Compiling thiserror-impl v2.0.14
[INFO] [stderr]    Compiling futures-macro v0.3.31
[INFO] [stderr]    Compiling equator-macro v0.4.2
[INFO] [stderr]    Compiling zerofrom-derive v0.1.6
[INFO] [stderr]    Compiling profiling-procmacros v1.0.17
[INFO] [stderr]    Compiling num-derive v0.4.2
[INFO] [stderr]     Checking equator v0.4.2
[INFO] [stderr]     Checking futures-util v0.3.31
[INFO] [stderr]     Checking profiling v1.0.17
[INFO] [stderr]    Compiling derive-new v0.7.0
[INFO] [stderr]     Checking aligned-vec v0.6.4
[INFO] [stderr]    Compiling arg_enum_proc_macro v0.3.4
[INFO] [stderr]     Checking bytemuck v1.23.2
[INFO] [stderr]     Checking v_frame v0.3.9
[INFO] [stderr]     Checking thiserror v1.0.69
[INFO] [stderr]    Compiling fax_derive v0.2.0
[INFO] [stderr]    Compiling darling_macro v0.20.11
[INFO] [stderr]    Compiling derive_more-impl v2.0.1
[INFO] [stderr]     Checking av1-grain v0.2.4
[INFO] [stderr]     Checking gix-validate v0.10.0
[INFO] [stderr]    Compiling yoke-derive v0.8.0
[INFO] [stderr]     Checking image v0.24.9
[INFO] [stderr]     Checking qoi v0.4.1
[INFO] [stderr]    Compiling displaydoc v0.2.5
[INFO] [stderr]    Compiling darling v0.20.11
[INFO] [stderr]    Compiling strum_macros v0.27.2
[INFO] [stderr]     Checking gix-path v0.10.20
[INFO] [stderr]    Compiling macerator-macros v0.1.3
[INFO] [stderr]    Compiling strum_macros v0.26.4
[INFO] [stderr]    Compiling wrapcenum-derive v0.4.1
[INFO] [stderr]     Checking fax v0.2.6
[INFO] [stderr]     Checking gix-fs v0.15.0
[INFO] [stderr]     Checking gix-tempfile v17.1.0
[INFO] [stderr]    Compiling burn-derive v0.18.0
[INFO] [stderr]    Compiling zerovec-derive v0.11.1
[INFO] [stderr]     Checking tracing-appender v0.2.3
[INFO] [stderr]     Checking nvml-wrapper v0.11.0
[INFO] [stderr]    Compiling tokio-macros v2.5.0
[INFO] [stderr] error: could not compile `futures-util` (lib)
[INFO] [stderr] 
[INFO] [stderr] Caused by:
[INFO] [stderr]   process didn't exit successfully: `/opt/rustwide/rustup-home/toolchains/8773d2c75a8e90130dcce745a7ec4e66bb9963db/bin/rustc --crate-name futures_util --edition=2018 /opt/rustwide/cargo-home/registry/src/index.crates.io-1949cf8c6b5b557f/futures-util-0.3.31/src/lib.rs --error-format=json --json=diagnostic-rendered-ansi,artifacts,future-incompat,unused-externs-silent --crate-type lib --emit=dep-info,metadata -C embed-bitcode=no -C debuginfo=2 --cfg 'feature="alloc"' --cfg 'feature="async-await"' --cfg 'feature="async-await-macro"' --cfg 'feature="default"' --cfg 'feature="futures-io"' --cfg 'feature="futures-macro"' --cfg 'feature="futures-sink"' --cfg 'feature="io"' --cfg 'feature="memchr"' --cfg 'feature="sink"' --cfg 'feature="slab"' --cfg 'feature="std"' --check-cfg 'cfg(docsrs,test)' --check-cfg 'cfg(feature, values("alloc", "async-await", "async-await-macro", "bilock", "cfg-target-has-atomic", "channel", "compat", "default", "futures-channel", "futures-io", "futures-macro", "futures-sink", "futures_01", "io", "io-compat", "memchr", "portable-atomic", "sink", "slab", "std", "tokio-io", "unstable", "write-all-vectored"))' -C metadata=0008cad130d4b1a3 -C extra-filename=-fa26cc16f54f9cb1 --out-dir /opt/rustwide/target/debug/build/futures-util/fa26cc16f54f9cb1/out --extern futures_core=/opt/rustwide/target/debug/build/futures-core/ec03c260f525680c/out/libfutures_core-ec03c260f525680c.rmeta --extern futures_io=/opt/rustwide/target/debug/build/futures-io/657e29764e315b6e/out/libfutures_io-657e29764e315b6e.rmeta --extern futures_macro=/opt/rustwide/target/debug/build/futures-macro/8ba395acdbce5990/out/libfutures_macro-8ba395acdbce5990.so --extern futures_sink=/opt/rustwide/target/debug/build/futures-sink/034745c499df9eee/out/libfutures_sink-034745c499df9eee.rmeta --extern futures_task=/opt/rustwide/target/debug/build/futures-task/f2d56e8573784efc/out/libfutures_task-f2d56e8573784efc.rmeta --extern memchr=/opt/rustwide/target/debug/build/memchr/435eb23c5b945c5e/out/libmemchr-435eb23c5b945c5e.rmeta --extern pin_project_lite=/opt/rustwide/target/debug/build/pin-project-lite/d1f3363798f36ccd/out/libpin_project_lite-d1f3363798f36ccd.rmeta --extern pin_utils=/opt/rustwide/target/debug/build/pin-utils/e1652ccf7965bf14/out/libpin_utils-e1652ccf7965bf14.rmeta --extern slab=/opt/rustwide/target/debug/build/slab/46086fe1a27b463e/out/libslab-46086fe1a27b463e.rmeta --cap-lints allow --cap-lints=forbid -Aunfulfilled-lint-expectations --force-warn=unused_crate_dependencies` (signal: 9, SIGKILL: kill)
[INFO] [stderr] warning: build failed, waiting for other jobs to finish...
[INFO] [stderr] warning: libsqlite3-sys@0.35.0: sqlite3/sqlite3.c: In function 'sqlite3ShadowTableName':
[INFO] [stderr] warning: libsqlite3-sys@0.35.0: sqlite3/sqlite3.c:125539:9: warning: assignment discards 'const' qualifier from pointer target type [-Wdiscarded-qualifiers]
[INFO] [stderr] warning: libsqlite3-sys@0.35.0: 125539 |   zTail = strrchr(zName, '_');
[INFO] [stderr] warning: libsqlite3-sys@0.35.0:        |         ^
[INFO] [stderr] warning: libsqlite3-sys@0.35.0: sqlite3/sqlite3.c: In function 'unistrFunc':
[INFO] [stderr] warning: libsqlite3-sys@0.35.0: sqlite3/sqlite3.c:131558:15: warning: initialization discards 'const' qualifier from pointer target type [-Wdiscarded-qualifiers]
[INFO] [stderr] warning: libsqlite3-sys@0.35.0: 131558 |     char *z = strchr(&zIn[i],'\\');
[INFO] [stderr] warning: libsqlite3-sys@0.35.0:        |               ^~~~~~
[INFO] [stderr] warning: libsqlite3-sys@0.35.0: cc: fatal error: Killed signal terminated program cc1
[INFO] [stderr] warning: libsqlite3-sys@0.35.0: compilation terminated.
[INFO] [stderr] error: failed to run custom build command for `libsqlite3-sys v0.35.0`
[INFO] [stderr] note: To improve backtraces for build dependencies, set the CARGO_PROFILE_DEV_BUILD_OVERRIDE_DEBUG=true environment variable to enable debug information generation.
[INFO] [stderr] 
[INFO] [stderr] Caused by:
[INFO] [stderr]   process didn't exit successfully: `/opt/rustwide/target/debug/build/libsqlite3-sys/e032bdd05777f5fc/out/build_script_build` (exit status: 1)
[INFO] [stderr]   --- stdout
[INFO] [stderr]   cargo:rerun-if-env-changed=LIBSQLITE3_SYS_USE_PKG_CONFIG
[INFO] [stderr]   cargo:include=/opt/rustwide/cargo-home/registry/src/index.crates.io-1949cf8c6b5b557f/libsqlite3-sys-0.35.0/sqlite3
[INFO] [stderr]   cargo:rerun-if-changed=sqlite3/sqlite3.c
[INFO] [stderr]   cargo:rerun-if-changed=sqlite3/wasm32-wasi-vfs.c
[INFO] [stderr]   cargo:rerun-if-env-changed=SQLITE_MAX_VARIABLE_NUMBER
[INFO] [stderr]   cargo:rerun-if-env-changed=SQLITE_MAX_EXPR_DEPTH
[INFO] [stderr]   cargo:rerun-if-env-changed=SQLITE_MAX_COLUMN
[INFO] [stderr]   cargo:rerun-if-env-changed=LIBSQLITE3_FLAGS
[INFO] [stderr]   OUT_DIR = Some(/opt/rustwide/target/debug/build/libsqlite3-sys/053f1859a4bfe270/out)
[INFO] [stderr]   OPT_LEVEL = Some(0)
[INFO] [stderr]   TARGET = Some(x86_64-unknown-linux-gnu)
[INFO] [stderr]   HOST = Some(x86_64-unknown-linux-gnu)
[INFO] [stderr]   cargo:rerun-if-env-changed=CC_x86_64-unknown-linux-gnu
[INFO] [stderr]   CC_x86_64-unknown-linux-gnu = None
[INFO] [stderr]   cargo:rerun-if-env-changed=CC_x86_64_unknown_linux_gnu
[INFO] [stderr]   CC_x86_64_unknown_linux_gnu = None
[INFO] [stderr]   cargo:rerun-if-env-changed=HOST_CC
[INFO] [stderr]   HOST_CC = None
[INFO] [stderr]   cargo:rerun-if-env-changed=CC
[INFO] [stderr]   CC = None
[INFO] [stderr]   cargo:rerun-if-env-changed=CC_ENABLE_DEBUG_OUTPUT
[INFO] [stderr]   RUSTC_WRAPPER = None
[INFO] [stderr]   cargo:rerun-if-env-changed=CRATE_CC_NO_DEFAULTS
[INFO] [stderr]   CRATE_CC_NO_DEFAULTS = None
[INFO] [stderr]   DEBUG = Some(true)
[INFO] [stderr]   CARGO_CFG_TARGET_FEATURE = Some(fxsr,sse,sse2,x87)
[INFO] [stderr]   cargo:rerun-if-env-changed=CFLAGS
[INFO] [stderr]   CFLAGS = None
[INFO] [stderr]   cargo:rerun-if-env-changed=HOST_CFLAGS
[INFO] [stderr]   HOST_CFLAGS = None
[INFO] [stderr]   cargo:rerun-if-env-changed=CFLAGS_x86_64_unknown_linux_gnu
[INFO] [stderr]   CFLAGS_x86_64_unknown_linux_gnu = None
[INFO] [stderr]   cargo:rerun-if-env-changed=CFLAGS_x86_64-unknown-linux-gnu
[INFO] [stderr]   CFLAGS_x86_64-unknown-linux-gnu = None
[INFO] [stderr]   CARGO_ENCODED_RUSTFLAGS = Some(--cap-lints=forbid-Aunfulfilled-lint-expectations)
[INFO] [stderr]   cargo:warning=sqlite3/sqlite3.c: In function 'sqlite3ShadowTableName':
[INFO] [stderr]   cargo:warning=sqlite3/sqlite3.c:125539:9: warning: assignment discards 'const' qualifier from pointer target type [-Wdiscarded-qualifiers]
[INFO] [stderr]   cargo:warning=125539 |   zTail = strrchr(zName, '_');
[INFO] [stderr]   cargo:warning=       |         ^
[INFO] [stderr]   cargo:warning=sqlite3/sqlite3.c: In function 'unistrFunc':
[INFO] [stderr]   cargo:warning=sqlite3/sqlite3.c:131558:15: warning: initialization discards 'const' qualifier from pointer target type [-Wdiscarded-qualifiers]
[INFO] [stderr]   cargo:warning=131558 |     char *z = strchr(&zIn[i],'\\');
[INFO] [stderr]   cargo:warning=       |               ^~~~~~
[INFO] [stderr]   cargo:warning=cc: fatal error: Killed signal terminated program cc1
[INFO] [stderr]   cargo:warning=compilation terminated.
[INFO] [stderr] 
[INFO] [stderr]   --- stderr
[INFO] [stderr] 
[INFO] [stderr] 
[INFO] [stderr]   error occurred in cc-rs: command did not execute successfully (status code exit status: 1): LC_ALL="C" "cc" "-O0" "-ffunction-sections" "-fdata-sections" "-fPIC" "-gdwarf-4" "-fno-omit-frame-pointer" "-m64" "-DSQLITE_CORE" "-DSQLITE_DEFAULT_FOREIGN_KEYS=1" "-DSQLITE_ENABLE_API_ARMOR" "-DSQLITE_ENABLE_COLUMN_METADATA" "-DSQLITE_ENABLE_DBSTAT_VTAB" "-DSQLITE_ENABLE_FTS3" "-DSQLITE_ENABLE_FTS3_PARENTHESIS" "-DSQLITE_ENABLE_FTS5" "-DSQLITE_ENABLE_JSON1" "-DSQLITE_ENABLE_LOAD_EXTENSION=1" "-DSQLITE_ENABLE_MEMORY_MANAGEMENT" "-DSQLITE_ENABLE_RTREE" "-DSQLITE_ENABLE_STAT4" "-DSQLITE_SOUNDEX" "-DSQLITE_THREADSAFE=1" "-DSQLITE_USE_URI" "-DHAVE_USLEEP=1" "-DHAVE_ISNAN" "-D_POSIX_THREAD_SAFE_FUNCTIONS" "-DHAVE_LOCALTIME_R" "-o" "/opt/rustwide/target/debug/build/libsqlite3-sys/053f1859a4bfe270/out/c877a2978823c39d-sqlite3.o" "-c" "sqlite3/sqlite3.c"
[INFO] [stderr] 
[INFO] [stderr] 
[INFO] running `Command { std: "docker" "inspect" "5e668ca23a1585a6a3e9af060ae0da454b85b81c8264ce7a8c62ba01b59378a6", kill_on_drop: false }`
[INFO] running `Command { std: "docker" "rm" "-f" "5e668ca23a1585a6a3e9af060ae0da454b85b81c8264ce7a8c62ba01b59378a6", kill_on_drop: false }`
[INFO] [stdout] 5e668ca23a1585a6a3e9af060ae0da454b85b81c8264ce7a8c62ba01b59378a6
