[INFO] cloning repository https://github.com/gaeulbyul/anion-bot
[INFO] running `Command { std: "git" "-c" "credential.helper=" "-c" "credential.helper=/workspace/cargo-home/bin/git-credential-null" "clone" "--bare" "https://github.com/gaeulbyul/anion-bot" "/workspace/cache/git-repos/https%3A%2F%2Fgithub.com%2Fgaeulbyul%2Fanion-bot", kill_on_drop: false }`
[INFO] [stderr] Cloning into bare repository '/workspace/cache/git-repos/https%3A%2F%2Fgithub.com%2Fgaeulbyul%2Fanion-bot'...
[INFO] running `Command { std: "git" "rev-parse" "HEAD", kill_on_drop: false }`
[INFO] [stdout] 4788e6c4c7e92ab5cef3d2a513ff9b3aa44db182
[INFO] checking gaeulbyul/anion-bot/4788e6c4c7e92ab5cef3d2a513ff9b3aa44db182 against 8d1a76430406c877b35d0b627e7f796dcf0dfeca+rustflags=-Aunfulfilled-lint-expectations for pr-163637
[INFO] running `Command { std: "git" "clone" "/workspace/cache/git-repos/https%3A%2F%2Fgithub.com%2Fgaeulbyul%2Fanion-bot" "/workspace/builds/worker-0-tc1/source", kill_on_drop: false }`
[INFO] [stderr] Cloning into '/workspace/builds/worker-0-tc1/source'...
[INFO] [stderr] done.
[INFO] started tweaking git repo https://github.com/gaeulbyul/anion-bot
[INFO] finished tweaking git repo https://github.com/gaeulbyul/anion-bot
[INFO] tweaked toml for git repo https://github.com/gaeulbyul/anion-bot written to /workspace/builds/worker-0-tc1/source/Cargo.toml
[INFO] validating manifest of git repo https://github.com/gaeulbyul/anion-bot on toolchain 8d1a76430406c877b35d0b627e7f796dcf0dfeca
[INFO] running `Command { std: CARGO_HOME="/workspace/cargo-home" RUSTUP_HOME="/workspace/rustup-home" "/workspace/cargo-home/bin/cargo" "+8d1a76430406c877b35d0b627e7f796dcf0dfeca" "metadata" "--manifest-path" "Cargo.toml" "--no-deps", kill_on_drop: false }`
[INFO] crate git repo https://github.com/gaeulbyul/anion-bot already has a lockfile, it will not be regenerated
[INFO] running `Command { std: CARGO_HOME="/workspace/cargo-home" RUSTUP_HOME="/workspace/rustup-home" "/workspace/cargo-home/bin/cargo" "+8d1a76430406c877b35d0b627e7f796dcf0dfeca" "fetch" "--manifest-path" "Cargo.toml", kill_on_drop: false }`
[INFO] [stderr] warning: Cargo.toml: `package.edition` is unspecified, defaulting to `2015` while the latest is `2024`
[INFO] [stderr] warning: `AniON-Bot` (manifest) generated 1 warning
[INFO] [stderr]     Updating crates.io index
[INFO] [stderr]  Downloading crates ...
[INFO] [stderr]   Downloaded matches v0.1.4
[INFO] [stderr]   Downloaded telegram-bot v0.5.0
[INFO] [stderr]   Downloaded openssl-sys-extras v0.7.14
[INFO] [stderr]   Downloaded url v1.2.3
[INFO] [stderr]   Downloaded user32-sys v0.2.0
[INFO] [stderr]   Downloaded openssl-sys v0.7.17
[INFO] [stderr]   Downloaded num_cpus v1.2.0
[INFO] [stderr]   Downloaded serde_json v0.8.3
[INFO] [stderr]   Downloaded dtoa v0.2.2
[INFO] [stderr]   Downloaded tempdir v0.3.5
[INFO] [stderr]   Downloaded phf_shared v0.7.20
[INFO] [stderr]   Downloaded buf_redux v0.3.0
[INFO] [stderr]   Downloaded unsafe-any v0.4.1
[INFO] [stderr]   Downloaded gdi32-sys v0.2.0
[INFO] [stderr]   Downloaded conduit-mime-types v0.7.3
[INFO] [stderr]   Downloaded utf8-ranges v0.1.3
[INFO] [stderr]   Downloaded staticfile v0.3.1
[INFO] [stderr]   Downloaded httparse v1.2.0
[INFO] [stderr]   Downloaded plugin v0.2.6
[INFO] [stderr]   Downloaded route-recognizer v0.1.11
[INFO] [stderr]   Downloaded phf_codegen v0.7.20
[INFO] [stderr]   Downloaded pnacl-build-helper v1.4.10
[INFO] [stderr]   Downloaded thread-id v2.0.0
[INFO] [stderr]   Downloaded mount v0.2.1
[INFO] [stderr]   Downloaded modifier v0.1.0
[INFO] [stderr]   Downloaded itoa v0.1.1
[INFO] [stderr]   Downloaded thread_local v0.2.7
[INFO] [stderr]   Downloaded unicase v1.4.0
[INFO] [stderr]   Downloaded phf_generator v0.7.20
[INFO] [stderr]   Downloaded log v0.3.6
[INFO] [stderr]   Downloaded pkg-config v0.3.8
[INFO] [stderr]   Downloaded lazy_static v0.2.2
[INFO] [stderr]   Downloaded error v0.1.9
[INFO] [stderr]   Downloaded mime_guess v1.8.1
[INFO] [stderr]   Downloaded mime v0.2.2
[INFO] [stderr]   Downloaded traitobject v0.0.1
[INFO] [stderr]   Downloaded cookie v0.2.5
[INFO] [stderr]   Downloaded sequence_trie v0.0.13
[INFO] [stderr]   Downloaded num-traits v0.1.36
[INFO] [stderr]   Downloaded router v0.2.0
[INFO] [stderr]   Downloaded rustc-serialize v0.3.21
[INFO] [stderr]   Downloaded phf v0.7.20
[INFO] [stderr]   Downloaded memchr v0.1.11
[INFO] [stderr]   Downloaded time v0.1.35
[INFO] [stderr]   Downloaded num_cpus v0.2.13
[INFO] [stderr]   Downloaded rustc_version v0.1.7
[INFO] [stderr]   Downloaded hpack v0.2.0
[INFO] [stderr]   Downloaded rand v0.3.15
[INFO] [stderr]   Downloaded semver v0.1.20
[INFO] [stderr]   Downloaded solicit v0.4.4
[INFO] [stderr]   Downloaded gcc v0.3.38
[INFO] [stderr]   Downloaded iron v0.4.0
[INFO] [stderr]   Downloaded typemap v0.3.3
[INFO] [stderr]   Downloaded serde v0.8.19
[INFO] [stderr]   Downloaded multipart v0.8.1
[INFO] [stderr]   Downloaded openssl v0.7.14
[INFO] [stderr]   Downloaded idna v0.1.0
[INFO] [stderr]   Downloaded regex-syntax v0.3.9
[INFO] [stderr]   Downloaded libc v0.2.17
[INFO] [stderr]   Downloaded hyper v0.9.13
[INFO] [stderr]   Downloaded regex v0.1.80
[INFO] [stderr]   Downloaded openssl-verify v0.1.0
[INFO] [stderr]   Downloaded aho-corasick v0.5.3
[INFO] [stderr]   Downloaded unicode-normalization v0.1.2
[INFO] [stderr]   Downloaded lazy_static v0.1.16
[INFO] [stderr]   Downloaded unicode-bidi v0.2.3
[INFO] [stderr]   Downloaded libressl-pnacl-sys v2.1.6
[INFO] running `Command { std: "docker" "create" "-v" "/var/lib/crater-agent-workspace/builds/worker-0-tc1/source:/opt/rustwide/workdir:ro,Z" "-v" "/var/lib/crater-agent-workspace/builds/worker-0-tc1/target:/opt/rustwide/target:rw,Z" "-v" "/var/lib/crater-agent-workspace/cargo-home:/opt/rustwide/cargo-home:ro,Z" "-v" "/var/lib/crater-agent-workspace/rustup-home:/opt/rustwide/rustup-home:ro,Z" "-m" "1610612736" "--network" "none" "ghcr.io/rust-lang/crates-build-env/linux@sha256:77db811e55d90add9212f6832c23229e3de5f1c1f9905e8cb07319ea15df73ac" "sleep" "infinity", kill_on_drop: false }`
[INFO] [stdout] e8216b021932bfde1e2dae78040a3ea27f4301537aa3cdeb3235012a0e3e5e40
[INFO] running `Command { std: "docker" "start" "e8216b021932bfde1e2dae78040a3ea27f4301537aa3cdeb3235012a0e3e5e40", kill_on_drop: false }`
[INFO] running `Command { std: "docker" "inspect" "e8216b021932bfde1e2dae78040a3ea27f4301537aa3cdeb3235012a0e3e5e40", kill_on_drop: false }`
[INFO] running `Command { std: "docker" "exec" "-e" "SOURCE_DIR=/opt/rustwide/workdir" "-e" "CARGO_HOME=/opt/rustwide/cargo-home" "-e" "RUSTUP_HOME=/opt/rustwide/rustup-home" "-e" "CARGO_TARGET_DIR=/opt/rustwide/target" "-w" "/opt/rustwide/workdir" "--user" "0:0" "e8216b021932bfde1e2dae78040a3ea27f4301537aa3cdeb3235012a0e3e5e40" "/opt/rustwide/cargo-home/bin/cargo" "+8d1a76430406c877b35d0b627e7f796dcf0dfeca" "metadata" "--no-deps" "--format-version=1", kill_on_drop: false }`
[INFO] running `Command { std: "docker" "inspect" "e8216b021932bfde1e2dae78040a3ea27f4301537aa3cdeb3235012a0e3e5e40", kill_on_drop: false }`
[INFO] running `Command { std: "docker" "exec" "-e" "SOURCE_DIR=/opt/rustwide/workdir" "-e" "CARGO_HOME=/opt/rustwide/cargo-home" "-e" "RUSTUP_HOME=/opt/rustwide/rustup-home" "-e" "CARGO_TARGET_DIR=/opt/rustwide/target" "-e" "CARGO_INCREMENTAL=0" "-e" "RUST_BACKTRACE=full" "-e" "RUSTFLAGS=--cap-lints=forbid -Aunfulfilled-lint-expectations" "-e" "RUSTDOCFLAGS=--cap-lints=forbid" "-w" "/opt/rustwide/workdir" "--user" "0:0" "e8216b021932bfde1e2dae78040a3ea27f4301537aa3cdeb3235012a0e3e5e40" "/opt/rustwide/cargo-home/bin/cargo" "+8d1a76430406c877b35d0b627e7f796dcf0dfeca" "check" "--frozen" "--all" "--all-targets" "--message-format=json", kill_on_drop: false }`
[INFO] [stderr] warning: Cargo.toml: `package.edition` is unspecified, defaulting to `2015` while the latest is `2024`
[INFO] [stderr] warning: `AniON-Bot` (manifest) generated 1 warning
[INFO] [stderr]     Checking libc v0.2.17
[INFO] [stderr]    Compiling semver v0.1.20
[INFO] [stderr]    Compiling pkg-config v0.3.8
[INFO] [stderr]    Compiling gcc v0.3.38
[INFO] [stderr]    Compiling winapi-build v0.1.1
[INFO] [stderr]     Checking winapi v0.2.8
[INFO] [stderr]     Checking traitobject v0.0.1
[INFO] [stderr]     Checking log v0.3.6
[INFO] [stderr]     Checking matches v0.1.4
[INFO] [stderr]     Checking bitflags v0.7.0
[INFO] [stderr]     Checking unicode-normalization v0.1.2
[INFO] [stderr]     Checking lazy_static v0.2.2
[INFO] [stderr]     Checking rustc-serialize v0.3.21
[INFO] [stderr]     Checking httparse v1.2.0
[INFO] [stderr]     Checking lazy_static v0.1.16
[INFO] [stderr]     Checking modifier v0.1.0
[INFO] [stderr]     Checking sequence_trie v0.0.13
[INFO] [stderr]     Checking buf_redux v0.3.0
[INFO] [stderr]     Checking itoa v0.1.1
[INFO] [stderr]    Compiling rustc_version v0.1.7
[INFO] [stderr]     Checking unicode-bidi v0.2.3
[INFO] [stderr]     Checking unsafe-any v0.4.1
[INFO] [stderr]    Compiling kernel32-sys v0.2.2
[INFO] [stderr]     Checking error v0.1.9
[INFO] [stderr]     Checking serde v0.8.19
[INFO] [stderr]     Checking route-recognizer v0.1.11
[INFO] [stderr]     Checking num-traits v0.1.36
[INFO] [stderr]     Checking typemap v0.3.3
[INFO] [stderr]    Compiling unicase v1.4.0
[INFO] [stdout] error[E0658]: use of unstable library feature `test`: `bench` is a part of custom test frameworks which are unstable
[INFO] [stdout]    --> /opt/rustwide/cargo-home/registry/src/index.crates.io-1949cf8c6b5b557f/route-recognizer-0.1.11/src/nfa.rs:568:3
[INFO] [stdout]     |
[INFO] [stdout] 568 | #[bench]
[INFO] [stdout]     |   ^^^^^
[INFO] [stdout]     |
[INFO] [stdout]     = note: see issue #50297 <https://github.com/rust-lang/rust/issues/50297> for more information
[INFO] [stdout]     = help: add `#![feature(test)]` to the crate attributes to enable
[INFO] [stdout]     = note: this compiler was built on 2026-10-06; consider upgrading it if it is out of date
[INFO] [stdout] 
[INFO] [stdout] 
[INFO] [stdout] error[E0658]: use of unstable library feature `test`: `bench` is a part of custom test frameworks which are unstable
[INFO] [stdout]    --> /opt/rustwide/cargo-home/registry/src/index.crates.io-1949cf8c6b5b557f/route-recognizer-0.1.11/src/nfa.rs:582:3
[INFO] [stdout]     |
[INFO] [stdout] 582 | #[bench]
[INFO] [stdout]     |   ^^^^^
[INFO] [stdout]     |
[INFO] [stdout]     = note: see issue #50297 <https://github.com/rust-lang/rust/issues/50297> for more information
[INFO] [stdout]     = help: add `#![feature(test)]` to the crate attributes to enable
[INFO] [stdout]     = note: this compiler was built on 2026-10-06; consider upgrading it if it is out of date
[INFO] [stdout] 
[INFO] [stdout] 
[INFO] [stdout] error[E0658]: use of unstable library feature `test`: `bench` is a part of custom test frameworks which are unstable
[INFO] [stdout]    --> /opt/rustwide/cargo-home/registry/src/index.crates.io-1949cf8c6b5b557f/route-recognizer-0.1.11/src/nfa.rs:596:3
[INFO] [stdout]     |
[INFO] [stdout] 596 | #[bench]
[INFO] [stdout]     |   ^^^^^
[INFO] [stdout]     |
[INFO] [stdout]     = note: see issue #50297 <https://github.com/rust-lang/rust/issues/50297> for more information
[INFO] [stdout]     = help: add `#![feature(test)]` to the crate attributes to enable
[INFO] [stdout]     = note: this compiler was built on 2026-10-06; consider upgrading it if it is out of date
[INFO] [stdout] 
[INFO] [stdout] 
[INFO] [stdout] error[E0658]: use of unstable library feature `test`: `bench` is a part of custom test frameworks which are unstable
[INFO] [stdout]    --> /opt/rustwide/cargo-home/registry/src/index.crates.io-1949cf8c6b5b557f/route-recognizer-0.1.11/src/lib.rs:303:3
[INFO] [stdout]     |
[INFO] [stdout] 303 | #[bench]
[INFO] [stdout]     |   ^^^^^
[INFO] [stdout]     |
[INFO] [stdout]     = note: see issue #50297 <https://github.com/rust-lang/rust/issues/50297> for more information
[INFO] [stdout]     = help: add `#![feature(test)]` to the crate attributes to enable
[INFO] [stdout]     = note: this compiler was built on 2026-10-06; consider upgrading it if it is out of date
[INFO] [stdout] 
[INFO] [stdout] 
[INFO] [stderr]     Checking hpack v0.2.0
[INFO] [stdout] error[E0310]: the parameter type `T` may not live long enough
[INFO] [stdout]     --> /opt/rustwide/cargo-home/registry/src/index.crates.io-1949cf8c6b5b557f/rustc-serialize-0.3.21/src/serialize.rs:1155:5
[INFO] [stdout]      |
[INFO] [stdout] 1155 |     fn decode<D: Decoder>(d: &mut D) -> Result<Cow<'static, T>, D::Error> {
[INFO] [stdout]      |     ^^^^^^^^^^^^^^^^^^^^^^^^^^^^^^^^^^^^^^^^^^^^^^^^^^^^^^^^^^^^^^^^^^^^^
[INFO] [stdout]      |     |
[INFO] [stdout]      |     the parameter type `T` must be valid for the static lifetime...
[INFO] [stdout]      |     ...so that the type `T` will meet its required lifetime bounds
[INFO] [stdout]      |
[INFO] [stdout] help: consider adding an explicit lifetime bound
[INFO] [stdout]      |
[INFO] [stdout] 1151 | impl<'a, T: ?Sized + 'static> Decodable for Cow<'a, T>
[INFO] [stdout]      |                    +++++++++
[INFO] [stdout] 
[INFO] [stdout] 
[INFO] [stderr]     Checking mime v0.2.2
[INFO] [stderr]     Checking num_cpus v1.2.0
[INFO] [stderr]     Checking plugin v0.2.6
[INFO] [stderr]     Checking memchr v0.1.11
[INFO] [stderr]     Checking num_cpus v0.2.13
[INFO] [stderr]     Checking rand v0.3.15
[INFO] [stderr]     Checking time v0.1.35
[INFO] [stderr]     Checking thread-id v2.0.0
[INFO] [stderr]     Checking dtoa v0.2.2
[INFO] [stderr]     Checking thread_local v0.2.7
[INFO] [stdout] For more information about this error, try `rustc --explain E0658`.
[INFO] [stdout] 
[INFO] [stderr]     Checking solicit v0.4.4
[INFO] [stderr] error: could not compile `route-recognizer` (lib) due to 4 previous errors
[INFO] [stderr] warning: build failed, waiting for other jobs to finish...
[INFO] [stdout] For more information about this error, try `rustc --explain E0310`.
[INFO] [stdout] 
[INFO] [stderr] error: could not compile `rustc-serialize` (lib) due to 1 previous error
[INFO] running `Command { std: "docker" "inspect" "e8216b021932bfde1e2dae78040a3ea27f4301537aa3cdeb3235012a0e3e5e40", kill_on_drop: false }`
[INFO] running `Command { std: "docker" "rm" "-f" "e8216b021932bfde1e2dae78040a3ea27f4301537aa3cdeb3235012a0e3e5e40", kill_on_drop: false }`
[INFO] [stdout] e8216b021932bfde1e2dae78040a3ea27f4301537aa3cdeb3235012a0e3e5e40
