[INFO] cloning repository https://github.com/epicadidash/gui
[INFO] running `Command { std: "git" "-c" "credential.helper=" "-c" "credential.helper=/workspace/cargo-home/bin/git-credential-null" "clone" "--bare" "https://github.com/epicadidash/gui" "/workspace/cache/git-repos/https%3A%2F%2Fgithub.com%2Fepicadidash%2Fgui", kill_on_drop: false }`
[INFO] [stderr] Cloning into bare repository '/workspace/cache/git-repos/https%3A%2F%2Fgithub.com%2Fepicadidash%2Fgui'...
[INFO] running `Command { std: "git" "rev-parse" "HEAD", kill_on_drop: false }`
[INFO] [stdout] bfe9efedeb0c4f5856be59a9fc83496c46de5d3e
[INFO] checking epicadidash/gui against 8773d2c75a8e90130dcce745a7ec4e66bb9963db+rustflags=-Aunfulfilled-lint-expectations for pr-163637
[INFO] running `Command { std: "git" "clone" "/workspace/cache/git-repos/https%3A%2F%2Fgithub.com%2Fepicadidash%2Fgui" "/workspace/builds/worker-6-tc2/source", kill_on_drop: false }`
[INFO] [stderr] Cloning into '/workspace/builds/worker-6-tc2/source'...
[INFO] [stderr] done.
[INFO] started tweaking git repo https://github.com/epicadidash/gui
[INFO] finished tweaking git repo https://github.com/epicadidash/gui
[INFO] tweaked toml for git repo https://github.com/epicadidash/gui written to /workspace/builds/worker-6-tc2/source/Cargo.toml
[INFO] validating manifest of git repo https://github.com/epicadidash/gui on toolchain 8773d2c75a8e90130dcce745a7ec4e66bb9963db
[INFO] running `Command { std: CARGO_HOME="/workspace/cargo-home" RUSTUP_HOME="/workspace/rustup-home" "/workspace/cargo-home/bin/cargo" "+8773d2c75a8e90130dcce745a7ec4e66bb9963db" "metadata" "--manifest-path" "Cargo.toml" "--no-deps", kill_on_drop: false }`
[INFO] crate git repo https://github.com/epicadidash/gui already has a lockfile, it will not be regenerated
[INFO] running `Command { std: CARGO_HOME="/workspace/cargo-home" RUSTUP_HOME="/workspace/rustup-home" "/workspace/cargo-home/bin/cargo" "+8773d2c75a8e90130dcce745a7ec4e66bb9963db" "fetch" "--manifest-path" "Cargo.toml", kill_on_drop: false }`
[INFO] [stderr]     Blocking waiting for file lock on package cache
[INFO] [stderr]     Blocking waiting for file lock on package cache
[INFO] [stderr]  Downloading crates ...
[INFO] [stderr]   Downloaded toml_edit v0.19.12
[INFO] [stderr]   Downloaded thiserror-impl v1.0.43
[INFO] [stderr]   Downloaded gsk4-sys v0.6.3
[INFO] [stderr]   Downloaded equivalent v1.0.0
[INFO] [stderr]   Downloaded gdk-pixbuf-sys v0.17.10
[INFO] [stderr]   Downloaded cairo-sys-rs v0.17.10
[INFO] [stderr]   Downloaded pango-sys v0.17.10
[INFO] [stderr]   Downloaded target-lexicon v0.12.8
[INFO] [stderr]   Downloaded gobject-sys v0.17.10
[INFO] [stderr]   Downloaded thiserror v1.0.43
[INFO] [stderr]   Downloaded quote v1.0.29
[INFO] [stderr]   Downloaded pango v0.17.10
[INFO] [stderr]   Downloaded graphene-rs v0.17.10
[INFO] [stderr]   Downloaded gsk4 v0.6.3
[INFO] [stderr]   Downloaded gdk-pixbuf v0.17.10
[INFO] [stderr]   Downloaded graphene-sys v0.17.10
[INFO] [stderr]   Downloaded gtk4-macros v0.6.6
[INFO] [stderr]   Downloaded proc-macro2 v1.0.63
[INFO] [stderr]   Downloaded glib-macros v0.17.10
[INFO] [stderr]   Downloaded cfg-expr v0.15.3
[INFO] [stderr]   Downloaded unicode-ident v1.0.10
[INFO] [stderr]   Downloaded glib-sys v0.17.10
[INFO] [stderr]   Downloaded cairo-rs v0.17.10
[INFO] [stderr]   Downloaded gdk4-sys v0.6.3
[INFO] [stderr]   Downloaded serde v1.0.167
[INFO] [stderr]   Downloaded gio-sys v0.17.10
[INFO] [stderr]   Downloaded gdk4 v0.6.3
[INFO] [stderr]   Downloaded winnow v0.4.9
[INFO] [stderr]   Downloaded gtk4-sys v0.6.3
[INFO] [stderr]   Downloaded gio v0.17.10
[INFO] [stderr]   Downloaded syn v2.0.23
[INFO] [stderr]   Downloaded glib v0.17.10
[INFO] [stderr]   Downloaded gtk4 v0.6.6
[INFO] running `Command { std: "docker" "create" "-v" "/var/lib/crater-agent-workspace/builds/worker-6-tc2/source:/opt/rustwide/workdir:ro,Z" "-v" "/var/lib/crater-agent-workspace/builds/worker-6-tc2/target:/opt/rustwide/target:rw,Z" "-v" "/var/lib/crater-agent-workspace/cargo-home:/opt/rustwide/cargo-home:ro,Z" "-v" "/var/lib/crater-agent-workspace/rustup-home:/opt/rustwide/rustup-home:ro,Z" "-m" "1610612736" "--network" "none" "ghcr.io/rust-lang/crates-build-env/linux@sha256:77db811e55d90add9212f6832c23229e3de5f1c1f9905e8cb07319ea15df73ac" "sleep" "infinity", kill_on_drop: false }`
[INFO] [stdout] f3f3fcf78b8fbbd300f9ccd0926baf81833954935c08cd7a3ee8be67cb192660
[INFO] running `Command { std: "docker" "start" "f3f3fcf78b8fbbd300f9ccd0926baf81833954935c08cd7a3ee8be67cb192660", kill_on_drop: false }`
[INFO] running `Command { std: "docker" "inspect" "f3f3fcf78b8fbbd300f9ccd0926baf81833954935c08cd7a3ee8be67cb192660", kill_on_drop: false }`
[INFO] running `Command { std: "docker" "exec" "-e" "SOURCE_DIR=/opt/rustwide/workdir" "-e" "CARGO_HOME=/opt/rustwide/cargo-home" "-e" "RUSTUP_HOME=/opt/rustwide/rustup-home" "-e" "CARGO_TARGET_DIR=/opt/rustwide/target" "-w" "/opt/rustwide/workdir" "--user" "0:0" "f3f3fcf78b8fbbd300f9ccd0926baf81833954935c08cd7a3ee8be67cb192660" "/opt/rustwide/cargo-home/bin/cargo" "+8773d2c75a8e90130dcce745a7ec4e66bb9963db" "metadata" "--no-deps" "--format-version=1", kill_on_drop: false }`
[INFO] running `Command { std: "docker" "inspect" "f3f3fcf78b8fbbd300f9ccd0926baf81833954935c08cd7a3ee8be67cb192660", kill_on_drop: false }`
[INFO] running `Command { std: "docker" "exec" "-e" "SOURCE_DIR=/opt/rustwide/workdir" "-e" "CARGO_HOME=/opt/rustwide/cargo-home" "-e" "RUSTUP_HOME=/opt/rustwide/rustup-home" "-e" "CARGO_TARGET_DIR=/opt/rustwide/target" "-e" "CARGO_INCREMENTAL=0" "-e" "RUST_BACKTRACE=full" "-e" "RUSTFLAGS=--cap-lints=forbid -Aunfulfilled-lint-expectations" "-e" "RUSTDOCFLAGS=--cap-lints=forbid" "-w" "/opt/rustwide/workdir" "--user" "0:0" "f3f3fcf78b8fbbd300f9ccd0926baf81833954935c08cd7a3ee8be67cb192660" "/opt/rustwide/cargo-home/bin/cargo" "+8773d2c75a8e90130dcce745a7ec4e66bb9963db" "check" "--frozen" "--all" "--all-targets" "--message-format=json", kill_on_drop: false }`
[INFO] [stderr]    Compiling serde v1.0.167
[INFO] [stderr]    Compiling equivalent v1.0.0
[INFO] [stderr]    Compiling hashbrown v0.14.0
[INFO] [stderr]    Compiling winnow v0.4.9
[INFO] [stderr]    Compiling target-lexicon v0.12.8
[INFO] [stderr]    Compiling smallvec v1.11.0
[INFO] [stderr]    Compiling version-compare v0.1.1
[INFO] [stderr]    Compiling proc-macro2 v1.0.63
[INFO] [stderr]    Compiling unicode-ident v1.0.10
[INFO] [stderr]    Compiling quote v1.0.29
[INFO] [stderr]    Compiling libc v0.2.147
[INFO] [stderr]    Compiling futures-core v0.3.28
[INFO] [stderr]    Compiling anyhow v1.0.71
[INFO] [stderr]    Compiling once_cell v1.18.0
[INFO] [stderr]    Compiling futures-util v0.3.28
[INFO] [stderr]     Checking pin-project-lite v0.2.10
[INFO] [stderr]    Compiling thiserror v1.0.43
[INFO] [stderr]    Compiling semver v1.0.17
[INFO] [stderr]    Compiling gio v0.17.10
[INFO] [stderr]    Compiling memoffset v0.9.0
[INFO] [stderr]     Checking futures-channel v0.3.28
[INFO] [stderr]    Compiling rustc_version v0.4.0
[INFO] [stderr]    Compiling cfg-expr v0.15.3
[INFO] [stderr]    Compiling field-offset v0.3.6
[INFO] [stderr]    Compiling indexmap v2.0.0
[INFO] [stderr]    Compiling syn v2.0.23
[INFO] [stderr]    Compiling syn v1.0.109
[INFO] [stderr]    Compiling proc-macro-error-attr v1.0.4
[INFO] [stderr]    Compiling toml_datetime v0.6.3
[INFO] [stderr]    Compiling serde_spanned v0.6.3
[INFO] [stderr]    Compiling toml_edit v0.19.12
[INFO] [stderr]    Compiling proc-macro-error v1.0.4
[INFO] [stderr]    Compiling futures-macro v0.3.28
[INFO] [stderr]    Compiling thiserror-impl v1.0.43
[INFO] [stderr]    Compiling toml v0.7.6
[INFO] [stderr]    Compiling proc-macro-crate v1.3.1
[INFO] [stderr]    Compiling system-deps v6.1.1
[INFO] [stderr]    Compiling glib-macros v0.17.10
[INFO] [stderr]    Compiling gtk4-macros v0.6.6
[INFO] [stderr]    Compiling glib-sys v0.17.10
[INFO] [stderr]    Compiling gobject-sys v0.17.10
[INFO] [stderr]    Compiling gio-sys v0.17.10
[INFO] [stderr]    Compiling cairo-sys-rs v0.17.10
[INFO] [stderr]    Compiling gdk-pixbuf-sys v0.17.10
[INFO] [stderr]    Compiling pango-sys v0.17.10
[INFO] [stderr]    Compiling graphene-sys v0.17.10
[INFO] [stderr]    Compiling gdk4-sys v0.6.3
[INFO] [stderr]    Compiling gsk4-sys v0.6.3
[INFO] [stderr]    Compiling gtk4-sys v0.6.3
[INFO] [stderr]     Checking futures-executor v0.3.28
[INFO] [stderr]     Checking glib v0.17.10
[INFO] [stderr]     Checking cairo-rs v0.17.10
[INFO] [stderr]     Checking graphene-rs v0.17.10
[INFO] [stderr]     Checking gdk-pixbuf v0.17.10
[INFO] [stderr]     Checking pango v0.17.10
[INFO] [stderr]     Checking gdk4 v0.6.3
[INFO] [stderr]     Checking gsk4 v0.6.3
[INFO] [stderr]     Checking gtk4 v0.6.6
[INFO] [stderr]     Checking my-gtk-app v0.1.0 (/opt/rustwide/workdir)
[INFO] [stdout] error[E0425]: cannot find value `star` in this scope
[INFO] [stdout]   --> src/main.rs:38:26
[INFO] [stdout]    |
[INFO] [stdout] 38 |         let ret :bool =  star.trim().is_empty() ;
[INFO] [stdout]    |                          ^^^^ not found in this scope
[INFO] [stdout] 
[INFO] [stdout] 
[INFO] [stdout] error[E0425]: cannot find value `star` in this scope
[INFO] [stdout]   --> src/main.rs:44:25
[INFO] [stdout]    |
[INFO] [stdout] 44 |             print!("{}",star.trim());
[INFO] [stdout]    |                         ^^^^ not found in this scope
[INFO] [stdout] 
[INFO] [stdout] 
[INFO] [stdout] error[E0425]: cannot find value `star` in this scope
[INFO] [stdout]   --> src/main.rs:38:26
[INFO] [stdout]    |
[INFO] [stdout] 38 |         let ret :bool =  star.trim().is_empty() ;
[INFO] [stdout]    |                          ^^^^ not found in this scope
[INFO] [stdout] 
[INFO] [stdout] 
[INFO] [stdout] error[E0425]: cannot find value `star` in this scope
[INFO] [stdout]   --> src/main.rs:44:25
[INFO] [stdout]    |
[INFO] [stdout] 44 |             print!("{}",star.trim());
[INFO] [stdout]    |                         ^^^^ not found in this scope
[INFO] [stdout] 
[INFO] [stdout] 
[INFO] [stdout] For more information about this error, try `rustc --explain E0425`.
[INFO] [stdout] 
[INFO] [stdout] For more information about this error, try `rustc --explain E0425`.
[INFO] [stdout] 
[INFO] [stderr] error: could not compile `my-gtk-app` (bin "my-gtk-app") due to 2 previous errors
[INFO] [stderr] warning: build failed, waiting for other jobs to finish...
[INFO] [stderr] error: could not compile `my-gtk-app` (bin "my-gtk-app" test) due to 2 previous errors
[INFO] running `Command { std: "docker" "inspect" "f3f3fcf78b8fbbd300f9ccd0926baf81833954935c08cd7a3ee8be67cb192660", kill_on_drop: false }`
[INFO] running `Command { std: "docker" "rm" "-f" "f3f3fcf78b8fbbd300f9ccd0926baf81833954935c08cd7a3ee8be67cb192660", kill_on_drop: false }`
[INFO] [stdout] f3f3fcf78b8fbbd300f9ccd0926baf81833954935c08cd7a3ee8be67cb192660
