[INFO] cloning repository https://github.com/eirslett/OutImage
[INFO] running `Command { std: "git" "-c" "credential.helper=" "-c" "credential.helper=/workspace/cargo-home/bin/git-credential-null" "clone" "--bare" "https://github.com/eirslett/OutImage" "/workspace/cache/git-repos/https%3A%2F%2Fgithub.com%2Feirslett%2FOutImage", kill_on_drop: false }`
[INFO] [stderr] Cloning into bare repository '/workspace/cache/git-repos/https%3A%2F%2Fgithub.com%2Feirslett%2FOutImage'...
[INFO] running `Command { std: "git" "rev-parse" "HEAD", kill_on_drop: false }`
[INFO] [stdout] 6bc4ba219fbfb434ce07c732d98bed08011b99ca
[INFO] checking eirslett/OutImage against 8773d2c75a8e90130dcce745a7ec4e66bb9963db+rustflags=-Aunfulfilled-lint-expectations for pr-163637
[INFO] running `Command { std: "git" "clone" "/workspace/cache/git-repos/https%3A%2F%2Fgithub.com%2Feirslett%2FOutImage" "/workspace/builds/worker-5-tc2/source", kill_on_drop: false }`
[INFO] [stderr] Cloning into '/workspace/builds/worker-5-tc2/source'...
[INFO] [stderr] done.
[INFO] removed /workspace/builds/worker-5-tc2/source/.cargo/config.toml
[INFO] removed /workspace/builds/worker-5-tc2/source/rust-toolchain.toml
[INFO] started tweaking git repo https://github.com/eirslett/OutImage
[INFO] finished tweaking git repo https://github.com/eirslett/OutImage
[INFO] tweaked toml for git repo https://github.com/eirslett/OutImage written to /workspace/builds/worker-5-tc2/source/Cargo.toml
[INFO] validating manifest of git repo https://github.com/eirslett/OutImage on toolchain 8773d2c75a8e90130dcce745a7ec4e66bb9963db
[INFO] running `Command { std: CARGO_HOME="/workspace/cargo-home" RUSTUP_HOME="/workspace/rustup-home" "/workspace/cargo-home/bin/cargo" "+8773d2c75a8e90130dcce745a7ec4e66bb9963db" "metadata" "--manifest-path" "Cargo.toml" "--no-deps", kill_on_drop: false }`
[INFO] crate git repo https://github.com/eirslett/OutImage already has a lockfile, it will not be regenerated
[INFO] running `Command { std: CARGO_HOME="/workspace/cargo-home" RUSTUP_HOME="/workspace/rustup-home" "/workspace/cargo-home/bin/cargo" "+8773d2c75a8e90130dcce745a7ec4e66bb9963db" "fetch" "--manifest-path" "Cargo.toml", kill_on_drop: false }`
[INFO] [stderr]     Blocking waiting for file lock on package cache
[INFO] [stderr]     Updating crates.io index
[INFO] [stderr]     Blocking waiting for file lock on package cache
[ERROR] error running command: no output for 300 seconds
[INFO] checking eirslett/OutImage against 8773d2c75a8e90130dcce745a7ec4e66bb9963db+rustflags=-Aunfulfilled-lint-expectations for pr-163637
[INFO] running `Command { std: "git" "clone" "/workspace/cache/git-repos/https%3A%2F%2Fgithub.com%2Feirslett%2FOutImage" "/workspace/builds/worker-5-tc2/source", kill_on_drop: false }`
[INFO] [stderr] Cloning into '/workspace/builds/worker-5-tc2/source'...
[INFO] [stderr] done.
[INFO] removed /workspace/builds/worker-5-tc2/source/.cargo/config.toml
[INFO] removed /workspace/builds/worker-5-tc2/source/rust-toolchain.toml
[INFO] started tweaking git repo https://github.com/eirslett/OutImage
[INFO] finished tweaking git repo https://github.com/eirslett/OutImage
[INFO] tweaked toml for git repo https://github.com/eirslett/OutImage written to /workspace/builds/worker-5-tc2/source/Cargo.toml
[INFO] validating manifest of git repo https://github.com/eirslett/OutImage on toolchain 8773d2c75a8e90130dcce745a7ec4e66bb9963db
[INFO] running `Command { std: CARGO_HOME="/workspace/cargo-home" RUSTUP_HOME="/workspace/rustup-home" "/workspace/cargo-home/bin/cargo" "+8773d2c75a8e90130dcce745a7ec4e66bb9963db" "metadata" "--manifest-path" "Cargo.toml" "--no-deps", kill_on_drop: false }`
[INFO] crate git repo https://github.com/eirslett/OutImage already has a lockfile, it will not be regenerated
[INFO] running `Command { std: CARGO_HOME="/workspace/cargo-home" RUSTUP_HOME="/workspace/rustup-home" "/workspace/cargo-home/bin/cargo" "+8773d2c75a8e90130dcce745a7ec4e66bb9963db" "fetch" "--manifest-path" "Cargo.toml", kill_on_drop: false }`
[INFO] [stderr]     Blocking waiting for file lock on package cache
[INFO] [stderr]     Blocking waiting for file lock on package cache
[INFO] [stderr]  Downloading crates ...
[INFO] [stderr]   Downloaded walrus-macro v0.26.0
[INFO] [stderr]   Downloaded wasm-encoder v0.245.1
[INFO] [stderr]   Downloaded cranelift-control v0.133.1
[INFO] [stderr]   Downloaded cranelift-bitset v0.133.1
[INFO] [stderr]   Downloaded cranelift v0.133.1
[INFO] [stderr]   Downloaded leb128 v0.2.7
[INFO] [stderr]   Downloaded cranelift-srcgen v0.133.1
[INFO] [stderr]   Downloaded cranelift-codegen-shared v0.133.1
[INFO] [stderr]   Downloaded cranelift-assembler-x64 v0.133.1
[INFO] [stderr]   Downloaded cranelift-entity v0.133.1
[INFO] [stderr]   Downloaded stacker v0.1.24
[INFO] [stderr]   Downloaded cranelift-module v0.133.1
[INFO] [stderr]   Downloaded cranelift-bforest v0.133.1
[INFO] [stderr]   Downloaded cranelift-object v0.133.1
[INFO] [stderr]   Downloaded ariadne v0.6.0
[INFO] [stderr]   Downloaded cranelift-assembler-x64-meta v0.133.1
[INFO] [stderr]   Downloaded wasmtime-internal-core v46.0.1
[INFO] [stderr]   Downloaded cranelift-frontend v0.133.1
[INFO] [stderr]   Downloaded tower-lsp-server v0.23.0
[INFO] [stderr]   Downloaded ls-types v0.0.6
[INFO] [stderr]   Downloaded cranelift-isle v0.133.1
[INFO] [stderr]   Downloaded wasm-encoder v0.240.0
[INFO] [stderr]   Downloaded cranelift-codegen-meta v0.133.1
[INFO] [stderr]   Downloaded ar_archive_writer v0.5.2
[INFO] [stderr]   Downloaded cc v1.2.67
[INFO] [stderr]   Downloaded regalloc2 v0.15.1
[INFO] [stderr]   Downloaded wasmparser v0.245.1
[INFO] [stderr]   Downloaded chumsky v0.13.0
[INFO] [stderr]   Downloaded walrus v0.26.5
[INFO] [stderr]   Downloaded wasm-bindgen-cli-support v0.2.127
[INFO] [stderr]   Downloaded wasmparser v0.240.0
[INFO] [stderr]   Downloaded gimli v0.33.0
[INFO] [stderr]   Downloaded regex-automata v0.4.15
[INFO] [stderr]   Downloaded cranelift-codegen v0.133.1
[INFO] running `Command { std: "docker" "create" "-v" "/var/lib/crater-agent-workspace/builds/worker-5-tc2/source:/opt/rustwide/workdir:ro,Z" "-v" "/var/lib/crater-agent-workspace/builds/worker-5-tc2/target:/opt/rustwide/target:rw,Z" "-v" "/var/lib/crater-agent-workspace/cargo-home:/opt/rustwide/cargo-home:ro,Z" "-v" "/var/lib/crater-agent-workspace/rustup-home:/opt/rustwide/rustup-home:ro,Z" "-m" "1610612736" "--network" "none" "ghcr.io/rust-lang/crates-build-env/linux@sha256:77db811e55d90add9212f6832c23229e3de5f1c1f9905e8cb07319ea15df73ac" "sleep" "infinity", kill_on_drop: false }`
[INFO] [stdout] d4a4c2ff91460a2f8ddac737dc38c01516cd6253d5029c1187547d6f51427cfb
[INFO] running `Command { std: "docker" "start" "d4a4c2ff91460a2f8ddac737dc38c01516cd6253d5029c1187547d6f51427cfb", kill_on_drop: false }`
[INFO] running `Command { std: "docker" "inspect" "d4a4c2ff91460a2f8ddac737dc38c01516cd6253d5029c1187547d6f51427cfb", kill_on_drop: false }`
[INFO] running `Command { std: "docker" "exec" "-e" "SOURCE_DIR=/opt/rustwide/workdir" "-e" "CARGO_HOME=/opt/rustwide/cargo-home" "-e" "RUSTUP_HOME=/opt/rustwide/rustup-home" "-e" "CARGO_TARGET_DIR=/opt/rustwide/target" "-w" "/opt/rustwide/workdir" "--user" "0:0" "d4a4c2ff91460a2f8ddac737dc38c01516cd6253d5029c1187547d6f51427cfb" "/opt/rustwide/cargo-home/bin/cargo" "+8773d2c75a8e90130dcce745a7ec4e66bb9963db" "metadata" "--no-deps" "--format-version=1", kill_on_drop: false }`
[INFO] running `Command { std: "docker" "inspect" "d4a4c2ff91460a2f8ddac737dc38c01516cd6253d5029c1187547d6f51427cfb", kill_on_drop: false }`
[INFO] running `Command { std: "docker" "exec" "-e" "SOURCE_DIR=/opt/rustwide/workdir" "-e" "CARGO_HOME=/opt/rustwide/cargo-home" "-e" "RUSTUP_HOME=/opt/rustwide/rustup-home" "-e" "CARGO_TARGET_DIR=/opt/rustwide/target" "-e" "CARGO_INCREMENTAL=0" "-e" "RUST_BACKTRACE=full" "-e" "RUSTFLAGS=--cap-lints=forbid -Aunfulfilled-lint-expectations" "-e" "RUSTDOCFLAGS=--cap-lints=forbid" "-w" "/opt/rustwide/workdir" "--user" "0:0" "d4a4c2ff91460a2f8ddac737dc38c01516cd6253d5029c1187547d6f51427cfb" "/opt/rustwide/cargo-home/bin/cargo" "+8773d2c75a8e90130dcce745a7ec4e66bb9963db" "check" "--frozen" "--all" "--all-targets" "--message-format=json", kill_on_drop: false }`
[INFO] [stderr]    Compiling serde_core v1.0.228
[INFO] [stderr]    Compiling cranelift-srcgen v0.133.1
[INFO] [stderr]    Compiling libm v0.2.16
[INFO] [stderr]    Compiling crossbeam-utils v0.8.22
[INFO] [stderr]    Compiling wasmtime-internal-core v46.0.1
[INFO] [stderr]    Compiling quote v1.0.46
[INFO] [stderr]     Checking hashbrown v0.17.1
[INFO] [stderr]    Compiling cc v1.2.67
[INFO] [stderr]     Checking smallvec v1.15.2
[INFO] [stderr]    Compiling cranelift-isle v0.133.1
[INFO] [stderr]     Checking bitflags v2.13.0
[INFO] [stderr]     Checking futures-core v0.3.33
[INFO] [stderr]    Compiling crossbeam-epoch v0.9.20
[INFO] [stderr]     Checking futures-sink v0.3.33
[INFO] [stderr]    Compiling object v0.37.3
[INFO] [stderr]    Compiling cranelift-codegen-shared v0.133.1
[INFO] [stderr]    Compiling memchr v2.8.3
[INFO] [stderr]    Compiling serde v1.0.228
[INFO] [stderr]    Compiling cranelift-assembler-x64-meta v0.133.1
[INFO] [stderr]    Compiling crossbeam-deque v0.8.7
[INFO] [stderr]    Compiling target-lexicon v0.13.5
[INFO] [stderr]     Checking futures-channel v0.3.33
[INFO] [stderr]     Checking bumpalo v3.20.3
[INFO] [stderr]    Compiling syn v2.0.118
[INFO] [stderr]     Checking rustc-hash v2.1.3
[INFO] [stderr]    Compiling rayon-core v1.13.0
[INFO] [stderr]     Checking slab v0.4.12
[INFO] [stderr]     Checking fnv v1.0.7
[INFO] [stderr]     Checking arbitrary v1.4.2
[INFO] [stderr]     Checking futures-task v0.3.33
[INFO] [stderr]     Checking futures-io v0.3.33
[INFO] [stderr]    Compiling syn v3.0.3
[INFO] [stderr]    Compiling ref-cast v1.0.26
[INFO] [stderr]    Compiling serde_json v1.0.151
[INFO] [stderr]     Checking either v1.18.0
[INFO] [stderr]     Checking regalloc2 v0.15.1
[INFO] [stderr]    Compiling crc32fast v1.5.0
[INFO] [stderr]     Checking leb128fmt v0.1.0
[INFO] [stderr]     Checking stable_deref_trait v1.2.1
[INFO] [stderr]     Checking fallible-iterator v0.3.0
[INFO] [stderr]     Checking semver v1.0.28
[INFO] [stderr]     Checking borrow-or-share v0.2.4
[INFO] [stderr]    Compiling object v0.39.1
[INFO] [stderr]     Checking parking_lot_core v0.9.12
[INFO] [stderr]     Checking wasm-encoder v0.245.1
[INFO] [stderr]    Compiling wasm-encoder v0.240.0
[INFO] [stderr]     Checking hashbrown v0.14.5
[INFO] [stderr]     Checking leb128 v0.2.7
[INFO] [stderr]     Checking hashbrown v0.15.5
[INFO] [stderr]     Checking yansi v1.0.1
[INFO] [stderr]     Checking unicode-width v0.2.2
[INFO] [stderr]     Checking cranelift-control v0.133.1
[INFO] [stderr]     Checking rustix v1.1.4
[INFO] [stderr]     Checking ariadne v0.6.0
[INFO] [stderr]    Compiling cranelift-codegen-meta v0.133.1
[INFO] [stderr]     Checking rayon v1.12.0
[INFO] [stderr]     Checking dashmap v6.2.1
[INFO] [stderr]     Checking getrandom v0.4.3
[INFO] [stderr]    Compiling stacker v0.1.24
[INFO] [stderr]     Checking cranelift-bitset v0.133.1
[INFO] [stderr]    Compiling outimage v0.1.0 (/opt/rustwide/workdir)
[INFO] [stderr]     Checking console v0.16.4
[INFO] [stderr]     Checking similar v2.7.0
[INFO] [stderr]     Checking cranelift-entity v0.133.1
[INFO] [stderr]    Compiling wasm-bindgen-shared v0.2.127
[INFO] [stderr]     Checking cranelift-bforest v0.133.1
[INFO] [stderr] error: failed to run custom build command for `outimage v0.1.0 (/opt/rustwide/workdir)`
[INFO] [stderr] note: To improve backtraces for build dependencies, set the CARGO_PROFILE_DEV_BUILD_OVERRIDE_DEBUG=true environment variable to enable debug information generation.
[INFO] [stderr] 
[INFO] [stderr] Caused by:
[INFO] [stderr]   process didn't exit successfully: `/opt/rustwide/target/debug/build/outimage/398088f9d1ebc030/out/build_script_build` (exit status: 101)
[INFO] [stderr]   --- stdout
[INFO] [stderr]   cargo:rerun-if-env-changed=SIM_RT_SANITIZE
[INFO] [stderr]   cargo:rerun-if-changed=runtime/runtime.c
[INFO] [stderr]   cargo:rerun-if-changed=runtime/crt_main.c
[INFO] [stderr]   cargo:rerun-if-changed=runtime/runtime.h
[INFO] [stderr]   cargo:rerun-if-changed=runtime/internal.h
[INFO] [stderr]   cargo:rerun-if-changed=runtime/annot.h
[INFO] [stderr]   cargo:rerun-if-changed=runtime/host.h
[INFO] [stderr]   cargo:rerun-if-changed=runtime/safety.c
[INFO] [stderr]   cargo:rerun-if-changed=runtime/safety.h
[INFO] [stderr]   cargo:rerun-if-changed=runtime/env.c
[INFO] [stderr]   cargo:rerun-if-changed=runtime/array.c
[INFO] [stderr]   cargo:rerun-if-changed=runtime/text.c
[INFO] [stderr]   cargo:rerun-if-changed=runtime/object.c
[INFO] [stderr]   cargo:rerun-if-changed=runtime/io.c
[INFO] [stderr]   cargo:rerun-if-changed=runtime/sim.c
[INFO] [stderr]   cargo:rerun-if-changed=runtime/coro.c
[INFO] [stderr]   cargo:rerun-if-changed=runtime/coro.h
[INFO] [stderr]   cargo:rerun-if-changed=runtime/sequencing.c
[INFO] [stderr]   cargo:rerun-if-changed=runtime/sequencing.h
[INFO] [stderr]   cargo:rerun-if-changed=runtime/gc.c
[INFO] [stderr]   cargo:rerun-if-changed=runtime/embed.c
[INFO] [stderr]   cargo:rerun-if-changed=runtime/embed.h
[INFO] [stderr]   cargo:rerun-if-changed=runtime/wasm-rt/Cargo.toml
[INFO] [stderr]   cargo:rerun-if-changed=runtime/wasm-rt/src/math.rs
[INFO] [stderr]   cargo:rerun-if-changed=runtime/wasm-rt/src/abi.rs
[INFO] [stderr]   cargo:rerun-if-changed=runtime/wasm-rt/src/arena.rs
[INFO] [stderr]   cargo:rerun-if-changed=runtime/wasm-rt/src/layout.rs
[INFO] [stderr]   cargo:rerun-if-changed=runtime/wasm-rt/src/runtime/mod.rs
[INFO] [stderr]   cargo:rerun-if-changed=src/runtime/text.rs
[INFO] [stderr]   cargo:rerun-if-changed=src/runtime/environment.rs
[INFO] [stderr]   cargo:rerun-if-changed=build.rs
[INFO] [stderr] 
[INFO] [stderr]   --- stderr
[INFO] [stderr]      Compiling outimage-wasm-rt v0.1.0 (/opt/rustwide/workdir/runtime/wasm-rt)
[INFO] [stderr]   error[E0463]: can't find crate for `std`
[INFO] [stderr]     |
[INFO] [stderr]     = note: the `wasm32-unknown-unknown` target may not be installed
[INFO] [stderr]     = help: consider downloading the target with `rustup target add wasm32-unknown-unknown`
[INFO] [stderr]     = help: consider building the standard library from source with `cargo build -Zbuild-std`
[INFO] [stderr] 
[INFO] [stderr]   For more information about this error, try `rustc --explain E0463`.
[INFO] [stderr]   error: could not compile `outimage-wasm-rt` (lib) due to 1 previous error
[INFO] [stderr] 
[INFO] [stderr]   thread 'main' (860) panicked at build.rs:188:9:
[INFO] [stderr]   outimage-wasm-rt wasm32 full build failed with exit status: 101
[INFO] [stderr]   stack backtrace:
[INFO] [stderr]      0:     0x5d48e6e44ee1 - std[70848e31ef396c88]::backtrace_rs::backtrace::libunwind::trace
[INFO] [stderr]                                  at /rustc/8773d2c75a8e90130dcce745a7ec4e66bb9963db/library/std/src/../../backtrace/src/backtrace/libunwind.rs:117:9
[INFO] [stderr]      1:     0x5d48e6e44ee1 - std[70848e31ef396c88]::backtrace_rs::backtrace::trace_unsynchronized::<std[70848e31ef396c88]::sys::backtrace::_print_fmt::{closure#1}>
[INFO] [stderr]                                  at /rustc/8773d2c75a8e90130dcce745a7ec4e66bb9963db/library/std/src/../../backtrace/src/backtrace/mod.rs:66:14
[INFO] [stderr]      2:     0x5d48e6e44ee1 - std[70848e31ef396c88]::sys::backtrace::_print_fmt
[INFO] [stderr]                                  at /rustc/8773d2c75a8e90130dcce745a7ec4e66bb9963db/library/std/src/sys/backtrace.rs:74:9
[INFO] [stderr]      3:     0x5d48e6e44ee1 - <<std[70848e31ef396c88]::sys::backtrace::BacktraceLock>::print::DisplayBacktrace as core[c8b5ded6587d6b11]::fmt::Display>::fmt
[INFO] [stderr]                                  at /rustc/8773d2c75a8e90130dcce745a7ec4e66bb9963db/library/std/src/sys/backtrace.rs:44:26
[INFO] [stderr]      4:     0x5d48e6e5940a - <core[c8b5ded6587d6b11]::fmt::rt::Argument>::fmt
[INFO] [stderr]                                  at /rustc/8773d2c75a8e90130dcce745a7ec4e66bb9963db/library/core/src/fmt/rt.rs:152:76
[INFO] [stderr]      5:     0x5d48e6e5940a - core[c8b5ded6587d6b11]::fmt::write
[INFO] [stderr]      6:     0x5d48e6e4a8cc - core[c8b5ded6587d6b11]::io::write::default_write_fmt::<std[70848e31ef396c88]::sys::stdio::unix::Stderr>
[INFO] [stderr]                                  at /rustc/8773d2c75a8e90130dcce745a7ec4e66bb9963db/library/core/src/io/write.rs:402:11
[INFO] [stderr]      7:     0x5d48e6e4a8cc - <std[70848e31ef396c88]::sys::stdio::unix::Stderr as core[c8b5ded6587d6b11]::io::write::Write>::write_fmt
[INFO] [stderr]                                  at /rustc/8773d2c75a8e90130dcce745a7ec4e66bb9963db/library/core/src/io/write.rs:335:13
[INFO] [stderr]      8:     0x5d48e6e22cb6 - <std[70848e31ef396c88]::sys::backtrace::BacktraceLock>::print
[INFO] [stderr]                                  at /rustc/8773d2c75a8e90130dcce745a7ec4e66bb9963db/library/std/src/sys/backtrace.rs:47:9
[INFO] [stderr]      9:     0x5d48e6e22cb6 - std[70848e31ef396c88]::panicking::default_hook::{closure#0}
[INFO] [stderr]                                  at /rustc/8773d2c75a8e90130dcce745a7ec4e66bb9963db/library/std/src/panicking.rs:289:27
[INFO] [stderr]     10:     0x5d48e6e3f331 - std[70848e31ef396c88]::panicking::default_hook
[INFO] [stderr]                                  at /rustc/8773d2c75a8e90130dcce745a7ec4e66bb9963db/library/std/src/panicking.rs:316:9
[INFO] [stderr]     11:     0x5d48e6e3f4eb - std[70848e31ef396c88]::panicking::panic_with_hook
[INFO] [stderr]                                  at /rustc/8773d2c75a8e90130dcce745a7ec4e66bb9963db/library/std/src/panicking.rs:811:13
[INFO] [stderr]     12:     0x5d48e6e22d62 - std[70848e31ef396c88]::panicking::panic_handler::{closure#0}
[INFO] [stderr]                                  at /rustc/8773d2c75a8e90130dcce745a7ec4e66bb9963db/library/std/src/panicking.rs:685:13
[INFO] [stderr]     13:     0x5d48e6e1cad9 - std[70848e31ef396c88]::sys::backtrace::__rust_end_short_backtrace::<std[70848e31ef396c88]::panicking::panic_handler::{closure#0}, !>
[INFO] [stderr]                                  at /rustc/8773d2c75a8e90130dcce745a7ec4e66bb9963db/library/std/src/sys/backtrace.rs:182:18
[INFO] [stderr]     14:     0x5d48e6e2363d - __rustc[3ae3e1263b90db6]::rust_begin_unwind
[INFO] [stderr]                                  at /rustc/8773d2c75a8e90130dcce745a7ec4e66bb9963db/library/std/src/panicking.rs:676:5
[INFO] [stderr]     15:     0x5d48e6e59bfc - core[c8b5ded6587d6b11]::panicking::panic_fmt
[INFO] [stderr]                                  at /rustc/8773d2c75a8e90130dcce745a7ec4e66bb9963db/library/core/src/panicking.rs:80:14
[INFO] [stderr]     16:     0x5d48e6d9f360 - build_script_build[b4066ed21e233e32]::compile_wasm_runtime
[INFO] [stderr]     17:     0x5d48e6da1143 - build_script_build[b4066ed21e233e32]::main
[INFO] [stderr]     18:     0x5d48e6da2fc3 - <fn() as core[c8b5ded6587d6b11]::ops::function::FnOnce<()>>::call_once
[INFO] [stderr]     19:     0x5d48e6d9e44e - std[70848e31ef396c88]::sys::backtrace::__rust_begin_short_backtrace::<fn(), ()>
[INFO] [stderr]     20:     0x5d48e6d9e619 - std[70848e31ef396c88]::rt::lang_start::<()>::{closure#0}
[INFO] [stderr]     21:     0x5d48e6e3e638 - <&dyn core[c8b5ded6587d6b11]::ops::function::Fn<(), Output = i32> + core[c8b5ded6587d6b11]::marker::Sync + core[c8b5ded6587d6b11]::panic::unwind_safe::RefUnwindSafe as core[c8b5ded6587d6b11]::ops::function::FnOnce<()>>::call_once
[INFO] [stderr]                                  at /rustc/8773d2c75a8e90130dcce745a7ec4e66bb9963db/library/core/src/ops/function.rs:287:21
[INFO] [stderr]     22:     0x5d48e6e3e638 - std[70848e31ef396c88]::panicking::catch_unwind::do_call::<&dyn core[c8b5ded6587d6b11]::ops::function::Fn<(), Output = i32> + core[c8b5ded6587d6b11]::marker::Sync + core[c8b5ded6587d6b11]::panic::unwind_safe::RefUnwindSafe, i32>
[INFO] [stderr]                                  at /rustc/8773d2c75a8e90130dcce745a7ec4e66bb9963db/library/std/src/panicking.rs:573:43
[INFO] [stderr]     23:     0x5d48e6e3e638 - std[70848e31ef396c88]::panicking::catch_unwind::<i32, &dyn core[c8b5ded6587d6b11]::ops::function::Fn<(), Output = i32> + core[c8b5ded6587d6b11]::marker::Sync + core[c8b5ded6587d6b11]::panic::unwind_safe::RefUnwindSafe>
[INFO] [stderr]                                  at /rustc/8773d2c75a8e90130dcce745a7ec4e66bb9963db/library/std/src/panicking.rs:541:19
[INFO] [stderr]     24:     0x5d48e6e3e638 - std[70848e31ef396c88]::panic::catch_unwind::<&dyn core[c8b5ded6587d6b11]::ops::function::Fn<(), Output = i32> + core[c8b5ded6587d6b11]::marker::Sync + core[c8b5ded6587d6b11]::panic::unwind_safe::RefUnwindSafe, i32>
[INFO] [stderr]                                  at /rustc/8773d2c75a8e90130dcce745a7ec4e66bb9963db/library/std/src/panic.rs:359:14
[INFO] [stderr]     25:     0x5d48e6e3e638 - std[70848e31ef396c88]::rt::lang_start_internal::{closure#0}
[INFO] [stderr]                                  at /rustc/8773d2c75a8e90130dcce745a7ec4e66bb9963db/library/std/src/rt.rs:175:24
[INFO] [stderr]     26:     0x5d48e6e3e638 - std[70848e31ef396c88]::panicking::catch_unwind::do_call::<std[70848e31ef396c88]::rt::lang_start_internal::{closure#0}, isize>
[INFO] [stderr]                                  at /rustc/8773d2c75a8e90130dcce745a7ec4e66bb9963db/library/std/src/panicking.rs:573:43
[INFO] [stderr]     27:     0x5d48e6e3e638 - std[70848e31ef396c88]::panicking::catch_unwind::<isize, std[70848e31ef396c88]::rt::lang_start_internal::{closure#0}>
[INFO] [stderr]                                  at /rustc/8773d2c75a8e90130dcce745a7ec4e66bb9963db/library/std/src/panicking.rs:541:19
[INFO] [stderr]     28:     0x5d48e6e3e638 - std[70848e31ef396c88]::panic::catch_unwind::<std[70848e31ef396c88]::rt::lang_start_internal::{closure#0}, isize>
[INFO] [stderr]                                  at /rustc/8773d2c75a8e90130dcce745a7ec4e66bb9963db/library/std/src/panic.rs:359:14
[INFO] [stderr]     29:     0x5d48e6e3e638 - std[70848e31ef396c88]::rt::lang_start_internal
[INFO] [stderr]                                  at /rustc/8773d2c75a8e90130dcce745a7ec4e66bb9963db/library/std/src/rt.rs:171:5
[INFO] [stderr]     30:     0x5d48e6d9e141 - std[70848e31ef396c88]::rt::lang_start::<()>
[INFO] [stderr]     31:     0x5d48e6da3115 - main
[INFO] [stderr]     32:     0x701f4851f601 - <unknown>
[INFO] [stderr]     33:     0x701f4851f718 - __libc_start_main
[INFO] [stderr]     34:     0x5d48e6d9c755 - _start
[INFO] [stderr]     35:                0x0 - <unknown>
[INFO] [stderr] warning: build failed, waiting for other jobs to finish...
[INFO] running `Command { std: "docker" "inspect" "d4a4c2ff91460a2f8ddac737dc38c01516cd6253d5029c1187547d6f51427cfb", kill_on_drop: false }`
[INFO] running `Command { std: "docker" "rm" "-f" "d4a4c2ff91460a2f8ddac737dc38c01516cd6253d5029c1187547d6f51427cfb", kill_on_drop: false }`
[INFO] [stdout] d4a4c2ff91460a2f8ddac737dc38c01516cd6253d5029c1187547d6f51427cfb
