[INFO] cloning repository https://github.com/dzueck/youre_the_os_bot
[INFO] running `Command { std: "git" "-c" "credential.helper=" "-c" "credential.helper=/workspace/cargo-home/bin/git-credential-null" "clone" "--bare" "https://github.com/dzueck/youre_the_os_bot" "/workspace/cache/git-repos/https%3A%2F%2Fgithub.com%2Fdzueck%2Fyoure_the_os_bot", kill_on_drop: false }`
[INFO] [stderr] Cloning into bare repository '/workspace/cache/git-repos/https%3A%2F%2Fgithub.com%2Fdzueck%2Fyoure_the_os_bot'...
[INFO] running `Command { std: "git" "rev-parse" "HEAD", kill_on_drop: false }`
[INFO] [stdout] ed34fec68b014d99d4ac1b0065dd9cbd687c8501
[INFO] checking dzueck/youre_the_os_bot against 8773d2c75a8e90130dcce745a7ec4e66bb9963db+rustflags=-Aunfulfilled-lint-expectations for pr-163637
[INFO] running `Command { std: "git" "clone" "/workspace/cache/git-repos/https%3A%2F%2Fgithub.com%2Fdzueck%2Fyoure_the_os_bot" "/workspace/builds/worker-4-tc2/source", kill_on_drop: false }`
[INFO] [stderr] Cloning into '/workspace/builds/worker-4-tc2/source'...
[INFO] [stderr] done.
[INFO] started tweaking git repo https://github.com/dzueck/youre_the_os_bot
[INFO] finished tweaking git repo https://github.com/dzueck/youre_the_os_bot
[INFO] tweaked toml for git repo https://github.com/dzueck/youre_the_os_bot written to /workspace/builds/worker-4-tc2/source/Cargo.toml
[INFO] validating manifest of git repo https://github.com/dzueck/youre_the_os_bot on toolchain 8773d2c75a8e90130dcce745a7ec4e66bb9963db
[INFO] running `Command { std: CARGO_HOME="/workspace/cargo-home" RUSTUP_HOME="/workspace/rustup-home" "/workspace/cargo-home/bin/cargo" "+8773d2c75a8e90130dcce745a7ec4e66bb9963db" "metadata" "--manifest-path" "Cargo.toml" "--no-deps", kill_on_drop: false }`
[INFO] crate git repo https://github.com/dzueck/youre_the_os_bot already has a lockfile, it will not be regenerated
[INFO] running `Command { std: CARGO_HOME="/workspace/cargo-home" RUSTUP_HOME="/workspace/rustup-home" "/workspace/cargo-home/bin/cargo" "+8773d2c75a8e90130dcce745a7ec4e66bb9963db" "fetch" "--manifest-path" "Cargo.toml", kill_on_drop: false }`
[INFO] [stderr]     Blocking waiting for file lock on package cache
[INFO] [stderr]     Blocking waiting for file lock on package cache
[INFO] [stderr]  Downloading crates ...
[INFO] [stderr]   Downloaded screenshots v0.8.2
[INFO] [stderr]   Downloaded wayland-protocols-wlr v0.1.0
[INFO] [stderr]   Downloaded rsautogui v0.2.2
[INFO] [stderr]   Downloaded libwayshot v0.2.0
[INFO] [stderr]   Downloaded display-info v0.4.3
[INFO] [stderr]   Downloaded quick-xml v0.28.2
[INFO] [stderr]   Downloaded winput v0.2.5
[INFO] [stderr]   Downloaded screenshots v0.5.4
[INFO] [stderr]   Downloaded wayland-scanner v0.30.1
[INFO] [stderr]   Downloaded wayland-client v0.30.2
[INFO] [stderr]   Downloaded wayland-backend v0.1.2
[INFO] [stderr]   Downloaded wayland-protocols v0.30.1
[INFO] [stderr]   Downloaded xcb v1.2.2
[INFO] [stderr]   Downloaded exr v1.7.0
[INFO] running `Command { std: "docker" "create" "-v" "/var/lib/crater-agent-workspace/builds/worker-4-tc2/source:/opt/rustwide/workdir:ro,Z" "-v" "/var/lib/crater-agent-workspace/builds/worker-4-tc2/target:/opt/rustwide/target:rw,Z" "-v" "/var/lib/crater-agent-workspace/cargo-home:/opt/rustwide/cargo-home:ro,Z" "-v" "/var/lib/crater-agent-workspace/rustup-home:/opt/rustwide/rustup-home:ro,Z" "-m" "1610612736" "--network" "none" "ghcr.io/rust-lang/crates-build-env/linux@sha256:77db811e55d90add9212f6832c23229e3de5f1c1f9905e8cb07319ea15df73ac" "sleep" "infinity", kill_on_drop: false }`
[INFO] [stdout] d982c6e064b715f4ce01d11318280b8c6fb96ba24ee984dd61b2e1930c591647
[INFO] running `Command { std: "docker" "start" "d982c6e064b715f4ce01d11318280b8c6fb96ba24ee984dd61b2e1930c591647", kill_on_drop: false }`
[INFO] running `Command { std: "docker" "inspect" "d982c6e064b715f4ce01d11318280b8c6fb96ba24ee984dd61b2e1930c591647", kill_on_drop: false }`
[INFO] running `Command { std: "docker" "exec" "-e" "SOURCE_DIR=/opt/rustwide/workdir" "-e" "CARGO_HOME=/opt/rustwide/cargo-home" "-e" "RUSTUP_HOME=/opt/rustwide/rustup-home" "-e" "CARGO_TARGET_DIR=/opt/rustwide/target" "-w" "/opt/rustwide/workdir" "--user" "0:0" "d982c6e064b715f4ce01d11318280b8c6fb96ba24ee984dd61b2e1930c591647" "/opt/rustwide/cargo-home/bin/cargo" "+8773d2c75a8e90130dcce745a7ec4e66bb9963db" "metadata" "--no-deps" "--format-version=1", kill_on_drop: false }`
[INFO] running `Command { std: "docker" "inspect" "d982c6e064b715f4ce01d11318280b8c6fb96ba24ee984dd61b2e1930c591647", kill_on_drop: false }`
[INFO] running `Command { std: "docker" "exec" "-e" "SOURCE_DIR=/opt/rustwide/workdir" "-e" "CARGO_HOME=/opt/rustwide/cargo-home" "-e" "RUSTUP_HOME=/opt/rustwide/rustup-home" "-e" "CARGO_TARGET_DIR=/opt/rustwide/target" "-e" "CARGO_INCREMENTAL=0" "-e" "RUST_BACKTRACE=full" "-e" "RUSTFLAGS=--cap-lints=forbid -Aunfulfilled-lint-expectations" "-e" "RUSTDOCFLAGS=--cap-lints=forbid" "-w" "/opt/rustwide/workdir" "--user" "0:0" "d982c6e064b715f4ce01d11318280b8c6fb96ba24ee984dd61b2e1930c591647" "/opt/rustwide/cargo-home/bin/cargo" "+8773d2c75a8e90130dcce745a7ec4e66bb9963db" "check" "--frozen" "--all" "--all-targets" "--message-format=json", kill_on_drop: false }`
[INFO] [stderr]    Compiling libc v0.2.147
[INFO] [stderr]    Compiling proc-macro2 v1.0.66
[INFO] [stderr]    Compiling unicode-ident v1.0.11
[INFO] [stderr]    Compiling pkg-config v0.3.27
[INFO] [stderr]    Compiling crossbeam-utils v0.8.16
[INFO] [stderr]    Compiling memoffset v0.9.0
[INFO] [stderr]    Compiling memchr v2.6.3
[INFO] [stderr]    Compiling crossbeam-epoch v0.9.15
[INFO] [stderr]     Checking simd-adler32 v0.3.7
[INFO] [stderr]    Compiling rayon-core v1.11.0
[INFO] [stderr]    Compiling memoffset v0.7.1
[INFO] [stderr]     Checking smallvec v1.11.0
[INFO] [stderr]     Checking libloading v0.8.0
[INFO] [stderr]    Compiling num-traits v0.2.16
[INFO] [stderr]    Compiling futures-core v0.3.28
[INFO] [stderr]    Compiling io-lifetimes v1.0.11
[INFO] [stderr]     Checking dlib v0.5.2
[INFO] [stderr]     Checking lock_api v0.4.10
[INFO] [stderr]    Compiling num-integer v0.1.45
[INFO] [stderr]     Checking log v0.4.20
[INFO] [stderr]     Checking miniz_oxide v0.7.1
[INFO] [stderr]     Checking either v1.9.0
[INFO] [stderr]     Checking fdeflate v0.3.0
[INFO] [stderr]    Compiling num-rational v0.4.1
[INFO] [stderr]     Checking futures-sink v0.3.28
[INFO] [stderr]     Checking weezl v0.1.7
[INFO] [stderr]    Compiling anyhow v1.0.75
[INFO] [stderr]     Checking spin v0.9.8
[INFO] [stderr]     Checking zune-inflate v0.2.54
[INFO] [stderr]    Compiling wayland-sys v0.30.1
[INFO] [stderr]     Checking bytemuck v1.14.0
[INFO] [stderr]     Checking bit_field v0.10.2
[INFO] [stderr]     Checking half v2.2.1
[INFO] [stderr]     Checking lebe v0.5.2
[INFO] [stderr]    Compiling winapi v0.3.9
[INFO] [stderr]     Checking crossbeam-channel v0.5.8
[INFO] [stderr]     Checking flate2 v1.0.27
[INFO] [stderr]     Checking gif v0.12.0
[INFO] [stderr]    Compiling quote v1.0.33
[INFO] [stderr]    Compiling thiserror v1.0.48
[INFO] [stderr]    Compiling screenshots v0.5.4
[INFO] [stderr]    Compiling cc v1.0.83
[INFO] [stderr]    Compiling quick-xml v0.28.2
[INFO] [stderr]     Checking qoi v0.4.1
[INFO] [stderr]     Checking png v0.17.10
[INFO] [stderr]     Checking spin_sleep v1.1.1
[INFO] [stderr]     Checking crossbeam-deque v0.8.3
[INFO] [stderr]     Checking winput v0.2.5
[INFO] [stdout] error[E0433]: cannot find `um` in `winapi`
[INFO] [stdout]   --> /opt/rustwide/cargo-home/registry/src/index.crates.io-1949cf8c6b5b557f/winput-0.2.5/src/error.rs:26:21
[INFO] [stdout]    |
[INFO] [stdout] 26 |         use winapi::um::errhandlingapi::GetLastError;
[INFO] [stdout]    |                     ^^ could not find `um` in `winapi`
[INFO] [stdout] 
[INFO] [stdout] 
[INFO] [stdout] error[E0433]: cannot find `um` in `winapi`
[INFO] [stdout]    --> /opt/rustwide/cargo-home/registry/src/index.crates.io-1949cf8c6b5b557f/winput-0.2.5/src/vk.rs:707:21
[INFO] [stdout]     |
[INFO] [stdout] 707 |         use winapi::um::winuser::GetAsyncKeyState;
[INFO] [stdout]     |                     ^^ could not find `um` in `winapi`
[INFO] [stdout] 
[INFO] [stdout] 
[INFO] [stdout] error[E0433]: cannot find `um` in `winapi`
[INFO] [stdout]    --> /opt/rustwide/cargo-home/registry/src/index.crates.io-1949cf8c6b5b557f/winput-0.2.5/src/vk.rs:733:21
[INFO] [stdout]     |
[INFO] [stdout] 733 |         use winapi::um::winuser::GetKeyState;
[INFO] [stdout]     |                     ^^ could not find `um` in `winapi`
[INFO] [stdout] 
[INFO] [stdout] 
[INFO] [stdout] error[E0432]: unresolved import `winapi::um`
[INFO] [stdout]   --> /opt/rustwide/cargo-home/registry/src/index.crates.io-1949cf8c6b5b557f/winput-0.2.5/src/error.rs:47:21
[INFO] [stdout]    |
[INFO] [stdout] 47 |         use winapi::um::winbase;
[INFO] [stdout]    |                     ^^ could not find `um` in `winapi`
[INFO] [stdout] 
[INFO] [stdout] 
[INFO] [stdout] error[E0432]: unresolved import `winapi::um`
[INFO] [stdout]  --> /opt/rustwide/cargo-home/registry/src/index.crates.io-1949cf8c6b5b557f/winput-0.2.5/src/input.rs:3:13
[INFO] [stdout]   |
[INFO] [stdout] 3 | use winapi::um::winuser;
[INFO] [stdout]   |             ^^ could not find `um` in `winapi`
[INFO] [stdout] 
[INFO] [stdout] 
[INFO] [stdout] error[E0432]: unresolved import `winapi::shared`
[INFO] [stdout]  --> /opt/rustwide/cargo-home/registry/src/index.crates.io-1949cf8c6b5b557f/winput-0.2.5/src/mouse.rs:6:13
[INFO] [stdout]   |
[INFO] [stdout] 6 | use winapi::shared::windef;
[INFO] [stdout]   |             ^^^^^^ could not find `shared` in `winapi`
[INFO] [stdout] 
[INFO] [stdout] 
[INFO] [stdout] error[E0433]: cannot find `windows` in `os`
[INFO] [stdout]   --> /opt/rustwide/cargo-home/registry/src/index.crates.io-1949cf8c6b5b557f/winput-0.2.5/src/message_loop.rs:35:14
[INFO] [stdout]    |
[INFO] [stdout] 35 | use std::os::windows::ffi::OsStrExt;
[INFO] [stdout]    |              ^^^^^^^ could not find `windows` in `os`
[INFO] [stdout]    |
[INFO] [stdout] note: found an item that was configured out
[INFO] [stdout]   --> /rustc/8773d2c75a8e90130dcce745a7ec4e66bb9963db/library/std/src/os/mod.rs:62:4
[INFO] [stdout]    |
[INFO] [stdout]    = note: the item is gated behind the `windows` feature
[INFO] [stdout] 
[INFO] [stdout] 
[INFO] [stdout] error[E0432]: unresolved import `winapi::um`
[INFO] [stdout]  --> /opt/rustwide/cargo-home/registry/src/index.crates.io-1949cf8c6b5b557f/winput-0.2.5/src/mouse.rs:7:13
[INFO] [stdout]   |
[INFO] [stdout] 7 | use winapi::um::winuser;
[INFO] [stdout]   |             ^^ could not find `um` in `winapi`
[INFO] [stdout] 
[INFO] [stdout] 
[INFO] [stdout] error[E0432]: unresolved import `winapi::shared`
[INFO] [stdout]   --> /opt/rustwide/cargo-home/registry/src/index.crates.io-1949cf8c6b5b557f/winput-0.2.5/src/message_loop.rs:41:13
[INFO] [stdout]    |
[INFO] [stdout] 41 | use winapi::shared::{hidusage, minwindef, windef};
[INFO] [stdout]    |             ^^^^^^ could not find `shared` in `winapi`
[INFO] [stdout] 
[INFO] [stdout] 
[INFO] [stdout] error[E0432]: unresolved import `winapi::um`
[INFO] [stdout]   --> /opt/rustwide/cargo-home/registry/src/index.crates.io-1949cf8c6b5b557f/winput-0.2.5/src/message_loop.rs:42:13
[INFO] [stdout]    |
[INFO] [stdout] 42 | use winapi::um::{libloaderapi, winuser};
[INFO] [stdout]    |             ^^ could not find `um` in `winapi`
[INFO] [stdout] 
[INFO] [stdout] 
[INFO] [stdout] error[E0599]: no method named `encode_wide` found for reference `&OsStr` in the current scope
[INFO] [stdout]    --> /opt/rustwide/cargo-home/registry/src/index.crates.io-1949cf8c6b5b557f/winput-0.2.5/src/message_loop.rs:372:18
[INFO] [stdout]     |
[INFO] [stdout] 371 |             let class_name = OsStr::new("winput_message_loop")
[INFO] [stdout] 372 |                 .encode_wide()
[INFO] [stdout]     |                  ^^^^^^^^^^^ method not found in `&OsStr`
[INFO] [stdout] 
[INFO] [stdout] 
[INFO] [stderr]    Compiling syn v2.0.32
[INFO] [stdout] Some errors have detailed explanations: E0432, E0433, E0599.
[INFO] [stdout] 
[INFO] [stdout] For more information about an error, try `rustc --explain E0432`.
[INFO] [stdout] 
[INFO] [stderr] error: could not compile `winput` (lib) due to 11 previous errors
[INFO] [stderr] warning: build failed, waiting for other jobs to finish...
[INFO] running `Command { std: "docker" "inspect" "d982c6e064b715f4ce01d11318280b8c6fb96ba24ee984dd61b2e1930c591647", kill_on_drop: false }`
[INFO] running `Command { std: "docker" "rm" "-f" "d982c6e064b715f4ce01d11318280b8c6fb96ba24ee984dd61b2e1930c591647", kill_on_drop: false }`
[INFO] [stdout] d982c6e064b715f4ce01d11318280b8c6fb96ba24ee984dd61b2e1930c591647
