[INFO] cloning repository https://github.com/doronnac/seekd
[INFO] running `Command { std: "git" "-c" "credential.helper=" "-c" "credential.helper=/workspace/cargo-home/bin/git-credential-null" "clone" "--bare" "https://github.com/doronnac/seekd" "/workspace/cache/git-repos/https%3A%2F%2Fgithub.com%2Fdoronnac%2Fseekd", kill_on_drop: false }`
[INFO] [stderr] Cloning into bare repository '/workspace/cache/git-repos/https%3A%2F%2Fgithub.com%2Fdoronnac%2Fseekd'...
[INFO] running `Command { std: "git" "rev-parse" "HEAD", kill_on_drop: false }`
[INFO] [stdout] d9978e505d52742898ba4156c5227bc68434e7bc
[INFO] checking doronnac/seekd/d9978e505d52742898ba4156c5227bc68434e7bc against 8d1a76430406c877b35d0b627e7f796dcf0dfeca+rustflags=-Aunfulfilled-lint-expectations for pr-163637
[INFO] running `Command { std: "git" "clone" "/workspace/cache/git-repos/https%3A%2F%2Fgithub.com%2Fdoronnac%2Fseekd" "/workspace/builds/worker-0-tc1/source", kill_on_drop: false }`
[INFO] [stderr] Cloning into '/workspace/builds/worker-0-tc1/source'...
[INFO] [stderr] done.
[INFO] started tweaking git repo https://github.com/doronnac/seekd
[INFO] finished tweaking git repo https://github.com/doronnac/seekd
[INFO] tweaked toml for git repo https://github.com/doronnac/seekd written to /workspace/builds/worker-0-tc1/source/Cargo.toml
[INFO] validating manifest of git repo https://github.com/doronnac/seekd on toolchain 8d1a76430406c877b35d0b627e7f796dcf0dfeca
[INFO] running `Command { std: CARGO_HOME="/workspace/cargo-home" RUSTUP_HOME="/workspace/rustup-home" "/workspace/cargo-home/bin/cargo" "+8d1a76430406c877b35d0b627e7f796dcf0dfeca" "metadata" "--manifest-path" "Cargo.toml" "--no-deps", kill_on_drop: false }`
[INFO] crate git repo https://github.com/doronnac/seekd already has a lockfile, it will not be regenerated
[INFO] running `Command { std: CARGO_HOME="/workspace/cargo-home" RUSTUP_HOME="/workspace/rustup-home" "/workspace/cargo-home/bin/cargo" "+8d1a76430406c877b35d0b627e7f796dcf0dfeca" "fetch" "--manifest-path" "Cargo.toml", kill_on_drop: false }`
[INFO] [stderr] warning: unused workspace dependency `conf`
[INFO] [stderr]   --> Cargo.toml:81:25
[INFO] [stderr]    |
[INFO] [stderr] 81 | [workspace.dependencies.conf]
[INFO] [stderr]    |                         ^^^^
[INFO] [stderr]    |
[INFO] [stderr]    = note: `cargo::unused_workspace_dependencies` is set to `warn` by default
[INFO] [stderr] help: consider removing the workspace dependency `conf`
[INFO] [stderr] warning: unused workspace dependency `iced`
[INFO] [stderr]   --> Cargo.toml:92:25
[INFO] [stderr]    |
[INFO] [stderr] 92 | [workspace.dependencies.iced]
[INFO] [stderr]    |                         ^^^^
[INFO] [stderr]    |
[INFO] [stderr] help: consider removing the workspace dependency `iced`
[INFO] [stderr] warning: unused workspace dependency `libsql`
[INFO] [stderr]   --> Cargo.toml:66:1
[INFO] [stderr]    |
[INFO] [stderr] 66 | libsql = "0.9.8"
[INFO] [stderr]    | ^^^^^^
[INFO] [stderr]    |
[INFO] [stderr] help: consider removing the workspace dependency `libsql`
[INFO] [stderr] warning: unused workspace dependency `service-manager`
[INFO] [stderr]   --> Cargo.toml:71:1
[INFO] [stderr]    |
[INFO] [stderr] 71 | service-manager = "0.8.0"
[INFO] [stderr]    | ^^^^^^^^^^^^^^^
[INFO] [stderr]    |
[INFO] [stderr] help: consider removing the workspace dependency `service-manager`
[INFO] [stderr] warning: workspace (manifest) generated 4 warnings
[INFO] [stderr]     Updating crates.io index
[INFO] [stderr]  Downloading crates ...
[INFO] [stderr]   Downloaded windows-service v0.8.0
[INFO] [stderr]   Downloaded widestring v1.2.0
[INFO] [stderr]   Downloaded find_cuda_helper v0.2.0
[INFO] [stderr]   Downloaded doctest-file v1.0.0
[INFO] [stderr]   Downloaded slab v0.4.10
[INFO] [stderr]   Downloaded redox_users v0.5.0
[INFO] [stderr]   Downloaded libredox v0.1.6
[INFO] [stderr]   Downloaded parking_lot_core v0.8.6
[INFO] [stderr]   Downloaded typed-builder-macro v0.21.0
[INFO] [stderr]   Downloaded libloading v0.8.8
[INFO] [stderr]   Downloaded lock_api v0.4.13
[INFO] [stderr]   Downloaded directories v6.0.0
[INFO] [stderr]   Downloaded kv v0.24.0
[INFO] [stderr]   Downloaded security-framework-sys v2.14.0
[INFO] [stderr]   Downloaded typed-builder v0.21.0
[INFO] [stderr]   Downloaded cmake v0.1.54
[INFO] [stderr]   Downloaded parking_lot v0.12.4
[INFO] [stderr]   Downloaded recvmsg v1.0.0
[INFO] [stderr]   Downloaded parking_lot_core v0.9.11
[INFO] [stderr]   Downloaded redox_syscall v0.5.14
[INFO] [stderr]   Downloaded parking_lot v0.11.2
[INFO] [stderr]   Downloaded find-msvc-tools v0.1.0
[INFO] [stderr]   Downloaded quinn-udp v0.5.13
[INFO] [stderr]   Downloaded schannel v0.1.27
[INFO] [stderr]   Downloaded rustc-demangle v0.1.25
[INFO] [stderr]   Downloaded icu_properties v2.0.1
[INFO] [stderr]   Downloaded tokio-rustls v0.26.2
[INFO] [stderr]   Downloaded embed-manifest v1.4.0
[INFO] [stderr]   Downloaded clap_lex v0.7.5
[INFO] [stderr]   Downloaded anstyle v1.0.11
[INFO] [stderr]   Downloaded rustls-pki-types v1.12.0
[INFO] [stderr]   Downloaded anstyle-wincon v3.0.9
[INFO] [stderr]   Downloaded trim-in-place v0.1.7
[INFO] [stderr]   Downloaded io-uring v0.7.8
[INFO] [stderr]   Downloaded cc v1.2.35
[INFO] [stderr]   Downloaded rustls-webpki v0.103.4
[INFO] [stderr]   Downloaded openssl-sys v0.9.109
[INFO] [stderr]   Downloaded flate2 v1.1.2
[INFO] [stderr]   Downloaded quinn v0.11.8
[INFO] [stderr]   Downloaded clap_derive v4.5.41
[INFO] [stderr]   Downloaded anstream v0.6.19
[INFO] [stderr]   Downloaded anstyle-query v1.1.3
[INFO] [stderr]   Downloaded prettyplease v0.2.35
[INFO] [stderr]   Downloaded serde_spanned v1.0.0
[INFO] [stderr]   Downloaded arraydeque v0.5.1
[INFO] [stderr]   Downloaded erased-serde v0.4.6
[INFO] [stderr]   Downloaded ordered-multimap v0.7.3
[INFO] [stderr]   Downloaded clap v4.5.41
[INFO] [stderr]   Downloaded toml_datetime v0.7.0
[INFO] [stderr]   Downloaded serde-untagged v0.1.8
[INFO] [stderr]   Downloaded dlv-list v0.5.2
[INFO] [stderr]   Downloaded mio v1.0.4
[INFO] [stderr]   Downloaded hyper-util v0.1.15
[INFO] [stderr]   Downloaded toml_parser v1.0.2
[INFO] [stderr]   Downloaded rust-ini v0.21.1
[INFO] [stderr]   Downloaded json5 v0.4.1
[INFO] [stderr]   Downloaded interprocess v2.2.3
[INFO] [stderr]   Downloaded config v0.15.14
[INFO] [stderr]   Downloaded yaml-rust2 v0.10.3
[INFO] [stderr]   Downloaded toml v0.9.5
[INFO] [stderr]   Downloaded ron v0.8.1
[INFO] [stderr]   Downloaded pest_generator v2.8.1
[INFO] [stderr]   Downloaded serde_json v1.0.141
[INFO] [stderr]   Downloaded hyper v1.6.0
[INFO] [stderr]   Downloaded pest_meta v2.8.1
[INFO] [stderr]   Downloaded icu_properties_data v2.0.1
[INFO] [stderr]   Downloaded h2 v0.4.11
[INFO] [stderr]   Downloaded pest_derive v2.8.1
[INFO] [stderr]   Downloaded convert_case v0.6.0
[INFO] [stderr]   Downloaded reqwest v0.12.22
[INFO] [stderr]   Downloaded clap_builder v4.5.41
[INFO] [stderr]   Downloaded webpki-roots v1.0.2
[INFO] [stderr]   Downloaded quinn-proto v0.11.12
[INFO] [stderr]   Downloaded openssl v0.10.73
[INFO] [stderr]   Downloaded pest v2.8.1
[INFO] [stderr]   Downloaded rustls v0.23.29
[INFO] [stderr]   Downloaded sled v0.34.7
[INFO] [stderr]   Downloaded libc v0.2.174
[INFO] [stderr]   Downloaded tokio v1.46.1
[INFO] [stderr]   Downloaded llama-cpp-sys-2 v0.1.119
[INFO] [stderr]   Downloaded llama-cpp-2 v0.1.119
[INFO] running `Command { std: "docker" "create" "-v" "/var/lib/crater-agent-workspace/builds/worker-0-tc1/source:/opt/rustwide/workdir:ro,Z" "-v" "/var/lib/crater-agent-workspace/builds/worker-0-tc1/target:/opt/rustwide/target:rw,Z" "-v" "/var/lib/crater-agent-workspace/cargo-home:/opt/rustwide/cargo-home:ro,Z" "-v" "/var/lib/crater-agent-workspace/rustup-home:/opt/rustwide/rustup-home:ro,Z" "-m" "1610612736" "--network" "none" "ghcr.io/rust-lang/crates-build-env/linux@sha256:77db811e55d90add9212f6832c23229e3de5f1c1f9905e8cb07319ea15df73ac" "sleep" "infinity", kill_on_drop: false }`
[INFO] [stdout] 48b500d9115503faeb504e7610e1368f166c039174e2154de7d8cf0fbd62516c
[INFO] running `Command { std: "docker" "start" "48b500d9115503faeb504e7610e1368f166c039174e2154de7d8cf0fbd62516c", kill_on_drop: false }`
[INFO] running `Command { std: "docker" "inspect" "48b500d9115503faeb504e7610e1368f166c039174e2154de7d8cf0fbd62516c", kill_on_drop: false }`
[INFO] running `Command { std: "docker" "exec" "-e" "SOURCE_DIR=/opt/rustwide/workdir" "-e" "CARGO_HOME=/opt/rustwide/cargo-home" "-e" "RUSTUP_HOME=/opt/rustwide/rustup-home" "-e" "CARGO_TARGET_DIR=/opt/rustwide/target" "-w" "/opt/rustwide/workdir" "--user" "0:0" "48b500d9115503faeb504e7610e1368f166c039174e2154de7d8cf0fbd62516c" "/opt/rustwide/cargo-home/bin/cargo" "+8d1a76430406c877b35d0b627e7f796dcf0dfeca" "metadata" "--no-deps" "--format-version=1", kill_on_drop: false }`
[INFO] running `Command { std: "docker" "inspect" "48b500d9115503faeb504e7610e1368f166c039174e2154de7d8cf0fbd62516c", kill_on_drop: false }`
[INFO] running `Command { std: "docker" "exec" "-e" "SOURCE_DIR=/opt/rustwide/workdir" "-e" "CARGO_HOME=/opt/rustwide/cargo-home" "-e" "RUSTUP_HOME=/opt/rustwide/rustup-home" "-e" "CARGO_TARGET_DIR=/opt/rustwide/target" "-e" "CARGO_INCREMENTAL=0" "-e" "RUST_BACKTRACE=full" "-e" "RUSTFLAGS=--cap-lints=forbid -Aunfulfilled-lint-expectations" "-e" "RUSTDOCFLAGS=--cap-lints=forbid" "-w" "/opt/rustwide/workdir" "--user" "0:0" "48b500d9115503faeb504e7610e1368f166c039174e2154de7d8cf0fbd62516c" "/opt/rustwide/cargo-home/bin/cargo" "+8d1a76430406c877b35d0b627e7f796dcf0dfeca" "check" "--frozen" "--all" "--all-targets" "--message-format=json", kill_on_drop: false }`
[INFO] [stderr] warning: unused workspace dependency `conf`
[INFO] [stderr]   --> Cargo.toml:81:25
[INFO] [stderr]    |
[INFO] [stderr] 81 | [workspace.dependencies.conf]
[INFO] [stderr]    |                         ^^^^
[INFO] [stderr]    |
[INFO] [stderr]    = note: `cargo::unused_workspace_dependencies` is set to `warn` by default
[INFO] [stderr] help: consider removing the workspace dependency `conf`
[INFO] [stderr] warning: unused workspace dependency `iced`
[INFO] [stderr]   --> Cargo.toml:92:25
[INFO] [stderr]    |
[INFO] [stderr] 92 | [workspace.dependencies.iced]
[INFO] [stderr]    |                         ^^^^
[INFO] [stderr]    |
[INFO] [stderr] help: consider removing the workspace dependency `iced`
[INFO] [stderr] warning: unused workspace dependency `libsql`
[INFO] [stderr]   --> Cargo.toml:66:1
[INFO] [stderr]    |
[INFO] [stderr] 66 | libsql = "0.9.8"
[INFO] [stderr]    | ^^^^^^
[INFO] [stderr]    |
[INFO] [stderr] help: consider removing the workspace dependency `libsql`
[INFO] [stderr] warning: unused workspace dependency `service-manager`
[INFO] [stderr]   --> Cargo.toml:71:1
[INFO] [stderr]    |
[INFO] [stderr] 71 | service-manager = "0.8.0"
[INFO] [stderr]    | ^^^^^^^^^^^^^^^
[INFO] [stderr]    |
[INFO] [stderr] help: consider removing the workspace dependency `service-manager`
[INFO] [stderr] warning: workspace (manifest) generated 4 warnings
[INFO] [stderr]    Compiling syn v2.0.104
[INFO] [stderr]    Compiling libc v0.2.174
[INFO] [stderr]     Checking cfg-if v1.0.1
[INFO] [stderr]     Checking smallvec v1.15.1
[INFO] [stderr]    Compiling serde v1.0.219
[INFO] [stderr]    Compiling find-msvc-tools v0.1.0
[INFO] [stderr]    Compiling lock_api v0.4.13
[INFO] [stderr]    Compiling parking_lot_core v0.9.11
[INFO] [stderr]     Checking memchr v2.7.5
[INFO] [stderr]     Checking tracing-core v0.1.34
[INFO] [stderr]    Compiling anyhow v1.0.98
[INFO] [stderr]     Checking hashbrown v0.15.4
[INFO] [stderr]    Compiling thiserror v2.0.12
[INFO] [stderr]    Compiling vcpkg v0.2.15
[INFO] [stderr]     Checking slab v0.4.10
[INFO] [stderr]    Compiling glob v0.3.3
[INFO] [stderr]     Checking futures-channel v0.3.31
[INFO] [stderr]     Checking futures-io v0.3.31
[INFO] [stderr]    Compiling jobserver v0.1.33
[INFO] [stderr]     Checking http v1.3.1
[INFO] [stderr]    Compiling serde_json v1.0.141
[INFO] [stderr]     Checking zeroize v1.8.1
[INFO] [stderr]    Compiling prettyplease v0.2.35
[INFO] [stderr]    Compiling clang-sys v1.8.1
[INFO] [stderr]    Compiling regex-syntax v0.8.5
[INFO] [stderr]     Checking rustls-pki-types v1.12.0
[INFO] [stderr]    Compiling minimal-lexical v0.2.1
[INFO] [stderr]    Compiling cc v1.2.35
[INFO] [stderr]    Compiling icu_properties_data v2.0.1
[INFO] [stderr]    Compiling nom v7.1.3
[INFO] [stderr]    Compiling libloading v0.8.8
[INFO] [stderr]     Checking encoding_rs v0.8.35
[INFO] [stderr]    Compiling bindgen v0.72.1
[INFO] [stderr]     Checking http-body v1.0.1
[INFO] [stderr]    Compiling either v1.15.0
[INFO] [stderr]     Checking untrusted v0.9.0
[INFO] [stderr]     Checking signal-hook-registry v1.4.5
[INFO] [stderr]     Checking mio v1.0.4
[INFO] [stderr]     Checking parking_lot v0.12.4
[INFO] [stderr]     Checking socket2 v0.5.10
[INFO] [stderr]     Checking getrandom v0.2.16
[INFO] [stderr]     Checking shared v0.1.0 (/opt/rustwide/workdir/shared)
[INFO] [stderr]    Compiling openssl v0.10.73
[INFO] [stderr]     Checking foreign-types-shared v0.1.1
[INFO] [stderr]     Checking foreign-types v0.3.2
[INFO] [stderr]     Checking indexmap v2.10.0
[INFO] [stderr]     Checking dirs-sys v0.5.0
[INFO] [stderr]    Compiling itertools v0.12.1
[INFO] [stderr]     Checking crc32fast v1.5.0
[INFO] [stderr]    Compiling regex-automata v0.4.9
[INFO] [stderr]    Compiling openssl-sys v0.9.109
[INFO] [stderr]    Compiling ring v0.17.14
[INFO] [stderr]     Checking try-lock v0.2.5
[INFO] [stderr]    Compiling native-tls v0.2.14
[INFO] [stderr]    Compiling cexpr v0.6.0
[INFO] [stderr]    Compiling rustls v0.23.29
[INFO] [stderr]    Compiling rustc-hash v2.1.1
[INFO] [stderr]    Compiling bitflags v2.9.1
[INFO] [stderr]    Compiling parking_lot_core v0.8.6
[INFO] [stderr]     Checking tower-service v0.3.3
[INFO] [stderr]     Checking want v0.3.1
[INFO] [stderr]    Compiling cmake v0.1.54
[INFO] [stderr]    Compiling find_cuda_helper v0.2.0
[INFO] [stderr]     Checking instant v0.1.13
[INFO] [stderr]     Checking subtle v2.6.1
[INFO] [stderr]    Compiling tiny-keccak v2.0.2
[INFO] [stderr]    Compiling zerocopy v0.8.26
[INFO] [stderr]     Checking openssl-probe v0.1.6
[INFO] [stderr]    Compiling crunchy v0.2.4
[INFO] [stderr]     Checking webpki-roots v1.0.2
[INFO] [stderr]    Compiling doctest-file v1.0.0
[INFO] [stderr]     Checking ipnet v2.11.0
[INFO] [stderr]     Checking parking_lot v0.11.2
[INFO] [stderr]    Compiling regex v1.11.1
[INFO] [stderr]     Checking crossbeam-epoch v0.9.18
[INFO] [stderr]     Checking getrandom v0.3.3
[INFO] [stderr]     Checking directories v6.0.0
[INFO] [stderr]    Compiling synstructure v0.13.2
[INFO] [stderr]     Checking fxhash v0.2.1
[INFO] [stderr]     Checking fs2 v0.4.3
[INFO] [stderr]     Checking sync_wrapper v1.0.2
[INFO] [stderr]    Compiling ucd-trie v0.1.7
[INFO] [stderr]    Compiling once_cell v1.21.3
[INFO] [stderr]    Compiling portable-atomic v1.11.1
[INFO] [stderr]     Checking tower-layer v0.3.3
[INFO] [stderr]     Checking anstyle-parse v0.2.7
[INFO] [stderr]     Checking miniz_oxide v0.8.9
[INFO] [stderr]    Compiling const-random-macro v0.1.16
[INFO] [stderr]     Checking sled v0.34.7
[INFO] [stderr]     Checking rand_core v0.9.3
[INFO] [stderr]     Checking http-body-util v0.1.3
[INFO] [stderr]     Checking anstyle v1.0.11
[INFO] [stderr]     Checking ppv-lite86 v0.2.21
[INFO] [stderr]     Checking anstyle-query v1.1.3
[INFO] [stderr]     Checking colorchoice v1.0.4
[INFO] [stderr]     Checking iri-string v0.7.8
[INFO] [stderr]     Checking unicode-width v0.2.1
[INFO] [stderr]     Checking console v0.15.11
[INFO] [stderr]     Checking rand_chacha v0.9.0
[INFO] [stderr]    Compiling serde_derive v1.0.219
[INFO] [stderr]    Compiling tokio-macros v2.5.0
[INFO] [stderr]    Compiling zerofrom-derive v0.1.6
[INFO] [stderr]    Compiling yoke-derive v0.8.0
[INFO] [stderr]     Checking tokio v1.46.1
[INFO] [stderr]    Compiling tracing-attributes v0.1.30
[INFO] [stderr]    Compiling zerovec-derive v0.11.1
[INFO] [stderr]    Compiling displaydoc v0.2.5
[INFO] [stderr]    Compiling thiserror-impl v2.0.12
[INFO] [stderr]    Compiling futures-macro v0.3.31
[INFO] [stderr]     Checking zerofrom v0.1.6
[INFO] [stderr]     Checking yoke v0.8.0
[INFO] [stderr]     Checking zerotrie v0.2.2
[INFO] [stderr]    Compiling thiserror-impl v1.0.69
[INFO] [stderr]     Checking zerovec v0.11.2
[INFO] [stderr]     Checking futures-util v0.3.31
[INFO] [stderr]     Checking tracing v0.1.41
[INFO] [stderr]    Compiling openssl-macros v0.1.1
[INFO] [stderr]     Checking rustls-webpki v0.103.4
[INFO] [stderr]    Compiling enumflags2_derive v0.7.12
[INFO] [stderr]     Checking enumflags2 v0.7.12
[INFO] [stderr]    Compiling pest v2.8.1
[INFO] [stderr]     Checking thiserror v1.0.69
[INFO] [stderr]    Compiling typed-builder-macro v0.21.0
[INFO] [stderr]     Checking tinystr v0.8.1
[INFO] [stderr]     Checking icu_locale_core v2.0.0
[INFO] [stderr]     Checking potential_utf v0.1.2
[INFO] [stderr]     Checking icu_collections v2.0.0
[INFO] [stderr]     Checking icu_provider v2.0.0
[INFO] [stderr]     Checking typed-builder v0.21.0
[INFO] [stderr]    Compiling pest_meta v2.8.1
[INFO] [stderr]     Checking anstream v0.6.19
[INFO] [stderr]     Checking icu_properties v2.0.1
[INFO] [stderr]     Checking icu_normalizer v2.0.0
[INFO] [stderr]     Checking flate2 v1.1.2
[INFO] [stderr]     Checking const-random v0.1.18
[INFO] [stderr]     Checking futures-executor v0.3.31
[INFO] [stderr]     Checking dirs v0.1.0 (/opt/rustwide/workdir/dirs)
[INFO] [stdout] error[E0425]: cannot find value `APPLICATION` in this scope
[INFO] [stdout]   --> dirs/src/lib.rs:38:27
[INFO] [stdout]    |
[INFO] [stdout] 38 |     Ok(format!("/var/log/{APPLICATION}.log"))
[INFO] [stdout]    |                           ^^^^^^^^^^^ not found in this scope
[INFO] [stdout] 
[INFO] [stdout] 
[INFO] [stdout] error[E0425]: cannot find value `APPLICATION` in this scope
[INFO] [stdout]   --> dirs/src/lib.rs:52:27
[INFO] [stdout]    |
[INFO] [stdout] 52 |     Ok(format!("/var/log/{APPLICATION}_error.log"))
[INFO] [stdout]    |                           ^^^^^^^^^^^ not found in this scope
[INFO] [stdout] 
[INFO] [stdout] 
[INFO] [stdout] error[E0308]: mismatched types
[INFO] [stdout]   --> dirs/src/lib.rs:38:8
[INFO] [stdout]    |
[INFO] [stdout] 38 |     Ok(format!("/var/log/{APPLICATION}.log"))
[INFO] [stdout]    |        ^^^^^^^^^^^^^^^^^^^^^^^^^^^^^^^^^^^^^ expected `PathBuf`, found `String`
[INFO] [stdout]    |
[INFO] [stdout] help: call `Into::into` on this expression to convert `String` into `PathBuf`
[INFO] [stdout]    |
[INFO] [stdout] 38 |     Ok(format!("/var/log/{APPLICATION}.log").into())
[INFO] [stdout]    |                                             +++++++
[INFO] [stdout] 
[INFO] [stdout] 
[INFO] [stdout] error[E0308]: mismatched types
[INFO] [stdout]   --> dirs/src/lib.rs:52:8
[INFO] [stdout]    |
[INFO] [stdout] 52 |     Ok(format!("/var/log/{APPLICATION}_error.log"))
[INFO] [stdout]    |        ^^^^^^^^^^^^^^^^^^^^^^^^^^^^^^^^^^^^^^^^^^^ expected `PathBuf`, found `String`
[INFO] [stdout]    |
[INFO] [stdout] help: call `Into::into` on this expression to convert `String` into `PathBuf`
[INFO] [stdout]    |
[INFO] [stdout] 52 |     Ok(format!("/var/log/{APPLICATION}_error.log").into())
[INFO] [stdout]    |                                                   +++++++
[INFO] [stdout] 
[INFO] [stdout] 
[INFO] [stdout] Some errors have detailed explanations: E0308, E0425.
[INFO] [stdout] 
[INFO] [stdout] For more information about an error, try `rustc --explain E0308`.
[INFO] [stdout] 
[INFO] [stderr] error: could not compile `dirs` (lib) due to 4 previous errors
[INFO] [stderr] warning: build failed, waiting for other jobs to finish...
[INFO] running `Command { std: "docker" "inspect" "48b500d9115503faeb504e7610e1368f166c039174e2154de7d8cf0fbd62516c", kill_on_drop: false }`
[INFO] running `Command { std: "docker" "rm" "-f" "48b500d9115503faeb504e7610e1368f166c039174e2154de7d8cf0fbd62516c", kill_on_drop: false }`
[INFO] [stdout] 48b500d9115503faeb504e7610e1368f166c039174e2154de7d8cf0fbd62516c
