[INFO] cloning repository https://github.com/denuvosanctuary/ubi-dbdata
[INFO] running `Command { std: "git" "-c" "credential.helper=" "-c" "credential.helper=/workspace/cargo-home/bin/git-credential-null" "clone" "--bare" "https://github.com/denuvosanctuary/ubi-dbdata" "/workspace/cache/git-repos/https%3A%2F%2Fgithub.com%2Fdenuvosanctuary%2Fubi-dbdata", kill_on_drop: false }`
[INFO] [stderr] Cloning into bare repository '/workspace/cache/git-repos/https%3A%2F%2Fgithub.com%2Fdenuvosanctuary%2Fubi-dbdata'...
[INFO] running `Command { std: "git" "rev-parse" "HEAD", kill_on_drop: false }`
[INFO] [stdout] 183972e0b1f6c3df6d2092af57ececafe04dc31a
[INFO] checking denuvosanctuary/ubi-dbdata against 8773d2c75a8e90130dcce745a7ec4e66bb9963db+rustflags=-Aunfulfilled-lint-expectations for pr-163637
[INFO] running `Command { std: "git" "clone" "/workspace/cache/git-repos/https%3A%2F%2Fgithub.com%2Fdenuvosanctuary%2Fubi-dbdata" "/workspace/builds/worker-0-tc2/source", kill_on_drop: false }`
[INFO] [stderr] Cloning into '/workspace/builds/worker-0-tc2/source'...
[INFO] [stderr] done.
[INFO] started tweaking git repo https://github.com/denuvosanctuary/ubi-dbdata
[INFO] finished tweaking git repo https://github.com/denuvosanctuary/ubi-dbdata
[INFO] tweaked toml for git repo https://github.com/denuvosanctuary/ubi-dbdata written to /workspace/builds/worker-0-tc2/source/Cargo.toml
[INFO] validating manifest of git repo https://github.com/denuvosanctuary/ubi-dbdata on toolchain 8773d2c75a8e90130dcce745a7ec4e66bb9963db
[INFO] running `Command { std: CARGO_HOME="/workspace/cargo-home" RUSTUP_HOME="/workspace/rustup-home" "/workspace/cargo-home/bin/cargo" "+8773d2c75a8e90130dcce745a7ec4e66bb9963db" "metadata" "--manifest-path" "Cargo.toml" "--no-deps", kill_on_drop: false }`
[INFO] crate git repo https://github.com/denuvosanctuary/ubi-dbdata already has a lockfile, it will not be regenerated
[INFO] running `Command { std: CARGO_HOME="/workspace/cargo-home" RUSTUP_HOME="/workspace/rustup-home" "/workspace/cargo-home/bin/cargo" "+8773d2c75a8e90130dcce745a7ec4e66bb9963db" "fetch" "--manifest-path" "Cargo.toml", kill_on_drop: false }`
[INFO] [stderr]     Blocking waiting for file lock on package cache
[INFO] [stderr]     Blocking waiting for file lock on package cache
[ERROR] error running command: no output for 300 seconds
[INFO] checking denuvosanctuary/ubi-dbdata against 8773d2c75a8e90130dcce745a7ec4e66bb9963db+rustflags=-Aunfulfilled-lint-expectations for pr-163637
[INFO] running `Command { std: "git" "clone" "/workspace/cache/git-repos/https%3A%2F%2Fgithub.com%2Fdenuvosanctuary%2Fubi-dbdata" "/workspace/builds/worker-0-tc2/source", kill_on_drop: false }`
[INFO] [stderr] Cloning into '/workspace/builds/worker-0-tc2/source'...
[INFO] [stderr] done.
[INFO] started tweaking git repo https://github.com/denuvosanctuary/ubi-dbdata
[INFO] finished tweaking git repo https://github.com/denuvosanctuary/ubi-dbdata
[INFO] tweaked toml for git repo https://github.com/denuvosanctuary/ubi-dbdata written to /workspace/builds/worker-0-tc2/source/Cargo.toml
[INFO] validating manifest of git repo https://github.com/denuvosanctuary/ubi-dbdata on toolchain 8773d2c75a8e90130dcce745a7ec4e66bb9963db
[INFO] running `Command { std: CARGO_HOME="/workspace/cargo-home" RUSTUP_HOME="/workspace/rustup-home" "/workspace/cargo-home/bin/cargo" "+8773d2c75a8e90130dcce745a7ec4e66bb9963db" "metadata" "--manifest-path" "Cargo.toml" "--no-deps", kill_on_drop: false }`
[INFO] crate git repo https://github.com/denuvosanctuary/ubi-dbdata already has a lockfile, it will not be regenerated
[INFO] running `Command { std: CARGO_HOME="/workspace/cargo-home" RUSTUP_HOME="/workspace/rustup-home" "/workspace/cargo-home/bin/cargo" "+8773d2c75a8e90130dcce745a7ec4e66bb9963db" "fetch" "--manifest-path" "Cargo.toml", kill_on_drop: false }`
[INFO] [stderr]     Blocking waiting for file lock on package cache
[INFO] [stderr]     Blocking waiting for file lock on package cache
[INFO] running `Command { std: "docker" "create" "-v" "/var/lib/crater-agent-workspace/builds/worker-0-tc2/source:/opt/rustwide/workdir:ro,Z" "-v" "/var/lib/crater-agent-workspace/builds/worker-0-tc2/target:/opt/rustwide/target:rw,Z" "-v" "/var/lib/crater-agent-workspace/cargo-home:/opt/rustwide/cargo-home:ro,Z" "-v" "/var/lib/crater-agent-workspace/rustup-home:/opt/rustwide/rustup-home:ro,Z" "-m" "1610612736" "--network" "none" "ghcr.io/rust-lang/crates-build-env/linux@sha256:77db811e55d90add9212f6832c23229e3de5f1c1f9905e8cb07319ea15df73ac" "sleep" "infinity", kill_on_drop: false }`
[INFO] [stdout] 305484e90bb6c5c3467548f2405ce47ebeaef7d351852fe6d48a36085e255326
[INFO] running `Command { std: "docker" "start" "305484e90bb6c5c3467548f2405ce47ebeaef7d351852fe6d48a36085e255326", kill_on_drop: false }`
[INFO] running `Command { std: "docker" "inspect" "305484e90bb6c5c3467548f2405ce47ebeaef7d351852fe6d48a36085e255326", kill_on_drop: false }`
[INFO] running `Command { std: "docker" "exec" "-e" "SOURCE_DIR=/opt/rustwide/workdir" "-e" "CARGO_HOME=/opt/rustwide/cargo-home" "-e" "RUSTUP_HOME=/opt/rustwide/rustup-home" "-e" "CARGO_TARGET_DIR=/opt/rustwide/target" "-w" "/opt/rustwide/workdir" "--user" "0:0" "305484e90bb6c5c3467548f2405ce47ebeaef7d351852fe6d48a36085e255326" "/opt/rustwide/cargo-home/bin/cargo" "+8773d2c75a8e90130dcce745a7ec4e66bb9963db" "metadata" "--no-deps" "--format-version=1", kill_on_drop: false }`
[INFO] running `Command { std: "docker" "inspect" "305484e90bb6c5c3467548f2405ce47ebeaef7d351852fe6d48a36085e255326", kill_on_drop: false }`
[INFO] running `Command { std: "docker" "exec" "-e" "SOURCE_DIR=/opt/rustwide/workdir" "-e" "CARGO_HOME=/opt/rustwide/cargo-home" "-e" "RUSTUP_HOME=/opt/rustwide/rustup-home" "-e" "CARGO_TARGET_DIR=/opt/rustwide/target" "-e" "CARGO_INCREMENTAL=0" "-e" "RUST_BACKTRACE=full" "-e" "RUSTFLAGS=--cap-lints=forbid -Aunfulfilled-lint-expectations" "-e" "RUSTDOCFLAGS=--cap-lints=forbid" "-w" "/opt/rustwide/workdir" "--user" "0:0" "305484e90bb6c5c3467548f2405ce47ebeaef7d351852fe6d48a36085e255326" "/opt/rustwide/cargo-home/bin/cargo" "+8773d2c75a8e90130dcce745a7ec4e66bb9963db" "check" "--frozen" "--all" "--all-targets" "--message-format=json", kill_on_drop: false }`
[INFO] [stderr]    Compiling libc v0.2.175
[INFO] [stderr]    Compiling zerocopy v0.8.27
[INFO] [stderr]    Compiling once_cell v1.21.3
[INFO] [stderr]    Compiling anyhow v1.0.99
[INFO] [stderr]    Compiling thiserror v2.0.16
[INFO] [stderr]     Checking hashbrown v0.15.5
[INFO] [stderr]    Compiling serde_json v1.0.143
[INFO] [stderr]    Compiling quote v1.0.40
[INFO] [stderr]    Compiling num-traits v0.2.19
[INFO] [stderr]     Checking destructure_traitobject v0.2.0
[INFO] [stderr]    Compiling winapi v0.3.9
[INFO] [stderr]     Checking mock_instant v0.6.0
[INFO] [stderr]     Checking arc-swap v1.7.1
[INFO] [stderr]     Checking log-mdc v0.1.0
[INFO] [stderr]     Checking unsafe-any-ors v1.0.0
[INFO] [stderr]     Checking typemap-ors v1.0.0
[INFO] [stderr]    Compiling syn v2.0.106
[INFO] [stderr]     Checking ordered-float v2.10.1
[INFO] [stderr]     Checking chrono v0.4.42
[INFO] [stderr]     Checking indexmap v2.11.1
[INFO] [stderr]    Compiling getrandom v0.2.16
[INFO] [stderr]    Compiling const-random-macro v0.1.16
[INFO] [stderr]     Checking getrandom v0.3.3
[INFO] [stderr]     Checking parking_lot_core v0.9.11
[INFO] [stderr]     Checking thread-id v5.0.0
[INFO] [stderr]     Checking const-random v0.1.18
[INFO] [stderr]     Checking rand_core v0.9.3
[INFO] [stderr]     Checking dlv-list v0.5.2
[INFO] [stderr]     Checking parking_lot v0.12.4
[INFO] [stderr]     Checking ordered-multimap v0.7.3
[INFO] [stderr]     Checking rust-ini v0.21.3
[INFO] [stderr]     Checking ppv-lite86 v0.2.21
[INFO] [stderr]    Compiling serde_derive v1.0.219
[INFO] [stderr]    Compiling thiserror-impl v2.0.16
[INFO] [stderr]    Compiling derive_more-impl v2.0.1
[INFO] [stderr]     Checking rand_chacha v0.9.0
[INFO] [stderr]     Checking rand v0.9.2
[INFO] [stderr]     Checking derive_more v2.0.1
[INFO] [stderr]     Checking serde v1.0.219
[INFO] [stderr]     Checking serde-value v0.7.0
[INFO] [stderr]     Checking log v0.4.28
[INFO] [stderr]     Checking serde_yaml v0.9.34+deprecated
[INFO] [stderr]     Checking log4rs v1.4.0
[INFO] [stderr]     Checking ubi-dbdata v2.0.0 (/opt/rustwide/workdir)
[INFO] [stdout] error[E0433]: cannot find `um` in `winapi`
[INFO] [stdout]  --> src/logging.rs:6:13
[INFO] [stdout]   |
[INFO] [stdout] 6 |     winapi::um::winuser::MessageBoxA,
[INFO] [stdout]   |             ^^ could not find `um` in `winapi`
[INFO] [stdout] 
[INFO] [stdout] 
[INFO] [stdout] error[E0433]: cannot find `windows` in `os`
[INFO] [stdout]  --> src/lib.rs:4:49
[INFO] [stdout]   |
[INFO] [stdout] 4 | use std::{ffi::{c_void, CString, OsString}, os::windows::ffi::OsStringExt, path::{Path, PathBuf}, sync::OnceLock};
[INFO] [stdout]   |                                                 ^^^^^^^ could not find `windows` in `os`
[INFO] [stdout]   |
[INFO] [stdout] note: found an item that was configured out
[INFO] [stdout]  --> /rustc/8773d2c75a8e90130dcce745a7ec4e66bb9963db/library/std/src/os/mod.rs:62:4
[INFO] [stdout]   |
[INFO] [stdout]   = note: the item is gated behind the `windows` feature
[INFO] [stdout] 
[INFO] [stdout] 
[INFO] [stdout] error[E0433]: cannot find `shared` in `winapi`
[INFO] [stdout]  --> src/lib.rs:6:14
[INFO] [stdout]   |
[INFO] [stdout] 6 | use winapi::{shared::minwindef::{DWORD, HINSTANCE, LPVOID}, um::{libloaderapi::GetModuleFileNameW, winnt::DLL_PROCESS_ATTACH, winuser...
[INFO] [stdout]   |              ^^^^^^ could not find `shared` in `winapi`
[INFO] [stdout] 
[INFO] [stdout] 
[INFO] [stdout] error[E0433]: cannot find `um` in `winapi`
[INFO] [stdout]  --> src/lib.rs:6:61
[INFO] [stdout]   |
[INFO] [stdout] 6 | use winapi::{shared::minwindef::{DWORD, HINSTANCE, LPVOID}, um::{libloaderapi::GetModuleFileNameW, winnt::DLL_PROCESS_ATTACH, winuser...
[INFO] [stdout]   |                                                             ^^ could not find `um` in `winapi`
[INFO] [stdout] 
[INFO] [stdout] 
[INFO] [stdout] error[E0433]: cannot find `um` in `winapi`
[INFO] [stdout]  --> src/logging.rs:6:13
[INFO] [stdout]   |
[INFO] [stdout] 6 |     winapi::um::winuser::MessageBoxA,
[INFO] [stdout]   |             ^^ could not find `um` in `winapi`
[INFO] [stdout] 
[INFO] [stdout] 
[INFO] [stdout] error[E0433]: cannot find `windows` in `os`
[INFO] [stdout]  --> src/lib.rs:4:49
[INFO] [stdout]   |
[INFO] [stdout] 4 | use std::{ffi::{c_void, CString, OsString}, os::windows::ffi::OsStringExt, path::{Path, PathBuf}, sync::OnceLock};
[INFO] [stdout]   |                                                 ^^^^^^^ could not find `windows` in `os`
[INFO] [stdout]   |
[INFO] [stdout] note: found an item that was configured out
[INFO] [stdout]  --> /rustc/8773d2c75a8e90130dcce745a7ec4e66bb9963db/library/std/src/os/mod.rs:62:4
[INFO] [stdout]   |
[INFO] [stdout]   = note: the item is gated behind the `windows` feature
[INFO] [stdout] 
[INFO] [stdout] 
[INFO] [stdout] error[E0433]: cannot find `shared` in `winapi`
[INFO] [stdout]  --> src/lib.rs:6:14
[INFO] [stdout]   |
[INFO] [stdout] 6 | use winapi::{shared::minwindef::{DWORD, HINSTANCE, LPVOID}, um::{libloaderapi::GetModuleFileNameW, winnt::DLL_PROCESS_ATTACH, winuser...
[INFO] [stdout]   |              ^^^^^^ could not find `shared` in `winapi`
[INFO] [stdout] 
[INFO] [stdout] 
[INFO] [stdout] error[E0433]: cannot find `um` in `winapi`
[INFO] [stdout]  --> src/lib.rs:6:61
[INFO] [stdout]   |
[INFO] [stdout] 6 | use winapi::{shared::minwindef::{DWORD, HINSTANCE, LPVOID}, um::{libloaderapi::GetModuleFileNameW, winnt::DLL_PROCESS_ATTACH, winuser...
[INFO] [stdout]   |                                                             ^^ could not find `um` in `winapi`
[INFO] [stdout] 
[INFO] [stdout] 
[INFO] [stdout] error[E0599]: no associated function or constant named `from_wide` found for struct `OsString` in the current scope
[INFO] [stdout]   --> src/lib.rs:21:38
[INFO] [stdout]    |
[INFO] [stdout] 21 |                 let path = OsString::from_wide(&buffer[..len as usize]).into_string().unwrap();
[INFO] [stdout]    |                                      ^^^^^^^^^ associated function or constant not found in `OsString`
[INFO] [stdout]    |
[INFO] [stdout] note: if you're trying to build a new `OsString` consider using one of the following associated functions:
[INFO] [stdout]       OsString::new
[INFO] [stdout]       OsString::from_encoded_bytes_unchecked
[INFO] [stdout]       OsString::with_capacity
[INFO] [stdout]   --> /rustc/8773d2c75a8e90130dcce745a7ec4e66bb9963db/library/std/src/ffi/os_str.rs:134:4
[INFO] [stdout] help: there is an associated function `from_iter` with a similar name
[INFO] [stdout]    |
[INFO] [stdout] 21 -                 let path = OsString::from_wide(&buffer[..len as usize]).into_string().unwrap();
[INFO] [stdout] 21 +                 let path = OsString::from_iter(&buffer[..len as usize]).into_string().unwrap();
[INFO] [stdout]    |
[INFO] [stdout] 
[INFO] [stdout] 
[INFO] [stdout] error[E0599]: no associated function or constant named `from_wide` found for struct `OsString` in the current scope
[INFO] [stdout]   --> src/lib.rs:21:38
[INFO] [stdout]    |
[INFO] [stdout] 21 |                 let path = OsString::from_wide(&buffer[..len as usize]).into_string().unwrap();
[INFO] [stdout]    |                                      ^^^^^^^^^ associated function or constant not found in `OsString`
[INFO] [stdout]    |
[INFO] [stdout] note: if you're trying to build a new `OsString` consider using one of the following associated functions:
[INFO] [stdout]       OsString::new
[INFO] [stdout]       OsString::from_encoded_bytes_unchecked
[INFO] [stdout]       OsString::with_capacity
[INFO] [stdout]   --> /rustc/8773d2c75a8e90130dcce745a7ec4e66bb9963db/library/std/src/ffi/os_str.rs:134:4
[INFO] [stdout] help: there is an associated function `from_iter` with a similar name
[INFO] [stdout]    |
[INFO] [stdout] 21 -                 let path = OsString::from_wide(&buffer[..len as usize]).into_string().unwrap();
[INFO] [stdout] 21 +                 let path = OsString::from_iter(&buffer[..len as usize]).into_string().unwrap();
[INFO] [stdout]    |
[INFO] [stdout] 
[INFO] [stdout] 
[INFO] [stdout] Some errors have detailed explanations: E0433, E0599.
[INFO] [stdout] 
[INFO] [stdout] For more information about an error, try `rustc --explain E0433`.
[INFO] [stdout] 
[INFO] [stdout] Some errors have detailed explanations: E0433, E0599.
[INFO] [stdout] 
[INFO] [stdout] For more information about an error, try `rustc --explain E0433`.
[INFO] [stdout] 
[INFO] [stderr] error: could not compile `ubi-dbdata` (lib) due to 5 previous errors
[INFO] [stderr] warning: build failed, waiting for other jobs to finish...
[INFO] [stderr] error: could not compile `ubi-dbdata` (lib test) due to 5 previous errors
[INFO] running `Command { std: "docker" "inspect" "305484e90bb6c5c3467548f2405ce47ebeaef7d351852fe6d48a36085e255326", kill_on_drop: false }`
[INFO] running `Command { std: "docker" "rm" "-f" "305484e90bb6c5c3467548f2405ce47ebeaef7d351852fe6d48a36085e255326", kill_on_drop: false }`
[INFO] [stdout] 305484e90bb6c5c3467548f2405ce47ebeaef7d351852fe6d48a36085e255326
