[INFO] cloning repository https://github.com/crocuda/amarotherum
[INFO] running `Command { std: "git" "-c" "credential.helper=" "-c" "credential.helper=/workspace/cargo-home/bin/git-credential-null" "clone" "--bare" "https://github.com/crocuda/amarotherum" "/workspace/cache/git-repos/https%3A%2F%2Fgithub.com%2Fcrocuda%2Famarotherum", kill_on_drop: false }`
[INFO] [stderr] Cloning into bare repository '/workspace/cache/git-repos/https%3A%2F%2Fgithub.com%2Fcrocuda%2Famarotherum'...
[INFO] running `Command { std: "git" "rev-parse" "HEAD", kill_on_drop: false }`
[INFO] [stdout] e0ddcaf1fb3c584402c27e58944b7456000cc10f
[INFO] checking crocuda/amarotherum/e0ddcaf1fb3c584402c27e58944b7456000cc10f against 8773d2c75a8e90130dcce745a7ec4e66bb9963db+rustflags=-Aunfulfilled-lint-expectations for pr-163637
[INFO] running `Command { std: "git" "clone" "/workspace/cache/git-repos/https%3A%2F%2Fgithub.com%2Fcrocuda%2Famarotherum" "/workspace/builds/worker-5-tc2/source", kill_on_drop: false }`
[INFO] [stderr] Cloning into '/workspace/builds/worker-5-tc2/source'...
[INFO] [stderr] done.
[INFO] removed /workspace/builds/worker-5-tc2/source/rust-toolchain.toml
[INFO] started tweaking git repo https://github.com/crocuda/amarotherum
[INFO] finished tweaking git repo https://github.com/crocuda/amarotherum
[INFO] tweaked toml for git repo https://github.com/crocuda/amarotherum written to /workspace/builds/worker-5-tc2/source/Cargo.toml
[INFO] validating manifest of git repo https://github.com/crocuda/amarotherum on toolchain 8773d2c75a8e90130dcce745a7ec4e66bb9963db
[INFO] running `Command { std: CARGO_HOME="/workspace/cargo-home" RUSTUP_HOME="/workspace/rustup-home" "/workspace/cargo-home/bin/cargo" "+8773d2c75a8e90130dcce745a7ec4e66bb9963db" "metadata" "--manifest-path" "Cargo.toml" "--no-deps", kill_on_drop: false }`
[INFO] crate git repo https://github.com/crocuda/amarotherum already has a lockfile, it will not be regenerated
[INFO] running `Command { std: CARGO_HOME="/workspace/cargo-home" RUSTUP_HOME="/workspace/rustup-home" "/workspace/cargo-home/bin/cargo" "+8773d2c75a8e90130dcce745a7ec4e66bb9963db" "fetch" "--manifest-path" "Cargo.toml", kill_on_drop: false }`
[INFO] [stderr] warning: unused field `authors` in `workspace.package`
[INFO] [stderr]   --> Cargo.toml:49:1
[INFO] [stderr]    |
[INFO] [stderr] 49 | authors = ["The Servo Project Developers + amarotherum developers"]
[INFO] [stderr]    | ^^^^^^^
[INFO] [stderr]    |
[INFO] [stderr]    = note: `cargo::unused_workspace_package_fields` is set to `warn` by default
[INFO] [stderr] help: consider removing the field `workspace.package.authors`
[INFO] [stderr] warning: unused field `edition` in `workspace.package`
[INFO] [stderr]   --> Cargo.toml:50:1
[INFO] [stderr]    |
[INFO] [stderr] 50 | edition = "2024"
[INFO] [stderr]    | ^^^^^^^
[INFO] [stderr]    |
[INFO] [stderr] help: consider removing the field `workspace.package.edition`
[INFO] [stderr] warning: unused field `license` in `workspace.package`
[INFO] [stderr]   --> Cargo.toml:51:1
[INFO] [stderr]    |
[INFO] [stderr] 51 | license = "GPL-2.0"
[INFO] [stderr]    | ^^^^^^^
[INFO] [stderr]    |
[INFO] [stderr] help: consider removing the field `workspace.package.license`
[INFO] [stderr] warning: unused field `publish` in `workspace.package`
[INFO] [stderr]   --> Cargo.toml:52:1
[INFO] [stderr]    |
[INFO] [stderr] 52 | publish = false
[INFO] [stderr]    | ^^^^^^^
[INFO] [stderr]    |
[INFO] [stderr] help: consider removing the field `workspace.package.publish`
[INFO] [stderr] warning: unused field `version` in `workspace.package`
[INFO] [stderr]   --> Cargo.toml:53:1
[INFO] [stderr]    |
[INFO] [stderr] 53 | version = "0.0.1"
[INFO] [stderr]    | ^^^^^^^
[INFO] [stderr]    |
[INFO] [stderr] help: consider removing the field `workspace.package.version`
[INFO] [stderr] warning: workspace (manifest) generated 5 warnings
[INFO] [stderr]     Blocking waiting for file lock on package cache
[INFO] [stderr]     Updating crates.io index
[INFO] [stderr]     Updating git repository `https://github.com/servo/servo`
[ERROR] error running command: no output for 300 seconds
[INFO] checking crocuda/amarotherum/e0ddcaf1fb3c584402c27e58944b7456000cc10f against 8773d2c75a8e90130dcce745a7ec4e66bb9963db+rustflags=-Aunfulfilled-lint-expectations for pr-163637
[INFO] running `Command { std: "git" "clone" "/workspace/cache/git-repos/https%3A%2F%2Fgithub.com%2Fcrocuda%2Famarotherum" "/workspace/builds/worker-5-tc2/source", kill_on_drop: false }`
[INFO] [stderr] Cloning into '/workspace/builds/worker-5-tc2/source'...
[INFO] [stderr] done.
[INFO] removed /workspace/builds/worker-5-tc2/source/rust-toolchain.toml
[INFO] started tweaking git repo https://github.com/crocuda/amarotherum
[INFO] finished tweaking git repo https://github.com/crocuda/amarotherum
[INFO] tweaked toml for git repo https://github.com/crocuda/amarotherum written to /workspace/builds/worker-5-tc2/source/Cargo.toml
[INFO] validating manifest of git repo https://github.com/crocuda/amarotherum on toolchain 8773d2c75a8e90130dcce745a7ec4e66bb9963db
[INFO] running `Command { std: CARGO_HOME="/workspace/cargo-home" RUSTUP_HOME="/workspace/rustup-home" "/workspace/cargo-home/bin/cargo" "+8773d2c75a8e90130dcce745a7ec4e66bb9963db" "metadata" "--manifest-path" "Cargo.toml" "--no-deps", kill_on_drop: false }`
[INFO] crate git repo https://github.com/crocuda/amarotherum already has a lockfile, it will not be regenerated
[INFO] running `Command { std: CARGO_HOME="/workspace/cargo-home" RUSTUP_HOME="/workspace/rustup-home" "/workspace/cargo-home/bin/cargo" "+8773d2c75a8e90130dcce745a7ec4e66bb9963db" "fetch" "--manifest-path" "Cargo.toml", kill_on_drop: false }`
[INFO] [stderr] warning: unused field `authors` in `workspace.package`
[INFO] [stderr]   --> Cargo.toml:49:1
[INFO] [stderr]    |
[INFO] [stderr] 49 | authors = ["The Servo Project Developers + amarotherum developers"]
[INFO] [stderr]    | ^^^^^^^
[INFO] [stderr]    |
[INFO] [stderr]    = note: `cargo::unused_workspace_package_fields` is set to `warn` by default
[INFO] [stderr] help: consider removing the field `workspace.package.authors`
[INFO] [stderr] warning: unused field `edition` in `workspace.package`
[INFO] [stderr]   --> Cargo.toml:50:1
[INFO] [stderr]    |
[INFO] [stderr] 50 | edition = "2024"
[INFO] [stderr]    | ^^^^^^^
[INFO] [stderr]    |
[INFO] [stderr] help: consider removing the field `workspace.package.edition`
[INFO] [stderr] warning: unused field `license` in `workspace.package`
[INFO] [stderr]   --> Cargo.toml:51:1
[INFO] [stderr]    |
[INFO] [stderr] 51 | license = "GPL-2.0"
[INFO] [stderr]    | ^^^^^^^
[INFO] [stderr]    |
[INFO] [stderr] help: consider removing the field `workspace.package.license`
[INFO] [stderr] warning: unused field `publish` in `workspace.package`
[INFO] [stderr]   --> Cargo.toml:52:1
[INFO] [stderr]    |
[INFO] [stderr] 52 | publish = false
[INFO] [stderr]    | ^^^^^^^
[INFO] [stderr]    |
[INFO] [stderr] help: consider removing the field `workspace.package.publish`
[INFO] [stderr] warning: unused field `version` in `workspace.package`
[INFO] [stderr]   --> Cargo.toml:53:1
[INFO] [stderr]    |
[INFO] [stderr] 53 | version = "0.0.1"
[INFO] [stderr]    | ^^^^^^^
[INFO] [stderr]    |
[INFO] [stderr] help: consider removing the field `workspace.package.version`
[INFO] [stderr] warning: workspace (manifest) generated 5 warnings
[INFO] [stderr]     Blocking waiting for file lock on package cache
[INFO] [stderr]     Updating crates.io index
[INFO] [stderr]     Updating git repository `https://github.com/servo/servo`
[ERROR] error running command: no output for 300 seconds
[INFO] checking crocuda/amarotherum/e0ddcaf1fb3c584402c27e58944b7456000cc10f against 8773d2c75a8e90130dcce745a7ec4e66bb9963db+rustflags=-Aunfulfilled-lint-expectations for pr-163637
[INFO] running `Command { std: "git" "clone" "/workspace/cache/git-repos/https%3A%2F%2Fgithub.com%2Fcrocuda%2Famarotherum" "/workspace/builds/worker-5-tc2/source", kill_on_drop: false }`
[INFO] [stderr] Cloning into '/workspace/builds/worker-5-tc2/source'...
[INFO] [stderr] done.
[INFO] removed /workspace/builds/worker-5-tc2/source/rust-toolchain.toml
[INFO] started tweaking git repo https://github.com/crocuda/amarotherum
[INFO] finished tweaking git repo https://github.com/crocuda/amarotherum
[INFO] tweaked toml for git repo https://github.com/crocuda/amarotherum written to /workspace/builds/worker-5-tc2/source/Cargo.toml
[INFO] validating manifest of git repo https://github.com/crocuda/amarotherum on toolchain 8773d2c75a8e90130dcce745a7ec4e66bb9963db
[INFO] running `Command { std: CARGO_HOME="/workspace/cargo-home" RUSTUP_HOME="/workspace/rustup-home" "/workspace/cargo-home/bin/cargo" "+8773d2c75a8e90130dcce745a7ec4e66bb9963db" "metadata" "--manifest-path" "Cargo.toml" "--no-deps", kill_on_drop: false }`
[INFO] crate git repo https://github.com/crocuda/amarotherum already has a lockfile, it will not be regenerated
[INFO] running `Command { std: CARGO_HOME="/workspace/cargo-home" RUSTUP_HOME="/workspace/rustup-home" "/workspace/cargo-home/bin/cargo" "+8773d2c75a8e90130dcce745a7ec4e66bb9963db" "fetch" "--manifest-path" "Cargo.toml", kill_on_drop: false }`
[INFO] [stderr] warning: unused field `authors` in `workspace.package`
[INFO] [stderr]   --> Cargo.toml:49:1
[INFO] [stderr]    |
[INFO] [stderr] 49 | authors = ["The Servo Project Developers + amarotherum developers"]
[INFO] [stderr]    | ^^^^^^^
[INFO] [stderr]    |
[INFO] [stderr]    = note: `cargo::unused_workspace_package_fields` is set to `warn` by default
[INFO] [stderr] help: consider removing the field `workspace.package.authors`
[INFO] [stderr] warning: unused field `edition` in `workspace.package`
[INFO] [stderr]   --> Cargo.toml:50:1
[INFO] [stderr]    |
[INFO] [stderr] 50 | edition = "2024"
[INFO] [stderr]    | ^^^^^^^
[INFO] [stderr]    |
[INFO] [stderr] help: consider removing the field `workspace.package.edition`
[INFO] [stderr] warning: unused field `license` in `workspace.package`
[INFO] [stderr]   --> Cargo.toml:51:1
[INFO] [stderr]    |
[INFO] [stderr] 51 | license = "GPL-2.0"
[INFO] [stderr]    | ^^^^^^^
[INFO] [stderr]    |
[INFO] [stderr] help: consider removing the field `workspace.package.license`
[INFO] [stderr] warning: unused field `publish` in `workspace.package`
[INFO] [stderr]   --> Cargo.toml:52:1
[INFO] [stderr]    |
[INFO] [stderr] 52 | publish = false
[INFO] [stderr]    | ^^^^^^^
[INFO] [stderr]    |
[INFO] [stderr] help: consider removing the field `workspace.package.publish`
[INFO] [stderr] warning: unused field `version` in `workspace.package`
[INFO] [stderr]   --> Cargo.toml:53:1
[INFO] [stderr]    |
[INFO] [stderr] 53 | version = "0.0.1"
[INFO] [stderr]    | ^^^^^^^
[INFO] [stderr]    |
[INFO] [stderr] help: consider removing the field `workspace.package.version`
[INFO] [stderr] warning: workspace (manifest) generated 5 warnings
[INFO] [stderr]     Blocking waiting for file lock on package cache
[INFO] [stderr]     Updating crates.io index
[INFO] [stderr] error: invalid type: boolean `true`, expected a map
[INFO] [stderr]  --> ../../../cargo-home/git/checkouts/servo-e53a6e7b994a25fe/aac43a3/python/tidy/tests/lints-configuration/no-workspace/Cargo.toml:8:7
[INFO] [stderr]   |
[INFO] [stderr] 8 | foo = true
[INFO] [stderr]   |       ^^^^
[INFO] [stderr]     Updating git repository `https://github.com/iced-rs/winit.git`
[INFO] [stderr]     Updating git repository `https://github.com/hecrj/cosmic-text.git`
[INFO] [stderr]     Updating git repository `https://github.com/iced-rs/cryoglyph.git`
[INFO] [stderr]     Blocking waiting for file lock on package cache
[INFO] [stderr]  Downloading crates ...
[INFO] [stderr]   Downloaded toml v1.1.6+spec-1.1.0
[INFO] [stderr]   Downloaded unicode-linebreak v0.1.5
[INFO] [stderr]   Downloaded backtrace-ext v0.2.1
[INFO] [stderr]   Downloaded darling_macro v0.24.1
[INFO] [stderr]   Downloaded xkbcommon-dl v0.4.2
[INFO] [stderr]   Downloaded gethostname v1.1.0
[INFO] [stderr]   Downloaded as-raw-xcb-connection v1.0.1
[INFO] [stderr]   Downloaded wasm-bindgen-shared v0.2.129
[INFO] [stderr]   Downloaded wayland-sys v0.31.11
[INFO] [stderr]   Downloaded wasm-bindgen-futures v0.4.79
[INFO] [stderr]   Downloaded smol_str v0.2.2
[INFO] [stderr]   Downloaded wayland-cursor v0.31.14
[INFO] [stderr]   Downloaded xcursor v0.3.11
[INFO] [stderr]   Downloaded wayland-csd-frame v0.3.0
[INFO] [stderr]   Downloaded cursor-icon v1.2.0
[INFO] [stderr]   Downloaded arrayref v0.3.9
[INFO] [stderr]   Downloaded owned_ttf_parser v0.25.1
[INFO] [stderr]   Downloaded ab_glyph_rasterizer v0.1.10
[INFO] [stderr]   Downloaded libredox v0.1.25
[INFO] [stderr]   Downloaded objc2-user-notifications v0.2.2
[INFO] [stderr]   Downloaded objc2-core-location v0.2.2
[INFO] [stderr]   Downloaded objc2-uniform-type-identifiers v0.2.2
[INFO] [stderr]   Downloaded objc2-symbols v0.2.2
[INFO] [stderr]   Downloaded objc2-link-presentation v0.2.2
[INFO] [stderr]   Downloaded android-properties v0.2.2
[INFO] [stderr]   Downloaded sha1_smol v1.0.1
[INFO] [stderr]   Downloaded terminal_size v0.4.4
[INFO] [stderr]   Downloaded supports-unicode v3.0.0
[INFO] [stderr]   Downloaded supports-hyperlinks v3.2.0
[INFO] [stderr]   Downloaded supports-color v3.0.2
[INFO] [stderr]   Downloaded is_ci v1.2.0
[INFO] [stderr]   Downloaded supports-color v2.1.0
[INFO] [stderr]   Downloaded dlib v0.5.3
[INFO] [stderr]   Downloaded wasm-bindgen-macro v0.2.129
[INFO] [stderr]   Downloaded calloop-wayland-source v0.3.0
[INFO] [stderr]   Downloaded strict-num v0.1.1
[INFO] [stderr]   Downloaded ab_glyph v0.2.32
[INFO] [stderr]   Downloaded rustc-demangle v0.1.28
[INFO] [stderr]   Downloaded find-msvc-tools v0.1.14
[INFO] [stderr]   Downloaded wayland-protocols-wlr v0.3.12
[INFO] [stderr]   Downloaded float-cmp v0.9.0
[INFO] [stderr]   Downloaded bytemuck_derive v1.12.1
[INFO] [stderr]   Downloaded redox_syscall v0.9.4
[INFO] [stderr]   Downloaded objc2-contacts v0.2.2
[INFO] [stderr]   Downloaded objc2-cloud-kit v0.2.2
[INFO] [stderr]   Downloaded either v1.19.0
[INFO] [stderr]   Downloaded zeitstempel v0.2.2
[INFO] [stderr]   Downloaded wr_malloc_size_of v0.2.2
[INFO] [stderr]   Downloaded unicode-ident v1.0.26
[INFO] [stderr]   Downloaded smallvec v1.16.2
[INFO] [stderr]   Downloaded owo-colors v4.4.0
[INFO] [stderr]   Downloaded hermit-abi v0.5.3
[INFO] [stderr]   Downloaded miette-derive v7.6.0
[INFO] [stderr]   Downloaded icu_collections v2.1.1
[INFO] [stderr]   Downloaded serde_bytes v0.11.19
[INFO] [stderr]   Downloaded wayland-scanner v0.31.11
[INFO] [stderr]   Downloaded tiny-skia-path v0.11.4
[INFO] [stderr]   Downloaded addr2line v0.25.1
[INFO] [stderr]   Downloaded bon v3.10.2
[INFO] [stderr]   Downloaded bon-macros v3.10.2
[INFO] [stderr]   Downloaded prettyplease v0.3.0
[INFO] [stderr]   Downloaded darling v0.24.1
[INFO] [stderr]   Downloaded darling_core v0.24.1
[INFO] [stderr]   Downloaded wayland-client v0.31.15
[INFO] [stderr]   Downloaded wayland-backend v0.3.17
[INFO] [stderr]   Downloaded memmap2 v0.9.11
[INFO] [stderr]   Downloaded calloop v0.13.0
[INFO] [stderr]   Downloaded polling v3.11.0
[INFO] [stderr]   Downloaded sctk-adwaita v0.10.1
[INFO] [stderr]   Downloaded redox_syscall v0.4.1
[INFO] [stderr]   Downloaded toml_edit v0.25.15+spec-1.1.0
[INFO] [stderr]   Downloaded uuid v1.27.0
[INFO] [stderr]   Downloaded icu_properties v2.1.2
[INFO] [stderr]   Downloaded icu_normalizer v2.1.1
[INFO] [stderr]   Downloaded app_units v0.7.8
[INFO] [stderr]   Downloaded peek-poke v0.3.0
[INFO] [stderr]   Downloaded peek-poke-derive v0.3.0
[INFO] [stderr]   Downloaded topological-sort v0.1.0
[INFO] [stderr]   Downloaded svg_fmt v0.4.5
[INFO] [stderr]   Downloaded to_shmem v0.6.0
[INFO] [stderr]   Downloaded smallbitvec v2.6.1
[INFO] [stderr]   Downloaded miette v7.6.0
[INFO] [stderr]   Downloaded backtrace v0.3.76
[INFO] [stderr]   Downloaded xkeysym v0.2.1
[INFO] [stderr]   Downloaded wasm-bindgen v0.2.129
[INFO] [stderr]   Downloaded js-sys v0.3.106
[INFO] [stderr]   Downloaded wayland-protocols-plasma v0.3.12
[INFO] [stderr]   Downloaded cc v1.6.0
[INFO] [stderr]   Downloaded smithay-client-toolkit v0.19.2
[INFO] [stderr]   Downloaded combine v4.6.8
[INFO] [stderr]   Downloaded tracy-rs v0.1.2
[INFO] [stderr]   Downloaded webrender_build v0.70.0
[INFO] [stderr]   Downloaded num_cpus v1.17.0
[INFO] [stderr]   Downloaded to_shmem_derive v0.2.0
[INFO] [stderr]   Downloaded stylo_malloc_size_of v0.22.0
[INFO] [stderr]   Downloaded string_cache_codegen v0.11.2
[INFO] [stderr]   Downloaded stylo_static_prefs v0.22.0
[INFO] [stderr]   Downloaded stylo_dom v0.22.0
[INFO] [stderr]   Downloaded atomic_refcell v0.1.14
[INFO] [stderr]   Downloaded sha1 v0.10.7
[INFO] [stderr]   Downloaded headers-core v0.3.0
[INFO] [stderr]   Downloaded powerfmt v0.2.1
[INFO] [stderr]   Downloaded linebender_resource_handle v0.1.1
[INFO] [stderr]   Downloaded ordered-channel v1.2.0
[INFO] [stderr]   Downloaded xmlwriter v0.1.0
[INFO] [stderr]   Downloaded unicode-vo v0.1.0
[INFO] [stderr]   Downloaded x11rb v0.13.2
[INFO] [stderr]   Downloaded wasm-bindgen-macro-support v0.2.129
[INFO] [stderr]   Downloaded wayland-protocols v0.32.13
[INFO] [stderr]   Downloaded tiny-skia v0.11.4
[INFO] [stderr]   Downloaded ttf-parser v0.25.1
[INFO] [stderr]   Downloaded objc2 v0.5.3
[INFO] [stderr]   Downloaded zerocopy-derive v0.8.61
[INFO] [stderr]   Downloaded icu_properties_data v2.1.2
[INFO] [stderr]   Downloaded lazy_static v1.5.1
[INFO] [stderr]   Downloaded webrender_api v0.70.0
[INFO] [stderr]   Downloaded build-parallel v0.1.2
[INFO] [stderr]   Downloaded siphasher v1.0.4
[INFO] [stderr]   Downloaded cssparser-macros v0.7.1
[INFO] [stderr]   Downloaded stylo_atoms v0.22.0
[INFO] [stderr]   Downloaded fontconfig-parser v0.5.8
[INFO] [stderr]   Downloaded data-url v0.3.2
[INFO] [stderr]   Downloaded markup5ever v0.40.0
[INFO] [stderr]   Downloaded keyboard-types v0.8.3
[INFO] [stderr]   Downloaded windows-numerics v0.3.1
[INFO] [stderr]   Downloaded windows-future v0.3.2
[INFO] [stderr]   Downloaded windows-threading v0.2.1
[INFO] [stderr]   Downloaded windows-collections v0.3.2
[INFO] [stderr]   Downloaded postcard v1.1.3
[INFO] [stderr]   Downloaded embedded-io v0.6.1
[INFO] [stderr]   Downloaded embedded-io v0.4.0
[INFO] [stderr]   Downloaded enumn v0.1.14
[INFO] [stderr]   Downloaded strck v1.0.0
[INFO] [stderr]   Downloaded encoding_c_mem v0.2.6
[INFO] [stderr]   Downloaded wgpu-naga-bridge v30.0.1
[INFO] [stderr]   Downloaded syn v3.0.6
[INFO] [stderr]   Downloaded gimli v0.32.3
[INFO] [stderr]   Downloaded quick-xml v0.41.0
[INFO] [stderr]   Downloaded objc2-ui-kit v0.2.2
[INFO] [stderr]   Downloaded android-activity v0.6.1
[INFO] [stderr]   Downloaded simd_cesu8 v1.2.0
[INFO] [stderr]   Downloaded zerocopy v0.8.61
[INFO] [stderr]   Downloaded icu_normalizer_data v2.1.1
[INFO] [stderr]   Downloaded malloc_size_of_derive v0.1.3
[INFO] [stderr]   Downloaded crossbeam-deque v0.8.8
[INFO] [stderr]   Downloaded freetype v0.8.0
[INFO] [stderr]   Downloaded dwrote v0.11.5
[INFO] [stderr]   Downloaded core-text v20.1.0
[INFO] [stderr]   Downloaded plane-split v0.18.0
[INFO] [stderr]   Downloaded gleam v0.15.1
[INFO] [stderr]   Downloaded etagere v0.2.15
[INFO] [stderr]   Downloaded stylo_traits v0.22.0
[INFO] [stderr]   Downloaded string_cache v0.11.0
[INFO] [stderr]   Downloaded phf_shared v0.14.0
[INFO] [stderr]   Downloaded uluru v3.1.0
[INFO] [stderr]   Downloaded stylo_derive v0.22.0
[INFO] [stderr]   Downloaded core_maths v0.1.1
[INFO] [stderr]   Downloaded unicase v2.10.0
[INFO] [stderr]   Downloaded polycool v0.4.0
[INFO] [stderr]   Downloaded font-types v0.12.6
[INFO] [stderr]   Downloaded zune-core v0.5.3
[INFO] [stderr]   Downloaded simplecss v0.2.2
[INFO] [stderr]   Downloaded pico-args v0.5.0
[INFO] [stderr]   Downloaded imagesize v0.15.0
[INFO] [stderr]   Downloaded roxmltree v0.20.0
[INFO] [stderr]   Downloaded gaol v0.2.1
[INFO] [stderr]   Downloaded bit-set v0.10.0
[INFO] [stderr]   Downloaded object v0.37.3
[INFO] [stderr]   Downloaded crossbeam-epoch v0.9.21
[INFO] [stderr]   Downloaded thin-vec v0.2.21
[INFO] [stderr]   Downloaded servo_arc v0.5.0
[INFO] [stderr]   Downloaded phf v0.14.0
[INFO] [stderr]   Downloaded phf_macros v0.14.0
[INFO] [stderr]   Downloaded phf_generator v0.14.0
[INFO] [stderr]   Downloaded web_atoms v0.3.0
[INFO] [stderr]   Downloaded phf_codegen v0.14.0
[INFO] [stderr]   Downloaded num-integer v0.1.47
[INFO] [stderr]   Downloaded icu_locale v2.1.1
[INFO] [stderr]   Downloaded webdriver v0.54.0
[INFO] [stderr]   Downloaded deranged v0.5.9
[INFO] [stderr]   Downloaded peniko v0.6.1
[INFO] [stderr]   Downloaded guillotiere v0.7.0
[INFO] [stderr]   Downloaded glifo v0.3.0
[INFO] [stderr]   Downloaded tiny-skia-path v0.12.0
[INFO] [stderr]   Downloaded svgtypes v0.16.1
[INFO] [stderr]   Downloaded roxmltree v0.21.1
[INFO] [stderr]   Downloaded tiny-skia v0.12.0
[INFO] [stderr]   Downloaded ipc-channel v0.23.0
[INFO] [stderr]   Downloaded cobs v0.3.0
[INFO] [stderr]   Downloaded mach2 v0.7.0
[INFO] [stderr]   Downloaded accesskit v0.24.1
[INFO] [stderr]   Downloaded defmt-parser v1.0.0
[INFO] [stderr]   Downloaded sea-query-rusqlite v0.8.0
[INFO] [stderr]   Downloaded diplomat v0.14.0
[INFO] [stderr]   Downloaded encoding_c v0.9.8
[INFO] [stderr]   Downloaded clang-sys v1.9.1
[INFO] [stderr]   Downloaded glob v0.3.4
[INFO] [stderr]   Downloaded yeslogic-fontconfig-sys v6.0.1
[INFO] [stderr]   Downloaded xml v1.4.0
[INFO] [stderr]   Downloaded ohos-deviceinfo v0.1.0
[INFO] [stderr]   Downloaded alloc-stdlib v0.3.0
[INFO] [stderr]   Downloaded alloc-no-stdlib v3.0.0
[INFO] [stderr]   Downloaded ohos-window-sys v0.1.8
[INFO] [stderr]   Downloaded ohos-sys-opaque-types v0.1.12
[INFO] [stderr]   Downloaded ohos-pasteboard v0.1.0
[INFO] [stderr]   Downloaded udmf v0.1.1
[INFO] [stderr]   Downloaded udmf-sys v0.1.5
[INFO] [stderr]   Downloaded ohos-pasteboard-sys v0.1.6
[INFO] [stderr]   Downloaded async-signal v0.2.14
[INFO] [stderr]   Downloaded async-lock v3.4.2
[INFO] [stderr]   Downloaded async-io v2.6.0
[INFO] [stderr]   Downloaded async-executor v1.14.0
[INFO] [stderr]   Downloaded android-build v0.1.4
[INFO] [stderr]   Downloaded gpu-allocator v0.28.0
[INFO] [stderr]   Downloaded winit v0.30.13
[INFO] [stderr]   Downloaded x11rb-protocol v0.13.2
[INFO] [stderr]   Downloaded wr_glyph_rasterizer v0.70.0
[INFO] [stderr]   Downloaded cssparser v0.38.0
[INFO] [stderr]   Downloaded selectors v0.41.0
[INFO] [stderr]   Downloaded warp v0.4.3
[INFO] [stderr]   Downloaded headers v0.4.2
[INFO] [stderr]   Downloaded crc32fast v1.5.2
[INFO] [stderr]   Downloaded color v0.3.3
[INFO] [stderr]   Downloaded unicode-script v0.5.8
[INFO] [stderr]   Downloaded resvg v0.48.1
[INFO] [stderr]   Downloaded content-security-policy v0.9.0
[INFO] [stderr]   Downloaded defmt-macros v1.1.1
[INFO] [stderr]   Downloaded zeroize_derive v1.5.0
[INFO] [stderr]   Downloaded diplomat_core v0.14.0
[INFO] [stderr]   Downloaded skrifa v0.46.2
[INFO] [stderr]   Downloaded imsz v0.4.1
[INFO] [stderr]   Downloaded futures v0.3.34
[INFO] [stderr]   Downloaded async-recursion v1.2.0
[INFO] [stderr]   Downloaded compression-core v0.4.33
[INFO] [stderr]   Downloaded compression-codecs v0.4.45
[INFO] [stderr]   Downloaded zstd-safe v8.1.0
[INFO] [stderr]   Downloaded zstd v0.14.2
[INFO] [stderr]   Downloaded ohos-media-sys v0.1.2
[INFO] [stderr]   Downloaded unicode_categories v0.1.1
[INFO] [stderr]   Downloaded env_logger v0.11.11
[INFO] [stderr]   Downloaded tokio v1.53.2
[INFO] [stderr]   Downloaded libc v0.2.190
[INFO] [stderr]   Downloaded web-sys v0.3.106
[INFO] [stderr]   Downloaded icu_locale_data v2.1.2
[INFO] [stderr]   Downloaded vello_cpu v0.2.0
[INFO] [stderr]   Downloaded vello_common v0.2.0
[INFO] [stderr]   Downloaded regex v1.13.1
[INFO] [stderr]   Downloaded usvg v0.48.1
[INFO] [stderr]   Downloaded fontdb v0.24.0
[INFO] [stderr]   Downloaded rustls-webpki v0.103.15
[INFO] [stderr]   Downloaded icu_casemap_data v2.1.1
[INFO] [stderr]   Downloaded quick_cache v0.7.0
[INFO] [stderr]   Downloaded async-tungstenite v0.35.0
[INFO] [stderr]   Downloaded yuv v0.8.19
[INFO] [stderr]   Downloaded ash v0.38.0+1.3.281
[INFO] [stderr]   Downloaded orbclient v0.3.55
[INFO] [stderr]   Downloaded objc2-metal v0.3.2
[INFO] [stderr]   Downloaded glow v0.17.0
[INFO] [stderr]   Downloaded mozjs_normalizer_glue v153.3.0
[INFO] [stderr]   Downloaded mozjs_utf8_iter v153.3.0
[INFO] [stderr]   Downloaded async-compression v0.4.50
[INFO] [stderr]   Downloaded kurbo v0.13.1
[INFO] [stderr]   Downloaded fearless_simd v0.4.1
[INFO] [stderr]   Downloaded taffy v0.14.0
[INFO] [stderr]   Downloaded mozjs_icu_normalizer v153.3.0
[INFO] [stderr]   Downloaded surfman v0.14.0
[INFO] [stderr]   Downloaded objc2 v0.6.5
[INFO] [stderr]   Downloaded skrifa v0.44.0
[INFO] [stderr]   Downloaded harfrust v0.12.0
[INFO] [stderr]   Downloaded imgref v1.12.3
[INFO] [stderr]   Downloaded ixdtf v0.6.6
[INFO] [stderr]   Downloaded icu_time_data v2.1.1
[INFO] [stderr]   Downloaded icu_calendar_data v2.1.1
[INFO] [stderr]   Downloaded icu_provider_adapters v2.1.1
[INFO] [stderr]   Downloaded icu_decimal_data v2.1.1
[INFO] [stderr]   Downloaded brotli-decompressor v6.0.1
[INFO] [stderr]   Downloaded arbitrary v1.5.0
[INFO] [stderr]   Downloaded inventory v0.3.25
[INFO] [stderr]   Downloaded sys-locale v0.3.2
[INFO] [stderr]   Downloaded serde_with v3.24.0
[INFO] [stderr]   Downloaded serde_with_macros v3.24.0
[INFO] [stderr]   Downloaded sea-query v1.0.2
[INFO] [stderr]   Downloaded icu_plurals v2.1.1
[INFO] [stderr]   Downloaded icu_plurals_data v2.1.1
[INFO] [stderr]   Downloaded fixed_decimal v0.7.2
[INFO] [stderr]   Downloaded icu_list v2.1.1
[INFO] [stderr]   Downloaded icu_list_data v2.1.1
[INFO] [stderr]   Downloaded icu_pattern v0.4.2
[INFO] [stderr]   Downloaded icu_decimal v2.1.1
[INFO] [stderr]   Downloaded diplomat-runtime v0.14.0
[INFO] [stderr]   Downloaded bit-vec v0.9.1
[INFO] [stderr]   Downloaded ref-cast v1.0.27
[INFO] [stderr]   Downloaded ref-cast-impl v1.0.27
[INFO] [stderr]   Downloaded jiff-tzdb-platform v0.1.3
[INFO] [stderr]   Downloaded jiff-static v0.2.38
[INFO] [stderr]   Downloaded rustls v0.23.45
[INFO] [stderr]   Downloaded calendrical_calculations v0.2.4
[INFO] [stderr]   Downloaded schemars v1.2.3
[INFO] [stderr]   Downloaded portable-atomic-util v0.2.8
[INFO] [stderr]   Downloaded portable-atomic v1.15.0
[INFO] [stderr]   Downloaded jiff-tzdb v0.1.9
[INFO] [stderr]   Downloaded jiff-core v0.1.1
[INFO] [stderr]   Downloaded defmt v1.1.1
[INFO] [stderr]   Downloaded icu_calendar v2.1.1
[INFO] [stderr]   Downloaded windows v0.62.2
[INFO] [stderr]   Downloaded jiff v0.2.38
[INFO] [stderr]   Downloaded speexdsp-resampler v0.1.0
[INFO] [stderr]   Downloaded fixedbitset v0.5.7
[INFO] [stderr]   Downloaded icu_experimental v0.4.0
[INFO] [stderr]   Downloaded icu_datetime v2.1.1
[INFO] [stderr]   Downloaded cpubits v0.1.1
[INFO] [stderr]   Downloaded chardetng v1.0.0
[INFO] [stderr]   Downloaded buf-read-ext v0.4.0
[INFO] [stderr]   Downloaded webpki-roots v1.0.9
[INFO] [stderr]   Downloaded tungstenite v0.30.0
[INFO] [stderr]   Downloaded hybrid-array v0.4.15
[INFO] [stderr]   Downloaded data-encoding v2.11.1
[INFO] [stderr]   Downloaded webpki-root-certs v1.0.9
[INFO] [stderr]   Downloaded rustls-platform-verifier-android v0.2.0
[INFO] [stderr]   Downloaded read-fonts v0.41.0
[INFO] [stderr]   Downloaded sea-query-derive v1.0.0
[INFO] [stderr]   Downloaded rusqlite v0.38.0
[INFO] [stderr]   Downloaded byte-slice-cast v1.2.3
[INFO] [stderr]   Downloaded swapper v0.1.0
[INFO] [stderr]   Downloaded cbindgen v0.29.4
[INFO] [stderr]   Downloaded ohos-deviceinfo-sys v0.1.8
[INFO] [stderr]   Downloaded rsqlite-vfs v0.1.1
[INFO] [stderr]   Downloaded fallible-streaming-iterator v0.1.9
[INFO] [stderr]   Downloaded fallible-iterator v0.3.0
[INFO] [stderr]   Downloaded petgraph v0.8.3
[INFO] [stderr]   Downloaded xml5ever v0.40.0
[INFO] [stderr]   Downloaded html5ever v0.40.1
[INFO] [stderr]   Downloaded mozjs v0.26.4
[INFO] [stderr]   Downloaded mozjs_unicode_bidi_ffi v153.3.0
[INFO] [stderr]   Downloaded mozjs_properties_glue v153.3.0
[INFO] [stderr]   Downloaded mozjs_icu_collections v153.3.0
[INFO] [stderr]   Downloaded icu_casemap v2.1.1
[INFO] [stderr]   Downloaded mozjs_icu_normalizer_data v153.3.0
[INFO] [stderr]   Downloaded read-fonts v0.43.3
[INFO] [stderr]   Downloaded mozjs_utf16_iter v153.3.0
[INFO] [stderr]   Downloaded mozjs_collator_glue v153.3.0
[INFO] [stderr]   Downloaded arraystring v0.3.0
[INFO] [stderr]   Downloaded icu_time v2.1.1
[INFO] [stderr]   Downloaded zvariant_derive v5.15.0
[INFO] [stderr]   Downloaded endi v1.1.1
[INFO] [stderr]   Downloaded mozjs_locale_glue v153.3.0
[INFO] [stderr]   Downloaded icu_capi v2.1.2
[INFO] [stderr]   Downloaded zcheapstr v1.1.0
[INFO] [stderr]   Downloaded zbus_names v4.3.4
[INFO] [stderr]   Downloaded zbus_macros v5.19.0
[INFO] [stderr]   Downloaded uds_windows v1.2.1
[INFO] [stderr]   Downloaded serde_repr v0.1.21
[INFO] [stderr]   Downloaded futures-lite v2.6.1
[INFO] [stderr]   Downloaded piper v0.2.5
[INFO] [stderr]   Downloaded async-channel v2.5.0
[INFO] [stderr]   Downloaded event-listener-strategy v0.5.4
[INFO] [stderr]   Downloaded async-trait v0.1.92
[INFO] [stderr]   Downloaded mutate_once v0.1.2
[INFO] [stderr]   Downloaded zeno v0.3.3
[INFO] [stderr]   Downloaded wgpu-core-deps-emscripten v30.0.1
[INFO] [stderr]   Downloaded dtor v0.8.1
[INFO] [stderr]   Downloaded icu_collator_data v2.1.1
[INFO] [stderr]   Downloaded brotli v9.0.0
[INFO] [stderr]   Downloaded env_filter v2.0.0
[INFO] [stderr]   Downloaded zvariant_utils v4.2.0
[INFO] [stderr]   Downloaded blocking v1.7.0
[INFO] [stderr]   Downloaded async-process v2.5.0
[INFO] [stderr]   Downloaded raw-window-metal v1.1.0
[INFO] [stderr]   Downloaded wgpu-core-deps-windows-linux-android v30.0.1
[INFO] [stderr]   Downloaded wgpu-core-deps-apple v30.0.1
[INFO] [stderr]   Downloaded lru v0.18.5
[INFO] [stderr]   Downloaded ctor v0.10.1
[INFO] [stderr]   Downloaded mundy v0.2.3
[INFO] [stderr]   Downloaded ordered-float v5.5.0
[INFO] [stderr]   Downloaded guillotiere v0.6.2
[INFO] [stderr]   Downloaded etagere v0.3.0
[INFO] [stderr]   Downloaded tiny-xlib v0.2.5
[INFO] [stderr]   Downloaded clap-verbosity-flag v3.0.4
[INFO] [stderr]   Downloaded libz-sys v1.1.30
[INFO] [stderr]   Downloaded zvariant v5.15.0
[INFO] [stderr]   Downloaded spirv v0.4.0+sdk-1.4.341.0
[INFO] [stderr]   Downloaded codespan-reporting v0.13.1
[INFO] [stderr]   Downloaded webrender v0.70.0
[INFO] [stderr]   Downloaded mozjs_icu_collator_data v153.3.0
[INFO] [stderr]   Downloaded wuff-capi v0.2.0
[INFO] [stderr]   Downloaded nom-language v0.1.0
[INFO] [stderr]   Downloaded ctutils v0.4.3
[INFO] [stderr]   Downloaded zstd-sys v2.1.1+zstd.1.5.7
[INFO] [stderr]   Downloaded wayland-protocols-experimental v20251230.0.3
[INFO] [stderr]   Downloaded wuff v0.2.9
[INFO] [stderr]   Downloaded calloop-wayland-source v0.4.1
[INFO] [stderr]   Downloaded pin-utils v0.1.1
[INFO] [stderr]   Downloaded lilt v0.8.2
[INFO] [stderr]   Downloaded nom-rfc8288 v0.4.0
[INFO] [stderr]   Downloaded tree_magic_mini v3.2.2
[INFO] [stderr]   Downloaded error-code v3.4.0
[INFO] [stderr]   Downloaded wayland-protocols-misc v0.3.12
[INFO] [stderr]   Downloaded glutin_wgl_sys v0.6.1
[INFO] [stderr]   Downloaded fontsan v0.7.0
[INFO] [stderr]   Downloaded arboard v3.6.1
[INFO] [stderr]   Downloaded wl-clipboard-rs v0.9.4
[INFO] [stderr]   Downloaded os_pipe v1.2.3
[INFO] [stderr]   Downloaded clipboard-win v5.4.1
[INFO] [stderr]   Downloaded calloop v0.14.5
[INFO] [stderr]   Downloaded sctk-adwaita v0.12.0
[INFO] [stderr]   Downloaded wasmtimer v0.4.3
[INFO] [stderr]   Downloaded brotli-decompressor v5.0.3
[INFO] [stderr]   Downloaded smithay-client-toolkit v0.21.1
[INFO] [stderr]   Downloaded kamadak-exif v0.6.1
[INFO] [stderr]   Downloaded zbus v5.19.0
[INFO] [stderr]   Downloaded crypto-bigint v0.7.5
[INFO] [stderr]   Downloaded swash v0.2.10
[INFO] [stderr]   Downloaded naga v30.0.1
[INFO] [stderr]   Downloaded stylo v0.22.0
[INFO] [stderr]   Downloaded wgpu-core v30.0.1
[INFO] [stderr]   Downloaded self_cell v1.3.0
[INFO] [stderr]   Downloaded glslopt v0.1.14
[INFO] [stderr]   Downloaded yazi v0.2.1
[INFO] [stderr]   Downloaded naga-types v30.0.1
[INFO] [stderr]   Downloaded rangemap v1.8.0
[INFO] [stderr]   Downloaded wgpu-types v30.0.1
[INFO] [stderr]   Downloaded mozjs_icu_collator v153.3.0
[INFO] [stderr]   Downloaded wgpu v30.0.1
[INFO] [stderr]   Downloaded glam v0.33.12
[INFO] [stderr]   Downloaded fst v0.4.7
[INFO] [stderr]   Downloaded wgpu-hal v30.0.1
[INFO] [stderr]   Downloaded icu_segmenter v2.1.2
[INFO] [stderr]   Downloaded icu_collator v2.1.2
[INFO] [stderr]   Downloaded harfbuzz-sys v0.8.0
[INFO] [stderr]   Downloaded icu_datetime_data v2.1.2
[INFO] [stderr]   Downloaded icu_segmenter_data v2.1.1
[INFO] [stderr]   Downloaded freetype-sys v0.23.0
[INFO] [stderr]   Downloaded sqlite-wasm-rs v0.5.5
[INFO] [stderr]   Downloaded libsqlite3-sys v0.36.0
[INFO] [stderr]   Downloaded icu_experimental_data v0.4.1
[INFO] [stderr]   Downloaded mozjs_sys v153.3.0-1
[INFO] running `Command { std: "docker" "create" "-v" "/var/lib/crater-agent-workspace/builds/worker-5-tc2/source:/opt/rustwide/workdir:ro,Z" "-v" "/var/lib/crater-agent-workspace/builds/worker-5-tc2/target:/opt/rustwide/target:rw,Z" "-v" "/var/lib/crater-agent-workspace/cargo-home:/opt/rustwide/cargo-home:ro,Z" "-v" "/var/lib/crater-agent-workspace/rustup-home:/opt/rustwide/rustup-home:ro,Z" "-m" "1610612736" "--network" "none" "ghcr.io/rust-lang/crates-build-env/linux@sha256:77db811e55d90add9212f6832c23229e3de5f1c1f9905e8cb07319ea15df73ac" "sleep" "infinity", kill_on_drop: false }`
[INFO] [stdout] ce1216b7c63fba1745f01473ee7c76ee0de5e3d028efec6d7c1b9a87b15106d0
[INFO] running `Command { std: "docker" "start" "ce1216b7c63fba1745f01473ee7c76ee0de5e3d028efec6d7c1b9a87b15106d0", kill_on_drop: false }`
[INFO] running `Command { std: "docker" "inspect" "ce1216b7c63fba1745f01473ee7c76ee0de5e3d028efec6d7c1b9a87b15106d0", kill_on_drop: false }`
[INFO] running `Command { std: "docker" "exec" "-e" "SOURCE_DIR=/opt/rustwide/workdir" "-e" "CARGO_HOME=/opt/rustwide/cargo-home" "-e" "RUSTUP_HOME=/opt/rustwide/rustup-home" "-e" "CARGO_TARGET_DIR=/opt/rustwide/target" "-w" "/opt/rustwide/workdir" "--user" "0:0" "ce1216b7c63fba1745f01473ee7c76ee0de5e3d028efec6d7c1b9a87b15106d0" "/opt/rustwide/cargo-home/bin/cargo" "+8773d2c75a8e90130dcce745a7ec4e66bb9963db" "metadata" "--no-deps" "--format-version=1", kill_on_drop: false }`
[INFO] running `Command { std: "docker" "inspect" "ce1216b7c63fba1745f01473ee7c76ee0de5e3d028efec6d7c1b9a87b15106d0", kill_on_drop: false }`
[INFO] running `Command { std: "docker" "exec" "-e" "SOURCE_DIR=/opt/rustwide/workdir" "-e" "CARGO_HOME=/opt/rustwide/cargo-home" "-e" "RUSTUP_HOME=/opt/rustwide/rustup-home" "-e" "CARGO_TARGET_DIR=/opt/rustwide/target" "-e" "CARGO_INCREMENTAL=0" "-e" "RUST_BACKTRACE=full" "-e" "RUSTFLAGS=--cap-lints=forbid -Aunfulfilled-lint-expectations" "-e" "RUSTDOCFLAGS=--cap-lints=forbid" "-w" "/opt/rustwide/workdir" "--user" "0:0" "ce1216b7c63fba1745f01473ee7c76ee0de5e3d028efec6d7c1b9a87b15106d0" "/opt/rustwide/cargo-home/bin/cargo" "+8773d2c75a8e90130dcce745a7ec4e66bb9963db" "check" "--frozen" "--all" "--all-targets" "--message-format=json", kill_on_drop: false }`
[INFO] [stderr] warning: unused field `authors` in `workspace.package`
[INFO] [stderr]   --> Cargo.toml:49:1
[INFO] [stderr]    |
[INFO] [stderr] 49 | authors = ["The Servo Project Developers + amarotherum developers"]
[INFO] [stderr]    | ^^^^^^^
[INFO] [stderr]    |
[INFO] [stderr]    = note: `cargo::unused_workspace_package_fields` is set to `warn` by default
[INFO] [stderr] help: consider removing the field `workspace.package.authors`
[INFO] [stderr] warning: unused field `edition` in `workspace.package`
[INFO] [stderr]   --> Cargo.toml:50:1
[INFO] [stderr]    |
[INFO] [stderr] 50 | edition = "2024"
[INFO] [stderr]    | ^^^^^^^
[INFO] [stderr]    |
[INFO] [stderr] help: consider removing the field `workspace.package.edition`
[INFO] [stderr] warning: unused field `license` in `workspace.package`
[INFO] [stderr]   --> Cargo.toml:51:1
[INFO] [stderr]    |
[INFO] [stderr] 51 | license = "GPL-2.0"
[INFO] [stderr]    | ^^^^^^^
[INFO] [stderr]    |
[INFO] [stderr] help: consider removing the field `workspace.package.license`
[INFO] [stderr] warning: unused field `publish` in `workspace.package`
[INFO] [stderr]   --> Cargo.toml:52:1
[INFO] [stderr]    |
[INFO] [stderr] 52 | publish = false
[INFO] [stderr]    | ^^^^^^^
[INFO] [stderr]    |
[INFO] [stderr] help: consider removing the field `workspace.package.publish`
[INFO] [stderr] warning: unused field `version` in `workspace.package`
[INFO] [stderr]   --> Cargo.toml:53:1
[INFO] [stderr]    |
[INFO] [stderr] 53 | version = "0.0.1"
[INFO] [stderr]    | ^^^^^^^
[INFO] [stderr]    |
[INFO] [stderr] help: consider removing the field `workspace.package.version`
[INFO] [stderr] warning: workspace (manifest) generated 5 warnings
[INFO] [stderr] error: invalid type: boolean `true`, expected a map
[INFO] [stderr]  --> ../cargo-home/git/checkouts/servo-e53a6e7b994a25fe/aac43a3/python/tidy/tests/lints-configuration/no-workspace/Cargo.toml:8:7
[INFO] [stderr]   |
[INFO] [stderr] 8 | foo = true
[INFO] [stderr]   |       ^^^^
[INFO] [stderr]    Compiling proc-macro2 v1.0.107
[INFO] [stderr]    Compiling unicode-ident v1.0.26
[INFO] [stderr]    Compiling serde_core v1.0.229
[INFO] [stderr]    Compiling libc v0.2.190
[INFO] [stderr]    Compiling serde v1.0.229
[INFO] [stderr]     Checking cfg-if v1.0.5
[INFO] [stderr]     Checking log v0.4.34
[INFO] [stderr]    Compiling quote v1.0.47
[INFO] [stderr]    Compiling pkg-config v0.3.34
[INFO] [stderr]    Compiling find-msvc-tools v0.1.14
[INFO] [stderr]    Compiling libm v0.2.16
[INFO] [stderr]    Compiling num-traits v0.2.19
[INFO] [stderr]     Checking stable_deref_trait v1.2.1
[INFO] [stderr]    Compiling fastrand v2.5.0
[INFO] [stderr]    Compiling thiserror v2.0.21
[INFO] [stderr]    Compiling rustix v1.1.5
[INFO] [stderr]     Checking arrayvec v0.7.8
[INFO] [stderr]     Checking linux-raw-sys v0.12.1
[INFO] [stderr]    Compiling winnow v1.0.4
[INFO] [stderr]    Compiling syn v3.0.6
[INFO] [stderr]    Compiling syn v2.0.119
[INFO] [stderr]    Compiling jobserver v0.1.35
[INFO] [stderr]    Compiling crossbeam-utils v0.8.23
[INFO] [stderr]    Compiling cc v1.6.0
[INFO] [stderr]    Compiling toml_parser v1.1.3+spec-1.1.0
[INFO] [stderr]     Checking foldhash v0.2.0
[INFO] [stderr]     Checking hashbrown v0.17.1
[INFO] [stderr]     Checking writeable v0.6.4
[INFO] [stderr]     Checking simd-adler32 v0.3.10
[INFO] [stderr]     Checking errno v0.3.14
[INFO] [stderr]     Checking litemap v0.8.3
[INFO] [stderr]     Checking bitflags v2.13.2
[INFO] [stderr]     Checking adler2 v2.0.1
[INFO] [stderr]     Checking indexmap v2.14.2
[INFO] [stderr]     Checking signal-hook-registry v1.4.8
[INFO] [stderr]     Checking mio v1.2.4
[INFO] [stderr]    Compiling equivalent v1.0.2
[INFO] [stderr]    Compiling serde_spanned v1.1.1
[INFO] [stderr]     Checking socket2 v0.6.5
[INFO] [stderr]    Compiling siphasher v1.0.4
[INFO] [stderr]    Compiling rayon-core v1.13.0
[INFO] [stderr]     Checking new_debug_unreachable v1.0.6
[INFO] [stderr]    Compiling phf_shared v0.14.0
[INFO] [stderr]    Compiling crc32fast v1.5.2
[INFO] [stderr]     Checking miniz_oxide v0.8.9
[INFO] [stderr]    Compiling crossbeam-epoch v0.9.21
[INFO] [stderr]    Compiling phf_generator v0.14.0
[INFO] [stderr]     Checking miniz_oxide v0.9.1
[INFO] [stderr]    Compiling icu_properties_data v2.1.2
[INFO] [stderr]    Compiling crossbeam-deque v0.8.8
[INFO] [stderr]     Checking rustc-hash v2.1.3
[INFO] [stderr]     Checking typenum v1.20.1
[INFO] [stderr]     Checking either v1.19.0
[INFO] [stderr]     Checking flate2 v1.1.10
[INFO] [stderr]     Checking num-integer v0.1.47
[INFO] [stderr]    Compiling toml_datetime v1.1.1+spec-1.1.0
[INFO] [stderr]     Checking memmap2 v0.9.11
[INFO] [stderr]    Compiling rustversion v1.0.23
[INFO] [stderr]     Checking rayon v1.12.0
[INFO] [stderr]     Checking fdeflate v0.3.7
[INFO] [stderr]     Checking futures-core v0.3.34
[INFO] [stderr]     Checking png v0.18.1
[INFO] [stderr]     Checking libloading v0.8.9
[INFO] [stderr]     Checking float-cmp v0.9.0
[INFO] [stderr]     Checking strict-num v0.1.1
[INFO] [stderr]    Compiling synstructure v0.13.2
[INFO] [stderr]    Compiling slotmap v1.1.1
[INFO] [stderr]     Checking arrayref v0.3.9
[INFO] [stderr]    Compiling synstructure v0.14.0
[INFO] [stderr]    Compiling icu_locale_data v2.1.2
[INFO] [stderr]     Checking unicode-segmentation v1.13.3
[INFO] [stderr]    Compiling encoding_rs v0.8.42
[INFO] [stderr]    Compiling libz-sys v1.1.30
[INFO] [stderr]     Checking itertools v0.14.0
[INFO] [stderr]     Checking roxmltree v0.20.0
[INFO] [stderr]     Checking linebender_resource_handle v0.1.1
[INFO] [stderr]     Checking rand_core v0.10.1
[INFO] [stderr]     Checking quick-error v2.0.1
[INFO] [stderr]     Checking weezl v0.1.12
[INFO] [stderr]     Checking fontconfig-parser v0.5.8
[INFO] [stderr]     Checking simdutf8 v0.1.5
[INFO] [stderr]     Checking core_detect v1.0.0
[INFO] [stderr]    Compiling multiversion_no_op v1.0.0
[INFO] [stderr]     Checking tinyvec v1.13.3
[INFO] [stderr]    Compiling getrandom v0.4.3
[INFO] [stderr]     Checking precomputed-hash v0.1.1
[INFO] [stderr]    Compiling phf_macros v0.14.0
[INFO] [stderr]    Compiling num-derive v0.4.2
[INFO] [stderr]     Checking zune-core v0.5.3
[INFO] [stderr]     Checking zune-jpeg v0.5.15
[INFO] [stderr]    Compiling serde_derive v1.0.229
[INFO] [stderr]    Compiling bytemuck_derive v1.12.1
[INFO] [stderr]    Compiling thiserror-impl v2.0.21
[INFO] [stderr]    Compiling zerofrom-derive v0.1.8
[INFO] [stderr]    Compiling yoke-derive v0.8.4
[INFO] [stderr]    Compiling displaydoc v0.2.7
[INFO] [stderr]    Compiling zerovec-derive v0.11.6
[INFO] [stderr]    Compiling tokio-macros v2.7.2
[INFO] [stderr]     Checking phf v0.14.0
[INFO] [stderr]     Checking fontdb v0.24.0
[INFO] [stderr]    Compiling darling_core v0.20.11
[INFO] [stderr]    Compiling string_cache_codegen v0.11.2
[INFO] [stderr]     Checking bytemuck v1.25.2
[INFO] [stderr]     Checking polycool v0.4.0
[INFO] [stderr]    Compiling generic-array v0.14.7
[INFO] [stderr]     Checking font-types v0.12.6
[INFO] [stderr]     Checking zerofrom v0.1.8
[INFO] [stderr]     Checking rgb v0.8.53
[INFO] [stderr]     Checking static_assertions v1.1.0
[INFO] [stderr]     Checking byteorder-lite v0.1.0
[INFO] [stderr]     Checking color_quant v1.1.0
[INFO] [stderr]     Checking yoke v0.8.3
[INFO] [stderr]    Compiling memchr v2.8.3
[INFO] [stderr]     Checking unicode-script v0.5.8
[INFO] [stderr]     Checking image-webp v0.2.4
[INFO] [stderr]     Checking zerovec v0.11.8
[INFO] [stderr]     Checking zerotrie v0.2.5
[INFO] [stderr]     Checking read-fonts v0.41.0
[INFO] [stderr]     Checking gif v0.14.2
[INFO] [stderr]    Compiling phf_codegen v0.14.0
[INFO] [stderr]    Compiling icu_normalizer_data v2.1.1
[INFO] [stderr]    Compiling same-file v1.0.6
[INFO] [stderr]     Checking tiny-skia-path v0.12.0
[INFO] [stderr]    Compiling walkdir v2.5.0
[INFO] [stderr]     Checking dlib v0.5.3
[INFO] [stderr]    Compiling khronos_api v3.1.0
[INFO] [stderr]     Checking core_maths v0.1.1
[INFO] [stderr]    Compiling wayland-sys v0.31.11
[INFO] [stderr]     Checking aho-corasick v1.1.5
[INFO] [stderr]     Checking regex-syntax v0.8.11
[INFO] [stderr]     Checking futures-io v0.3.34
[INFO] [stderr]     Checking tinystr v0.8.4
[INFO] [stderr]     Checking potential_utf v0.1.6
[INFO] [stderr]     Checking crypto-common v0.1.7
[INFO] [stderr]     Checking block-buffer v0.10.4
[INFO] [stderr]     Checking icu_collections v2.1.1
[INFO] [stderr]     Checking tiny-skia v0.12.0
[INFO] [stderr]     Checking icu_locale_core v2.3.0
[INFO] [stderr]    Compiling xml-rs v0.8.29
[INFO] [stderr]    Compiling icu_segmenter_data v2.1.1
[INFO] [stderr]     Checking dtoa v1.0.11
[INFO] [stderr]     Checking dtoa-short v0.3.5
[INFO] [stderr]     Checking digest v0.10.7
[INFO] [stderr]    Compiling web_atoms v0.3.0
[INFO] [stderr]    Compiling darling_macro v0.20.11
[INFO] [stderr]    Compiling darling v0.20.11
[INFO] [stderr]    Compiling gl_generator v0.14.0
[INFO] [stderr]    Compiling cssparser-macros v0.7.1
[INFO] [stderr]     Checking icu_provider v2.3.1
[INFO] [stderr]    Compiling derive_more-impl v2.1.1
[INFO] [stderr]    Compiling freetype-sys v0.23.0
[INFO] [stderr]     Checking cpufeatures v0.2.17
[INFO] [stderr]     Checking smallvec v1.16.2
[INFO] [stderr]     Checking lock_api v0.4.14
[INFO] [stderr]     Checking bytes v1.12.1
[INFO] [stderr]     Checking euclid v0.22.14
[INFO] [stderr]     Checking parking_lot_core v0.9.12
[INFO] [stderr]     Checking unicode-bidi v0.3.18
[INFO] [stderr]     Checking parking_lot v0.12.5
[INFO] [stderr]     Checking allocator-api2 v0.2.21
[INFO] [stderr]     Checking icu_locale v2.1.1
[INFO] [stderr]     Checking string_cache v0.11.0
[INFO] [stderr]     Checking icu_properties v2.1.2
[INFO] [stderr]     Checking regex-automata v0.4.18
[INFO] [stderr]     Checking tokio v1.53.2
[INFO] [stderr]     Checking http v1.5.0
[INFO] [stderr]     Checking kurbo v0.13.1
[INFO] [stderr]     Checking icu_normalizer v2.1.1
[INFO] [stderr]     Checking app_units v0.7.8
[INFO] [stderr]     Checking svg_fmt v0.4.5
[INFO] [stderr]     Checking sha1_smol v1.0.1
[INFO] [stderr]     Checking scoped-tls v1.0.1
[INFO] [stderr]     Checking uuid v1.27.0
[INFO] [stderr]     Checking idna_adapter v1.2.1
[INFO] [stderr]     Checking cssparser v0.38.0
[INFO] [stderr]     Checking derive_more v2.1.1
[INFO] [stderr]     Checking idna v1.1.0
[INFO] [stderr] error: failed to run custom build command for `freetype-sys v0.23.0`
[INFO] [stderr] note: To improve backtraces for build dependencies, set the CARGO_PROFILE_DEV_BUILD_OVERRIDE_DEBUG=true environment variable to enable debug information generation.
[INFO] [stderr] 
[INFO] [stderr] Caused by:
[INFO] [stderr]   process didn't exit successfully: `/opt/rustwide/target/debug/build/freetype-sys/58ff2130254618d5/out/build_script_build` (exit status: 101)
[INFO] [stderr]   --- stderr
[INFO] [stderr] 
[INFO] [stderr]   thread 'main' (1904) panicked at /opt/rustwide/cargo-home/registry/src/index.crates.io-1949cf8c6b5b557f/freetype-sys-0.23.0/build.rs:32:6:
[INFO] [stderr]   called `Result::unwrap()` on an `Err` value: Os { code: 30, kind: ReadOnlyFilesystem, message: "Read-only file system" }
[INFO] [stderr]   stack backtrace:
[INFO] [stderr]      0:     0x5ba81e157bc1 - std[70848e31ef396c88]::backtrace_rs::backtrace::libunwind::trace
[INFO] [stderr]                                  at /rustc/8773d2c75a8e90130dcce745a7ec4e66bb9963db/library/std/src/../../backtrace/src/backtrace/libunwind.rs:117:9
[INFO] [stderr]      1:     0x5ba81e157bc1 - std[70848e31ef396c88]::backtrace_rs::backtrace::trace_unsynchronized::<std[70848e31ef396c88]::sys::backtrace::_print_fmt::{closure#1}>
[INFO] [stderr]                                  at /rustc/8773d2c75a8e90130dcce745a7ec4e66bb9963db/library/std/src/../../backtrace/src/backtrace/mod.rs:66:14
[INFO] [stderr]      2:     0x5ba81e157bc1 - std[70848e31ef396c88]::sys::backtrace::_print_fmt
[INFO] [stderr]                                  at /rustc/8773d2c75a8e90130dcce745a7ec4e66bb9963db/library/std/src/sys/backtrace.rs:74:9
[INFO] [stderr]      3:     0x5ba81e157bc1 - <<std[70848e31ef396c88]::sys::backtrace::BacktraceLock>::print::DisplayBacktrace as core[c8b5ded6587d6b11]::fmt::Display>::fmt
[INFO] [stderr]                                  at /rustc/8773d2c75a8e90130dcce745a7ec4e66bb9963db/library/std/src/sys/backtrace.rs:44:26
[INFO] [stderr]      4:     0x5ba81e16b24a - <core[c8b5ded6587d6b11]::fmt::rt::Argument>::fmt
[INFO] [stderr]                                  at /rustc/8773d2c75a8e90130dcce745a7ec4e66bb9963db/library/core/src/fmt/rt.rs:152:76
[INFO] [stderr]      5:     0x5ba81e16b24a - core[c8b5ded6587d6b11]::fmt::write
[INFO] [stderr]      6:     0x5ba81e15c81c - core[c8b5ded6587d6b11]::io::write::default_write_fmt::<std[70848e31ef396c88]::sys::stdio::unix::Stderr>
[INFO] [stderr]                                  at /rustc/8773d2c75a8e90130dcce745a7ec4e66bb9963db/library/core/src/io/write.rs:402:11
[INFO] [stderr]      7:     0x5ba81e15c81c - <std[70848e31ef396c88]::sys::stdio::unix::Stderr as core[c8b5ded6587d6b11]::io::write::Write>::write_fmt
[INFO] [stderr]                                  at /rustc/8773d2c75a8e90130dcce745a7ec4e66bb9963db/library/core/src/io/write.rs:335:13
[INFO] [stderr]      8:     0x5ba81e130ad6 - <std[70848e31ef396c88]::sys::backtrace::BacktraceLock>::print
[INFO] [stderr]                                  at /rustc/8773d2c75a8e90130dcce745a7ec4e66bb9963db/library/std/src/sys/backtrace.rs:47:9
[INFO] [stderr]      9:     0x5ba81e130ad6 - std[70848e31ef396c88]::panicking::default_hook::{closure#0}
[INFO] [stderr]                                  at /rustc/8773d2c75a8e90130dcce745a7ec4e66bb9963db/library/std/src/panicking.rs:289:27
[INFO] [stderr]     10:     0x5ba81e14f4a1 - std[70848e31ef396c88]::panicking::default_hook
[INFO] [stderr]                                  at /rustc/8773d2c75a8e90130dcce745a7ec4e66bb9963db/library/std/src/panicking.rs:316:9
[INFO] [stderr]     11:     0x5ba81e14f65b - std[70848e31ef396c88]::panicking::panic_with_hook
[INFO] [stderr]                                  at /rustc/8773d2c75a8e90130dcce745a7ec4e66bb9963db/library/std/src/panicking.rs:811:13
[INFO] [stderr]     12:     0x5ba81e130b82 - std[70848e31ef396c88]::panicking::panic_handler::{closure#0}
[INFO] [stderr]                                  at /rustc/8773d2c75a8e90130dcce745a7ec4e66bb9963db/library/std/src/panicking.rs:685:13
[INFO] [stderr]     13:     0x5ba81e12a919 - std[70848e31ef396c88]::sys::backtrace::__rust_end_short_backtrace::<std[70848e31ef396c88]::panicking::panic_handler::{closure#0}, !>
[INFO] [stderr]                                  at /rustc/8773d2c75a8e90130dcce745a7ec4e66bb9963db/library/std/src/sys/backtrace.rs:182:18
[INFO] [stderr]     14:     0x5ba81e13186d - __rustc[3ae3e1263b90db6]::rust_begin_unwind
[INFO] [stderr]                                  at /rustc/8773d2c75a8e90130dcce745a7ec4e66bb9963db/library/std/src/panicking.rs:676:5
[INFO] [stderr]     15:     0x5ba81e16ba3c - core[c8b5ded6587d6b11]::panicking::panic_fmt
[INFO] [stderr]                                  at /rustc/8773d2c75a8e90130dcce745a7ec4e66bb9963db/library/core/src/panicking.rs:80:14
[INFO] [stderr]     16:     0x5ba81e16b792 - core[c8b5ded6587d6b11]::result::unwrap_failed
[INFO] [stderr]                                  at /rustc/8773d2c75a8e90130dcce745a7ec4e66bb9963db/library/core/src/result.rs:1866:5
[INFO] [stderr]     17:     0x5ba81e07d161 - build_script_build[f065cd9f289b4506]::main
[INFO] [stderr]     18:     0x5ba81e07dc7b - <fn() as core[c8b5ded6587d6b11]::ops::function::FnOnce<()>>::call_once
[INFO] [stderr]     19:     0x5ba81e07cf6e - std[70848e31ef396c88]::sys::backtrace::__rust_begin_short_backtrace::<fn(), ()>
[INFO] [stderr]     20:     0x5ba81e07cf89 - std[70848e31ef396c88]::rt::lang_start::<()>::{closure#0}
[INFO] [stderr]     21:     0x5ba81e14e418 - <&dyn core[c8b5ded6587d6b11]::ops::function::Fn<(), Output = i32> + core[c8b5ded6587d6b11]::marker::Sync + core[c8b5ded6587d6b11]::panic::unwind_safe::RefUnwindSafe as core[c8b5ded6587d6b11]::ops::function::FnOnce<()>>::call_once
[INFO] [stderr]                                  at /rustc/8773d2c75a8e90130dcce745a7ec4e66bb9963db/library/core/src/ops/function.rs:287:21
[INFO] [stderr]     22:     0x5ba81e14e418 - std[70848e31ef396c88]::panicking::catch_unwind::do_call::<&dyn core[c8b5ded6587d6b11]::ops::function::Fn<(), Output = i32> + core[c8b5ded6587d6b11]::marker::Sync + core[c8b5ded6587d6b11]::panic::unwind_safe::RefUnwindSafe, i32>
[INFO] [stderr]                                  at /rustc/8773d2c75a8e90130dcce745a7ec4e66bb9963db/library/std/src/panicking.rs:573:43
[INFO] [stderr]     23:     0x5ba81e14e418 - std[70848e31ef396c88]::panicking::catch_unwind::<i32, &dyn core[c8b5ded6587d6b11]::ops::function::Fn<(), Output = i32> + core[c8b5ded6587d6b11]::marker::Sync + core[c8b5ded6587d6b11]::panic::unwind_safe::RefUnwindSafe>
[INFO] [stderr]                                  at /rustc/8773d2c75a8e90130dcce745a7ec4e66bb9963db/library/std/src/panicking.rs:541:19
[INFO] [stderr]     24:     0x5ba81e14e418 - std[70848e31ef396c88]::panic::catch_unwind::<&dyn core[c8b5ded6587d6b11]::ops::function::Fn<(), Output = i32> + core[c8b5ded6587d6b11]::marker::Sync + core[c8b5ded6587d6b11]::panic::unwind_safe::RefUnwindSafe, i32>
[INFO] [stderr]                                  at /rustc/8773d2c75a8e90130dcce745a7ec4e66bb9963db/library/std/src/panic.rs:359:14
[INFO] [stderr]     25:     0x5ba81e14e418 - std[70848e31ef396c88]::rt::lang_start_internal::{closure#0}
[INFO] [stderr]                                  at /rustc/8773d2c75a8e90130dcce745a7ec4e66bb9963db/library/std/src/rt.rs:175:24
[INFO] [stderr]     26:     0x5ba81e14e418 - std[70848e31ef396c88]::panicking::catch_unwind::do_call::<std[70848e31ef396c88]::rt::lang_start_internal::{closure#0}, isize>
[INFO] [stderr]                                  at /rustc/8773d2c75a8e90130dcce745a7ec4e66bb9963db/library/std/src/panicking.rs:573:43
[INFO] [stderr]     27:     0x5ba81e14e418 - std[70848e31ef396c88]::panicking::catch_unwind::<isize, std[70848e31ef396c88]::rt::lang_start_internal::{closure#0}>
[INFO] [stderr]                                  at /rustc/8773d2c75a8e90130dcce745a7ec4e66bb9963db/library/std/src/panicking.rs:541:19
[INFO] [stderr]     28:     0x5ba81e14e418 - std[70848e31ef396c88]::panic::catch_unwind::<std[70848e31ef396c88]::rt::lang_start_internal::{closure#0}, isize>
[INFO] [stderr]                                  at /rustc/8773d2c75a8e90130dcce745a7ec4e66bb9963db/library/std/src/panic.rs:359:14
[INFO] [stderr]     29:     0x5ba81e14e418 - std[70848e31ef396c88]::rt::lang_start_internal
[INFO] [stderr]                                  at /rustc/8773d2c75a8e90130dcce745a7ec4e66bb9963db/library/std/src/rt.rs:171:5
[INFO] [stderr]     30:     0x5ba81e07cf61 - std[70848e31ef396c88]::rt::lang_start::<()>
[INFO] [stderr]     31:     0x5ba81e07dce5 - main
[INFO] [stderr]     32:     0x72561ef74601 - <unknown>
[INFO] [stderr]     33:     0x72561ef74718 - __libc_start_main
[INFO] [stderr]     34:     0x5ba81e07c885 - _start
[INFO] [stderr]     35:                0x0 - <unknown>
[INFO] [stderr] warning: build failed, waiting for other jobs to finish...
[INFO] running `Command { std: "docker" "inspect" "ce1216b7c63fba1745f01473ee7c76ee0de5e3d028efec6d7c1b9a87b15106d0", kill_on_drop: false }`
[INFO] running `Command { std: "docker" "rm" "-f" "ce1216b7c63fba1745f01473ee7c76ee0de5e3d028efec6d7c1b9a87b15106d0", kill_on_drop: false }`
[INFO] [stdout] ce1216b7c63fba1745f01473ee7c76ee0de5e3d028efec6d7c1b9a87b15106d0
