[INFO] cloning repository https://github.com/bendo01/xsia_loco
[INFO] running `Command { std: "git" "-c" "credential.helper=" "-c" "credential.helper=/workspace/cargo-home/bin/git-credential-null" "clone" "--bare" "https://github.com/bendo01/xsia_loco" "/workspace/cache/git-repos/https%3A%2F%2Fgithub.com%2Fbendo01%2Fxsia_loco", kill_on_drop: false }`
[INFO] [stderr] Cloning into bare repository '/workspace/cache/git-repos/https%3A%2F%2Fgithub.com%2Fbendo01%2Fxsia_loco'...
[INFO] running `Command { std: "git" "rev-parse" "HEAD", kill_on_drop: false }`
[INFO] [stdout] 2d327b62c47372a8d3f4e99c3c477ca05042dcce
[INFO] checking bendo01/xsia_loco/2d327b62c47372a8d3f4e99c3c477ca05042dcce against 8773d2c75a8e90130dcce745a7ec4e66bb9963db+rustflags=-Aunfulfilled-lint-expectations for pr-163637
[INFO] running `Command { std: "git" "clone" "/workspace/cache/git-repos/https%3A%2F%2Fgithub.com%2Fbendo01%2Fxsia_loco" "/workspace/builds/worker-5-tc2/source", kill_on_drop: false }`
[INFO] [stderr] Cloning into '/workspace/builds/worker-5-tc2/source'...
[INFO] [stderr] done.
[INFO] removed /workspace/builds/worker-5-tc2/source/.cargo/config.toml
[INFO] started tweaking git repo https://github.com/bendo01/xsia_loco
[INFO] finished tweaking git repo https://github.com/bendo01/xsia_loco
[INFO] tweaked toml for git repo https://github.com/bendo01/xsia_loco written to /workspace/builds/worker-5-tc2/source/Cargo.toml
[INFO] validating manifest of git repo https://github.com/bendo01/xsia_loco on toolchain 8773d2c75a8e90130dcce745a7ec4e66bb9963db
[INFO] running `Command { std: CARGO_HOME="/workspace/cargo-home" RUSTUP_HOME="/workspace/rustup-home" "/workspace/cargo-home/bin/cargo" "+8773d2c75a8e90130dcce745a7ec4e66bb9963db" "metadata" "--manifest-path" "Cargo.toml" "--no-deps", kill_on_drop: false }`
[INFO] crate git repo https://github.com/bendo01/xsia_loco already has a lockfile, it will not be regenerated
[INFO] running `Command { std: CARGO_HOME="/workspace/cargo-home" RUSTUP_HOME="/workspace/rustup-home" "/workspace/cargo-home/bin/cargo" "+8773d2c75a8e90130dcce745a7ec4e66bb9963db" "fetch" "--manifest-path" "Cargo.toml", kill_on_drop: false }`
[INFO] [stderr]     Blocking waiting for file lock on package cache
[INFO] [stderr]     Updating crates.io index
[INFO] [stderr]     Blocking waiting for file lock on package cache
[ERROR] error running command: no output for 300 seconds
[INFO] checking bendo01/xsia_loco/2d327b62c47372a8d3f4e99c3c477ca05042dcce against 8773d2c75a8e90130dcce745a7ec4e66bb9963db+rustflags=-Aunfulfilled-lint-expectations for pr-163637
[INFO] running `Command { std: "git" "clone" "/workspace/cache/git-repos/https%3A%2F%2Fgithub.com%2Fbendo01%2Fxsia_loco" "/workspace/builds/worker-5-tc2/source", kill_on_drop: false }`
[INFO] [stderr] Cloning into '/workspace/builds/worker-5-tc2/source'...
[INFO] [stderr] done.
[INFO] removed /workspace/builds/worker-5-tc2/source/.cargo/config.toml
[INFO] started tweaking git repo https://github.com/bendo01/xsia_loco
[INFO] finished tweaking git repo https://github.com/bendo01/xsia_loco
[INFO] tweaked toml for git repo https://github.com/bendo01/xsia_loco written to /workspace/builds/worker-5-tc2/source/Cargo.toml
[INFO] validating manifest of git repo https://github.com/bendo01/xsia_loco on toolchain 8773d2c75a8e90130dcce745a7ec4e66bb9963db
[INFO] running `Command { std: CARGO_HOME="/workspace/cargo-home" RUSTUP_HOME="/workspace/rustup-home" "/workspace/cargo-home/bin/cargo" "+8773d2c75a8e90130dcce745a7ec4e66bb9963db" "metadata" "--manifest-path" "Cargo.toml" "--no-deps", kill_on_drop: false }`
[INFO] crate git repo https://github.com/bendo01/xsia_loco already has a lockfile, it will not be regenerated
[INFO] running `Command { std: CARGO_HOME="/workspace/cargo-home" RUSTUP_HOME="/workspace/rustup-home" "/workspace/cargo-home/bin/cargo" "+8773d2c75a8e90130dcce745a7ec4e66bb9963db" "fetch" "--manifest-path" "Cargo.toml", kill_on_drop: false }`
[INFO] [stderr]     Blocking waiting for file lock on package cache
[INFO] [stderr]     Blocking waiting for file lock on package cache
[ERROR] error running command: no output for 300 seconds
[INFO] checking bendo01/xsia_loco/2d327b62c47372a8d3f4e99c3c477ca05042dcce against 8773d2c75a8e90130dcce745a7ec4e66bb9963db+rustflags=-Aunfulfilled-lint-expectations for pr-163637
[INFO] running `Command { std: "git" "clone" "/workspace/cache/git-repos/https%3A%2F%2Fgithub.com%2Fbendo01%2Fxsia_loco" "/workspace/builds/worker-5-tc2/source", kill_on_drop: false }`
[INFO] [stderr] Cloning into '/workspace/builds/worker-5-tc2/source'...
[INFO] [stderr] done.
[INFO] removed /workspace/builds/worker-5-tc2/source/.cargo/config.toml
[INFO] started tweaking git repo https://github.com/bendo01/xsia_loco
[INFO] finished tweaking git repo https://github.com/bendo01/xsia_loco
[INFO] tweaked toml for git repo https://github.com/bendo01/xsia_loco written to /workspace/builds/worker-5-tc2/source/Cargo.toml
[INFO] validating manifest of git repo https://github.com/bendo01/xsia_loco on toolchain 8773d2c75a8e90130dcce745a7ec4e66bb9963db
[INFO] running `Command { std: CARGO_HOME="/workspace/cargo-home" RUSTUP_HOME="/workspace/rustup-home" "/workspace/cargo-home/bin/cargo" "+8773d2c75a8e90130dcce745a7ec4e66bb9963db" "metadata" "--manifest-path" "Cargo.toml" "--no-deps", kill_on_drop: false }`
[INFO] crate git repo https://github.com/bendo01/xsia_loco already has a lockfile, it will not be regenerated
[INFO] running `Command { std: CARGO_HOME="/workspace/cargo-home" RUSTUP_HOME="/workspace/rustup-home" "/workspace/cargo-home/bin/cargo" "+8773d2c75a8e90130dcce745a7ec4e66bb9963db" "fetch" "--manifest-path" "Cargo.toml", kill_on_drop: false }`
[INFO] [stderr]     Blocking waiting for file lock on package cache
[INFO] [stderr]     Blocking waiting for file lock on package cache
[ERROR] error running command: no output for 300 seconds
[INFO] checking bendo01/xsia_loco/2d327b62c47372a8d3f4e99c3c477ca05042dcce against 8773d2c75a8e90130dcce745a7ec4e66bb9963db+rustflags=-Aunfulfilled-lint-expectations for pr-163637
[INFO] running `Command { std: "git" "clone" "/workspace/cache/git-repos/https%3A%2F%2Fgithub.com%2Fbendo01%2Fxsia_loco" "/workspace/builds/worker-5-tc2/source", kill_on_drop: false }`
[INFO] [stderr] Cloning into '/workspace/builds/worker-5-tc2/source'...
[INFO] [stderr] done.
[INFO] removed /workspace/builds/worker-5-tc2/source/.cargo/config.toml
[INFO] started tweaking git repo https://github.com/bendo01/xsia_loco
[INFO] finished tweaking git repo https://github.com/bendo01/xsia_loco
[INFO] tweaked toml for git repo https://github.com/bendo01/xsia_loco written to /workspace/builds/worker-5-tc2/source/Cargo.toml
[INFO] validating manifest of git repo https://github.com/bendo01/xsia_loco on toolchain 8773d2c75a8e90130dcce745a7ec4e66bb9963db
[INFO] running `Command { std: CARGO_HOME="/workspace/cargo-home" RUSTUP_HOME="/workspace/rustup-home" "/workspace/cargo-home/bin/cargo" "+8773d2c75a8e90130dcce745a7ec4e66bb9963db" "metadata" "--manifest-path" "Cargo.toml" "--no-deps", kill_on_drop: false }`
[INFO] crate git repo https://github.com/bendo01/xsia_loco already has a lockfile, it will not be regenerated
[INFO] running `Command { std: CARGO_HOME="/workspace/cargo-home" RUSTUP_HOME="/workspace/rustup-home" "/workspace/cargo-home/bin/cargo" "+8773d2c75a8e90130dcce745a7ec4e66bb9963db" "fetch" "--manifest-path" "Cargo.toml", kill_on_drop: false }`
[INFO] [stderr]     Blocking waiting for file lock on package cache
[INFO] [stderr]     Blocking waiting for file lock on package cache
[INFO] [stderr]  Downloading crates ...
[INFO] [stderr]   Downloaded sea-orm-migration v1.1.17
[INFO] [stderr]   Downloaded rustls-pki-types v1.13.0
[INFO] [stderr]   Downloaded cc v1.2.45
[INFO] [stderr]   Downloaded icu_properties_data v2.1.1
[INFO] [stderr]   Downloaded sea-schema-derive v0.3.0
[INFO] [stderr]   Downloaded sea-query-derive v0.4.3
[INFO] [stderr]   Downloaded bigdecimal v0.4.9
[INFO] [stderr]   Downloaded tracing-subscriber v0.3.20
[INFO] [stderr]   Downloaded rsa v0.9.8
[INFO] [stderr]   Downloaded sea-orm-cli v1.1.17
[INFO] [stderr]   Downloaded syn v2.0.109
[INFO] [stderr]   Downloaded num-bigint-dig v0.8.5
[INFO] [stderr]   Downloaded clap v4.5.51
[INFO] [stderr]   Downloaded clap_builder v4.5.51
[INFO] [stderr]   Downloaded postgres-types v0.2.11
[INFO] [stderr]   Downloaded sea-orm-macros v1.1.17
[INFO] [stderr]   Downloaded postgres-protocol v0.6.9
[INFO] [stderr]   Downloaded tracing-appender v0.2.3
[INFO] [stderr]   Downloaded tree-fs v0.3.1
[INFO] [stderr]   Downloaded serde_variant v0.1.3
[INFO] [stderr]   Downloaded scraper v0.21.0
[INFO] [stderr]   Downloaded tokio-cron-scheduler v0.11.1
[INFO] [stderr]   Downloaded ego-tree v0.9.0
[INFO] [stderr]   Downloaded wasm-bindgen-futures v0.4.55
[INFO] [stderr]   Downloaded kqueue-sys v1.0.4
[INFO] [stderr]   Downloaded notify-types v2.0.0
[INFO] [stderr]   Downloaded kqueue v1.1.1
[INFO] [stderr]   Downloaded fs-err v2.11.0
[INFO] [stderr]   Downloaded duct v1.1.1
[INFO] [stderr]   Downloaded serde_regex v1.1.0
[INFO] [stderr]   Downloaded sigchld v0.2.4
[INFO] [stderr]   Downloaded backon v1.6.0
[INFO] [stderr]   Downloaded rrgen v0.5.6
[INFO] [stderr]   Downloaded shared_thread v0.2.0
[INFO] [stderr]   Downloaded shared_child v1.1.1
[INFO] [stderr]   Downloaded hostname v0.4.1
[INFO] [stderr]   Downloaded cruet v0.13.3
[INFO] [stderr]   Downloaded redis v0.31.0
[INFO] [stderr]   Downloaded cruet v0.14.0
[INFO] [stderr]   Downloaded psm v0.1.28
[INFO] [stderr]   Downloaded ar_archive_writer v0.2.0
[INFO] [stderr]   Downloaded loco-gen v0.16.4
[INFO] [stderr]   Downloaded stacker v0.1.22
[INFO] [stderr]   Downloaded duct_sh v1.0.0
[INFO] [stderr]   Downloaded english-to-cron v0.1.6
[INFO] [stderr]   Downloaded rust-multipart-rfc7578_2 v0.8.0
[INFO] [stderr]   Downloaded fstr v0.2.15
[INFO] [stderr]   Downloaded btparse-stable v0.1.2
[INFO] [stderr]   Downloaded unic-langid-macros-impl v0.9.6
[INFO] [stderr]   Downloaded cubecl-macros-internal v0.8.1
[INFO] [stderr]   Downloaded backtrace_printer v1.3.0
[INFO] [stderr]   Downloaded unic-langid v0.9.6
[INFO] [stderr]   Downloaded sanitize-filename v0.6.0
[INFO] [stderr]   Downloaded byte-unit v4.0.19
[INFO] [stderr]   Downloaded reserve-port v2.3.0
[INFO] [stderr]   Downloaded auto-future v1.0.0
[INFO] [stderr]   Downloaded unic-langid-macros v0.9.6
[INFO] [stderr]   Downloaded tensorflow-sys v0.24.0
[INFO] [stderr]   Downloaded tensorflow-internal-macros v0.0.3
[INFO] [stderr]   Downloaded socks v0.3.4
[INFO] [stderr]   Downloaded bytesize v2.1.0
[INFO] [stderr]   Downloaded sea-schema v0.16.2
[INFO] [stderr]   Downloaded axum-core v0.5.5
[INFO] [stderr]   Downloaded async-lock v3.4.1
[INFO] [stderr]   Downloaded uuid7 v1.3.0
[INFO] [stderr]   Downloaded sha256 v1.6.0
[INFO] [stderr]   Downloaded serial_test v3.2.0
[INFO] [stderr]   Downloaded serial_test_derive v3.2.0
[INFO] [stderr]   Downloaded state v0.6.0
[INFO] [stderr]   Downloaded filetime v0.2.26
[INFO] [stderr]   Downloaded random-string v1.1.0
[INFO] [stderr]   Downloaded cubecl-common v0.8.1
[INFO] [stderr]   Downloaded generator v0.7.5
[INFO] [stderr]   Downloaded ndarray-rand v0.16.0
[INFO] [stderr]   Downloaded sdd v3.0.10
[INFO] [stderr]   Downloaded socketioxide-parser-common v0.17.0
[INFO] [stderr]   Downloaded thread-tree v0.3.3
[INFO] [stderr]   Downloaded cubecl-ir v0.8.1
[INFO] [stderr]   Downloaded utoipa-scalar v0.3.0
[INFO] [stderr]   Downloaded utoipa-redoc v6.0.0
[INFO] [stderr]   Downloaded utoipa-axum v0.2.0
[INFO] [stderr]   Downloaded cubecl-quant v0.8.1
[INFO] [stderr]   Downloaded socketioxide-core v0.17.0
[INFO] [stderr]   Downloaded rust-embed-utils v8.9.0
[INFO] [stderr]   Downloaded rust-embed-impl v8.9.0
[INFO] [stderr]   Downloaded cubecl-std v0.8.1
[INFO] [stderr]   Downloaded opentelemetry-otlp v0.30.0
[INFO] [stderr]   Downloaded intl_pluralrules v7.0.2
[INFO] [stderr]   Downloaded tar v0.4.44
[INFO] [stderr]   Downloaded loco-openapi v0.1.2
[INFO] [stderr]   Downloaded which v8.0.0
[INFO] [stderr]   Downloaded axum-extra v0.10.3
[INFO] [stderr]   Downloaded unic-langid-impl v0.9.6
[INFO] [stderr]   Downloaded tracel-llvm v20.1.4-5
[INFO] [stderr]   Downloaded fluent-syntax v0.12.0
[INFO] [stderr]   Downloaded fluent-langneg v0.13.1
[INFO] [stderr]   Downloaded self_cell v1.2.1
[INFO] [stderr]   Downloaded dummy v0.11.0
[INFO] [stderr]   Downloaded embassy-time-driver v0.2.1
[INFO] [stderr]   Downloaded float4 v0.1.0
[INFO] [stderr]   Downloaded embassy-futures v0.1.2
[INFO] [stderr]   Downloaded engineioxide v0.17.2
[INFO] [stderr]   Downloaded opentelemetry-http v0.30.0
[INFO] [stderr]   Downloaded intl-memoizer v0.5.3
[INFO] [stderr]   Downloaded fluent-template-macros v0.13.2
[INFO] [stderr]   Downloaded wrapcenum-derive v0.4.1
[INFO] [stderr]   Downloaded no-std-compat v0.2.0
[INFO] [stderr]   Downloaded lettre v0.11.19
[INFO] [stderr]   Downloaded instability v0.3.9
[INFO] [stderr]   Downloaded wgpu-core-deps-apple v26.0.0
[INFO] [stderr]   Downloaded embassy-time v0.4.0
[INFO] [stderr]   Downloaded tracel-mlir-sys v20.1.4-5
[INFO] [stderr]   Downloaded socketioxide v0.17.2
[INFO] [stderr]   Downloaded nvml-wrapper v0.11.0
[INFO] [stderr]   Downloaded wgpu-core-deps-windows-linux-android v26.0.0
[INFO] [stderr]   Downloaded wgpu-core-deps-emscripten v26.0.0
[INFO] [stderr]   Downloaded dyn-stack v0.10.0
[INFO] [stderr]   Downloaded gemm-f16 v0.17.1
[INFO] [stderr]   Downloaded axum-test v17.3.0
[INFO] [stderr]   Downloaded moddef v0.3.0
[INFO] [stderr]   Downloaded text_placeholder v0.5.1
[INFO] [stderr]   Downloaded gemm v0.17.1
[INFO] [stderr]   Downloaded gemm-f32 v0.17.1
[INFO] [stderr]   Downloaded gemm-c32 v0.17.1
[INFO] [stderr]   Downloaded macerator-macros v0.1.3
[INFO] [stderr]   Downloaded dyn-stack-macros v0.1.3
[INFO] [stderr]   Downloaded gemm-f32 v0.18.2
[INFO] [stderr]   Downloaded gemm-c64 v0.18.2
[INFO] [stderr]   Downloaded gemm-c32 v0.18.2
[INFO] [stderr]   Downloaded gemm-f64 v0.17.1
[INFO] [stderr]   Downloaded gemm-c64 v0.17.1
[INFO] [stderr]   Downloaded gemm-f64 v0.18.2
[INFO] [stderr]   Downloaded gemm-f16 v0.18.2
[INFO] [stderr]   Downloaded enumset_derive v0.14.0
[INFO] [stderr]   Downloaded caseless v0.2.2
[INFO] [stderr]   Downloaded seq-macro v0.3.6
[INFO] [stderr]   Downloaded atomic_float v1.1.0
[INFO] [stderr]   Downloaded enumset v1.1.10
[INFO] [stderr]   Downloaded float8 v0.4.2
[INFO] [stderr]   Downloaded curl v0.4.49
[INFO] [stderr]   Downloaded qrcode v0.14.1
[INFO] [stderr]   Downloaded entities v1.0.1
[INFO] [stderr]   Downloaded tracel-llvm-bundler v20.1.4-5
[INFO] [stderr]   Downloaded utoipa-swagger-ui v9.0.2
[INFO] [stderr]   Downloaded utoipa v5.4.0
[INFO] [stderr]   Downloaded serde_norway v0.9.42
[INFO] [stderr]   Downloaded unsafe-libyaml-norway v0.2.15
[INFO] [stderr]   Downloaded fluent-templates v0.13.2
[INFO] [stderr]   Downloaded cubecl-hip v0.8.1
[INFO] [stderr]   Downloaded tracel-mlir-rs-macros v20.1.4-5
[INFO] [stderr]   Downloaded burn-common v0.19.1
[INFO] [stderr]   Downloaded burn-cuda v0.19.1
[INFO] [stderr]   Downloaded gemm v0.18.2
[INFO] [stderr]   Downloaded gemm-common v0.18.2
[INFO] [stderr]   Downloaded dyn-stack v0.13.2
[INFO] [stderr]   Downloaded gemm-common v0.17.1
[INFO] [stderr]   Downloaded stable-vec v0.4.1
[INFO] [stderr]   Downloaded tracel-tblgen-rs v20.1.4-5
[INFO] [stderr]   Downloaded burn-ir v0.19.1
[INFO] [stderr]   Downloaded safetensors v0.6.2
[INFO] [stderr]   Downloaded burn-rocm v0.19.1
[INFO] [stderr]   Downloaded opentelemetry v0.30.0
[INFO] [stderr]   Downloaded systemstat v0.2.5
[INFO] [stderr]   Downloaded nvml-wrapper-sys v0.9.0
[INFO] [stderr]   Downloaded cubecl-cpu v0.8.1
[INFO] [stderr]   Downloaded liblzma v0.4.5
[INFO] [stderr]   Downloaded cubecl-convolution v0.8.1
[INFO] [stderr]   Downloaded macerator v0.2.9
[INFO] [stderr]   Downloaded burn-router v0.19.1
[INFO] [stderr]   Downloaded burn-candle v0.19.1
[INFO] [stderr]   Downloaded sysctl v0.6.0
[INFO] [stderr]   Downloaded sysctl v0.5.5
[INFO] [stderr]   Downloaded opentelemetry-semantic-conventions v0.30.0
[INFO] [stderr]   Downloaded fluent-bundle v0.16.0
[INFO] [stderr]   Downloaded burn-optim v0.19.1
[INFO] [stderr]   Downloaded cubecl-macros v0.8.1
[INFO] [stderr]   Downloaded cubecl v0.8.1
[INFO] [stderr]   Downloaded cubecl-random v0.8.1
[INFO] [stderr]   Downloaded cubecl-opt v0.8.1
[INFO] [stderr]   Downloaded tracel-mlir-rs v20.1.4-5
[INFO] [stderr]   Downloaded burn-derive v0.19.1
[INFO] [stderr]   Downloaded burn-wgpu v0.19.1
[INFO] [stderr]   Downloaded rstest v0.26.1
[INFO] [stderr]   Downloaded rstest_macros v0.26.1
[INFO] [stderr]   Downloaded wgpu-types v26.0.0
[INFO] [stderr]   Downloaded burn v0.19.1
[INFO] [stderr]   Downloaded cubecl-cuda v0.8.1
[INFO] [stderr]   Downloaded cubecl-wgpu v0.8.1
[INFO] [stderr]   Downloaded burn-dataset v0.19.1
[INFO] [stderr]   Downloaded burn-autodiff v0.19.1
[INFO] [stderr]   Downloaded burn-fusion v0.19.1
[INFO] [stderr]   Downloaded safetensors v0.4.5
[INFO] [stderr]   Downloaded burn-train v0.19.1
[INFO] [stderr]   Downloaded cubecl-runtime v0.8.1
[INFO] [stderr]   Downloaded cubecl-reduce v0.8.1
[INFO] [stderr]   Downloaded cubecl-cpp v0.8.1
[INFO] [stderr]   Downloaded raw-cpuid v10.7.0
[INFO] [stderr]   Downloaded pulp v0.18.22
[INFO] [stderr]   Downloaded cubecl-matmul v0.8.1
[INFO] [stderr]   Downloaded burn-cubecl v0.19.1
[INFO] [stderr]   Downloaded burn-nn v0.19.1
[INFO] [stderr]   Downloaded cubecl-core v0.8.1
[INFO] [stderr]   Downloaded pulp v0.21.5
[INFO] [stderr]   Downloaded fake v4.4.0
[INFO] [stderr]   Downloaded comrak v0.39.1
[INFO] [stderr]   Downloaded sysinfo v0.36.1
[INFO] [stderr]   Downloaded wgpu v26.0.1
[INFO] [stderr]   Downloaded candle-core v0.9.1
[INFO] [stderr]   Downloaded wgpu-hal v26.0.6
[INFO] [stderr]   Downloaded insta v1.43.2
[INFO] [stderr]   Downloaded ureq v2.12.1
[INFO] [stderr]   Downloaded cubecl-hip-sys v7.0.5183101
[INFO] [stderr]   Downloaded ug v0.4.0
[INFO] [stderr]   Downloaded burn-ndarray v0.19.1
[INFO] [stderr]   Downloaded tonic v0.13.1
[INFO] [stderr]   Downloaded liblzma-sys v0.4.4
[INFO] [stderr]   Downloaded burn-core v0.19.1
[INFO] [stderr]   Downloaded burn-cubecl-fusion v0.19.1
[INFO] [stderr]   Downloaded axum v0.8.6
[INFO] [stderr]   Downloaded tracing-opentelemetry v0.31.0
[INFO] [stderr]   Downloaded scc v2.4.0
[INFO] [stderr]   Downloaded protobuf v2.27.1
[INFO] [stderr]   Downloaded zip v3.0.0
[INFO] [stderr]   Downloaded opentelemetry-proto v0.30.0
[INFO] [stderr]   Downloaded utoipa-gen v5.4.0
[INFO] [stderr]   Downloaded auto_generate_cdp v0.4.5
[INFO] [stderr]   Downloaded opentelemetry_sdk v0.30.0
[INFO] [stderr]   Downloaded burn-store v0.19.1
[INFO] [stderr]   Downloaded headless_chrome v1.0.18
[INFO] [stderr]   Downloaded engineioxide-core v0.2.0
[INFO] [stderr]   Downloaded web-sys v0.3.82
[INFO] [stderr]   Downloaded burn-tensor v0.19.1
[INFO] [stderr]   Downloaded ndarray v0.17.1
[INFO] [stderr]   Downloaded wgpu-core v26.0.1
[INFO] [stderr]   Downloaded ndarray v0.16.1
[INFO] [stderr]   Downloaded loco-rs v0.16.4
[INFO] [stderr]   Downloaded opendal v0.54.1
[INFO] [stderr]   Downloaded cudarc v0.17.7
[INFO] [stderr]   Downloaded naga v26.0.0
[INFO] [stderr]   Downloaded libz-sys v1.1.22
[INFO] [stderr]   Downloaded rust-embed v8.9.0
[INFO] [stderr]   Downloaded tensorflow v0.21.0
[INFO] [stderr]   Downloaded curl-sys v0.4.84+curl-8.17.0
[INFO] [stderr]   Downloaded sea-orm v1.1.17
[INFO] [stderr]   Downloaded utoipa-swagger-ui-vendored v0.1.2
[INFO] [stderr]   Downloaded rust_xlsxwriter v0.89.1
[INFO] [stderr]   Downloaded openssl-src v300.5.4+3.5.4
[INFO] running `Command { std: "docker" "create" "-v" "/var/lib/crater-agent-workspace/builds/worker-5-tc2/source:/opt/rustwide/workdir:ro,Z" "-v" "/var/lib/crater-agent-workspace/builds/worker-5-tc2/target:/opt/rustwide/target:rw,Z" "-v" "/var/lib/crater-agent-workspace/cargo-home:/opt/rustwide/cargo-home:ro,Z" "-v" "/var/lib/crater-agent-workspace/rustup-home:/opt/rustwide/rustup-home:ro,Z" "-m" "1610612736" "--network" "none" "ghcr.io/rust-lang/crates-build-env/linux@sha256:77db811e55d90add9212f6832c23229e3de5f1c1f9905e8cb07319ea15df73ac" "sleep" "infinity", kill_on_drop: false }`
[INFO] [stdout] 6366947c08402fb26f0c51c4478d6e332ddc929b3ae2e166fb9d8e68c9b0dadd
[INFO] running `Command { std: "docker" "start" "6366947c08402fb26f0c51c4478d6e332ddc929b3ae2e166fb9d8e68c9b0dadd", kill_on_drop: false }`
[INFO] running `Command { std: "docker" "inspect" "6366947c08402fb26f0c51c4478d6e332ddc929b3ae2e166fb9d8e68c9b0dadd", kill_on_drop: false }`
[INFO] running `Command { std: "docker" "exec" "-e" "SOURCE_DIR=/opt/rustwide/workdir" "-e" "CARGO_HOME=/opt/rustwide/cargo-home" "-e" "RUSTUP_HOME=/opt/rustwide/rustup-home" "-e" "CARGO_TARGET_DIR=/opt/rustwide/target" "-w" "/opt/rustwide/workdir" "--user" "0:0" "6366947c08402fb26f0c51c4478d6e332ddc929b3ae2e166fb9d8e68c9b0dadd" "/opt/rustwide/cargo-home/bin/cargo" "+8773d2c75a8e90130dcce745a7ec4e66bb9963db" "metadata" "--no-deps" "--format-version=1", kill_on_drop: false }`
[INFO] running `Command { std: "docker" "inspect" "6366947c08402fb26f0c51c4478d6e332ddc929b3ae2e166fb9d8e68c9b0dadd", kill_on_drop: false }`
[INFO] running `Command { std: "docker" "exec" "-e" "SOURCE_DIR=/opt/rustwide/workdir" "-e" "CARGO_HOME=/opt/rustwide/cargo-home" "-e" "RUSTUP_HOME=/opt/rustwide/rustup-home" "-e" "CARGO_TARGET_DIR=/opt/rustwide/target" "-e" "CARGO_INCREMENTAL=0" "-e" "RUST_BACKTRACE=full" "-e" "RUSTFLAGS=--cap-lints=forbid -Aunfulfilled-lint-expectations" "-e" "RUSTDOCFLAGS=--cap-lints=forbid" "-w" "/opt/rustwide/workdir" "--user" "0:0" "6366947c08402fb26f0c51c4478d6e332ddc929b3ae2e166fb9d8e68c9b0dadd" "/opt/rustwide/cargo-home/bin/cargo" "+8773d2c75a8e90130dcce745a7ec4e66bb9963db" "check" "--frozen" "--all" "--all-targets" "--message-format=json", kill_on_drop: false }`
[INFO] [stderr]    Compiling libc v0.2.177
[INFO] [stderr]    Compiling serde_core v1.0.228
[INFO] [stderr]     Checking value-bag v1.11.1
[INFO] [stderr]    Compiling find-msvc-tools v0.1.4
[INFO] [stderr]     Checking itoa v1.0.15
[INFO] [stderr]    Compiling zerocopy v0.8.27
[INFO] [stderr]    Compiling libm v0.2.15
[INFO] [stderr]    Compiling num-traits v0.2.19
[INFO] [stderr]     Checking ryu v1.0.20
[INFO] [stderr]    Compiling syn v2.0.109
[INFO] [stderr]    Compiling generic-array v0.14.9
[INFO] [stderr]     Checking futures-sink v0.3.31
[INFO] [stderr]    Compiling serde_json v1.0.145
[INFO] [stderr]     Checking tracing-core v0.1.34
[INFO] [stderr]     Checking stable_deref_trait v1.2.1
[INFO] [stderr]     Checking futures-task v0.3.31
[INFO] [stderr]    Compiling icu_properties_data v2.1.1
[INFO] [stderr]     Checking hashbrown v0.16.0
[INFO] [stderr]     Checking log v0.4.28
[INFO] [stderr]     Checking subtle v2.6.1
[INFO] [stderr]     Checking futures-channel v0.3.31
[INFO] [stderr]    Compiling time-core v0.1.6
[INFO] [stderr]    Compiling num-conv v0.1.0
[INFO] [stderr]    Compiling rand_core v0.6.4
[INFO] [stderr]     Checking regex-automata v0.4.13
[INFO] [stderr]     Checking num_threads v0.1.7
[INFO] [stderr]    Compiling time-macros v0.2.24
[INFO] [stderr]    Compiling rand v0.8.5
[INFO] [stderr]     Checking crossbeam-epoch v0.9.18
[INFO] [stderr]    Compiling rustls v0.23.35
[INFO] [stderr]     Checking rustls-pki-types v1.13.0
[INFO] [stderr]     Checking mime v0.3.17
[INFO] [stderr]     Checking simd-adler32 v0.3.7
[INFO] [stderr]     Checking spin v0.9.8
[INFO] [stderr]     Checking block-buffer v0.10.4
[INFO] [stderr]     Checking crypto-common v0.1.6
[INFO] [stderr]     Checking crossbeam-deque v0.8.6
[INFO] [stderr]    Compiling portable-atomic v1.11.1
[INFO] [stderr]    Compiling unicode-xid v0.2.6
[INFO] [stderr]     Checking digest v0.10.7
[INFO] [stderr]     Checking zlib-rs v0.5.2
[INFO] [stderr]     Checking miniz_oxide v0.8.9
[INFO] [stderr]    Compiling semver v1.0.27
[INFO] [stderr]     Checking sync_wrapper v1.0.2
[INFO] [stderr]     Checking sha2 v0.10.9
[INFO] [stderr]    Compiling crc32fast v1.5.0
[INFO] [stderr]    Compiling phf_generator v0.11.3
[INFO] [stderr]     Checking getrandom v0.3.4
[INFO] [stderr]     Checking signal-hook-registry v1.4.6
[INFO] [stderr]     Checking mio v1.1.0
[INFO] [stderr]     Checking socket2 v0.6.1
[INFO] [stderr]     Checking rand_core v0.9.3
[INFO] [stderr]     Checking getrandom v0.2.16
[INFO] [stderr]    Compiling phf_codegen v0.11.3
[INFO] [stderr]    Compiling jobserver v0.1.34
[INFO] [stderr]     Checking siphasher v1.0.1
[INFO] [stderr]    Compiling rustix v1.1.2
[INFO] [stderr]    Compiling ahash v0.8.12
[INFO] [stderr]     Checking phf_shared v0.11.3
[INFO] [stderr]     Checking linux-raw-sys v0.11.0
[INFO] [stderr]    Compiling signal-hook v0.3.18
[INFO] [stderr]    Compiling cc v1.2.45
[INFO] [stderr]     Checking num-integer v0.1.46
[INFO] [stderr]    Compiling bigdecimal v0.4.9
[INFO] [stderr]    Compiling rust_decimal v1.39.0
[INFO] [stderr]     Checking libz-rs-sys v0.5.2
[INFO] [stderr]    Compiling rustc_version v0.4.1
[INFO] [stderr]     Checking flate2 v1.1.5
[INFO] [stderr]     Checking md-5 v0.10.6
[INFO] [stderr]     Checking num-bigint v0.4.6
[INFO] [stderr]     Checking hmac v0.12.1
[INFO] [stderr]     Checking webpki-roots v1.0.4
[INFO] [stderr]     Checking unicode-bidi v0.3.18
[INFO] [stderr]     Checking colored v3.0.0
[INFO] [stderr]    Compiling zstd-safe v7.2.4
[INFO] [stderr]     Checking utf-8 v0.7.6
[INFO] [stderr]     Checking arrayvec v0.7.6
[INFO] [stderr]     Checking unicode-properties v0.1.4
[INFO] [stderr]     Checking crc v3.3.0
[INFO] [stderr]    Compiling cubecl-common v0.8.1
[INFO] [stderr]    Compiling cookie v0.18.1
[INFO] [stderr]    Compiling openssl-src v300.5.4+3.5.4
[INFO] [stderr]    Compiling multer v3.1.0
[INFO] [stderr]     Checking stringprep v0.1.5
[INFO] [stderr]     Checking foreign-types-shared v0.1.1
[INFO] [stderr]    Compiling openssl v0.10.75
[INFO] [stderr]    Compiling pest v2.8.3
[INFO] [stderr]    Compiling mime_guess v2.0.5
[INFO] [stderr]    Compiling indexmap v2.12.0
[INFO] [stderr]     Checking foreign-types v0.3.2
[INFO] [stderr] error: could not compile `regex-automata` (lib)
[INFO] [stderr] 
[INFO] [stderr] Caused by:
[INFO] [stderr]   process didn't exit successfully: `/opt/rustwide/rustup-home/toolchains/8773d2c75a8e90130dcce745a7ec4e66bb9963db/bin/rustc --crate-name regex_automata --edition=2021 /opt/rustwide/cargo-home/registry/src/index.crates.io-1949cf8c6b5b557f/regex-automata-0.4.13/src/lib.rs --error-format=json --json=diagnostic-rendered-ansi,artifacts,future-incompat,unused-externs-silent --crate-type lib --emit=dep-info,metadata -C embed-bitcode=no -C debuginfo=2 --cfg 'feature="alloc"' --cfg 'feature="dfa-build"' --cfg 'feature="dfa-onepass"' --cfg 'feature="dfa-search"' --cfg 'feature="hybrid"' --cfg 'feature="meta"' --cfg 'feature="nfa"' --cfg 'feature="nfa-backtrack"' --cfg 'feature="nfa-pikevm"' --cfg 'feature="nfa-thompson"' --cfg 'feature="perf"' --cfg 'feature="perf-inline"' --cfg 'feature="perf-literal"' --cfg 'feature="perf-literal-multisubstring"' --cfg 'feature="perf-literal-substring"' --cfg 'feature="std"' --cfg 'feature="syntax"' --cfg 'feature="unicode"' --cfg 'feature="unicode-age"' --cfg 'feature="unicode-bool"' --cfg 'feature="unicode-case"' --cfg 'feature="unicode-gencat"' --cfg 'feature="unicode-perl"' --cfg 'feature="unicode-script"' --cfg 'feature="unicode-segment"' --cfg 'feature="unicode-word-boundary"' --check-cfg 'cfg(docsrs,test)' --check-cfg 'cfg(feature, values("alloc", "default", "dfa", "dfa-build", "dfa-onepass", "dfa-search", "hybrid", "internal-instrument", "internal-instrument-pikevm", "logging", "meta", "nfa", "nfa-backtrack", "nfa-pikevm", "nfa-thompson", "perf", "perf-inline", "perf-literal", "perf-literal-multisubstring", "perf-literal-substring", "std", "syntax", "unicode", "unicode-age", "unicode-bool", "unicode-case", "unicode-gencat", "unicode-perl", "unicode-script", "unicode-segment", "unicode-word-boundary"))' -C metadata=361d83fdc84a76ef -C extra-filename=-105f4b3c3fa1288f --out-dir /opt/rustwide/target/debug/build/regex-automata/105f4b3c3fa1288f/out -L dependency=/opt/rustwide/target/debug/build/memchr/d62c2f78a088f76a/out --extern aho_corasick=/opt/rustwide/target/debug/build/aho-corasick/ffc444ea1424e98e/out/libaho_corasick-ffc444ea1424e98e.rmeta --extern memchr=/opt/rustwide/target/debug/build/memchr/d62c2f78a088f76a/out/libmemchr-d62c2f78a088f76a.rmeta --extern regex_syntax=/opt/rustwide/target/debug/build/regex-syntax/47417cbeea80486c/out/libregex_syntax-47417cbeea80486c.rmeta --cap-lints allow --cap-lints=forbid -Aunfulfilled-lint-expectations --force-warn=unused_crate_dependencies` (signal: 9, SIGKILL: kill)
[INFO] [stderr] warning: build failed, waiting for other jobs to finish...
[INFO] [stderr] error: could not compile `syn` (lib)
[INFO] [stderr] 
[INFO] [stderr] Caused by:
[INFO] [stderr]   process didn't exit successfully: `/opt/rustwide/rustup-home/toolchains/8773d2c75a8e90130dcce745a7ec4e66bb9963db/bin/rustc --crate-name syn --edition=2021 /opt/rustwide/cargo-home/registry/src/index.crates.io-1949cf8c6b5b557f/syn-2.0.109/src/lib.rs --error-format=json --json=diagnostic-rendered-ansi,artifacts,future-incompat,unused-externs-silent --crate-type lib --emit=dep-info,metadata,link -Z embed-metadata=no -C embed-bitcode=no --cfg 'feature="clone-impls"' --cfg 'feature="default"' --cfg 'feature="derive"' --cfg 'feature="extra-traits"' --cfg 'feature="fold"' --cfg 'feature="full"' --cfg 'feature="parsing"' --cfg 'feature="printing"' --cfg 'feature="proc-macro"' --cfg 'feature="visit"' --cfg 'feature="visit-mut"' --check-cfg 'cfg(docsrs,test)' --check-cfg 'cfg(feature, values("clone-impls", "default", "derive", "extra-traits", "fold", "full", "parsing", "printing", "proc-macro", "test", "visit", "visit-mut"))' -C metadata=0ca5b56b0789b790 -C extra-filename=-2c823ee062303e85 --out-dir /opt/rustwide/target/debug/build/syn/2c823ee062303e85/out -L dependency=/opt/rustwide/target/debug/build/proc-macro2/60ca2ad86496de82/out -L dependency=/opt/rustwide/target/debug/build/unicode-ident/4d9d17e436f83963/out --extern proc_macro2=/opt/rustwide/target/debug/build/proc-macro2/60ca2ad86496de82/out/libproc_macro2-60ca2ad86496de82.rmeta --extern quote=/opt/rustwide/target/debug/build/quote/4dc79176a9c04c04/out/libquote-4dc79176a9c04c04.rmeta --extern unicode_ident=/opt/rustwide/target/debug/build/unicode-ident/4d9d17e436f83963/out/libunicode_ident-4d9d17e436f83963.rmeta --cap-lints allow --cap-lints=forbid -Aunfulfilled-lint-expectations --force-warn=unused_crate_dependencies` (signal: 9, SIGKILL: kill)
[INFO] running `Command { std: "docker" "inspect" "6366947c08402fb26f0c51c4478d6e332ddc929b3ae2e166fb9d8e68c9b0dadd", kill_on_drop: false }`
[INFO] running `Command { std: "docker" "rm" "-f" "6366947c08402fb26f0c51c4478d6e332ddc929b3ae2e166fb9d8e68c9b0dadd", kill_on_drop: false }`
[INFO] [stdout] 6366947c08402fb26f0c51c4478d6e332ddc929b3ae2e166fb9d8e68c9b0dadd
