[INFO] cloning repository https://github.com/badboy/dnsoverhttps
[INFO] running `Command { std: "git" "-c" "credential.helper=" "-c" "credential.helper=/workspace/cargo-home/bin/git-credential-null" "clone" "--bare" "https://github.com/badboy/dnsoverhttps" "/workspace/cache/git-repos/https%3A%2F%2Fgithub.com%2Fbadboy%2Fdnsoverhttps", kill_on_drop: false }`
[INFO] [stderr] Cloning into bare repository '/workspace/cache/git-repos/https%3A%2F%2Fgithub.com%2Fbadboy%2Fdnsoverhttps'...
[INFO] running `Command { std: "git" "rev-parse" "HEAD", kill_on_drop: false }`
[INFO] [stdout] c0ba64328b4a7e50d89939d5fa7f977a5217b12f
[INFO] checking badboy/dnsoverhttps against 8773d2c75a8e90130dcce745a7ec4e66bb9963db+rustflags=-Aunfulfilled-lint-expectations for pr-163637
[INFO] running `Command { std: "git" "clone" "/workspace/cache/git-repos/https%3A%2F%2Fgithub.com%2Fbadboy%2Fdnsoverhttps" "/workspace/builds/worker-5-tc2/source", kill_on_drop: false }`
[INFO] [stderr] Cloning into '/workspace/builds/worker-5-tc2/source'...
[INFO] [stderr] done.
[INFO] started tweaking git repo https://github.com/badboy/dnsoverhttps
[INFO] finished tweaking git repo https://github.com/badboy/dnsoverhttps
[INFO] tweaked toml for git repo https://github.com/badboy/dnsoverhttps written to /workspace/builds/worker-5-tc2/source/Cargo.toml
[INFO] validating manifest of git repo https://github.com/badboy/dnsoverhttps on toolchain 8773d2c75a8e90130dcce745a7ec4e66bb9963db
[INFO] running `Command { std: CARGO_HOME="/workspace/cargo-home" RUSTUP_HOME="/workspace/rustup-home" "/workspace/cargo-home/bin/cargo" "+8773d2c75a8e90130dcce745a7ec4e66bb9963db" "metadata" "--manifest-path" "Cargo.toml" "--no-deps", kill_on_drop: false }`
[INFO] crate git repo https://github.com/badboy/dnsoverhttps already has a lockfile, it will not be regenerated
[INFO] running `Command { std: CARGO_HOME="/workspace/cargo-home" RUSTUP_HOME="/workspace/rustup-home" "/workspace/cargo-home/bin/cargo" "+8773d2c75a8e90130dcce745a7ec4e66bb9963db" "fetch" "--manifest-path" "Cargo.toml", kill_on_drop: false }`
[INFO] [stderr] warning: Cargo.toml: `package.edition` is unspecified, defaulting to `2015` while the latest is `2024`
[INFO] [stderr] warning: `package.homepage` is redundant with `package.repository`
[INFO] [stderr]   --> Cargo.toml:13:12
[INFO] [stderr]    |
[INFO] [stderr] 13 | homepage = "https://github.com/badboy/dnsoverhttps"
[INFO] [stderr]    |            ^^^^^^^^^^^^^^^^^^^^^^^^^^^^^^^^^^^^^^^^
[INFO] [stderr] ...
[INFO] [stderr] 18 | repository = "https://github.com/badboy/dnsoverhttps"
[INFO] [stderr]    |              ----------------------------------------
[INFO] [stderr]    |
[INFO] [stderr]    = note: `cargo::redundant_homepage` is set to `warn` by default
[INFO] [stderr] help: consider removing `package.homepage`
[INFO] [stderr] warning: `dnsoverhttps` (manifest) generated 2 warnings
[INFO] [stderr]     Blocking waiting for file lock on package cache
[INFO] [stderr]     Updating crates.io index
[INFO] [stderr]     Blocking waiting for file lock on package cache
[INFO] [stderr]     Blocking waiting for file lock on package cache
[INFO] [stderr]  Downloading crates ...
[INFO] [stderr]   Downloaded rustc-demangle v0.1.5
[INFO] [stderr]   Downloaded lazycell v1.2.0
[INFO] [stderr]   Downloaded matches v0.1.6
[INFO] [stderr]   Downloaded trust-dns-proto v0.4.0
[INFO] [stderr]   Downloaded data-encoding-macro v0.1.1
[INFO] [stderr]   Downloaded data-encoding-macro-internal v0.1.1
[INFO] [stderr]   Downloaded nibble_vec v0.0.4
[INFO] [stderr]   Downloaded proc-macro-hack v0.4.0
[INFO] [stderr]   Downloaded proc-macro-hack-impl v0.4.0
[INFO] [stderr]   Downloaded tokio-reactor v0.1.3
[INFO] [stderr]   Downloaded socket2 v0.3.8
[INFO] [stderr]   Downloaded data-encoding v2.1.1
[INFO] [stderr]   Downloaded radix_trie v0.1.3
[INFO] [stderr]   Downloaded serde_urlencoded v0.5.1
[INFO] [stderr]   Downloaded num v0.1.41
[INFO] [stderr]   Downloaded num-traits v0.1.42
[INFO] [stderr]   Downloaded trust-dns v0.14.0
[INFO] [stderr]   Downloaded url v1.6.0
[INFO] [stderr]   Downloaded security-framework-sys v0.2.1
[INFO] [stderr]   Downloaded version_check v0.1.3
[INFO] [stderr]   Downloaded rand v0.3.22
[INFO] [stderr]   Downloaded hyper-tls v0.3.0
[INFO] [stderr]   Downloaded tempfile v3.0.4
[INFO] [stderr]   Downloaded crc v1.7.0
[INFO] [stderr]   Downloaded vcpkg v0.2.2
[INFO] [stderr]   Downloaded uuid v0.7.1
[INFO] [stderr]   Downloaded reqwest v0.9.1
[INFO] [stderr]   Downloaded native-tls v0.2.1
[INFO] [stderr]   Downloaded security-framework v0.2.1
[INFO] [stderr]   Downloaded schannel v0.1.13
[INFO] [stderr]   Downloaded openssl-sys v0.9.36
[INFO] [stderr]   Downloaded libflate v0.1.14
[INFO] [stderr]   Downloaded build_const v0.2.0
[INFO] [stderr]   Downloaded termcolor v0.3.6
[INFO] [stderr]   Downloaded httparse v1.2.4
[INFO] [stderr]   Downloaded wincolor v0.1.6
[INFO] [stderr]   Downloaded atty v0.2.8
[INFO] [stderr]   Downloaded env_logger v0.5.6
[INFO] [stderr]   Downloaded quick-error v1.2.1
[INFO] [stderr]   Downloaded humantime v1.1.1
[INFO] [stderr]   Downloaded base64 v0.9.0
[INFO] [stderr]   Downloaded proc-macro2 v0.4.19
[INFO] [stderr]   Downloaded chrono v0.4.0
[INFO] [stderr]   Downloaded hyper v0.12.10
[INFO] [stderr]   Downloaded idna v0.1.4
[INFO] [stderr]   Downloaded unicode-normalization v0.1.5
[INFO] [stderr]   Downloaded regex v0.2.10
[INFO] [stderr]   Downloaded regex-syntax v0.5.3
[INFO] [stderr]   Downloaded encoding_rs v0.8.6
[INFO] [stderr]   Downloaded openssl v0.10.12
[INFO] running `Command { std: "docker" "create" "-v" "/var/lib/crater-agent-workspace/builds/worker-5-tc2/source:/opt/rustwide/workdir:ro,Z" "-v" "/var/lib/crater-agent-workspace/builds/worker-5-tc2/target:/opt/rustwide/target:rw,Z" "-v" "/var/lib/crater-agent-workspace/cargo-home:/opt/rustwide/cargo-home:ro,Z" "-v" "/var/lib/crater-agent-workspace/rustup-home:/opt/rustwide/rustup-home:ro,Z" "-m" "1610612736" "--network" "none" "ghcr.io/rust-lang/crates-build-env/linux@sha256:77db811e55d90add9212f6832c23229e3de5f1c1f9905e8cb07319ea15df73ac" "sleep" "infinity", kill_on_drop: false }`
[INFO] [stdout] 5afd570074bcced5c3f42ee383d929afb6a149e23b93f7b33f9f5e0089c7a6df
[INFO] running `Command { std: "docker" "start" "5afd570074bcced5c3f42ee383d929afb6a149e23b93f7b33f9f5e0089c7a6df", kill_on_drop: false }`
[INFO] running `Command { std: "docker" "inspect" "5afd570074bcced5c3f42ee383d929afb6a149e23b93f7b33f9f5e0089c7a6df", kill_on_drop: false }`
[INFO] running `Command { std: "docker" "exec" "-e" "SOURCE_DIR=/opt/rustwide/workdir" "-e" "CARGO_HOME=/opt/rustwide/cargo-home" "-e" "RUSTUP_HOME=/opt/rustwide/rustup-home" "-e" "CARGO_TARGET_DIR=/opt/rustwide/target" "-w" "/opt/rustwide/workdir" "--user" "0:0" "5afd570074bcced5c3f42ee383d929afb6a149e23b93f7b33f9f5e0089c7a6df" "/opt/rustwide/cargo-home/bin/cargo" "+8773d2c75a8e90130dcce745a7ec4e66bb9963db" "metadata" "--no-deps" "--format-version=1", kill_on_drop: false }`
[INFO] running `Command { std: "docker" "inspect" "5afd570074bcced5c3f42ee383d929afb6a149e23b93f7b33f9f5e0089c7a6df", kill_on_drop: false }`
[INFO] running `Command { std: "docker" "exec" "-e" "SOURCE_DIR=/opt/rustwide/workdir" "-e" "CARGO_HOME=/opt/rustwide/cargo-home" "-e" "RUSTUP_HOME=/opt/rustwide/rustup-home" "-e" "CARGO_TARGET_DIR=/opt/rustwide/target" "-e" "CARGO_INCREMENTAL=0" "-e" "RUST_BACKTRACE=full" "-e" "RUSTFLAGS=--cap-lints=forbid -Aunfulfilled-lint-expectations" "-e" "RUSTDOCFLAGS=--cap-lints=forbid" "-w" "/opt/rustwide/workdir" "--user" "0:0" "5afd570074bcced5c3f42ee383d929afb6a149e23b93f7b33f9f5e0089c7a6df" "/opt/rustwide/cargo-home/bin/cargo" "+8773d2c75a8e90130dcce745a7ec4e66bb9963db" "check" "--frozen" "--all" "--all-targets" "--message-format=json", kill_on_drop: false }`
[INFO] [stderr] warning: Cargo.toml: `package.edition` is unspecified, defaulting to `2015` while the latest is `2024`
[INFO] [stderr] warning: `package.homepage` is redundant with `package.repository`
[INFO] [stderr]   --> Cargo.toml:13:12
[INFO] [stderr]    |
[INFO] [stderr] 13 | homepage = "https://github.com/badboy/dnsoverhttps"
[INFO] [stderr]    |            ^^^^^^^^^^^^^^^^^^^^^^^^^^^^^^^^^^^^^^^^
[INFO] [stderr] ...
[INFO] [stderr] 18 | repository = "https://github.com/badboy/dnsoverhttps"
[INFO] [stderr]    |              ----------------------------------------
[INFO] [stderr]    |
[INFO] [stderr]    = note: `cargo::redundant_homepage` is set to `warn` by default
[INFO] [stderr] help: consider removing `package.homepage`
[INFO] [stderr] warning: `dnsoverhttps` (manifest) generated 2 warnings
[INFO] [stderr]     Checking cfg-if v0.1.2
[INFO] [stderr]    Compiling cc v1.0.4
[INFO] [stderr]     Checking byteorder v1.2.1
[INFO] [stderr]    Compiling version_check v0.1.3
[INFO] [stderr]     Checking lazy_static v1.0.0
[INFO] [stderr]     Checking lazycell v1.2.0
[INFO] [stderr]    Compiling winapi-build v0.1.1
[INFO] [stderr]    Compiling pkg-config v0.3.9
[INFO] [stderr]    Compiling rand v0.4.2
[INFO] [stderr]     Checking log v0.4.5
[INFO] [stderr]     Checking net2 v0.2.33
[INFO] [stderr]     Checking crossbeam-epoch v0.5.2
[INFO] [stderr]     Checking bytes v0.4.10
[INFO] [stderr]    Compiling dbghelp-sys v0.2.0
[INFO] [stderr]     Checking crossbeam-deque v0.6.1
[INFO] [stderr]    Compiling unicase v1.4.2
[INFO] [stderr]    Compiling siphasher v0.2.2
[INFO] [stderr]     Checking mio v0.6.16
[INFO] [stderr]     Checking matches v0.1.6
[INFO] [stderr]     Checking num-traits v0.1.42
[INFO] [stderr]    Compiling proc-macro2 v0.4.19
[INFO] [stderr]    Compiling phf_shared v0.7.21
[INFO] [stderr]     Checking unicode-bidi v0.3.4
[INFO] [stderr]     Checking tokio-threadpool v0.1.6
[INFO] [stderr]     Checking tokio-io v0.1.8
[INFO] [stderr]    Compiling kernel32-sys v0.2.2
[INFO] [stderr]     Checking rustc-demangle v0.1.5
[INFO] [stderr]    Compiling openssl-sys v0.9.36
[INFO] [stderr]    Compiling backtrace-sys v0.1.16
[INFO] [stderr]    Compiling rand v0.3.22
[INFO] [stderr]     Checking winapi v0.2.8
[INFO] [stderr]     Checking unicode-normalization v0.1.5
[INFO] [stderr]    Compiling phf_generator v0.7.21
[INFO] [stderr]     Checking tokio-codec v0.1.0
[INFO] [stderr]    Compiling unicase v2.1.0
[INFO] [stderr]     Checking tokio-fs v0.1.3
[INFO] [stderr]     Checking tokio-reactor v0.1.3
[INFO] [stderr]     Checking mio-uds v0.6.7
[INFO] [stderr]     Checking time v0.1.39
[INFO] [stderr]    Compiling build_const v0.2.0
[INFO] [stderr]    Compiling proc-macro-hack-impl v0.4.0
[INFO] [stderr] warning: openssl-sys@0.9.36: /opt/rustwide/target/debug/build/openssl-sys/3b03fae1b78e4fde/out/expando.c:4:24: error: pasting "RUST_VERSION_OPENSSL_" and "(" does not give a valid preprocessing token
[INFO] [stderr] warning: openssl-sys@0.9.36:     4 | #define VERSION2(n, v) RUST_VERSION_ ## n ## _ ## v
[INFO] [stderr] warning: openssl-sys@0.9.36:       |                        ^~~~~~~~~~~~~
[INFO] [stderr] warning: openssl-sys@0.9.36: /opt/rustwide/target/debug/build/openssl-sys/3b03fae1b78e4fde/out/expando.c:5:23: note: in expansion of macro 'VERSION2'
[INFO] [stderr] warning: openssl-sys@0.9.36:     5 | #define VERSION(n, v) VERSION2(n, v)
[INFO] [stderr] warning: openssl-sys@0.9.36:       |                       ^~~~~~~~
[INFO] [stderr] warning: openssl-sys@0.9.36: /opt/rustwide/target/debug/build/openssl-sys/3b03fae1b78e4fde/out/expando.c:7:1: note: in expansion of macro 'VERSION'
[INFO] [stderr] warning: openssl-sys@0.9.36:     7 | VERSION(OPENSSL, OPENSSL_VERSION_NUMBER)
[INFO] [stderr] warning: openssl-sys@0.9.36:       | ^~~~~~~
[INFO] [stderr] error: failed to run custom build command for `openssl-sys v0.9.36`
[INFO] [stderr] note: To improve backtraces for build dependencies, set the CARGO_PROFILE_DEV_BUILD_OVERRIDE_DEBUG=true environment variable to enable debug information generation.
[INFO] [stderr] 
[INFO] [stderr] Caused by:
[INFO] [stderr]   process didn't exit successfully: `/opt/rustwide/target/debug/build/openssl-sys/a0433d4e3e90b959/out/build_script_main` (exit status: 101)
[INFO] [stderr]   --- stdout
[INFO] [stderr]   cargo:rerun-if-env-changed=X86_64_UNKNOWN_LINUX_GNU_OPENSSL_LIB_DIR
[INFO] [stderr]   cargo:rerun-if-env-changed=OPENSSL_LIB_DIR
[INFO] [stderr]   cargo:rerun-if-env-changed=X86_64_UNKNOWN_LINUX_GNU_OPENSSL_INCLUDE_DIR
[INFO] [stderr]   cargo:rerun-if-env-changed=OPENSSL_INCLUDE_DIR
[INFO] [stderr]   cargo:rerun-if-env-changed=X86_64_UNKNOWN_LINUX_GNU_OPENSSL_DIR
[INFO] [stderr]   cargo:rerun-if-env-changed=OPENSSL_DIR
[INFO] [stderr]   cargo:rustc-link-lib=ssl
[INFO] [stderr]   cargo:rustc-link-lib=crypto
[INFO] [stderr]   OPT_LEVEL = Some("0")
[INFO] [stderr]   TARGET = Some("x86_64-unknown-linux-gnu")
[INFO] [stderr]   HOST = Some("x86_64-unknown-linux-gnu")
[INFO] [stderr]   TARGET = Some("x86_64-unknown-linux-gnu")
[INFO] [stderr]   TARGET = Some("x86_64-unknown-linux-gnu")
[INFO] [stderr]   HOST = Some("x86_64-unknown-linux-gnu")
[INFO] [stderr]   CC_x86_64-unknown-linux-gnu = None
[INFO] [stderr]   CC_x86_64_unknown_linux_gnu = None
[INFO] [stderr]   HOST_CC = None
[INFO] [stderr]   CC = None
[INFO] [stderr]   HOST = Some("x86_64-unknown-linux-gnu")
[INFO] [stderr]   TARGET = Some("x86_64-unknown-linux-gnu")
[INFO] [stderr]   HOST = Some("x86_64-unknown-linux-gnu")
[INFO] [stderr]   CFLAGS_x86_64-unknown-linux-gnu = None
[INFO] [stderr]   CFLAGS_x86_64_unknown_linux_gnu = None
[INFO] [stderr]   HOST_CFLAGS = None
[INFO] [stderr]   CFLAGS = None
[INFO] [stderr]   DEBUG = Some("true")
[INFO] [stderr]   running: "cc" "-O0" "-ffunction-sections" "-fdata-sections" "-fPIC" "-g" "-m64" "-Wall" "-Wextra" "-E" "/opt/rustwide/target/debug/build/openssl-sys/3b03fae1b78e4fde/out/expando.c"
[INFO] [stderr]   cargo:warning=/opt/rustwide/target/debug/build/openssl-sys/3b03fae1b78e4fde/out/expando.c:4:24: error: pasting "RUST_VERSION_OPENSSL_" and "(" does not give a valid preprocessing token
[INFO] [stderr]   cargo:warning=    4 | #define VERSION2(n, v) RUST_VERSION_ ## n ## _ ## v
[INFO] [stderr]   cargo:warning=      |                        ^~~~~~~~~~~~~
[INFO] [stderr]   cargo:warning=/opt/rustwide/target/debug/build/openssl-sys/3b03fae1b78e4fde/out/expando.c:5:23: note: in expansion of macro 'VERSION2'
[INFO] [stderr]   cargo:warning=    5 | #define VERSION(n, v) VERSION2(n, v)
[INFO] [stderr]   cargo:warning=      |                       ^~~~~~~~
[INFO] [stderr]   cargo:warning=/opt/rustwide/target/debug/build/openssl-sys/3b03fae1b78e4fde/out/expando.c:7:1: note: in expansion of macro 'VERSION'
[INFO] [stderr]   cargo:warning=    7 | VERSION(OPENSSL, OPENSSL_VERSION_NUMBER)
[INFO] [stderr]   cargo:warning=      | ^~~~~~~
[INFO] [stderr]   exit status: 1
[INFO] [stderr] 
[INFO] [stderr]   --- stderr
[INFO] [stderr] 
[INFO] [stderr]   thread 'main' (494) panicked at /opt/rustwide/cargo-home/registry/src/index.crates.io-1949cf8c6b5b557f/openssl-sys-0.9.36/build/main.rs:428:13:
[INFO] [stderr] 
[INFO] [stderr]   Header expansion error:
[INFO] [stderr]   Error { kind: ToolExecError, message: "Command \"cc\" \"-O0\" \"-ffunction-sections\" \"-fdata-sections\" \"-fPIC\" \"-g\" \"-m64\" \"-Wall\" \"-Wextra\" \"-E\" \"/opt/rustwide/target/debug/build/openssl-sys/3b03fae1b78e4fde/out/expando.c\" with args \"cc\" did not execute successfully (status code exit status: 1)." }
[INFO] [stderr] 
[INFO] [stderr]   Failed to find OpenSSL development headers.
[INFO] [stderr] 
[INFO] [stderr]   You can try fixing this setting the `OPENSSL_DIR` environment variable
[INFO] [stderr]   pointing to your OpenSSL installation or installing OpenSSL headers package
[INFO] [stderr]   specific to your distribution:
[INFO] [stderr] 
[INFO] [stderr]       # On Ubuntu
[INFO] [stderr]       sudo apt-get install libssl-dev
[INFO] [stderr]       # On Arch Linux
[INFO] [stderr]       sudo pacman -S openssl
[INFO] [stderr]       # On Fedora
[INFO] [stderr]       sudo dnf install openssl-devel
[INFO] [stderr] 
[INFO] [stderr]   See rust-openssl README for more information:
[INFO] [stderr] 
[INFO] [stderr]       https://github.com/sfackler/rust-openssl#linux
[INFO] [stderr] 
[INFO] [stderr]   stack backtrace:
[INFO] [stderr]      0:     0x653c08ec9861 - std[70848e31ef396c88]::backtrace_rs::backtrace::libunwind::trace
[INFO] [stderr]                                  at /rustc/8773d2c75a8e90130dcce745a7ec4e66bb9963db/library/std/src/../../backtrace/src/backtrace/libunwind.rs:117:9
[INFO] [stderr]      1:     0x653c08ec9861 - std[70848e31ef396c88]::backtrace_rs::backtrace::trace_unsynchronized::<std[70848e31ef396c88]::sys::backtrace::_print_fmt::{closure#1}>
[INFO] [stderr]                                  at /rustc/8773d2c75a8e90130dcce745a7ec4e66bb9963db/library/std/src/../../backtrace/src/backtrace/mod.rs:66:14
[INFO] [stderr]      2:     0x653c08ec9861 - std[70848e31ef396c88]::sys::backtrace::_print_fmt
[INFO] [stderr]                                  at /rustc/8773d2c75a8e90130dcce745a7ec4e66bb9963db/library/std/src/sys/backtrace.rs:74:9
[INFO] [stderr]      3:     0x653c08ec9861 - <<std[70848e31ef396c88]::sys::backtrace::BacktraceLock>::print::DisplayBacktrace as core[c8b5ded6587d6b11]::fmt::Display>::fmt
[INFO] [stderr]                                  at /rustc/8773d2c75a8e90130dcce745a7ec4e66bb9963db/library/std/src/sys/backtrace.rs:44:26
[INFO] [stderr]      4:     0x653c08edddaa - <core[c8b5ded6587d6b11]::fmt::rt::Argument>::fmt
[INFO] [stderr]                                  at /rustc/8773d2c75a8e90130dcce745a7ec4e66bb9963db/library/core/src/fmt/rt.rs:152:76
[INFO] [stderr]      5:     0x653c08edddaa - core[c8b5ded6587d6b11]::fmt::write
[INFO] [stderr]      6:     0x653c08ecf5dc - core[c8b5ded6587d6b11]::io::write::default_write_fmt::<std[70848e31ef396c88]::sys::stdio::unix::Stderr>
[INFO] [stderr]                                  at /rustc/8773d2c75a8e90130dcce745a7ec4e66bb9963db/library/core/src/io/write.rs:402:11
[INFO] [stderr]      7:     0x653c08ecf5dc - <std[70848e31ef396c88]::sys::stdio::unix::Stderr as core[c8b5ded6587d6b11]::io::write::Write>::write_fmt
[INFO] [stderr]                                  at /rustc/8773d2c75a8e90130dcce745a7ec4e66bb9963db/library/core/src/io/write.rs:335:13
[INFO] [stderr]      8:     0x653c08ea8dd6 - <std[70848e31ef396c88]::sys::backtrace::BacktraceLock>::print
[INFO] [stderr]                                  at /rustc/8773d2c75a8e90130dcce745a7ec4e66bb9963db/library/std/src/sys/backtrace.rs:47:9
[INFO] [stderr]      9:     0x653c08ea8dd6 - std[70848e31ef396c88]::panicking::default_hook::{closure#0}
[INFO] [stderr]                                  at /rustc/8773d2c75a8e90130dcce745a7ec4e66bb9963db/library/std/src/panicking.rs:289:27
[INFO] [stderr]     10:     0x653c08ec43d1 - std[70848e31ef396c88]::panicking::default_hook
[INFO] [stderr]                                  at /rustc/8773d2c75a8e90130dcce745a7ec4e66bb9963db/library/std/src/panicking.rs:316:9
[INFO] [stderr]     11:     0x653c08ec458b - std[70848e31ef396c88]::panicking::panic_with_hook
[INFO] [stderr]                                  at /rustc/8773d2c75a8e90130dcce745a7ec4e66bb9963db/library/std/src/panicking.rs:811:13
[INFO] [stderr]     12:     0x653c08ea8e82 - std[70848e31ef396c88]::panicking::panic_handler::{closure#0}
[INFO] [stderr]                                  at /rustc/8773d2c75a8e90130dcce745a7ec4e66bb9963db/library/std/src/panicking.rs:685:13
[INFO] [stderr]     13:     0x653c08ea2a99 - std[70848e31ef396c88]::sys::backtrace::__rust_end_short_backtrace::<std[70848e31ef396c88]::panicking::panic_handler::{closure#0}, !>
[INFO] [stderr]                                  at /rustc/8773d2c75a8e90130dcce745a7ec4e66bb9963db/library/std/src/sys/backtrace.rs:182:18
[INFO] [stderr]     14:     0x653c08ea975d - __rustc[3ae3e1263b90db6]::rust_begin_unwind
[INFO] [stderr]                                  at /rustc/8773d2c75a8e90130dcce745a7ec4e66bb9963db/library/std/src/panicking.rs:676:5
[INFO] [stderr]     15:     0x653c08ede57c - core[c8b5ded6587d6b11]::panicking::panic_fmt
[INFO] [stderr]                                  at /rustc/8773d2c75a8e90130dcce745a7ec4e66bb9963db/library/core/src/panicking.rs:80:14
[INFO] [stderr]     16:     0x653c08e63429 - build_script_main[66b0ca5df4c037e]::validate_headers
[INFO] [stderr]     17:     0x653c08e58b63 - build_script_main[66b0ca5df4c037e]::imp::try_pkg_config
[INFO] [stderr]     18:     0x653c08e58f28 - build_script_main[66b0ca5df4c037e]::imp::find_openssl_dir
[INFO] [stderr]     19:     0x653c08e56d17 - build_script_main[66b0ca5df4c037e]::imp::get_openssl::{closure#0}
[INFO] [stderr]     20:     0x653c08e5af50 - <core[c8b5ded6587d6b11]::option::Option<std[70848e31ef396c88]::ffi::os_str::OsString>>::unwrap_or_else::<build_script_main[66b0ca5df4c037e]::imp::get_openssl::{closure#0}>
[INFO] [stderr]     21:     0x653c08e5845f - build_script_main[66b0ca5df4c037e]::imp::get_openssl
[INFO] [stderr]     22:     0x653c08e63bc4 - build_script_main[66b0ca5df4c037e]::main
[INFO] [stderr]     23:     0x653c08e5ab1b - <fn() as core[c8b5ded6587d6b11]::ops::function::FnOnce<()>>::call_once
[INFO] [stderr]     24:     0x653c08e5b876 - std[70848e31ef396c88]::sys::backtrace::__rust_begin_short_backtrace::<fn(), ()>
[INFO] [stderr]     25:     0x653c08e5bbd9 - std[70848e31ef396c88]::rt::lang_start::<()>::{closure#0}
[INFO] [stderr]     26:     0x653c08ec37d8 - <&dyn core[c8b5ded6587d6b11]::ops::function::Fn<(), Output = i32> + core[c8b5ded6587d6b11]::marker::Sync + core[c8b5ded6587d6b11]::panic::unwind_safe::RefUnwindSafe as core[c8b5ded6587d6b11]::ops::function::FnOnce<()>>::call_once
[INFO] [stderr]                                  at /rustc/8773d2c75a8e90130dcce745a7ec4e66bb9963db/library/core/src/ops/function.rs:287:21
[INFO] [stderr]     27:     0x653c08ec37d8 - std[70848e31ef396c88]::panicking::catch_unwind::do_call::<&dyn core[c8b5ded6587d6b11]::ops::function::Fn<(), Output = i32> + core[c8b5ded6587d6b11]::marker::Sync + core[c8b5ded6587d6b11]::panic::unwind_safe::RefUnwindSafe, i32>
[INFO] [stderr]                                  at /rustc/8773d2c75a8e90130dcce745a7ec4e66bb9963db/library/std/src/panicking.rs:573:43
[INFO] [stderr]     28:     0x653c08ec37d8 - std[70848e31ef396c88]::panicking::catch_unwind::<i32, &dyn core[c8b5ded6587d6b11]::ops::function::Fn<(), Output = i32> + core[c8b5ded6587d6b11]::marker::Sync + core[c8b5ded6587d6b11]::panic::unwind_safe::RefUnwindSafe>
[INFO] [stderr]                                  at /rustc/8773d2c75a8e90130dcce745a7ec4e66bb9963db/library/std/src/panicking.rs:541:19
[INFO] [stderr]     29:     0x653c08ec37d8 - std[70848e31ef396c88]::panic::catch_unwind::<&dyn core[c8b5ded6587d6b11]::ops::function::Fn<(), Output = i32> + core[c8b5ded6587d6b11]::marker::Sync + core[c8b5ded6587d6b11]::panic::unwind_safe::RefUnwindSafe, i32>
[INFO] [stderr]                                  at /rustc/8773d2c75a8e90130dcce745a7ec4e66bb9963db/library/std/src/panic.rs:359:14
[INFO] [stderr]     30:     0x653c08ec37d8 - std[70848e31ef396c88]::rt::lang_start_internal::{closure#0}
[INFO] [stderr]                                  at /rustc/8773d2c75a8e90130dcce745a7ec4e66bb9963db/library/std/src/rt.rs:175:24
[INFO] [stderr]     31:     0x653c08ec37d8 - std[70848e31ef396c88]::panicking::catch_unwind::do_call::<std[70848e31ef396c88]::rt::lang_start_internal::{closure#0}, isize>
[INFO] [stderr]                                  at /rustc/8773d2c75a8e90130dcce745a7ec4e66bb9963db/library/std/src/panicking.rs:573:43
[INFO] [stderr]     32:     0x653c08ec37d8 - std[70848e31ef396c88]::panicking::catch_unwind::<isize, std[70848e31ef396c88]::rt::lang_start_internal::{closure#0}>
[INFO] [stderr]                                  at /rustc/8773d2c75a8e90130dcce745a7ec4e66bb9963db/library/std/src/panicking.rs:541:19
[INFO] [stderr]     33:     0x653c08ec37d8 - std[70848e31ef396c88]::panic::catch_unwind::<std[70848e31ef396c88]::rt::lang_start_internal::{closure#0}, isize>
[INFO] [stderr]                                  at /rustc/8773d2c75a8e90130dcce745a7ec4e66bb9963db/library/std/src/panic.rs:359:14
[INFO] [stderr]     34:     0x653c08ec37d8 - std[70848e31ef396c88]::rt::lang_start_internal
[INFO] [stderr]                                  at /rustc/8773d2c75a8e90130dcce745a7ec4e66bb9963db/library/std/src/rt.rs:171:5
[INFO] [stderr]     35:     0x653c08e5b6e1 - std[70848e31ef396c88]::rt::lang_start::<()>
[INFO] [stderr]     36:     0x653c08e65b95 - main
[INFO] [stderr]     37:     0x71e1700a7601 - <unknown>
[INFO] [stderr]     38:     0x71e1700a7718 - __libc_start_main
[INFO] [stderr]     39:     0x653c08e54685 - _start
[INFO] [stderr]     40:                0x0 - <unknown>
[INFO] [stderr] warning: build failed, waiting for other jobs to finish...
[INFO] running `Command { std: "docker" "inspect" "5afd570074bcced5c3f42ee383d929afb6a149e23b93f7b33f9f5e0089c7a6df", kill_on_drop: false }`
[INFO] running `Command { std: "docker" "rm" "-f" "5afd570074bcced5c3f42ee383d929afb6a149e23b93f7b33f9f5e0089c7a6df", kill_on_drop: false }`
[INFO] [stdout] 5afd570074bcced5c3f42ee383d929afb6a149e23b93f7b33f9f5e0089c7a6df
