[INFO] cloning repository https://github.com/arceos-hypervisor/arceos-umhv
[INFO] running `Command { std: "git" "-c" "credential.helper=" "-c" "credential.helper=/workspace/cargo-home/bin/git-credential-null" "clone" "--bare" "https://github.com/arceos-hypervisor/arceos-umhv" "/workspace/cache/git-repos/https%3A%2F%2Fgithub.com%2Farceos-hypervisor%2Farceos-umhv", kill_on_drop: false }`
[INFO] [stderr] Cloning into bare repository '/workspace/cache/git-repos/https%3A%2F%2Fgithub.com%2Farceos-hypervisor%2Farceos-umhv'...
[INFO] running `Command { std: "git" "rev-parse" "HEAD", kill_on_drop: false }`
[INFO] [stdout] c10f8b7b0d6625249915be29192a1f74022d52d7
[INFO] checking arceos-hypervisor/arceos-umhv against 8773d2c75a8e90130dcce745a7ec4e66bb9963db+rustflags=-Aunfulfilled-lint-expectations for pr-163637
[INFO] running `Command { std: "git" "clone" "/workspace/cache/git-repos/https%3A%2F%2Fgithub.com%2Farceos-hypervisor%2Farceos-umhv" "/workspace/builds/worker-0-tc2/source", kill_on_drop: false }`
[INFO] [stderr] Cloning into '/workspace/builds/worker-0-tc2/source'...
[INFO] [stderr] done.
[INFO] removed /workspace/builds/worker-0-tc2/source/.cargo/config.toml
[INFO] removed /workspace/builds/worker-0-tc2/source/rust-toolchain.toml
[INFO] started tweaking git repo https://github.com/arceos-hypervisor/arceos-umhv
[INFO] finished tweaking git repo https://github.com/arceos-hypervisor/arceos-umhv
[INFO] tweaked toml for git repo https://github.com/arceos-hypervisor/arceos-umhv written to /workspace/builds/worker-0-tc2/source/Cargo.toml
[INFO] validating manifest of git repo https://github.com/arceos-hypervisor/arceos-umhv on toolchain 8773d2c75a8e90130dcce745a7ec4e66bb9963db
[INFO] running `Command { std: CARGO_HOME="/workspace/cargo-home" RUSTUP_HOME="/workspace/rustup-home" "/workspace/cargo-home/bin/cargo" "+8773d2c75a8e90130dcce745a7ec4e66bb9963db" "metadata" "--manifest-path" "Cargo.toml" "--no-deps", kill_on_drop: false }`
[INFO] crate git repo https://github.com/arceos-hypervisor/arceos-umhv already has a lockfile, it will not be regenerated
[INFO] running `Command { std: CARGO_HOME="/workspace/cargo-home" RUSTUP_HOME="/workspace/rustup-home" "/workspace/cargo-home/bin/cargo" "+8773d2c75a8e90130dcce745a7ec4e66bb9963db" "fetch" "--manifest-path" "Cargo.toml", kill_on_drop: false }`
[INFO] [stderr] warning: `package.homepage` is redundant with `package.repository`
[INFO] [stderr]   --> Cargo.toml:32:12
[INFO] [stderr]    |
[INFO] [stderr] 32 | homepage = "https://github.com/arceos-hypervisor/axvisor"
[INFO] [stderr]    |            ^^^^^^^^^^^^^^^^^^^^^^^^^^^^^^^^^^^^^^^^^^^^^^
[INFO] [stderr] ...
[INFO] [stderr] 38 | repository = "https://github.com/arceos-hypervisor/axvisor"
[INFO] [stderr]    |              ----------------------------------------------
[INFO] [stderr]    |
[INFO] [stderr]    = note: `cargo::redundant_homepage` is set to `warn` by default
[INFO] [stderr] help: consider removing `package.homepage`
[INFO] [stderr] warning: `axvisor` (manifest) generated 1 warning
[INFO] [stderr]     Blocking waiting for file lock on package cache
[INFO] [stderr]     Blocking waiting for file lock on package cache
[INFO] [stderr]  Downloading crates ...
[INFO] [stderr]   Downloaded toml_writer v1.0.6+spec-1.1.0
[INFO] [stderr]   Downloaded serde_spanned v1.0.4
[INFO] [stderr]   Downloaded tokio-macros v2.6.1
[INFO] [stderr]   Downloaded wasm-bindgen-futures v0.4.64
[INFO] [stderr]   Downloaded toml v0.9.12+spec-1.1.0
[INFO] [stderr]   Downloaded xattr v1.6.1
[INFO] [stderr]   Downloaded fdt-parser v0.4.18
[INFO] [stderr]   Downloaded ref-cast v1.0.25
[INFO] [stderr]   Downloaded rustls-pki-types v1.14.0
[INFO] [stderr]   Downloaded zerocopy-derive v0.8.42
[INFO] [stderr]   Downloaded smccc v0.2.2
[INFO] [stderr]   Downloaded kspin v0.1.1
[INFO] [stderr]   Downloaded aarch64-cpu-ext v0.1.4
[INFO] [stderr]   Downloaded aarch64-cpu v10.0.0
[INFO] [stderr]   Downloaded schemars v1.2.1
[INFO] [stderr]   Downloaded ref-cast-impl v1.0.25
[INFO] [stderr]   Downloaded rustls-webpki v0.103.9
[INFO] [stderr]   Downloaded timer_list v0.1.0
[INFO] [stderr]   Downloaded crate_interface v0.1.4
[INFO] [stderr]   Downloaded bare-test-macros v0.2.0
[INFO] [stderr]   Downloaded as-any v0.3.2
[INFO] [stderr]   Downloaded rk3568_clk v0.1.0
[INFO] [stderr]   Downloaded dunce v1.0.5
[INFO] [stderr]   Downloaded tar v0.4.44
[INFO] [stderr]   Downloaded tock-registers v0.10.1
[INFO] [stderr]   Downloaded arm_pl011 v0.1.0
[INFO] [stderr]   Downloaded cmake v0.1.57
[INFO] [stderr]   Downloaded rdif-pcie v0.2.0
[INFO] [stderr]   Downloaded fdt-edit v0.2.3
[INFO] [stderr]   Downloaded iri-string v0.7.10
[INFO] [stderr]   Downloaded fdt-raw v0.3.0
[INFO] [stderr]   Downloaded tock-registers v0.9.0
[INFO] [stderr]   Downloaded rk3588-clk v0.1.3
[INFO] [stderr]   Downloaded aws-lc-rs v1.16.1
[INFO] [stderr]   Downloaded rustls-platform-verifier v0.6.2
[INFO] [stderr]   Downloaded svgbobdoc v0.3.0
[INFO] [stderr]   Downloaded const-default v1.0.0
[INFO] [stderr]   Downloaded percpu_macros v0.2.3-preview.1
[INFO] [stderr]   Downloaded ureq v3.2.0
[INFO] [stderr]   Downloaded libredox v0.1.14
[INFO] [stderr]   Downloaded pcie v0.6.0
[INFO] [stderr]   Downloaded rdif-clk v0.5.0
[INFO] [stderr]   Downloaded rlsf v0.2.2
[INFO] [stderr]   Downloaded dma-api v0.2.2
[INFO] [stderr]   Downloaded pcie v0.5.0
[INFO] [stderr]   Downloaded kernel_guard v0.1.3
[INFO] [stderr]   Downloaded tock-registers v0.8.1
[INFO] [stderr]   Downloaded reqwest v0.13.2
[INFO] [stderr]   Downloaded rustls v0.23.37
[INFO] [stderr]   Downloaded zerocopy v0.8.42
[INFO] [stderr]   Downloaded rdrive v0.20.0
[INFO] [stderr]   Downloaded rdif-block v0.7.0
[INFO] [stderr]   Downloaded page_table_multiarch v0.6.1
[INFO] [stderr]   Downloaded memory_addr v0.4.1
[INFO] [stderr]   Downloaded aarch64-cpu v11.2.0
[INFO] [stderr]   Downloaded axerrno v0.1.2
[INFO] [stderr]   Downloaded colored v3.1.1
[INFO] [stderr]   Downloaded libudev v0.3.0
[INFO] [stderr]   Downloaded cursive v0.21.1
[INFO] [stderr]   Downloaded tokio v1.50.0
[INFO] [stderr]   Downloaded redox_syscall v0.7.3
[INFO] [stderr]   Downloaded schemars_derive v1.2.1
[INFO] [stderr]   Downloaded rdif-base v0.7.0
[INFO] [stderr]   Downloaded webpki-roots v1.0.6
[INFO] [stderr]   Downloaded rdif-def v0.2.2
[INFO] [stderr]   Downloaded dma-api v0.5.2
[INFO] [stderr]   Downloaded x86_64 v0.15.4
[INFO] [stderr]   Downloaded volatile v0.4.6
[INFO] [stderr]   Downloaded rdif-base v0.8.0
[INFO] [stderr]   Downloaded rd-block v0.1.1
[INFO] [stderr]   Downloaded riscv-macros v0.4.0
[INFO] [stderr]   Downloaded const_fn v0.4.12
[INFO] [stderr]   Downloaded uboot-shell v0.2.2
[INFO] [stderr]   Downloaded unescaper v0.1.8
[INFO] [stderr]   Downloaded twox-hash v2.1.2
[INFO] [stderr]   Downloaded rdrive-macros v0.4.1
[INFO] [stderr]   Downloaded rockchip-pm v0.4.1
[INFO] [stderr]   Downloaded web-sys v0.3.91
[INFO] [stderr]   Downloaded ostool v0.8.11
[INFO] [stderr]   Downloaded enumset_derive v0.14.0
[INFO] [stderr]   Downloaded cursive-macros v0.1.0
[INFO] [stderr]   Downloaded pci_types v0.10.1
[INFO] [stderr]   Downloaded webpki-root-certs v1.0.6
[INFO] [stderr]   Downloaded ruzstd v0.8.2
[INFO] [stderr]   Downloaded enumset v1.1.10
[INFO] [stderr]   Downloaded rdif-intc v0.14.0
[INFO] [stderr]   Downloaded percpu v0.2.3-preview.1
[INFO] [stderr]   Downloaded cursive_core v0.4.6
[INFO] [stderr]   Downloaded quinn-proto v0.11.14
[INFO] [stderr]   Downloaded mmio-api v0.2.1
[INFO] [stderr]   Downloaded riscv v0.16.0
[INFO] [stderr]   Downloaded page_table_entry v0.6.1
[INFO] [stderr]   Downloaded serialport v4.7.3
[INFO] [stderr]   Downloaded enum-map v2.7.3
[INFO] [stderr]   Downloaded cargo-platform v0.3.2
[INFO] [stderr]   Downloaded dma-api v0.7.1
[INFO] [stderr]   Downloaded libz-sys v1.1.25
[INFO] [stderr]   Downloaded tftpd v0.5.1
[INFO] [stderr]   Downloaded enum-map-derive v0.17.0
[INFO] [stderr]   Downloaded arm_vgic v0.2.1
[INFO] [stderr]   Downloaded heapless v0.9.2
[INFO] [stderr]   Downloaded lzma-rs v0.3.0
[INFO] [stderr]   Downloaded network-interface v2.0.5
[INFO] [stderr]   Downloaded camino v1.2.2
[INFO] [stderr]   Downloaded riscv_plic v0.2.0
[INFO] [stderr]   Downloaded axallocator v0.2.0
[INFO] [stderr]   Downloaded lazyinit v0.2.2
[INFO] [stderr]   Downloaded riscv-pac v0.2.0
[INFO] [stderr]   Downloaded int_ratio v0.1.2
[INFO] [stderr]   Downloaded axplat-loongarch64-qemu-virt v0.3.1-pre.6
[INFO] [stderr]   Downloaded buddy_system_allocator v0.12.0
[INFO] [stderr]   Downloaded axconfig-macros v0.2.1
[INFO] [stderr]   Downloaded rdif-serial v0.6.0
[INFO] [stderr]   Downloaded num-align v0.1.0
[INFO] [stderr]   Downloaded enum_dispatch v0.3.13
[INFO] [stderr]   Downloaded env_logger v0.11.9
[INFO] [stderr]   Downloaded riscv-h v0.1.0
[INFO] [stderr]   Downloaded axmm v0.3.0-preview.3
[INFO] [stderr]   Downloaded somehal v0.6.3
[INFO] [stderr]   Downloaded lenient_semver v0.4.2
[INFO] [stderr]   Downloaded axfs_vfs v0.1.2
[INFO] [stderr]   Downloaded ctor_bare_macros v0.2.1
[INFO] [stderr]   Downloaded spin_on v0.1.1
[INFO] [stderr]   Downloaded riscv-types v0.1.0
[INFO] [stderr]   Downloaded riscv_vplic v0.2.1
[INFO] [stderr]   Downloaded cargo_metadata v0.23.1
[INFO] [stderr]   Downloaded numeric-enum-macro v0.2.0
[INFO] [stderr]   Downloaded axpoll v0.1.2
[INFO] [stderr]   Downloaded ctor_bare v0.2.1
[INFO] [stderr]   Downloaded extern-trait-impl v0.4.1
[INFO] [stderr]   Downloaded memory_set v0.4.1
[INFO] [stderr]   Downloaded cap_access v0.1.0
[INFO] [stderr]   Downloaded axvmconfig v0.2.2
[INFO] [stderr]   Downloaded axdevice_base v0.2.1
[INFO] [stderr]   Downloaded sbi-spec v0.0.7
[INFO] [stderr]   Downloaded arm_pl031 v0.2.1
[INFO] [stderr]   Downloaded riscv-macros v0.2.0
[INFO] [stderr]   Downloaded axplat-aarch64-peripherals v0.3.1-pre.6
[INFO] [stderr]   Downloaded axfs_ramfs v0.1.2
[INFO] [stderr]   Downloaded arceos_api v0.3.0-preview.3
[INFO] [stderr]   Downloaded bitmaps v3.2.1
[INFO] [stderr]   Downloaded riscv-decode v0.2.3
[INFO] [stderr]   Downloaded spinning_top v0.2.5
[INFO] [stderr]   Downloaded extern-trait v0.4.1
[INFO] [stderr]   Downloaded virtio-drivers v0.7.5
[INFO] [stderr]   Downloaded ureq-proto v0.5.3
[INFO] [stderr]   Downloaded somehal-macros v0.1.2
[INFO] [stderr]   Downloaded axhvc v0.2.0
[INFO] [stderr]   Downloaded toml_datetime v1.0.0+spec-1.1.0
[INFO] [stderr]   Downloaded x86_vcpu v0.2.2
[INFO] [stderr]   Downloaded axstd v0.3.0-preview.3
[INFO] [stderr]   Downloaded axplat-x86-qemu-q35 v0.2.0
[INFO] [stderr]   Downloaded x86_vlapic v0.2.1
[INFO] [stderr]   Downloaded riscv v0.14.0
[INFO] [stderr]   Downloaded aarch64_sysreg v0.1.1
[INFO] [stderr]   Downloaded axalloc v0.3.0-preview.3
[INFO] [stderr]   Downloaded arm-gic-driver v0.16.4
[INFO] [stderr]   Downloaded axerrno v0.2.2
[INFO] [stderr]   Downloaded enumerable v1.2.0
[INFO] [stderr]   Downloaded axvisor_api v0.1.0
[INFO] [stderr]   Downloaded sbi-rt v0.0.3
[INFO] [stderr]   Downloaded axio v0.3.0-pre.1
[INFO] [stderr]   Downloaded range-alloc-arceos v0.1.4
[INFO] [stderr]   Downloaded axfs v0.3.0-preview.3
[INFO] [stderr]   Downloaded env_filter v1.0.0
[INFO] [stderr]   Downloaded jiff-static v0.2.23
[INFO] [stderr]   Downloaded utf8-width v0.1.8
[INFO] [stderr]   Downloaded cpumask v0.1.0
[INFO] [stderr]   Downloaded axvm v0.2.3
[INFO] [stderr]   Downloaded bit v0.1.1
[INFO] [stderr]   Downloaded axaddrspace v0.1.5
[INFO] [stderr]   Downloaded axsched v0.3.1
[INFO] [stderr]   Downloaded lenient_semver_version_builder v0.4.2
[INFO] [stderr]   Downloaded axconfig v0.3.0-preview.3
[INFO] [stderr]   Downloaded jkconfig v0.1.6
[INFO] [stderr]   Downloaded rust_decimal v1.40.0
[INFO] [stderr]   Downloaded riscv_vcpu v0.2.2
[INFO] [stderr]   Downloaded linkme v0.3.35
[INFO] [stderr]   Downloaded axbacktrace v0.1.2
[INFO] [stderr]   Downloaded axfatfs v0.1.0-pre.0
[INFO] [stderr]   Downloaded fitimage v0.1.2
[INFO] [stderr]   Downloaded device_tree v1.1.0
[INFO] [stderr]   Downloaded borsh-derive v1.6.0
[INFO] [stderr]   Downloaded rustsbi-macros v0.0.2
[INFO] [stderr]   Downloaded uart_16550 v0.4.0
[INFO] [stderr]   Downloaded uefi-macros v0.19.0
[INFO] [stderr]   Downloaded ansi_rgb v0.2.0
[INFO] [stderr]   Downloaded axfs_devfs v0.1.2
[INFO] [stderr]   Downloaded riscv-h v0.2.0
[INFO] [stderr]   Downloaded axplat-x86-pc v0.3.1-pre.6
[INFO] [stderr]   Downloaded handler_table v0.1.2
[INFO] [stderr]   Downloaded crate_interface v0.3.0
[INFO] [stderr]   Downloaded ptr_meta v0.3.1
[INFO] [stderr]   Downloaded ptr_meta_derive v0.3.1
[INFO] [stderr]   Downloaded some-serial v0.3.1
[INFO] [stderr]   Downloaded console v0.16.2
[INFO] [stderr]   Downloaded enumerable_derive v1.2.0
[INFO] [stderr]   Downloaded rustsbi v0.4.0
[INFO] [stderr]   Downloaded linkme-impl v0.3.35
[INFO] [stderr]   Downloaded multiboot v0.8.0
[INFO] [stderr]   Downloaded kernutil v0.2.0
[INFO] [stderr]   Downloaded axruntime v0.3.0-preview.3
[INFO] [stderr]   Downloaded kasm-aarch64 v0.2.0
[INFO] [stderr]   Downloaded spinning_top v0.3.0
[INFO] [stderr]   Downloaded indicatif v0.18.4
[INFO] [stderr]   Downloaded toml_edit v0.25.4+spec-1.1.0
[INFO] [stderr]   Downloaded axplat-macros v0.1.0
[INFO] [stderr]   Downloaded axconfig-gen v0.2.1
[INFO] [stderr]   Downloaded page-table-generic v0.7.1
[INFO] [stderr]   Downloaded aml v0.16.4
[INFO] [stderr]   Downloaded axlog v0.3.0-preview.3
[INFO] [stderr]   Downloaded convert_case v0.8.0
[INFO] [stderr]   Downloaded axdevice v0.2.1
[INFO] [stderr]   Downloaded ucs2 v0.3.3
[INFO] [stderr]   Downloaded ranges-ext v0.6.1
[INFO] [stderr]   Downloaded axdriver_base v0.1.4-preview.3
[INFO] [stderr]   Downloaded axdriver v0.3.0-preview.3
[INFO] [stderr]   Downloaded axvisor_api_proc v0.1.0
[INFO] [stderr]   Downloaded const-str v1.1.0
[INFO] [stderr]   Downloaded loongArch64 v0.2.5
[INFO] [stderr]   Downloaded uguid v2.2.1
[INFO] [stderr]   Downloaded uefi-raw v0.13.0
[INFO] [stderr]   Downloaded acpi v6.1.1
[INFO] [stderr]   Downloaded byte-unit v5.2.0
[INFO] [stderr]   Downloaded axfeat v0.3.0-preview.3
[INFO] [stderr]   Downloaded someboot v0.1.8
[INFO] [stderr]   Downloaded uefi v0.36.1
[INFO] [stderr]   Downloaded vm-fdt v0.3.0
[INFO] [stderr]   Downloaded borsh v1.6.0
[INFO] [stderr]   Downloaded x86 v0.52.0
[INFO] [stderr]   Downloaded x2apic v0.5.0
[INFO] [stderr]   Downloaded axklib v0.3.0
[INFO] [stderr]   Downloaded trait-ffi v0.2.11
[INFO] [stderr]   Downloaded jiff v0.2.23
[INFO] [stderr]   Downloaded axplat-riscv64-qemu-virt v0.3.1-pre.6
[INFO] [stderr]   Downloaded axdriver_block v0.1.4-preview.3
[INFO] [stderr]   Downloaded arm-gic-driver v0.17.0
[INFO] [stderr]   Downloaded rsext4 v0.1.0-pre.0
[INFO] [stderr]   Downloaded sdmmc v0.1.0
[INFO] [stderr]   Downloaded phytium-mci v0.1.1
[INFO] [stderr]   Downloaded bitmap-allocator v0.2.1
[INFO] [stderr]   Downloaded axplat-aarch64-qemu-virt v0.3.1-pre.6
[INFO] [stderr]   Downloaded axsync v0.3.0-preview.3
[INFO] [stderr]   Downloaded lenient_semver_parser v0.4.2
[INFO] [stderr]   Downloaded axplat-dyn v0.3.0-preview.3
[INFO] [stderr]   Downloaded axdriver_pci v0.1.4-preview.3
[INFO] [stderr]   Downloaded aws-lc-sys v0.38.0
[INFO] [stderr]   Downloaded mbarrier v0.1.3
[INFO] [stderr]   Downloaded dma-api v0.3.1
[INFO] [stderr]   Downloaded axvcpu v0.2.2
[INFO] [stderr]   Downloaded axcpu v0.3.0-preview.8
[INFO] [stderr]   Downloaded arm_vcpu v0.2.2
[INFO] [stderr]   Downloaded axdriver_virtio v0.1.4-preview.3
[INFO] [stderr]   Downloaded axtask v0.3.0-preview.3
[INFO] [stderr]   Downloaded linked_list_r4l v0.3.0
[INFO] [stderr]   Downloaded axplat v0.3.1-pre.6
[INFO] [stderr]   Downloaded axhal v0.3.0-preview.3
[INFO] running `Command { std: "docker" "create" "-v" "/var/lib/crater-agent-workspace/builds/worker-0-tc2/source:/opt/rustwide/workdir:ro,Z" "-v" "/var/lib/crater-agent-workspace/builds/worker-0-tc2/target:/opt/rustwide/target:rw,Z" "-v" "/var/lib/crater-agent-workspace/cargo-home:/opt/rustwide/cargo-home:ro,Z" "-v" "/var/lib/crater-agent-workspace/rustup-home:/opt/rustwide/rustup-home:ro,Z" "-m" "1610612736" "--network" "none" "ghcr.io/rust-lang/crates-build-env/linux@sha256:77db811e55d90add9212f6832c23229e3de5f1c1f9905e8cb07319ea15df73ac" "sleep" "infinity", kill_on_drop: false }`
[INFO] [stdout] fbde11e1e550da667be3fb8245a1f4701e204c7d10da7472346461ede96705c0
[INFO] running `Command { std: "docker" "start" "fbde11e1e550da667be3fb8245a1f4701e204c7d10da7472346461ede96705c0", kill_on_drop: false }`
[INFO] running `Command { std: "docker" "inspect" "fbde11e1e550da667be3fb8245a1f4701e204c7d10da7472346461ede96705c0", kill_on_drop: false }`
[INFO] running `Command { std: "docker" "exec" "-e" "SOURCE_DIR=/opt/rustwide/workdir" "-e" "CARGO_HOME=/opt/rustwide/cargo-home" "-e" "RUSTUP_HOME=/opt/rustwide/rustup-home" "-e" "CARGO_TARGET_DIR=/opt/rustwide/target" "-w" "/opt/rustwide/workdir" "--user" "0:0" "fbde11e1e550da667be3fb8245a1f4701e204c7d10da7472346461ede96705c0" "/opt/rustwide/cargo-home/bin/cargo" "+8773d2c75a8e90130dcce745a7ec4e66bb9963db" "metadata" "--no-deps" "--format-version=1", kill_on_drop: false }`
[INFO] running `Command { std: "docker" "inspect" "fbde11e1e550da667be3fb8245a1f4701e204c7d10da7472346461ede96705c0", kill_on_drop: false }`
[INFO] running `Command { std: "docker" "exec" "-e" "SOURCE_DIR=/opt/rustwide/workdir" "-e" "CARGO_HOME=/opt/rustwide/cargo-home" "-e" "RUSTUP_HOME=/opt/rustwide/rustup-home" "-e" "CARGO_TARGET_DIR=/opt/rustwide/target" "-e" "CARGO_INCREMENTAL=0" "-e" "RUST_BACKTRACE=full" "-e" "RUSTFLAGS=--cap-lints=forbid -Aunfulfilled-lint-expectations" "-e" "RUSTDOCFLAGS=--cap-lints=forbid" "-w" "/opt/rustwide/workdir" "--user" "0:0" "fbde11e1e550da667be3fb8245a1f4701e204c7d10da7472346461ede96705c0" "/opt/rustwide/cargo-home/bin/cargo" "+8773d2c75a8e90130dcce745a7ec4e66bb9963db" "check" "--frozen" "--all" "--all-targets" "--message-format=json", kill_on_drop: false }`
[INFO] [stderr] warning: `package.homepage` is redundant with `package.repository`
[INFO] [stderr]   --> Cargo.toml:32:12
[INFO] [stderr]    |
[INFO] [stderr] 32 | homepage = "https://github.com/arceos-hypervisor/axvisor"
[INFO] [stderr]    |            ^^^^^^^^^^^^^^^^^^^^^^^^^^^^^^^^^^^^^^^^^^^^^^
[INFO] [stderr] ...
[INFO] [stderr] 38 | repository = "https://github.com/arceos-hypervisor/axvisor"
[INFO] [stderr]    |              ----------------------------------------------
[INFO] [stderr]    |
[INFO] [stderr]    = note: `cargo::redundant_homepage` is set to `warn` by default
[INFO] [stderr] help: consider removing `package.homepage`
[INFO] [stderr] warning: `axvisor` (manifest) generated 1 warning
[INFO] [stderr]    Compiling quote v1.0.45
[INFO] [stderr]    Compiling utf8parse v0.2.2
[INFO] [stderr]    Compiling winnow v0.7.15
[INFO] [stderr]    Compiling is_terminal_polyfill v1.70.2
[INFO] [stderr]    Compiling anstyle v1.0.13
[INFO] [stderr]    Compiling colorchoice v1.0.4
[INFO] [stderr]    Compiling anstyle-query v1.1.5
[INFO] [stderr]    Compiling strsim v0.11.1
[INFO] [stderr]    Compiling clap_lex v1.0.0
[INFO] [stderr]     Checking bit_field v0.10.3
[INFO] [stderr]    Compiling toml_write v0.1.2
[INFO] [stderr]    Compiling toml_datetime v0.6.11
[INFO] [stderr]     Checking bitflags v2.11.0
[INFO] [stderr]    Compiling rustversion v1.0.22
[INFO] [stderr]     Checking raw-cpuid v10.7.0
[INFO] [stderr]    Compiling x86 v0.52.0
[INFO] [stderr]    Compiling anstyle-parse v0.2.7
[INFO] [stderr]    Compiling const_fn v0.4.12
[INFO] [stderr]    Compiling serde_core v1.0.228
[INFO] [stderr]     Checking spin v0.10.0
[INFO] [stderr]    Compiling linkme-impl v0.3.35
[INFO] [stderr]     Checking volatile v0.4.6
[INFO] [stderr]    Compiling percpu v0.2.3-preview.1
[INFO] [stderr]    Compiling axconfig v0.3.0-preview.3
[INFO] [stderr]     Checking memory_addr v0.4.1
[INFO] [stderr]    Compiling anstream v0.6.21
[INFO] [stderr]    Compiling prettyplease v0.2.37
[INFO] [stderr]    Compiling anyhow v1.0.102
[INFO] [stderr]    Compiling linkme v0.3.35
[INFO] [stderr]     Checking byteorder v1.5.0
[INFO] [stderr]     Checking log v0.4.29
[INFO] [stderr]    Compiling heapless v0.9.2
[INFO] [stderr]    Compiling toml_writer v1.0.6+spec-1.1.0
[INFO] [stderr]    Compiling syn v2.0.117
[INFO] [stderr]     Checking const-str v1.1.0
[INFO] [stderr]     Checking lazyinit v0.2.2
[INFO] [stderr]    Compiling axplat-x86-qemu-q35 v0.2.0
[INFO] [stderr]     Checking static_assertions v1.1.0
[INFO] [stderr]     Checking hash32 v0.3.1
[INFO] [stderr]     Checking axbacktrace v0.1.2
[INFO] [stderr]     Checking handler_table v0.1.2
[INFO] [stderr]     Checking bit v0.1.1
[INFO] [stderr]    Compiling clap_builder v4.5.60
[INFO] [stderr]     Checking multiboot v0.8.0
[INFO] [stderr]     Checking raw-cpuid v11.6.0
[INFO] [stderr]     Checking int_ratio v0.1.2
[INFO] [stderr]     Checking x86_64 v0.15.4
[INFO] [stdout] error[E0046]: not all trait items implemented, missing: `forward_overflowing`, `backward_overflowing`
[INFO] [stdout]    --> /opt/rustwide/cargo-home/registry/src/index.crates.io-1949cf8c6b5b557f/x86_64-0.15.4/src/addr.rs:474:1
[INFO] [stdout]     |
[INFO] [stdout] 474 | impl Step for VirtAddr {
[INFO] [stdout]     | ^^^^^^^^^^^^^^^^^^^^^^ missing `forward_overflowing`, `backward_overflowing` in implementation
[INFO] [stdout]     |
[INFO] [stdout]     = help: implement the missing item: `fn forward_overflowing(_: Self, _: usize) -> (Self, bool) { todo!() }`
[INFO] [stdout]     = help: implement the missing item: `fn backward_overflowing(_: Self, _: usize) -> (Self, bool) { todo!() }`
[INFO] [stdout] 
[INFO] [stdout] 
[INFO] [stdout] error[E0046]: not all trait items implemented, missing: `forward_overflowing`, `backward_overflowing`
[INFO] [stdout]    --> /opt/rustwide/cargo-home/registry/src/index.crates.io-1949cf8c6b5b557f/x86_64-0.15.4/src/structures/paging/page.rs:306:1
[INFO] [stdout]     |
[INFO] [stdout] 306 | impl<S: PageSize> Step for Page<S> {
[INFO] [stdout]     | ^^^^^^^^^^^^^^^^^^^^^^^^^^^^^^^^^^ missing `forward_overflowing`, `backward_overflowing` in implementation
[INFO] [stdout]     |
[INFO] [stdout]     = help: implement the missing item: `fn forward_overflowing(_: Self, _: usize) -> (Self, bool) { todo!() }`
[INFO] [stdout]     = help: implement the missing item: `fn backward_overflowing(_: Self, _: usize) -> (Self, bool) { todo!() }`
[INFO] [stdout] 
[INFO] [stdout] 
[INFO] [stdout] error[E0046]: not all trait items implemented, missing: `forward_overflowing`, `backward_overflowing`
[INFO] [stdout]    --> /opt/rustwide/cargo-home/registry/src/index.crates.io-1949cf8c6b5b557f/x86_64-0.15.4/src/structures/paging/page_table.rs:374:1
[INFO] [stdout]     |
[INFO] [stdout] 374 | impl Step for PageTableIndex {
[INFO] [stdout]     | ^^^^^^^^^^^^^^^^^^^^^^^^^^^^ missing `forward_overflowing`, `backward_overflowing` in implementation
[INFO] [stdout]     |
[INFO] [stdout]     = help: implement the missing item: `fn forward_overflowing(_: Self, _: usize) -> (Self, bool) { todo!() }`
[INFO] [stdout]     = help: implement the missing item: `fn backward_overflowing(_: Self, _: usize) -> (Self, bool) { todo!() }`
[INFO] [stdout] 
[INFO] [stdout] 
[INFO] [stderr]     Checking uart_16550 v0.4.0
[INFO] [stderr]    Compiling toml_edit v0.22.27
[INFO] [stderr]    Compiling toml_parser v1.0.9+spec-1.1.0
[INFO] [stdout] For more information about this error, try `rustc --explain E0046`.
[INFO] [stdout] 
[INFO] [stderr] error: could not compile `x86_64` (lib) due to 3 previous errors
[INFO] [stderr] warning: build failed, waiting for other jobs to finish...
[INFO] running `Command { std: "docker" "inspect" "fbde11e1e550da667be3fb8245a1f4701e204c7d10da7472346461ede96705c0", kill_on_drop: false }`
[INFO] running `Command { std: "docker" "rm" "-f" "fbde11e1e550da667be3fb8245a1f4701e204c7d10da7472346461ede96705c0", kill_on_drop: false }`
[INFO] [stdout] fbde11e1e550da667be3fb8245a1f4701e204c7d10da7472346461ede96705c0
