[INFO] cloning repository https://github.com/adeschene/rust_text-game
[INFO] running `Command { std: "git" "-c" "credential.helper=" "-c" "credential.helper=/workspace/cargo-home/bin/git-credential-null" "clone" "--bare" "https://github.com/adeschene/rust_text-game" "/workspace/cache/git-repos/https%3A%2F%2Fgithub.com%2Fadeschene%2Frust_text-game", kill_on_drop: false }`
[INFO] [stderr] Cloning into bare repository '/workspace/cache/git-repos/https%3A%2F%2Fgithub.com%2Fadeschene%2Frust_text-game'...
[INFO] running `Command { std: "git" "rev-parse" "HEAD", kill_on_drop: false }`
[INFO] [stdout] adfa8ac214f4fd6dea42616ea00a66724f8647c6
[INFO] checking adeschene/rust_text-game against 8773d2c75a8e90130dcce745a7ec4e66bb9963db+rustflags=-Aunfulfilled-lint-expectations for pr-163637
[INFO] running `Command { std: "git" "clone" "/workspace/cache/git-repos/https%3A%2F%2Fgithub.com%2Fadeschene%2Frust_text-game" "/workspace/builds/worker-3-tc2/source", kill_on_drop: false }`
[INFO] [stderr] Cloning into '/workspace/builds/worker-3-tc2/source'...
[INFO] [stderr] done.
[INFO] started tweaking git repo https://github.com/adeschene/rust_text-game
[INFO] finished tweaking git repo https://github.com/adeschene/rust_text-game
[INFO] tweaked toml for git repo https://github.com/adeschene/rust_text-game written to /workspace/builds/worker-3-tc2/source/Cargo.toml
[INFO] validating manifest of git repo https://github.com/adeschene/rust_text-game on toolchain 8773d2c75a8e90130dcce745a7ec4e66bb9963db
[INFO] running `Command { std: CARGO_HOME="/workspace/cargo-home" RUSTUP_HOME="/workspace/rustup-home" "/workspace/cargo-home/bin/cargo" "+8773d2c75a8e90130dcce745a7ec4e66bb9963db" "metadata" "--manifest-path" "Cargo.toml" "--no-deps", kill_on_drop: false }`
[INFO] crate git repo https://github.com/adeschene/rust_text-game already has a lockfile, it will not be regenerated
[INFO] running `Command { std: CARGO_HOME="/workspace/cargo-home" RUSTUP_HOME="/workspace/rustup-home" "/workspace/cargo-home/bin/cargo" "+8773d2c75a8e90130dcce745a7ec4e66bb9963db" "fetch" "--manifest-path" "Cargo.toml", kill_on_drop: false }`
[INFO] [stderr]     Blocking waiting for file lock on package cache
[INFO] [stderr]     Blocking waiting for file lock on package cache
[ERROR] error running command: no output for 300 seconds
[INFO] checking adeschene/rust_text-game against 8773d2c75a8e90130dcce745a7ec4e66bb9963db+rustflags=-Aunfulfilled-lint-expectations for pr-163637
[INFO] running `Command { std: "git" "clone" "/workspace/cache/git-repos/https%3A%2F%2Fgithub.com%2Fadeschene%2Frust_text-game" "/workspace/builds/worker-3-tc2/source", kill_on_drop: false }`
[INFO] [stderr] Cloning into '/workspace/builds/worker-3-tc2/source'...
[INFO] [stderr] done.
[INFO] started tweaking git repo https://github.com/adeschene/rust_text-game
[INFO] finished tweaking git repo https://github.com/adeschene/rust_text-game
[INFO] tweaked toml for git repo https://github.com/adeschene/rust_text-game written to /workspace/builds/worker-3-tc2/source/Cargo.toml
[INFO] validating manifest of git repo https://github.com/adeschene/rust_text-game on toolchain 8773d2c75a8e90130dcce745a7ec4e66bb9963db
[INFO] running `Command { std: CARGO_HOME="/workspace/cargo-home" RUSTUP_HOME="/workspace/rustup-home" "/workspace/cargo-home/bin/cargo" "+8773d2c75a8e90130dcce745a7ec4e66bb9963db" "metadata" "--manifest-path" "Cargo.toml" "--no-deps", kill_on_drop: false }`
[INFO] crate git repo https://github.com/adeschene/rust_text-game already has a lockfile, it will not be regenerated
[INFO] running `Command { std: CARGO_HOME="/workspace/cargo-home" RUSTUP_HOME="/workspace/rustup-home" "/workspace/cargo-home/bin/cargo" "+8773d2c75a8e90130dcce745a7ec4e66bb9963db" "fetch" "--manifest-path" "Cargo.toml", kill_on_drop: false }`
[INFO] [stderr]     Blocking waiting for file lock on package cache
[INFO] [stderr]     Blocking waiting for file lock on package cache
[INFO] [stderr]  Downloading crates ...
[INFO] [stderr]   Downloaded utf8parse v0.1.1
[INFO] [stderr]   Downloaded rustyline v4.1.0
[INFO] [stderr]   Downloaded unicode-width v0.1.5
[INFO] [stderr]   Downloaded unicode-segmentation v1.3.0
[INFO] [stderr]   Downloaded fuchsia-cprng v0.1.1
[INFO] [stderr]   Downloaded failure_derive v0.1.5
[INFO] [stderr]   Downloaded dirs v1.0.5
[INFO] [stderr]   Downloaded rdrand v0.4.0
[INFO] [stderr]   Downloaded constant_time_eq v0.1.3
[INFO] [stderr]   Downloaded blake2-rfc v0.2.18
[INFO] [stderr]   Downloaded bitflags v1.0.4
[INFO] [stderr]   Downloaded autocfg v0.1.2
[INFO] [stderr]   Downloaded nodrop v0.1.13
[INFO] [stderr]   Downloaded redox_users v0.3.0
[INFO] [stderr]   Downloaded cfg-if v0.1.9
[INFO] [stderr]   Downloaded memchr v2.2.0
[INFO] [stderr]   Downloaded rand_os v0.1.3
[INFO] [stderr]   Downloaded rand_core v0.3.1
[INFO] [stderr]   Downloaded quote v0.6.12
[INFO] [stderr]   Downloaded rustc-demangle v0.1.14
[INFO] [stderr]   Downloaded arrayvec v0.4.10
[INFO] [stderr]   Downloaded log v0.4.6
[INFO] [stderr]   Downloaded redox_syscall v0.1.54
[INFO] [stderr]   Downloaded rand_core v0.4.0
[INFO] [stderr]   Downloaded failure v0.1.5
[INFO] [stderr]   Downloaded synstructure v0.10.2
[INFO] [stderr]   Downloaded backtrace v0.3.20
[INFO] [stderr]   Downloaded cc v1.0.37
[INFO] [stderr]   Downloaded syn v0.15.34
[INFO] [stderr]   Downloaded nix v0.13.0
[INFO] [stderr]   Downloaded argon2rs v0.2.5
[INFO] [stderr]   Downloaded libc v0.2.55
[INFO] [stderr]   Downloaded backtrace-sys v0.1.28
[INFO] [stderr]   Downloaded winapi v0.3.7
[INFO] running `Command { std: "docker" "create" "-v" "/var/lib/crater-agent-workspace/builds/worker-3-tc2/source:/opt/rustwide/workdir:ro,Z" "-v" "/var/lib/crater-agent-workspace/builds/worker-3-tc2/target:/opt/rustwide/target:rw,Z" "-v" "/var/lib/crater-agent-workspace/cargo-home:/opt/rustwide/cargo-home:ro,Z" "-v" "/var/lib/crater-agent-workspace/rustup-home:/opt/rustwide/rustup-home:ro,Z" "-m" "1610612736" "--network" "none" "ghcr.io/rust-lang/crates-build-env/linux@sha256:77db811e55d90add9212f6832c23229e3de5f1c1f9905e8cb07319ea15df73ac" "sleep" "infinity", kill_on_drop: false }`
[INFO] [stdout] 698485e95402a0983cdecfeaf04769003802ec873facf3350f9ee3471c04e8d0
[INFO] running `Command { std: "docker" "start" "698485e95402a0983cdecfeaf04769003802ec873facf3350f9ee3471c04e8d0", kill_on_drop: false }`
[INFO] running `Command { std: "docker" "inspect" "698485e95402a0983cdecfeaf04769003802ec873facf3350f9ee3471c04e8d0", kill_on_drop: false }`
[INFO] running `Command { std: "docker" "exec" "-e" "SOURCE_DIR=/opt/rustwide/workdir" "-e" "CARGO_HOME=/opt/rustwide/cargo-home" "-e" "RUSTUP_HOME=/opt/rustwide/rustup-home" "-e" "CARGO_TARGET_DIR=/opt/rustwide/target" "-w" "/opt/rustwide/workdir" "--user" "0:0" "698485e95402a0983cdecfeaf04769003802ec873facf3350f9ee3471c04e8d0" "/opt/rustwide/cargo-home/bin/cargo" "+8773d2c75a8e90130dcce745a7ec4e66bb9963db" "metadata" "--no-deps" "--format-version=1", kill_on_drop: false }`
[INFO] running `Command { std: "docker" "inspect" "698485e95402a0983cdecfeaf04769003802ec873facf3350f9ee3471c04e8d0", kill_on_drop: false }`
[INFO] running `Command { std: "docker" "exec" "-e" "SOURCE_DIR=/opt/rustwide/workdir" "-e" "CARGO_HOME=/opt/rustwide/cargo-home" "-e" "RUSTUP_HOME=/opt/rustwide/rustup-home" "-e" "CARGO_TARGET_DIR=/opt/rustwide/target" "-e" "CARGO_INCREMENTAL=0" "-e" "RUST_BACKTRACE=full" "-e" "RUSTFLAGS=--cap-lints=forbid -Aunfulfilled-lint-expectations" "-e" "RUSTDOCFLAGS=--cap-lints=forbid" "-w" "/opt/rustwide/workdir" "--user" "0:0" "698485e95402a0983cdecfeaf04769003802ec873facf3350f9ee3471c04e8d0" "/opt/rustwide/cargo-home/bin/cargo" "+8773d2c75a8e90130dcce745a7ec4e66bb9963db" "check" "--frozen" "--all" "--all-targets" "--message-format=json", kill_on_drop: false }`
[INFO] [stderr]    Compiling libc v0.2.55
[INFO] [stderr]    Compiling memchr v2.2.0
[INFO] [stderr]     Checking cfg-if v0.1.9
[INFO] [stderr]    Compiling nix v0.13.0
[INFO] [stderr]     Checking void v1.0.2
[INFO] [stderr]     Checking bitflags v1.0.4
[INFO] [stderr]     Checking unicode-segmentation v1.3.0
[INFO] [stderr]     Checking unicode-width v0.1.5
[INFO] [stderr]     Checking utf8parse v0.1.1
[INFO] [stderr]     Checking log v0.4.6
[INFO] [stderr]     Checking dirs v1.0.5
[INFO] [stderr]     Checking rustyline v4.1.0
[INFO] [stderr]     Checking rust_text-game v0.1.1 (/opt/rustwide/workdir)
[INFO] [stdout] error[E0283]: type annotations needed
[INFO] [stdout]    --> src/main.rs:75:12
[INFO] [stdout]     |
[INFO] [stdout]  75 |         rl.add_history_entry(input.as_ref());
[INFO] [stdout]     |            ^^^^^^^^^^^^^^^^^ cannot infer type of the type parameter `S` declared on the method `add_history_entry`
[INFO] [stdout]     |
[INFO] [stdout]     = note: multiple `impl`s satisfying `_: AsRef<str>` found in the following crates: `alloc`, `core`, `nix`:
[INFO] [stdout]             - impl AsRef<str> for String;
[INFO] [stdout]             - impl AsRef<str> for nix::sys::signal::Signal;
[INFO] [stdout]             - impl AsRef<str> for str;
[INFO] [stdout]     = note: multiple `impl`s satisfying `String: From<&_>` found in the `alloc` crate:
[INFO] [stdout]             - impl From<&String> for String;
[INFO] [stdout]             - impl From<&str> for String;
[INFO] [stdout]     = note: required for `&_` to implement `AsRef<str>`
[INFO] [stdout] note: required by a bound in `Editor::<H>::add_history_entry`
[INFO] [stdout]    --> /opt/rustwide/cargo-home/registry/src/index.crates.io-1949cf8c6b5b557f/rustyline-4.1.0/src/lib.rs:765:33
[INFO] [stdout]     |
[INFO] [stdout] 692 | impl<H: Helper> Editor<H> {
[INFO] [stdout] ...
[INFO] [stdout] 765 |     pub fn add_history_entry<S: AsRef<str> + Into<String>>(&mut self, line: S) -> bool {
[INFO] [stdout]     |                                 ^^^^^^^^^^ required by this bound in `Editor::<H>::add_history_entry`
[INFO] [stdout]     = note: required for `&_` to implement `Into<String>`
[INFO] [stdout] note: required by a bound in `Editor::<H>::add_history_entry`
[INFO] [stdout]    --> /opt/rustwide/cargo-home/registry/src/index.crates.io-1949cf8c6b5b557f/rustyline-4.1.0/src/lib.rs:765:46
[INFO] [stdout]     |
[INFO] [stdout] 692 | impl<H: Helper> Editor<H> {
[INFO] [stdout] ...
[INFO] [stdout] 765 |     pub fn add_history_entry<S: AsRef<str> + Into<String>>(&mut self, line: S) -> bool {
[INFO] [stdout]     |                                              ^^^^^^^^^^^^ required by this bound in `Editor::<H>::add_history_entry`
[INFO] [stdout] help: consider specifying a concrete type for the type parameter `S`
[INFO] [stdout]     |
[INFO] [stdout]  75 |         rl.add_history_entry::</* Type */>(input.as_ref());
[INFO] [stdout]     |                             ++++++++++++++
[INFO] [stdout] 
[INFO] [stdout] 
[INFO] [stdout] error[E0283]: type annotations needed
[INFO] [stdout]    --> src/main.rs:75:12
[INFO] [stdout]     |
[INFO] [stdout]  75 |         rl.add_history_entry(input.as_ref());
[INFO] [stdout]     |            ^^^^^^^^^^^^^^^^^ cannot infer type of the type parameter `S` declared on the method `add_history_entry`
[INFO] [stdout]     |
[INFO] [stdout]     = note: multiple `impl`s satisfying `_: AsRef<str>` found in the following crates: `alloc`, `core`, `nix`:
[INFO] [stdout]             - impl AsRef<str> for String;
[INFO] [stdout]             - impl AsRef<str> for nix::sys::signal::Signal;
[INFO] [stdout]             - impl AsRef<str> for str;
[INFO] [stdout]     = note: multiple `impl`s satisfying `String: From<&_>` found in the `alloc` crate:
[INFO] [stdout]             - impl From<&String> for String;
[INFO] [stdout]             - impl From<&str> for String;
[INFO] [stdout]     = note: required for `&_` to implement `AsRef<str>`
[INFO] [stdout] note: required by a bound in `Editor::<H>::add_history_entry`
[INFO] [stdout]    --> /opt/rustwide/cargo-home/registry/src/index.crates.io-1949cf8c6b5b557f/rustyline-4.1.0/src/lib.rs:765:33
[INFO] [stdout]     |
[INFO] [stdout] 692 | impl<H: Helper> Editor<H> {
[INFO] [stdout] ...
[INFO] [stdout] 765 |     pub fn add_history_entry<S: AsRef<str> + Into<String>>(&mut self, line: S) -> bool {
[INFO] [stdout]     |                                 ^^^^^^^^^^ required by this bound in `Editor::<H>::add_history_entry`
[INFO] [stdout]     = note: required for `&_` to implement `Into<String>`
[INFO] [stdout] note: required by a bound in `Editor::<H>::add_history_entry`
[INFO] [stdout]    --> /opt/rustwide/cargo-home/registry/src/index.crates.io-1949cf8c6b5b557f/rustyline-4.1.0/src/lib.rs:765:46
[INFO] [stdout]     |
[INFO] [stdout] 692 | impl<H: Helper> Editor<H> {
[INFO] [stdout] ...
[INFO] [stdout] 765 |     pub fn add_history_entry<S: AsRef<str> + Into<String>>(&mut self, line: S) -> bool {
[INFO] [stdout]     |                                              ^^^^^^^^^^^^ required by this bound in `Editor::<H>::add_history_entry`
[INFO] [stdout] help: consider specifying a concrete type for the type parameter `S`
[INFO] [stdout]     |
[INFO] [stdout]  75 |         rl.add_history_entry::</* Type */>(input.as_ref());
[INFO] [stdout]     |                             ++++++++++++++
[INFO] [stdout] 
[INFO] [stdout] 
[INFO] [stdout] error[E0283]: type annotations needed
[INFO] [stdout]   --> src/main.rs:75:12
[INFO] [stdout]    |
[INFO] [stdout] 75 |         rl.add_history_entry(input.as_ref());
[INFO] [stdout]    |            ^^^^^^^^^^^^^^^^^       ------ type must be known at this point
[INFO] [stdout]    |            |
[INFO] [stdout]    |            cannot infer type of the type parameter `S` declared on the method `add_history_entry`
[INFO] [stdout]    |
[INFO] [stdout]    = note: multiple `impl`s satisfying `String: AsRef<_>` found in the following crates: `alloc`, `std`:
[INFO] [stdout]            - impl AsRef<OsStr> for String;
[INFO] [stdout]            - impl AsRef<Path> for String;
[INFO] [stdout]            - impl AsRef<[u8]> for String;
[INFO] [stdout]            - impl AsRef<str> for String;
[INFO] [stdout] help: consider specifying a concrete type for the type parameter `S`
[INFO] [stdout]    |
[INFO] [stdout] 75 |         rl.add_history_entry::</* Type */>(input.as_ref());
[INFO] [stdout]    |                             ++++++++++++++
[INFO] [stdout] 
[INFO] [stdout] 
[INFO] [stdout] error[E0283]: type annotations needed
[INFO] [stdout]   --> src/main.rs:75:12
[INFO] [stdout]    |
[INFO] [stdout] 75 |         rl.add_history_entry(input.as_ref());
[INFO] [stdout]    |            ^^^^^^^^^^^^^^^^^       ------ type must be known at this point
[INFO] [stdout]    |            |
[INFO] [stdout]    |            cannot infer type of the type parameter `S` declared on the method `add_history_entry`
[INFO] [stdout]    |
[INFO] [stdout]    = note: multiple `impl`s satisfying `String: AsRef<_>` found in the following crates: `alloc`, `std`:
[INFO] [stdout]            - impl AsRef<OsStr> for String;
[INFO] [stdout]            - impl AsRef<Path> for String;
[INFO] [stdout]            - impl AsRef<[u8]> for String;
[INFO] [stdout]            - impl AsRef<str> for String;
[INFO] [stdout] help: consider specifying a concrete type for the type parameter `S`
[INFO] [stdout]    |
[INFO] [stdout] 75 |         rl.add_history_entry::</* Type */>(input.as_ref());
[INFO] [stdout]    |                             ++++++++++++++
[INFO] [stdout] 
[INFO] [stdout] 
[INFO] [stdout] For more information about this error, try `rustc --explain E0283`.
[INFO] [stdout] 
[INFO] [stdout] For more information about this error, try `rustc --explain E0283`.
[INFO] [stdout] 
[INFO] [stderr] error: could not compile `rust_text-game` (bin "rust_text-game") due to 2 previous errors
[INFO] [stderr] warning: build failed, waiting for other jobs to finish...
[INFO] [stderr] error: could not compile `rust_text-game` (bin "rust_text-game" test) due to 2 previous errors
[INFO] running `Command { std: "docker" "inspect" "698485e95402a0983cdecfeaf04769003802ec873facf3350f9ee3471c04e8d0", kill_on_drop: false }`
[INFO] running `Command { std: "docker" "rm" "-f" "698485e95402a0983cdecfeaf04769003802ec873facf3350f9ee3471c04e8d0", kill_on_drop: false }`
[INFO] [stdout] 698485e95402a0983cdecfeaf04769003802ec873facf3350f9ee3471c04e8d0
