[INFO] cloning repository https://github.com/StrahnIo/Honeycrisp
[INFO] running `Command { std: "git" "-c" "credential.helper=" "-c" "credential.helper=/workspace/cargo-home/bin/git-credential-null" "clone" "--bare" "https://github.com/StrahnIo/Honeycrisp" "/workspace/cache/git-repos/https%3A%2F%2Fgithub.com%2FStrahnIo%2FHoneycrisp", kill_on_drop: false }`
[INFO] [stderr] Cloning into bare repository '/workspace/cache/git-repos/https%3A%2F%2Fgithub.com%2FStrahnIo%2FHoneycrisp'...
[INFO] running `Command { std: "git" "rev-parse" "HEAD", kill_on_drop: false }`
[INFO] [stdout] 195c580c05a90c7a311a890af2a8e4e9a5a8fce9
[INFO] checking StrahnIo/Honeycrisp against 8773d2c75a8e90130dcce745a7ec4e66bb9963db+rustflags=-Aunfulfilled-lint-expectations for pr-163637
[INFO] running `Command { std: "git" "clone" "/workspace/cache/git-repos/https%3A%2F%2Fgithub.com%2FStrahnIo%2FHoneycrisp" "/workspace/builds/worker-0-tc2/source", kill_on_drop: false }`
[INFO] [stderr] Cloning into '/workspace/builds/worker-0-tc2/source'...
[INFO] [stderr] done.
[INFO] removed /workspace/builds/worker-0-tc2/source/rust-toolchain.toml
[INFO] started tweaking git repo https://github.com/StrahnIo/Honeycrisp
[INFO] finished tweaking git repo https://github.com/StrahnIo/Honeycrisp
[INFO] tweaked toml for git repo https://github.com/StrahnIo/Honeycrisp written to /workspace/builds/worker-0-tc2/source/Cargo.toml
[INFO] validating manifest of git repo https://github.com/StrahnIo/Honeycrisp on toolchain 8773d2c75a8e90130dcce745a7ec4e66bb9963db
[INFO] running `Command { std: CARGO_HOME="/workspace/cargo-home" RUSTUP_HOME="/workspace/rustup-home" "/workspace/cargo-home/bin/cargo" "+8773d2c75a8e90130dcce745a7ec4e66bb9963db" "metadata" "--manifest-path" "Cargo.toml" "--no-deps", kill_on_drop: false }`
[INFO] crate git repo https://github.com/StrahnIo/Honeycrisp already has a lockfile, it will not be regenerated
[INFO] running `Command { std: CARGO_HOME="/workspace/cargo-home" RUSTUP_HOME="/workspace/rustup-home" "/workspace/cargo-home/bin/cargo" "+8773d2c75a8e90130dcce745a7ec4e66bb9963db" "fetch" "--manifest-path" "Cargo.toml", kill_on_drop: false }`
[INFO] [stderr]     Blocking waiting for file lock on package cache
[INFO] [stderr]     Updating crates.io index
[INFO] [stderr]     Blocking waiting for file lock on package cache
[ERROR] error running command: no output for 300 seconds
[INFO] checking StrahnIo/Honeycrisp against 8773d2c75a8e90130dcce745a7ec4e66bb9963db+rustflags=-Aunfulfilled-lint-expectations for pr-163637
[INFO] running `Command { std: "git" "clone" "/workspace/cache/git-repos/https%3A%2F%2Fgithub.com%2FStrahnIo%2FHoneycrisp" "/workspace/builds/worker-0-tc2/source", kill_on_drop: false }`
[INFO] [stderr] Cloning into '/workspace/builds/worker-0-tc2/source'...
[INFO] [stderr] done.
[INFO] removed /workspace/builds/worker-0-tc2/source/rust-toolchain.toml
[INFO] started tweaking git repo https://github.com/StrahnIo/Honeycrisp
[INFO] finished tweaking git repo https://github.com/StrahnIo/Honeycrisp
[INFO] tweaked toml for git repo https://github.com/StrahnIo/Honeycrisp written to /workspace/builds/worker-0-tc2/source/Cargo.toml
[INFO] validating manifest of git repo https://github.com/StrahnIo/Honeycrisp on toolchain 8773d2c75a8e90130dcce745a7ec4e66bb9963db
[INFO] running `Command { std: CARGO_HOME="/workspace/cargo-home" RUSTUP_HOME="/workspace/rustup-home" "/workspace/cargo-home/bin/cargo" "+8773d2c75a8e90130dcce745a7ec4e66bb9963db" "metadata" "--manifest-path" "Cargo.toml" "--no-deps", kill_on_drop: false }`
[INFO] crate git repo https://github.com/StrahnIo/Honeycrisp already has a lockfile, it will not be regenerated
[INFO] running `Command { std: CARGO_HOME="/workspace/cargo-home" RUSTUP_HOME="/workspace/rustup-home" "/workspace/cargo-home/bin/cargo" "+8773d2c75a8e90130dcce745a7ec4e66bb9963db" "fetch" "--manifest-path" "Cargo.toml", kill_on_drop: false }`
[INFO] [stderr]     Blocking waiting for file lock on package cache
[INFO] [stderr]     Blocking waiting for file lock on package cache
[ERROR] error running command: no output for 300 seconds
[INFO] checking StrahnIo/Honeycrisp against 8773d2c75a8e90130dcce745a7ec4e66bb9963db+rustflags=-Aunfulfilled-lint-expectations for pr-163637
[INFO] running `Command { std: "git" "clone" "/workspace/cache/git-repos/https%3A%2F%2Fgithub.com%2FStrahnIo%2FHoneycrisp" "/workspace/builds/worker-0-tc2/source", kill_on_drop: false }`
[INFO] [stderr] Cloning into '/workspace/builds/worker-0-tc2/source'...
[INFO] [stderr] done.
[INFO] removed /workspace/builds/worker-0-tc2/source/rust-toolchain.toml
[INFO] started tweaking git repo https://github.com/StrahnIo/Honeycrisp
[INFO] finished tweaking git repo https://github.com/StrahnIo/Honeycrisp
[INFO] tweaked toml for git repo https://github.com/StrahnIo/Honeycrisp written to /workspace/builds/worker-0-tc2/source/Cargo.toml
[INFO] validating manifest of git repo https://github.com/StrahnIo/Honeycrisp on toolchain 8773d2c75a8e90130dcce745a7ec4e66bb9963db
[INFO] running `Command { std: CARGO_HOME="/workspace/cargo-home" RUSTUP_HOME="/workspace/rustup-home" "/workspace/cargo-home/bin/cargo" "+8773d2c75a8e90130dcce745a7ec4e66bb9963db" "metadata" "--manifest-path" "Cargo.toml" "--no-deps", kill_on_drop: false }`
[INFO] crate git repo https://github.com/StrahnIo/Honeycrisp already has a lockfile, it will not be regenerated
[INFO] running `Command { std: CARGO_HOME="/workspace/cargo-home" RUSTUP_HOME="/workspace/rustup-home" "/workspace/cargo-home/bin/cargo" "+8773d2c75a8e90130dcce745a7ec4e66bb9963db" "fetch" "--manifest-path" "Cargo.toml", kill_on_drop: false }`
[INFO] [stderr]     Blocking waiting for file lock on package cache
[INFO] [stderr]     Blocking waiting for file lock on package cache
[INFO] [stderr]  Downloading crates ...
[INFO] [stderr]   Downloaded zip32 v0.2.0
[INFO] [stderr]   Downloaded constant_time_eq v0.2.6
[INFO] [stderr]   Downloaded memuse v0.2.2
[INFO] [stderr]   Downloaded zcash_spec v0.2.1
[INFO] [stderr]   Downloaded blake2b_simd v1.0.1
[INFO] [stderr]   Downloaded cpp_demangle v0.4.3
[INFO] [stderr]   Downloaded zcash_note_encryption v0.4.1
[INFO] [stderr]   Downloaded rgb v0.8.48
[INFO] [stderr]   Downloaded darling_macro v0.10.2
[INFO] [stderr]   Downloaded yeslogic-fontconfig-sys v6.0.0
[INFO] [stderr]   Downloaded ciborium-ll v0.2.1
[INFO] [stderr]   Downloaded strsim v0.9.3
[INFO] [stderr]   Downloaded ciborium-io v0.2.1
[INFO] [stderr]   Downloaded nonempty v0.11.0
[INFO] [stderr]   Downloaded halo2_legacy_pdqsort v0.1.0
[INFO] [stderr]   Downloaded getset v0.1.3
[INFO] [stderr]   Downloaded pathfinder_simd v0.5.5
[INFO] [stderr]   Downloaded tabbycat v0.1.2
[INFO] [stderr]   Downloaded derive_builder_core v0.9.0
[INFO] [stderr]   Downloaded darling v0.10.2
[INFO] [stderr]   Downloaded corez v0.1.1
[INFO] [stderr]   Downloaded findshlibs v0.10.2
[INFO] [stderr]   Downloaded incrementalmerkletree v0.8.1
[INFO] [stderr]   Downloaded symbolic-common v10.2.1
[INFO] [stderr]   Downloaded os_str_bytes v6.5.1
[INFO] [stderr]   Downloaded derive_builder v0.9.0
[INFO] [stderr]   Downloaded jubjub v0.10.0
[INFO] [stderr]   Downloaded pprof v0.11.1
[INFO] [stderr]   Downloaded ciborium v0.2.1
[INFO] [stderr]   Downloaded darling_core v0.10.2
[INFO] [stderr]   Downloaded ahash v0.8.4
[INFO] [stderr]   Downloaded halo2_poseidon v0.1.0
[INFO] [stderr]   Downloaded shardtree v0.6.1
[INFO] [stderr]   Downloaded reddsa v0.5.1
[INFO] [stderr]   Downloaded inferno v0.11.14
[INFO] [stderr]   Downloaded sinsemilla v0.1.0
[INFO] [stderr]   Downloaded libm v0.2.7
[INFO] [stderr]   Downloaded quick-xml v0.26.0
[INFO] [stderr]   Downloaded criterion v0.4.0
[INFO] [stderr]   Downloaded halo2_proofs v0.3.2
[INFO] [stderr]   Downloaded proptest v1.2.0
[INFO] [stderr]   Downloaded symbolic-demangle v10.2.1
[INFO] [stderr]   Downloaded image v0.24.4
[INFO] [stderr]   Downloaded exr v1.7.0
[INFO] [stderr]   Downloaded halo2_gadgets v0.5.0
[INFO] [stderr]   Downloaded rustix v0.38.11
[INFO] [stderr]   Downloaded bls12_381 v0.8.0
[INFO] [stderr]   Downloaded tiff v0.7.4
[INFO] running `Command { std: "docker" "create" "-v" "/var/lib/crater-agent-workspace/builds/worker-0-tc2/source:/opt/rustwide/workdir:ro,Z" "-v" "/var/lib/crater-agent-workspace/builds/worker-0-tc2/target:/opt/rustwide/target:rw,Z" "-v" "/var/lib/crater-agent-workspace/cargo-home:/opt/rustwide/cargo-home:ro,Z" "-v" "/var/lib/crater-agent-workspace/rustup-home:/opt/rustwide/rustup-home:ro,Z" "-m" "1610612736" "--network" "none" "ghcr.io/rust-lang/crates-build-env/linux@sha256:77db811e55d90add9212f6832c23229e3de5f1c1f9905e8cb07319ea15df73ac" "sleep" "infinity", kill_on_drop: false }`
[INFO] [stdout] bbc93d6ad0a26f70fb21323b26597a25c6ce520a370c7f659abe2a804738d548
[INFO] running `Command { std: "docker" "start" "bbc93d6ad0a26f70fb21323b26597a25c6ce520a370c7f659abe2a804738d548", kill_on_drop: false }`
[INFO] running `Command { std: "docker" "inspect" "bbc93d6ad0a26f70fb21323b26597a25c6ce520a370c7f659abe2a804738d548", kill_on_drop: false }`
[INFO] running `Command { std: "docker" "exec" "-e" "SOURCE_DIR=/opt/rustwide/workdir" "-e" "CARGO_HOME=/opt/rustwide/cargo-home" "-e" "RUSTUP_HOME=/opt/rustwide/rustup-home" "-e" "CARGO_TARGET_DIR=/opt/rustwide/target" "-w" "/opt/rustwide/workdir" "--user" "0:0" "bbc93d6ad0a26f70fb21323b26597a25c6ce520a370c7f659abe2a804738d548" "/opt/rustwide/cargo-home/bin/cargo" "+8773d2c75a8e90130dcce745a7ec4e66bb9963db" "metadata" "--no-deps" "--format-version=1", kill_on_drop: false }`
[INFO] running `Command { std: "docker" "inspect" "bbc93d6ad0a26f70fb21323b26597a25c6ce520a370c7f659abe2a804738d548", kill_on_drop: false }`
[INFO] running `Command { std: "docker" "exec" "-e" "SOURCE_DIR=/opt/rustwide/workdir" "-e" "CARGO_HOME=/opt/rustwide/cargo-home" "-e" "RUSTUP_HOME=/opt/rustwide/rustup-home" "-e" "CARGO_TARGET_DIR=/opt/rustwide/target" "-e" "CARGO_INCREMENTAL=0" "-e" "RUST_BACKTRACE=full" "-e" "RUSTFLAGS=--cap-lints=forbid -Aunfulfilled-lint-expectations" "-e" "RUSTDOCFLAGS=--cap-lints=forbid" "-w" "/opt/rustwide/workdir" "--user" "0:0" "bbc93d6ad0a26f70fb21323b26597a25c6ce520a370c7f659abe2a804738d548" "/opt/rustwide/cargo-home/bin/cargo" "+8773d2c75a8e90130dcce745a7ec4e66bb9963db" "check" "--frozen" "--all" "--all-targets" "--message-format=json", kill_on_drop: false }`
[INFO] [stderr]    Compiling libc v0.2.147
[INFO] [stderr]    Compiling unicode-ident v1.0.11
[INFO] [stderr]    Compiling typenum v1.16.0
[INFO] [stderr]    Compiling libm v0.2.7
[INFO] [stderr]    Compiling crossbeam-utils v0.8.16
[INFO] [stderr]    Compiling num-traits v0.2.16
[INFO] [stderr]     Checking lazy_static v1.4.0
[INFO] [stderr]    Compiling memoffset v0.9.0
[INFO] [stderr]    Compiling crossbeam-epoch v0.9.15
[INFO] [stderr]     Checking either v1.9.0
[INFO] [stderr]     Checking constant_time_eq v0.2.6
[INFO] [stderr]    Compiling rustix v0.38.11
[INFO] [stderr]     Checking memuse v0.2.2
[INFO] [stderr]    Compiling indexmap v1.9.3
[INFO] [stderr]    Compiling serde v1.0.188
[INFO] [stderr]    Compiling proc-macro2 v1.0.106
[INFO] [stderr]     Checking blake2b_simd v1.0.1
[INFO] [stderr]    Compiling rayon-core v1.11.0
[INFO] [stderr]     Checking bitflags v2.4.0
[INFO] [stderr]     Checking linux-raw-sys v0.4.5
[INFO] [stderr]     Checking fastrand v2.0.0
[INFO] [stderr]     Checking hashbrown v0.12.3
[INFO] [stderr]     Checking byteorder v1.4.3
[INFO] [stderr]    Compiling lock_api v0.4.10
[INFO] [stderr]     Checking itoa v1.0.9
[INFO] [stderr]    Compiling parking_lot_core v0.9.8
[INFO] [stderr]     Checking cpufeatures v0.2.9
[INFO] [stderr]     Checking bit-vec v0.6.3
[INFO] [stderr]     Checking tracing-core v0.1.31
[INFO] [stderr]    Compiling num-integer v0.1.45
[INFO] [stderr]     Checking smallvec v1.11.0
[INFO] [stderr]     Checking pin-project-lite v0.2.13
[INFO] [stderr]    Compiling serde_json v1.0.105
[INFO] [stderr]     Checking crossbeam-channel v0.5.8
[INFO] [stderr]    Compiling thiserror v1.0.48
[INFO] [stderr]    Compiling crunchy v0.2.2
[INFO] [stderr]     Checking memchr v2.6.3
[INFO] [stderr]    Compiling quote v1.0.45
[INFO] [stderr]     Checking bit-set v0.5.3
[INFO] [stderr]     Checking crossbeam-deque v0.8.3
[INFO] [stderr]    Compiling ahash v0.8.4
[INFO] [stderr]    Compiling num-bigint v0.4.4
[INFO] [stderr]    Compiling syn v2.0.117
[INFO] [stderr]     Checking regex-syntax v0.7.5
[INFO] [stderr]     Checking ryu v1.0.15
[INFO] [stderr]     Checking uuid v1.4.1
[INFO] [stderr]     Checking os_str_bytes v6.5.1
[INFO] [stderr]     Checking ciborium-io v0.2.1
[INFO] [stderr]    Compiling cpp_demangle v0.4.3
[INFO] [stderr]    Compiling proc-macro-error-attr2 v2.0.0
[INFO] [stderr]     Checking ciborium-ll v0.2.1
[INFO] [stderr]    Compiling cc v1.0.83
[INFO] [stderr]     Checking debugid v0.8.0
[INFO] [stderr]     Checking itertools v0.10.5
[INFO] [stderr]     Checking clap_lex v0.2.4
[INFO] [stderr]     Checking bytemuck v1.25.0
[INFO] [stderr]    Compiling symbolic-demangle v10.2.1
[INFO] [stderr]     Checking rustc-demangle v0.1.23
[INFO] [stderr]     Checking halo2_legacy_pdqsort v0.1.0
[INFO] [stderr]     Checking hashbrown v0.14.0
[INFO] [stderr]     Checking gimli v0.28.0
[INFO] [stderr]     Checking textwrap v0.16.0
[INFO] [stderr]     Checking walkdir v2.4.0
[INFO] [stderr]     Checking rgb v0.8.48
[INFO] [stderr]     Checking miniz_oxide v0.7.1
[INFO] [stderr]     Checking clap v3.2.25
[INFO] [stderr]     Checking uint v0.9.5
[INFO] [stderr]     Checking quick-xml v0.26.0
[INFO] [stderr]     Checking object v0.32.1
[INFO] [stderr]     Checking zcash_spec v0.2.1
[INFO] [stderr]     Checking num-format v0.4.4
[INFO] [stderr]     Checking getrandom v0.2.10
[INFO] [stderr]     Checking num_cpus v1.16.0
[INFO] [stderr]     Checking wait-timeout v0.2.0
[INFO] [stderr]     Checking rand_core v0.6.4
[INFO] [stderr]     Checking atty v0.2.14
[INFO] [stderr]    Compiling findshlibs v0.10.2
[INFO] [stderr]     Checking rand_chacha v0.3.1
[INFO] [stderr]     Checking ff v0.13.0
[INFO] [stderr]     Checking rand_xorshift v0.3.0
[INFO] [stderr]    Compiling backtrace v0.3.69
[INFO] [stderr]     Checking memmap2 v0.5.10
[INFO] [stderr]     Checking group v0.13.0
[INFO] [stderr]     Checking rand v0.8.5
[INFO] [stderr]     Checking bls12_381 v0.8.0
[INFO] [stderr]     Checking rayon v1.7.0
[INFO] [stderr]     Checking dashmap v5.5.3
[INFO] [stderr]     Checking symbolic-common v10.2.1
[INFO] [stderr]     Checking generic-array v0.14.7
[INFO] [stderr]     Checking regex-automata v0.3.8
[INFO] [stderr]     Checking jubjub v0.10.0
[INFO] [stderr]     Checking plotters v0.3.7
[INFO] [stdout] error[E0635]: unknown feature `stdsimd`
[INFO] [stdout]   --> /opt/rustwide/cargo-home/registry/src/index.crates.io-1949cf8c6b5b557f/ahash-0.8.4/src/lib.rs:99:42
[INFO] [stdout]    |
[INFO] [stdout] 99 | #![cfg_attr(feature = "stdsimd", feature(stdsimd))]
[INFO] [stdout]    |                                          ^^^^^^^
[INFO] [stdout] 
[INFO] [stdout] 
[INFO] [stdout] For more information about this error, try `rustc --explain E0635`.
[INFO] [stdout] 
[INFO] [stderr]     Checking pasta_curves v0.5.1
[INFO] [stderr] error: could not compile `ahash` (lib) due to 1 previous error
[INFO] [stderr] warning: build failed, waiting for other jobs to finish...
[INFO] running `Command { std: "docker" "inspect" "bbc93d6ad0a26f70fb21323b26597a25c6ce520a370c7f659abe2a804738d548", kill_on_drop: false }`
[INFO] running `Command { std: "docker" "rm" "-f" "bbc93d6ad0a26f70fb21323b26597a25c6ce520a370c7f659abe2a804738d548", kill_on_drop: false }`
[INFO] [stdout] bbc93d6ad0a26f70fb21323b26597a25c6ce520a370c7f659abe2a804738d548
