[INFO] cloning repository https://github.com/ShinRa26/BlockchainFun
[INFO] running `Command { std: "git" "-c" "credential.helper=" "-c" "credential.helper=/workspace/cargo-home/bin/git-credential-null" "clone" "--bare" "https://github.com/ShinRa26/BlockchainFun" "/workspace/cache/git-repos/https%3A%2F%2Fgithub.com%2FShinRa26%2FBlockchainFun", kill_on_drop: false }`
[INFO] [stderr] Cloning into bare repository '/workspace/cache/git-repos/https%3A%2F%2Fgithub.com%2FShinRa26%2FBlockchainFun'...
[INFO] running `Command { std: "git" "rev-parse" "HEAD", kill_on_drop: false }`
[INFO] [stdout] fe5a44ec3a93f4e489f51f280371da1c48be8733
[INFO] checking ShinRa26/BlockchainFun/fe5a44ec3a93f4e489f51f280371da1c48be8733 against 8773d2c75a8e90130dcce745a7ec4e66bb9963db+rustflags=-Aunfulfilled-lint-expectations for pr-163637
[INFO] running `Command { std: "git" "clone" "/workspace/cache/git-repos/https%3A%2F%2Fgithub.com%2FShinRa26%2FBlockchainFun" "/workspace/builds/worker-7-tc2/source", kill_on_drop: false }`
[INFO] [stderr] Cloning into '/workspace/builds/worker-7-tc2/source'...
[INFO] [stderr] done.
[INFO] started tweaking git repo https://github.com/ShinRa26/BlockchainFun
[INFO] finished tweaking git repo https://github.com/ShinRa26/BlockchainFun
[INFO] tweaked toml for git repo https://github.com/ShinRa26/BlockchainFun written to /workspace/builds/worker-7-tc2/source/Cargo.toml
[INFO] validating manifest of git repo https://github.com/ShinRa26/BlockchainFun on toolchain 8773d2c75a8e90130dcce745a7ec4e66bb9963db
[INFO] running `Command { std: CARGO_HOME="/workspace/cargo-home" RUSTUP_HOME="/workspace/rustup-home" "/workspace/cargo-home/bin/cargo" "+8773d2c75a8e90130dcce745a7ec4e66bb9963db" "metadata" "--manifest-path" "Cargo.toml" "--no-deps", kill_on_drop: false }`
[INFO] crate git repo https://github.com/ShinRa26/BlockchainFun already has a lockfile, it will not be regenerated
[INFO] running `Command { std: CARGO_HOME="/workspace/cargo-home" RUSTUP_HOME="/workspace/rustup-home" "/workspace/cargo-home/bin/cargo" "+8773d2c75a8e90130dcce745a7ec4e66bb9963db" "fetch" "--manifest-path" "Cargo.toml", kill_on_drop: false }`
[INFO] [stderr] warning: Cargo.toml: `package.edition` is unspecified, defaulting to `2015` while the latest is `2024`
[INFO] [stderr] warning: `blockchain` (manifest) generated 1 warning
[INFO] [stderr]     Blocking waiting for file lock on package cache
[INFO] [stderr]     Blocking waiting for file lock on package cache
[INFO] [stderr]     Blocking waiting for file lock on package cache
[ERROR] error running command: no output for 300 seconds
[INFO] checking ShinRa26/BlockchainFun/fe5a44ec3a93f4e489f51f280371da1c48be8733 against 8773d2c75a8e90130dcce745a7ec4e66bb9963db+rustflags=-Aunfulfilled-lint-expectations for pr-163637
[INFO] running `Command { std: "git" "clone" "/workspace/cache/git-repos/https%3A%2F%2Fgithub.com%2FShinRa26%2FBlockchainFun" "/workspace/builds/worker-7-tc2/source", kill_on_drop: false }`
[INFO] [stderr] Cloning into '/workspace/builds/worker-7-tc2/source'...
[INFO] [stderr] done.
[INFO] started tweaking git repo https://github.com/ShinRa26/BlockchainFun
[INFO] finished tweaking git repo https://github.com/ShinRa26/BlockchainFun
[INFO] tweaked toml for git repo https://github.com/ShinRa26/BlockchainFun written to /workspace/builds/worker-7-tc2/source/Cargo.toml
[INFO] validating manifest of git repo https://github.com/ShinRa26/BlockchainFun on toolchain 8773d2c75a8e90130dcce745a7ec4e66bb9963db
[INFO] running `Command { std: CARGO_HOME="/workspace/cargo-home" RUSTUP_HOME="/workspace/rustup-home" "/workspace/cargo-home/bin/cargo" "+8773d2c75a8e90130dcce745a7ec4e66bb9963db" "metadata" "--manifest-path" "Cargo.toml" "--no-deps", kill_on_drop: false }`
[INFO] crate git repo https://github.com/ShinRa26/BlockchainFun already has a lockfile, it will not be regenerated
[INFO] running `Command { std: CARGO_HOME="/workspace/cargo-home" RUSTUP_HOME="/workspace/rustup-home" "/workspace/cargo-home/bin/cargo" "+8773d2c75a8e90130dcce745a7ec4e66bb9963db" "fetch" "--manifest-path" "Cargo.toml", kill_on_drop: false }`
[INFO] [stderr] warning: Cargo.toml: `package.edition` is unspecified, defaulting to `2015` while the latest is `2024`
[INFO] [stderr] warning: `blockchain` (manifest) generated 1 warning
[INFO] [stderr]     Blocking waiting for file lock on package cache
[INFO] [stderr]     Blocking waiting for file lock on package cache
[ERROR] error running command: no output for 300 seconds
[INFO] checking ShinRa26/BlockchainFun/fe5a44ec3a93f4e489f51f280371da1c48be8733 against 8773d2c75a8e90130dcce745a7ec4e66bb9963db+rustflags=-Aunfulfilled-lint-expectations for pr-163637
[INFO] running `Command { std: "git" "clone" "/workspace/cache/git-repos/https%3A%2F%2Fgithub.com%2FShinRa26%2FBlockchainFun" "/workspace/builds/worker-7-tc2/source", kill_on_drop: false }`
[INFO] [stderr] Cloning into '/workspace/builds/worker-7-tc2/source'...
[INFO] [stderr] done.
[INFO] started tweaking git repo https://github.com/ShinRa26/BlockchainFun
[INFO] finished tweaking git repo https://github.com/ShinRa26/BlockchainFun
[INFO] tweaked toml for git repo https://github.com/ShinRa26/BlockchainFun written to /workspace/builds/worker-7-tc2/source/Cargo.toml
[INFO] validating manifest of git repo https://github.com/ShinRa26/BlockchainFun on toolchain 8773d2c75a8e90130dcce745a7ec4e66bb9963db
[INFO] running `Command { std: CARGO_HOME="/workspace/cargo-home" RUSTUP_HOME="/workspace/rustup-home" "/workspace/cargo-home/bin/cargo" "+8773d2c75a8e90130dcce745a7ec4e66bb9963db" "metadata" "--manifest-path" "Cargo.toml" "--no-deps", kill_on_drop: false }`
[INFO] crate git repo https://github.com/ShinRa26/BlockchainFun already has a lockfile, it will not be regenerated
[INFO] running `Command { std: CARGO_HOME="/workspace/cargo-home" RUSTUP_HOME="/workspace/rustup-home" "/workspace/cargo-home/bin/cargo" "+8773d2c75a8e90130dcce745a7ec4e66bb9963db" "fetch" "--manifest-path" "Cargo.toml", kill_on_drop: false }`
[INFO] [stderr] warning: Cargo.toml: `package.edition` is unspecified, defaulting to `2015` while the latest is `2024`
[INFO] [stderr] warning: `blockchain` (manifest) generated 1 warning
[INFO] [stderr]     Blocking waiting for file lock on package cache
[INFO] [stderr]     Blocking waiting for file lock on package cache
[ERROR] error running command: no output for 300 seconds
[INFO] checking ShinRa26/BlockchainFun/fe5a44ec3a93f4e489f51f280371da1c48be8733 against 8773d2c75a8e90130dcce745a7ec4e66bb9963db+rustflags=-Aunfulfilled-lint-expectations for pr-163637
[INFO] running `Command { std: "git" "clone" "/workspace/cache/git-repos/https%3A%2F%2Fgithub.com%2FShinRa26%2FBlockchainFun" "/workspace/builds/worker-7-tc2/source", kill_on_drop: false }`
[INFO] [stderr] Cloning into '/workspace/builds/worker-7-tc2/source'...
[INFO] [stderr] done.
[INFO] started tweaking git repo https://github.com/ShinRa26/BlockchainFun
[INFO] finished tweaking git repo https://github.com/ShinRa26/BlockchainFun
[INFO] tweaked toml for git repo https://github.com/ShinRa26/BlockchainFun written to /workspace/builds/worker-7-tc2/source/Cargo.toml
[INFO] validating manifest of git repo https://github.com/ShinRa26/BlockchainFun on toolchain 8773d2c75a8e90130dcce745a7ec4e66bb9963db
[INFO] running `Command { std: CARGO_HOME="/workspace/cargo-home" RUSTUP_HOME="/workspace/rustup-home" "/workspace/cargo-home/bin/cargo" "+8773d2c75a8e90130dcce745a7ec4e66bb9963db" "metadata" "--manifest-path" "Cargo.toml" "--no-deps", kill_on_drop: false }`
[INFO] crate git repo https://github.com/ShinRa26/BlockchainFun already has a lockfile, it will not be regenerated
[INFO] running `Command { std: CARGO_HOME="/workspace/cargo-home" RUSTUP_HOME="/workspace/rustup-home" "/workspace/cargo-home/bin/cargo" "+8773d2c75a8e90130dcce745a7ec4e66bb9963db" "fetch" "--manifest-path" "Cargo.toml", kill_on_drop: false }`
[INFO] [stderr] warning: Cargo.toml: `package.edition` is unspecified, defaulting to `2015` while the latest is `2024`
[INFO] [stderr] warning: `blockchain` (manifest) generated 1 warning
[INFO] [stderr]     Blocking waiting for file lock on package cache
[INFO] [stderr]     Blocking waiting for file lock on package cache
[INFO] [stderr]     Blocking waiting for file lock on package cache
[ERROR] error running command: no output for 300 seconds
[INFO] checking ShinRa26/BlockchainFun/fe5a44ec3a93f4e489f51f280371da1c48be8733 against 8773d2c75a8e90130dcce745a7ec4e66bb9963db+rustflags=-Aunfulfilled-lint-expectations for pr-163637
[INFO] running `Command { std: "git" "clone" "/workspace/cache/git-repos/https%3A%2F%2Fgithub.com%2FShinRa26%2FBlockchainFun" "/workspace/builds/worker-7-tc2/source", kill_on_drop: false }`
[INFO] [stderr] Cloning into '/workspace/builds/worker-7-tc2/source'...
[INFO] [stderr] done.
[INFO] started tweaking git repo https://github.com/ShinRa26/BlockchainFun
[INFO] finished tweaking git repo https://github.com/ShinRa26/BlockchainFun
[INFO] tweaked toml for git repo https://github.com/ShinRa26/BlockchainFun written to /workspace/builds/worker-7-tc2/source/Cargo.toml
[INFO] validating manifest of git repo https://github.com/ShinRa26/BlockchainFun on toolchain 8773d2c75a8e90130dcce745a7ec4e66bb9963db
[INFO] running `Command { std: CARGO_HOME="/workspace/cargo-home" RUSTUP_HOME="/workspace/rustup-home" "/workspace/cargo-home/bin/cargo" "+8773d2c75a8e90130dcce745a7ec4e66bb9963db" "metadata" "--manifest-path" "Cargo.toml" "--no-deps", kill_on_drop: false }`
[INFO] crate git repo https://github.com/ShinRa26/BlockchainFun already has a lockfile, it will not be regenerated
[INFO] running `Command { std: CARGO_HOME="/workspace/cargo-home" RUSTUP_HOME="/workspace/rustup-home" "/workspace/cargo-home/bin/cargo" "+8773d2c75a8e90130dcce745a7ec4e66bb9963db" "fetch" "--manifest-path" "Cargo.toml", kill_on_drop: false }`
[INFO] [stderr] warning: Cargo.toml: `package.edition` is unspecified, defaulting to `2015` while the latest is `2024`
[INFO] [stderr] warning: `blockchain` (manifest) generated 1 warning
[INFO] [stderr]     Blocking waiting for file lock on package cache
[INFO] [stderr]     Blocking waiting for file lock on package cache
[INFO] [stderr]     Blocking waiting for file lock on package cache
[INFO] [stderr]  Downloading crates ...
[INFO] [stderr]   Downloaded bitflags v1.0.1
[INFO] [stderr]   Downloaded uuid v0.1.18
[INFO] [stderr]   Downloaded serde_json v1.0.9
[INFO] [stderr]   Downloaded rand v0.3.20
[INFO] [stderr]   Downloaded phf v0.7.21
[INFO] [stderr]   Downloaded crc v1.7.0
[INFO] [stderr]   Downloaded safemem v0.2.0
[INFO] [stderr]   Downloaded cfg-if v0.1.2
[INFO] [stderr]   Downloaded vcpkg v0.2.2
[INFO] [stderr]   Downloaded scoped-tls v0.1.0
[INFO] [stderr]   Downloaded adler32 v1.0.2
[INFO] [stderr]   Downloaded smallvec v0.2.1
[INFO] [stderr]   Downloaded tempdir v0.3.5
[INFO] [stderr]   Downloaded core-foundation v0.2.3
[INFO] [stderr]   Downloaded pkg-config v0.3.9
[INFO] [stderr]   Downloaded phf_codegen v0.7.21
[INFO] [stderr]   Downloaded phf_generator v0.7.21
[INFO] [stderr]   Downloaded tokio-service v0.1.0
[INFO] [stderr]   Downloaded relay v0.1.0
[INFO] [stderr]   Downloaded slab v0.4.0
[INFO] [stderr]   Downloaded lazy_static v0.2.11
[INFO] [stderr]   Downloaded phf_shared v0.7.21
[INFO] [stderr]   Downloaded mime v0.3.5
[INFO] [stderr]   Downloaded hyper-tls v0.1.2
[INFO] [stderr]   Downloaded lazy_static v1.0.0
[INFO] [stderr]   Downloaded matches v0.1.6
[INFO] [stderr]   Downloaded slab v0.3.0
[INFO] [stderr]   Downloaded bitflags v0.9.1
[INFO] [stderr]   Downloaded num_cpus v1.8.0
[INFO] [stderr]   Downloaded iovec v0.1.1
[INFO] [stderr]   Downloaded siphasher v0.2.2
[INFO] [stderr]   Downloaded core-foundation-sys v0.2.3
[INFO] [stderr]   Downloaded dtoa v0.4.2
[INFO] [stderr]   Downloaded redox_syscall v0.1.37
[INFO] [stderr]   Downloaded lazycell v0.6.0
[INFO] [stderr]   Downloaded security-framework-sys v0.1.16
[INFO] [stderr]   Downloaded serde_urlencoded v0.5.1
[INFO] [stderr]   Downloaded itoa v0.3.4
[INFO] [stderr]   Downloaded unicase v1.4.2
[INFO] [stderr]   Downloaded build_const v0.2.0
[INFO] [stderr]   Downloaded serde_derive_internals v0.19.0
[INFO] [stderr]   Downloaded uuid v0.5.1
[INFO] [stderr]   Downloaded log v0.4.1
[INFO] [stderr]   Downloaded mime_guess v2.0.0-alpha.3
[INFO] [stderr]   Downloaded take v0.1.0
[INFO] [stderr]   Downloaded version_check v0.1.3
[INFO] [stderr]   Downloaded log v0.3.9
[INFO] [stderr]   Downloaded byteorder v1.2.1
[INFO] [stderr]   Downloaded httparse v1.2.3
[INFO] [stderr]   Downloaded net2 v0.2.31
[INFO] [stderr]   Downloaded native-tls v0.1.5
[INFO] [stderr]   Downloaded num-traits v0.1.41
[INFO] [stderr]   Downloaded tokio-tls v0.1.4
[INFO] [stderr]   Downloaded time v0.1.39
[INFO] [stderr]   Downloaded serde_derive v1.0.27
[INFO] [stderr]   Downloaded libflate v0.1.14
[INFO] [stderr]   Downloaded bytes v0.4.6
[INFO] [stderr]   Downloaded openssl-sys v0.9.24
[INFO] [stderr]   Downloaded unicase v2.1.0
[INFO] [stderr]   Downloaded cc v1.0.4
[INFO] [stderr]   Downloaded tokio-proto v0.1.1
[INFO] [stderr]   Downloaded tokio-io v0.1.4
[INFO] [stderr]   Downloaded gcc v0.3.54
[INFO] [stderr]   Downloaded security-framework v0.1.16
[INFO] [stderr]   Downloaded schannel v0.1.10
[INFO] [stderr]   Downloaded base64 v0.9.0
[INFO] [stderr]   Downloaded tokio-core v0.1.12
[INFO] [stderr]   Downloaded serde v1.0.27
[INFO] [stderr]   Downloaded url v1.6.0
[INFO] [stderr]   Downloaded reqwest v0.8.2
[INFO] [stderr]   Downloaded mio v0.6.12
[INFO] [stderr]   Downloaded futures v0.1.17
[INFO] [stderr]   Downloaded openssl v0.9.23
[INFO] [stderr]   Downloaded libc v0.2.35
[INFO] [stderr]   Downloaded hyper v0.11.13
[INFO] [stderr]   Downloaded idna v0.1.4
[INFO] [stderr]   Downloaded unicode-normalization v0.1.5
[INFO] [stderr]   Downloaded rust-crypto v0.2.36
[INFO] [stderr]   Downloaded winapi v0.3.3
[INFO] [stderr]   Downloaded winapi-i686-pc-windows-gnu v0.3.2
[INFO] [stderr]   Downloaded winapi-x86_64-pc-windows-gnu v0.3.2
[INFO] running `Command { std: "docker" "create" "-v" "/var/lib/crater-agent-workspace/builds/worker-7-tc2/source:/opt/rustwide/workdir:ro,Z" "-v" "/var/lib/crater-agent-workspace/builds/worker-7-tc2/target:/opt/rustwide/target:rw,Z" "-v" "/var/lib/crater-agent-workspace/cargo-home:/opt/rustwide/cargo-home:ro,Z" "-v" "/var/lib/crater-agent-workspace/rustup-home:/opt/rustwide/rustup-home:ro,Z" "-m" "1610612736" "--network" "none" "ghcr.io/rust-lang/crates-build-env/linux@sha256:77db811e55d90add9212f6832c23229e3de5f1c1f9905e8cb07319ea15df73ac" "sleep" "infinity", kill_on_drop: false }`
[INFO] [stdout] 0bd9fb20ff289bfaea254968640493bc6a7bbf86de2811e8524444dfcbc65ada
[INFO] running `Command { std: "docker" "start" "0bd9fb20ff289bfaea254968640493bc6a7bbf86de2811e8524444dfcbc65ada", kill_on_drop: false }`
[INFO] running `Command { std: "docker" "inspect" "0bd9fb20ff289bfaea254968640493bc6a7bbf86de2811e8524444dfcbc65ada", kill_on_drop: false }`
[INFO] running `Command { std: "docker" "exec" "-e" "SOURCE_DIR=/opt/rustwide/workdir" "-e" "CARGO_HOME=/opt/rustwide/cargo-home" "-e" "RUSTUP_HOME=/opt/rustwide/rustup-home" "-e" "CARGO_TARGET_DIR=/opt/rustwide/target" "-w" "/opt/rustwide/workdir" "--user" "0:0" "0bd9fb20ff289bfaea254968640493bc6a7bbf86de2811e8524444dfcbc65ada" "/opt/rustwide/cargo-home/bin/cargo" "+8773d2c75a8e90130dcce745a7ec4e66bb9963db" "metadata" "--no-deps" "--format-version=1", kill_on_drop: false }`
[INFO] running `Command { std: "docker" "inspect" "0bd9fb20ff289bfaea254968640493bc6a7bbf86de2811e8524444dfcbc65ada", kill_on_drop: false }`
[INFO] running `Command { std: "docker" "exec" "-e" "SOURCE_DIR=/opt/rustwide/workdir" "-e" "CARGO_HOME=/opt/rustwide/cargo-home" "-e" "RUSTUP_HOME=/opt/rustwide/rustup-home" "-e" "CARGO_TARGET_DIR=/opt/rustwide/target" "-e" "CARGO_INCREMENTAL=0" "-e" "RUST_BACKTRACE=full" "-e" "RUSTFLAGS=--cap-lints=forbid -Aunfulfilled-lint-expectations" "-e" "RUSTDOCFLAGS=--cap-lints=forbid" "-w" "/opt/rustwide/workdir" "--user" "0:0" "0bd9fb20ff289bfaea254968640493bc6a7bbf86de2811e8524444dfcbc65ada" "/opt/rustwide/cargo-home/bin/cargo" "+8773d2c75a8e90130dcce745a7ec4e66bb9963db" "check" "--frozen" "--all" "--all-targets" "--message-format=json", kill_on_drop: false }`
[INFO] [stderr] warning: Cargo.toml: `package.edition` is unspecified, defaulting to `2015` while the latest is `2024`
[INFO] [stderr] warning: `blockchain` (manifest) generated 1 warning
[INFO] [stderr]     Checking libc v0.2.35
[INFO] [stderr]    Compiling version_check v0.1.3
[INFO] [stderr]     Checking cfg-if v0.1.2
[INFO] [stderr]     Checking futures v0.1.17
[INFO] [stderr]     Checking byteorder v1.2.1
[INFO] [stderr]    Compiling pkg-config v0.3.9
[INFO] [stderr]    Compiling cc v1.0.4
[INFO] [stderr]     Checking slab v0.3.0
[INFO] [stderr]    Compiling siphasher v0.2.2
[INFO] [stderr]     Checking lazycell v0.6.0
[INFO] [stderr]    Compiling openssl v0.9.23
[INFO] [stderr]     Checking scoped-tls v0.1.0
[INFO] [stderr]     Checking slab v0.4.0
[INFO] [stderr]     Checking foreign-types-shared v0.1.1
[INFO] [stderr]     Checking percent-encoding v1.0.1
[INFO] [stderr]     Checking bitflags v0.9.1
[INFO] [stderr]     Checking foreign-types v0.3.2
[INFO] [stderr]     Checking log v0.4.1
[INFO] [stderr]     Checking lazy_static v1.0.0
[INFO] [stderr]    Compiling build_const v0.2.0
[INFO] [stderr]     Checking matches v0.1.6
[INFO] [stderr]     Checking log v0.3.9
[INFO] [stderr]     Checking take v0.1.0
[INFO] [stderr]     Checking unicode-bidi v0.3.4
[INFO] [stderr]    Compiling unicode-xid v0.0.4
[INFO] [stderr]     Checking smallvec v0.2.1
[INFO] [stderr]     Checking unicode-normalization v0.1.5
[INFO] [stderr]     Checking iovec v0.1.1
[INFO] [stderr]     Checking rand v0.3.20
[INFO] [stderr]     Checking net2 v0.2.31
[INFO] [stderr]     Checking num_cpus v1.8.0
[INFO] [stderr]     Checking time v0.1.39
[INFO] [stderr]     Checking safemem v0.2.0
[INFO] [stderr]     Checking bytes v0.4.6
[INFO] [stderr]    Compiling crc v1.7.0
[INFO] [stderr]    Compiling unicase v1.4.2
[INFO] [stderr]    Compiling unicase v2.1.0
[INFO] [stderr]     Checking lazy_static v0.2.11
[INFO] [stderr]     Checking base64 v0.9.0
[INFO] [stderr]    Compiling synom v0.11.3
[INFO] [stderr]     Checking language-tags v0.2.2
[INFO] [stderr]     Checking mio v0.6.12
[INFO] [stderr]     Checking serde v1.0.27
[INFO] [stderr]    Compiling gcc v0.3.54
[INFO] [stderr]     Checking dtoa v0.4.2
[INFO] [stderr]     Checking httparse v1.2.3
[INFO] [stderr]     Checking idna v0.1.4
[INFO] [stderr]    Compiling quote v0.3.15
[INFO] [stderr]     Checking itoa v0.3.4
[INFO] [stderr]     Checking mime v0.3.5
[INFO] [stderr]     Checking num-traits v0.1.41
[INFO] [stderr]    Compiling phf_shared v0.7.21
[INFO] [stderr]     Checking rustc-serialize v0.3.24
[INFO] [stderr]    Compiling syn v0.11.11
[INFO] [stderr]     Checking phf v0.7.21
[INFO] [stderr]     Checking adler32 v1.0.2
[INFO] [stderr]     Checking libflate v0.1.14
[INFO] [stderr]    Compiling openssl-sys v0.9.24
[INFO] [stderr]     Checking uuid v0.5.1
[INFO] [stderr]     Checking tokio-io v0.1.4
[INFO] [stderr]     Checking tokio-service v0.1.0
[INFO] [stderr]     Checking relay v0.1.0
[INFO] [stderr]     Checking futures-cpupool v0.1.8
[INFO] [stdout] error[E0310]: the parameter type `T` may not live long enough
[INFO] [stdout]     --> /opt/rustwide/cargo-home/registry/src/index.crates.io-1949cf8c6b5b557f/rustc-serialize-0.3.24/src/serialize.rs:1155:5
[INFO] [stdout]      |
[INFO] [stdout] 1155 |     fn decode<D: Decoder>(d: &mut D) -> Result<Cow<'static, T>, D::Error> {
[INFO] [stdout]      |     ^^^^^^^^^^^^^^^^^^^^^^^^^^^^^^^^^^^^^^^^^^^^^^^^^^^^^^^^^^^^^^^^^^^^^
[INFO] [stdout]      |     |
[INFO] [stdout]      |     the parameter type `T` must be valid for the static lifetime...
[INFO] [stdout]      |     ...so that the type `T` will meet its required lifetime bounds
[INFO] [stdout]      |
[INFO] [stdout] help: consider adding an explicit lifetime bound
[INFO] [stdout]      |
[INFO] [stdout] 1151 | impl<'a, T: ?Sized + 'static> Decodable for Cow<'a, T>
[INFO] [stdout]      |                    +++++++++
[INFO] [stdout] 
[INFO] [stdout] 
[INFO] [stderr]    Compiling rust-crypto v0.2.36
[INFO] [stderr]    Compiling phf_generator v0.7.21
[INFO] [stderr]     Checking url v1.6.0
[INFO] [stderr]    Compiling phf_codegen v0.7.21
[INFO] [stderr]     Checking tokio-core v0.1.12
[INFO] [stderr]    Compiling mime_guess v2.0.0-alpha.3
[INFO] [stderr] error: failed to run custom build command for `openssl-sys v0.9.24`
[INFO] [stderr] note: To improve backtraces for build dependencies, set the CARGO_PROFILE_DEV_BUILD_OVERRIDE_DEBUG=true environment variable to enable debug information generation.
[INFO] [stderr] 
[INFO] [stderr] Caused by:
[INFO] [stderr]   process didn't exit successfully: `/opt/rustwide/target/debug/build/openssl-sys/f36a8b54e87deb7e/out/build_script_build` (exit status: 101)
[INFO] [stderr]   --- stdout
[INFO] [stderr]   cargo:rerun-if-env-changed=X86_64_UNKNOWN_LINUX_GNU_OPENSSL_LIB_DIR
[INFO] [stderr]   cargo:rerun-if-env-changed=OPENSSL_LIB_DIR
[INFO] [stderr]   cargo:rerun-if-env-changed=X86_64_UNKNOWN_LINUX_GNU_OPENSSL_INCLUDE_DIR
[INFO] [stderr]   cargo:rerun-if-env-changed=OPENSSL_INCLUDE_DIR
[INFO] [stderr]   cargo:rerun-if-env-changed=X86_64_UNKNOWN_LINUX_GNU_OPENSSL_DIR
[INFO] [stderr]   cargo:rerun-if-env-changed=OPENSSL_DIR
[INFO] [stderr]   cargo:rustc-link-lib=ssl
[INFO] [stderr]   cargo:rustc-link-lib=crypto
[INFO] [stderr]   OPT_LEVEL = Some("0")
[INFO] [stderr]   TARGET = Some("x86_64-unknown-linux-gnu")
[INFO] [stderr]   HOST = Some("x86_64-unknown-linux-gnu")
[INFO] [stderr]   TARGET = Some("x86_64-unknown-linux-gnu")
[INFO] [stderr]   TARGET = Some("x86_64-unknown-linux-gnu")
[INFO] [stderr]   HOST = Some("x86_64-unknown-linux-gnu")
[INFO] [stderr]   CC_x86_64-unknown-linux-gnu = None
[INFO] [stderr]   CC_x86_64_unknown_linux_gnu = None
[INFO] [stderr]   HOST_CC = None
[INFO] [stderr]   CC = None
[INFO] [stderr]   HOST = Some("x86_64-unknown-linux-gnu")
[INFO] [stderr]   TARGET = Some("x86_64-unknown-linux-gnu")
[INFO] [stderr]   HOST = Some("x86_64-unknown-linux-gnu")
[INFO] [stderr]   CFLAGS_x86_64-unknown-linux-gnu = None
[INFO] [stderr]   CFLAGS_x86_64_unknown_linux_gnu = None
[INFO] [stderr]   HOST_CFLAGS = None
[INFO] [stderr]   CFLAGS = None
[INFO] [stderr]   DEBUG = Some("true")
[INFO] [stderr]   running: "cc" "-O0" "-ffunction-sections" "-fdata-sections" "-fPIC" "-g" "-m64" "-Wall" "-Wextra" "-E" "/opt/rustwide/target/debug/build/openssl-sys/1b829e209d6f1322/out/expando.c"
[INFO] [stderr]   exit status: 0
[INFO] [stderr]   cargo:rustc-cfg=osslconf="OPENSSL_NO_SSL3_METHOD"
[INFO] [stderr]   cargo:conf=OPENSSL_NO_SSL3_METHOD
[INFO] [stderr] 
[INFO] [stderr]   --- stderr
[INFO] [stderr] 
[INFO] [stderr]   thread 'main' (587) panicked at /opt/rustwide/cargo-home/registry/src/index.crates.io-1949cf8c6b5b557f/openssl-sys-0.9.24/build.rs:486:9:
[INFO] [stderr] 
[INFO] [stderr] 
[INFO] [stderr]   This crate is only compatible with OpenSSL 1.0.1, 1.0.2, and 1.1.0, or LibreSSL
[INFO] [stderr]   2.5 and 2.6.0, but a different version of OpenSSL was found. The build is now
[INFO] [stderr]   aborting due to this version mismatch.
[INFO] [stderr] 
[INFO] [stderr] 
[INFO] [stderr]   stack backtrace:
[INFO] [stderr]      0:     0x594c6dfbf651 - std[70848e31ef396c88]::backtrace_rs::backtrace::libunwind::trace
[INFO] [stderr]                                  at /rustc/8773d2c75a8e90130dcce745a7ec4e66bb9963db/library/std/src/../../backtrace/src/backtrace/libunwind.rs:117:9
[INFO] [stderr]      1:     0x594c6dfbf651 - std[70848e31ef396c88]::backtrace_rs::backtrace::trace_unsynchronized::<std[70848e31ef396c88]::sys::backtrace::_print_fmt::{closure#1}>
[INFO] [stderr]                                  at /rustc/8773d2c75a8e90130dcce745a7ec4e66bb9963db/library/std/src/../../backtrace/src/backtrace/mod.rs:66:14
[INFO] [stderr]      2:     0x594c6dfbf651 - std[70848e31ef396c88]::sys::backtrace::_print_fmt
[INFO] [stderr]                                  at /rustc/8773d2c75a8e90130dcce745a7ec4e66bb9963db/library/std/src/sys/backtrace.rs:74:9
[INFO] [stderr]      3:     0x594c6dfbf651 - <<std[70848e31ef396c88]::sys::backtrace::BacktraceLock>::print::DisplayBacktrace as core[c8b5ded6587d6b11]::fmt::Display>::fmt
[INFO] [stderr]                                  at /rustc/8773d2c75a8e90130dcce745a7ec4e66bb9963db/library/std/src/sys/backtrace.rs:44:26
[INFO] [stderr]      4:     0x594c6dfd3b9a - <core[c8b5ded6587d6b11]::fmt::rt::Argument>::fmt
[INFO] [stderr]                                  at /rustc/8773d2c75a8e90130dcce745a7ec4e66bb9963db/library/core/src/fmt/rt.rs:152:76
[INFO] [stderr]      5:     0x594c6dfd3b9a - core[c8b5ded6587d6b11]::fmt::write
[INFO] [stderr]      6:     0x594c6dfc53cc - core[c8b5ded6587d6b11]::io::write::default_write_fmt::<std[70848e31ef396c88]::sys::stdio::unix::Stderr>
[INFO] [stderr]                                  at /rustc/8773d2c75a8e90130dcce745a7ec4e66bb9963db/library/core/src/io/write.rs:402:11
[INFO] [stderr]      7:     0x594c6dfc53cc - <std[70848e31ef396c88]::sys::stdio::unix::Stderr as core[c8b5ded6587d6b11]::io::write::Write>::write_fmt
[INFO] [stderr]                                  at /rustc/8773d2c75a8e90130dcce745a7ec4e66bb9963db/library/core/src/io/write.rs:335:13
[INFO] [stderr]      8:     0x594c6df9ebc6 - <std[70848e31ef396c88]::sys::backtrace::BacktraceLock>::print
[INFO] [stderr]                                  at /rustc/8773d2c75a8e90130dcce745a7ec4e66bb9963db/library/std/src/sys/backtrace.rs:47:9
[INFO] [stderr]      9:     0x594c6df9ebc6 - std[70848e31ef396c88]::panicking::default_hook::{closure#0}
[INFO] [stderr]                                  at /rustc/8773d2c75a8e90130dcce745a7ec4e66bb9963db/library/std/src/panicking.rs:289:27
[INFO] [stderr]     10:     0x594c6dfba1c1 - std[70848e31ef396c88]::panicking::default_hook
[INFO] [stderr]                                  at /rustc/8773d2c75a8e90130dcce745a7ec4e66bb9963db/library/std/src/panicking.rs:316:9
[INFO] [stderr]     11:     0x594c6dfba37b - std[70848e31ef396c88]::panicking::panic_with_hook
[INFO] [stderr]                                  at /rustc/8773d2c75a8e90130dcce745a7ec4e66bb9963db/library/std/src/panicking.rs:811:13
[INFO] [stderr]     12:     0x594c6df9e0dc - std[70848e31ef396c88]::panicking::begin_panic::<&str>::{closure#0}
[INFO] [stderr]                                  at /rustc/8773d2c75a8e90130dcce745a7ec4e66bb9963db/library/std/src/panicking.rs:748:9
[INFO] [stderr]     13:     0x594c6df98869 - std[70848e31ef396c88]::sys::backtrace::__rust_end_short_backtrace::<std[70848e31ef396c88]::panicking::begin_panic<&str>::{closure#0}, !>
[INFO] [stderr]                                  at /rustc/8773d2c75a8e90130dcce745a7ec4e66bb9963db/library/std/src/sys/backtrace.rs:182:18
[INFO] [stderr]     14:     0x594c6df94bab - std[70848e31ef396c88]::panicking::begin_panic::<&str>
[INFO] [stderr]                                  at /rustc/8773d2c75a8e90130dcce745a7ec4e66bb9963db/library/std/src/panicking.rs:747:5
[INFO] [stderr]     15:     0x594c6df53793 - build_script_build[c36d96c6ee9263fc]::validate_headers
[INFO] [stderr]     16:     0x594c6df51873 - build_script_build[c36d96c6ee9263fc]::try_pkg_config
[INFO] [stderr]     17:     0x594c6df51c67 - build_script_build[c36d96c6ee9263fc]::find_openssl_dir
[INFO] [stderr]     18:     0x594c6df50cfb - build_script_build[c36d96c6ee9263fc]::main::{closure#0}
[INFO] [stderr]     19:     0x594c6df57660 - <core[c8b5ded6587d6b11]::option::Option<std[70848e31ef396c88]::ffi::os_str::OsString>>::unwrap_or_else::<build_script_build[c36d96c6ee9263fc]::main::{closure#0}>
[INFO] [stderr]     20:     0x594c6df5500e - build_script_build[c36d96c6ee9263fc]::main
[INFO] [stderr]     21:     0x594c6df4f973 - <fn() as core[c8b5ded6587d6b11]::ops::function::FnOnce<()>>::call_once
[INFO] [stderr]     22:     0x594c6df5012e - std[70848e31ef396c88]::sys::backtrace::__rust_begin_short_backtrace::<fn(), ()>
[INFO] [stderr]     23:     0x594c6df50399 - std[70848e31ef396c88]::rt::lang_start::<()>::{closure#0}
[INFO] [stderr]     24:     0x594c6dfb95c8 - <&dyn core[c8b5ded6587d6b11]::ops::function::Fn<(), Output = i32> + core[c8b5ded6587d6b11]::marker::Sync + core[c8b5ded6587d6b11]::panic::unwind_safe::RefUnwindSafe as core[c8b5ded6587d6b11]::ops::function::FnOnce<()>>::call_once
[INFO] [stderr]                                  at /rustc/8773d2c75a8e90130dcce745a7ec4e66bb9963db/library/core/src/ops/function.rs:287:21
[INFO] [stderr]     25:     0x594c6dfb95c8 - std[70848e31ef396c88]::panicking::catch_unwind::do_call::<&dyn core[c8b5ded6587d6b11]::ops::function::Fn<(), Output = i32> + core[c8b5ded6587d6b11]::marker::Sync + core[c8b5ded6587d6b11]::panic::unwind_safe::RefUnwindSafe, i32>
[INFO] [stderr]                                  at /rustc/8773d2c75a8e90130dcce745a7ec4e66bb9963db/library/std/src/panicking.rs:573:43
[INFO] [stderr]     26:     0x594c6dfb95c8 - std[70848e31ef396c88]::panicking::catch_unwind::<i32, &dyn core[c8b5ded6587d6b11]::ops::function::Fn<(), Output = i32> + core[c8b5ded6587d6b11]::marker::Sync + core[c8b5ded6587d6b11]::panic::unwind_safe::RefUnwindSafe>
[INFO] [stderr]                                  at /rustc/8773d2c75a8e90130dcce745a7ec4e66bb9963db/library/std/src/panicking.rs:541:19
[INFO] [stderr]     27:     0x594c6dfb95c8 - std[70848e31ef396c88]::panic::catch_unwind::<&dyn core[c8b5ded6587d6b11]::ops::function::Fn<(), Output = i32> + core[c8b5ded6587d6b11]::marker::Sync + core[c8b5ded6587d6b11]::panic::unwind_safe::RefUnwindSafe, i32>
[INFO] [stderr]                                  at /rustc/8773d2c75a8e90130dcce745a7ec4e66bb9963db/library/std/src/panic.rs:359:14
[INFO] [stderr]     28:     0x594c6dfb95c8 - std[70848e31ef396c88]::rt::lang_start_internal::{closure#0}
[INFO] [stderr]                                  at /rustc/8773d2c75a8e90130dcce745a7ec4e66bb9963db/library/std/src/rt.rs:175:24
[INFO] [stderr]     29:     0x594c6dfb95c8 - std[70848e31ef396c88]::panicking::catch_unwind::do_call::<std[70848e31ef396c88]::rt::lang_start_internal::{closure#0}, isize>
[INFO] [stderr]                                  at /rustc/8773d2c75a8e90130dcce745a7ec4e66bb9963db/library/std/src/panicking.rs:573:43
[INFO] [stderr]     30:     0x594c6dfb95c8 - std[70848e31ef396c88]::panicking::catch_unwind::<isize, std[70848e31ef396c88]::rt::lang_start_internal::{closure#0}>
[INFO] [stderr]                                  at /rustc/8773d2c75a8e90130dcce745a7ec4e66bb9963db/library/std/src/panicking.rs:541:19
[INFO] [stderr]     31:     0x594c6dfb95c8 - std[70848e31ef396c88]::panic::catch_unwind::<std[70848e31ef396c88]::rt::lang_start_internal::{closure#0}, isize>
[INFO] [stderr]                                  at /rustc/8773d2c75a8e90130dcce745a7ec4e66bb9963db/library/std/src/panic.rs:359:14
[INFO] [stderr]     32:     0x594c6dfb95c8 - std[70848e31ef396c88]::rt::lang_start_internal
[INFO] [stderr]                                  at /rustc/8773d2c75a8e90130dcce745a7ec4e66bb9963db/library/std/src/rt.rs:171:5
[INFO] [stderr]     33:     0x594c6df50031 - std[70848e31ef396c88]::rt::lang_start::<()>
[INFO] [stderr]     34:     0x594c6df57515 - main
[INFO] [stderr]     35:     0x76c838c26601 - <unknown>
[INFO] [stderr]     36:     0x76c838c26718 - __libc_start_main
[INFO] [stderr]     37:     0x594c6df4b1f5 - _start
[INFO] [stderr]     38:                0x0 - <unknown>
[INFO] [stderr] warning: build failed, waiting for other jobs to finish...
[INFO] [stdout] error[E0713]: borrow may still be in use when destructor runs
[INFO] [stdout]    --> /opt/rustwide/cargo-home/registry/src/index.crates.io-1949cf8c6b5b557f/url-1.6.0/src/form_urlencoded.rs:261:40
[INFO] [stdout]     |
[INFO] [stdout] 259 | impl<'a> Target for ::UrlQuery<'a> {
[INFO] [stdout]     |      -- lifetime `'a` defined here
[INFO] [stdout] 260 |     fn as_mut_string(&mut self) -> &mut String { &mut self.url.serialization }
[INFO] [stdout] 261 |     fn finish(self) -> &'a mut ::Url { self.url }
[INFO] [stdout]     |                                        ^^^^^^^^ - here, drop of `self` needs exclusive access to `*self.url`, because the type `UrlQuery<'_>` implements the `Drop` trait
[INFO] [stdout]     |                                        |
[INFO] [stdout]     |                                        returning this value requires that `*self.url` is borrowed for `'a`
[INFO] [stdout] 
[INFO] [stdout] 
[INFO] [stdout] For more information about this error, try `rustc --explain E0713`.
[INFO] [stdout] 
[INFO] [stderr] error: could not compile `url` (lib) due to 1 previous error
[INFO] [stdout] For more information about this error, try `rustc --explain E0310`.
[INFO] [stdout] 
[INFO] [stderr] error: could not compile `rustc-serialize` (lib) due to 1 previous error
[INFO] running `Command { std: "docker" "inspect" "0bd9fb20ff289bfaea254968640493bc6a7bbf86de2811e8524444dfcbc65ada", kill_on_drop: false }`
[INFO] running `Command { std: "docker" "rm" "-f" "0bd9fb20ff289bfaea254968640493bc6a7bbf86de2811e8524444dfcbc65ada", kill_on_drop: false }`
[INFO] [stdout] 0bd9fb20ff289bfaea254968640493bc6a7bbf86de2811e8524444dfcbc65ada
