[INFO] cloning repository https://github.com/Santamorera/SantaChecker
[INFO] running `Command { std: "git" "-c" "credential.helper=" "-c" "credential.helper=/workspace/cargo-home/bin/git-credential-null" "clone" "--bare" "https://github.com/Santamorera/SantaChecker" "/workspace/cache/git-repos/https%3A%2F%2Fgithub.com%2FSantamorera%2FSantaChecker", kill_on_drop: false }`
[INFO] [stderr] Cloning into bare repository '/workspace/cache/git-repos/https%3A%2F%2Fgithub.com%2FSantamorera%2FSantaChecker'...
[INFO] running `Command { std: "git" "rev-parse" "HEAD", kill_on_drop: false }`
[INFO] [stdout] 4c7f92d3280ce9882f8215d077ca92c5ac8643ed
[INFO] checking Santamorera/SantaChecker/4c7f92d3280ce9882f8215d077ca92c5ac8643ed against 8d1a76430406c877b35d0b627e7f796dcf0dfeca+rustflags=-Aunfulfilled-lint-expectations for pr-163637
[INFO] running `Command { std: "git" "clone" "/workspace/cache/git-repos/https%3A%2F%2Fgithub.com%2FSantamorera%2FSantaChecker" "/workspace/builds/worker-6-tc1/source", kill_on_drop: false }`
[INFO] [stderr] Cloning into '/workspace/builds/worker-6-tc1/source'...
[INFO] [stderr] done.
[INFO] started tweaking git repo https://github.com/Santamorera/SantaChecker
[INFO] finished tweaking git repo https://github.com/Santamorera/SantaChecker
[INFO] tweaked toml for git repo https://github.com/Santamorera/SantaChecker written to /workspace/builds/worker-6-tc1/source/Cargo.toml
[INFO] validating manifest of git repo https://github.com/Santamorera/SantaChecker on toolchain 8d1a76430406c877b35d0b627e7f796dcf0dfeca
[INFO] running `Command { std: CARGO_HOME="/workspace/cargo-home" RUSTUP_HOME="/workspace/rustup-home" "/workspace/cargo-home/bin/cargo" "+8d1a76430406c877b35d0b627e7f796dcf0dfeca" "metadata" "--manifest-path" "Cargo.toml" "--no-deps", kill_on_drop: false }`
[INFO] crate git repo https://github.com/Santamorera/SantaChecker already has a lockfile, it will not be regenerated
[INFO] running `Command { std: CARGO_HOME="/workspace/cargo-home" RUSTUP_HOME="/workspace/rustup-home" "/workspace/cargo-home/bin/cargo" "+8d1a76430406c877b35d0b627e7f796dcf0dfeca" "fetch" "--manifest-path" "Cargo.toml", kill_on_drop: false }`
[INFO] [stderr] warning: profiles for the non root package will be ignored, specify profiles at the workspace root:
[INFO] [stderr] package:   /workspace/builds/worker-6-tc1/source/cheat_checker/Cargo.toml
[INFO] [stderr] workspace: /workspace/builds/worker-6-tc1/source/Cargo.toml
[INFO] [stderr]  Downloading crates ...
[INFO] [stderr]   Downloaded hostname v0.4.2
[INFO] [stderr]   Downloaded regex v1.12.4
[INFO] [stderr]   Downloaded blake3 v1.8.5
[INFO] running `Command { std: "docker" "create" "-v" "/var/lib/crater-agent-workspace/builds/worker-6-tc1/source:/opt/rustwide/workdir:ro,Z" "-v" "/var/lib/crater-agent-workspace/builds/worker-6-tc1/target:/opt/rustwide/target:rw,Z" "-v" "/var/lib/crater-agent-workspace/cargo-home:/opt/rustwide/cargo-home:ro,Z" "-v" "/var/lib/crater-agent-workspace/rustup-home:/opt/rustwide/rustup-home:ro,Z" "-m" "1610612736" "--network" "none" "ghcr.io/rust-lang/crates-build-env/linux@sha256:77db811e55d90add9212f6832c23229e3de5f1c1f9905e8cb07319ea15df73ac" "sleep" "infinity", kill_on_drop: false }`
[INFO] [stdout] 26314269be86620c6118a8824825c8a2daf075370dfe090544047f90026d694d
[INFO] running `Command { std: "docker" "start" "26314269be86620c6118a8824825c8a2daf075370dfe090544047f90026d694d", kill_on_drop: false }`
[INFO] running `Command { std: "docker" "inspect" "26314269be86620c6118a8824825c8a2daf075370dfe090544047f90026d694d", kill_on_drop: false }`
[INFO] running `Command { std: "docker" "exec" "-e" "SOURCE_DIR=/opt/rustwide/workdir" "-e" "CARGO_HOME=/opt/rustwide/cargo-home" "-e" "RUSTUP_HOME=/opt/rustwide/rustup-home" "-e" "CARGO_TARGET_DIR=/opt/rustwide/target" "-w" "/opt/rustwide/workdir" "--user" "0:0" "26314269be86620c6118a8824825c8a2daf075370dfe090544047f90026d694d" "/opt/rustwide/cargo-home/bin/cargo" "+8d1a76430406c877b35d0b627e7f796dcf0dfeca" "metadata" "--no-deps" "--format-version=1", kill_on_drop: false }`
[INFO] running `Command { std: "docker" "inspect" "26314269be86620c6118a8824825c8a2daf075370dfe090544047f90026d694d", kill_on_drop: false }`
[INFO] running `Command { std: "docker" "exec" "-e" "SOURCE_DIR=/opt/rustwide/workdir" "-e" "CARGO_HOME=/opt/rustwide/cargo-home" "-e" "RUSTUP_HOME=/opt/rustwide/rustup-home" "-e" "CARGO_TARGET_DIR=/opt/rustwide/target" "-e" "CARGO_INCREMENTAL=0" "-e" "RUST_BACKTRACE=full" "-e" "RUSTFLAGS=--cap-lints=forbid -Aunfulfilled-lint-expectations" "-e" "RUSTDOCFLAGS=--cap-lints=forbid" "-w" "/opt/rustwide/workdir" "--user" "0:0" "26314269be86620c6118a8824825c8a2daf075370dfe090544047f90026d694d" "/opt/rustwide/cargo-home/bin/cargo" "+8d1a76430406c877b35d0b627e7f796dcf0dfeca" "check" "--frozen" "--all" "--all-targets" "--message-format=json", kill_on_drop: false }`
[INFO] [stderr] warning: profiles for the non root package will be ignored, specify profiles at the workspace root:
[INFO] [stderr] package:   /opt/rustwide/workdir/cheat_checker/Cargo.toml
[INFO] [stderr] workspace: /opt/rustwide/workdir/Cargo.toml
[INFO] [stderr]     Checking const-oid v0.9.6
[INFO] [stderr]    Compiling zerocopy v0.8.52
[INFO] [stderr]     Checking bytes v1.12.0
[INFO] [stderr]     Checking memchr v2.8.2
[INFO] [stderr]     Checking base64ct v1.8.3
[INFO] [stderr]     Checking zeroize v1.9.0
[INFO] [stderr]    Compiling libm v0.2.16
[INFO] [stderr]     Checking getrandom v0.2.17
[INFO] [stderr]     Checking smallvec v1.15.2
[INFO] [stderr]    Compiling num-traits v0.2.19
[INFO] [stderr]     Checking socket2 v0.6.4
[INFO] [stderr]     Checking mio v1.2.1
[INFO] [stderr]    Compiling cc v1.2.65
[INFO] [stderr]    Compiling syn v2.0.118
[INFO] [stderr]     Checking futures-core v0.3.32
[INFO] [stderr]     Checking block-padding v0.3.3
[INFO] [stderr]    Compiling rustls v0.21.12
[INFO] [stderr]     Checking pem-rfc7468 v0.7.0
[INFO] [stderr]     Checking digest v0.10.7
[INFO] [stderr]     Checking futures-io v0.3.32
[INFO] [stderr]    Compiling semver v1.0.28
[INFO] [stderr]     Checking rand_core v0.6.4
[INFO] [stderr]     Checking futures-sink v0.3.32
[INFO] [stderr]     Checking futures-task v0.3.32
[INFO] [stderr]     Checking indexmap v2.14.0
[INFO] [stderr]     Checking der v0.7.10
[INFO] [stderr]     Checking tracing v0.1.44
[INFO] [stderr]     Checking inout v0.1.4
[INFO] [stderr]     Checking sha2 v0.10.9
[INFO] [stderr]    Compiling zmij v1.0.21
[INFO] [stderr]     Checking log v0.4.32
[INFO] [stderr]     Checking signature v2.2.0
[INFO] [stderr]     Checking futures-channel v0.3.32
[INFO] [stderr]     Checking cipher v0.4.4
[INFO] [stderr]     Checking futures-util v0.3.32
[INFO] [stderr]     Checking tokio v1.52.3
[INFO] [stderr]     Checking http v0.2.12
[INFO] [stderr]     Checking socket2 v0.5.10
[INFO] [stderr]     Checking spin v0.9.8
[INFO] [stderr]    Compiling num-bigint-dig v0.8.6
[INFO] [stderr]    Compiling rustc_version v0.4.1
[INFO] [stderr]    Compiling serde_json v1.0.150
[INFO] [stderr]     Checking lazy_static v1.5.0
[INFO] [stderr]     Checking rayon-core v1.13.0
[INFO] [stderr]     Checking hmac v0.12.1
[INFO] [stderr]    Compiling winapi v0.3.9
[INFO] [stderr]     Checking either v1.16.0
[INFO] [stderr]     Checking rustls-pemfile v1.0.4
[INFO] [stderr]     Checking aes v0.8.4
[INFO] [stderr]     Checking ed25519 v2.2.3
[INFO] [stderr]     Checking rayon v1.12.0
[INFO] [stderr]     Checking ipnet v2.12.0
[INFO] [stderr]    Compiling curve25519-dalek v4.1.3
[INFO] [stderr]     Checking cpufeatures v0.3.0
[INFO] [stderr]     Checking sync_wrapper v0.1.2
[INFO] [stderr]     Checking arrayvec v0.7.6
[INFO] [stderr]     Checking webpki-roots v0.25.4
[INFO] [stderr]     Checking constant_time_eq v0.4.2
[INFO] [stderr]     Checking keccak v0.1.6
[INFO] [stderr]     Checking cbc v0.1.2
[INFO] [stderr]     Checking hostname v0.4.2
[INFO] [stderr]     Checking sha3 v0.10.9
[INFO] [stderr]    Compiling zstd-safe v5.0.2+zstd.1.5.2
[INFO] [stderr]     Checking simd-adler32 v0.3.9
[INFO] [stderr]     Checking http-body v0.4.6
[INFO] [stderr]     Checking aho-corasick v1.1.4
[INFO] [stderr]     Checking password-hash v0.4.2
[INFO] [stderr]     Checking miniz_oxide v0.8.9
[INFO] [stderr]     Checking deranged v0.5.8
[INFO] [stderr]     Checking regex-syntax v0.8.11
[INFO] [stderr]     Checking option-ext v0.2.0
[INFO] [stderr]     Checking dirs-sys v0.4.1
[INFO] [stderr]     Checking sha1 v0.10.6
[INFO] [stderr]     Checking pbkdf2 v0.11.0
[INFO] [stderr]     Checking fallible-iterator v0.3.0
[INFO] [stderr]     Checking fallible-streaming-iterator v0.1.9
[INFO] [stderr]     Checking constant_time_eq v0.1.5
[INFO] [stderr]     Checking byteorder v1.5.0
[INFO] [stderr]     Checking flate2 v1.1.9
[INFO] [stderr]     Checking bitflags v2.13.0
[INFO] [stderr]     Checking spki v0.7.3
[INFO] [stderr]     Checking dirs v5.0.1
[INFO] [stderr]     Checking whoami v1.6.1
[INFO] [stderr]     Checking pkcs8 v0.10.2
[INFO] [stderr]     Checking pkcs1 v0.7.5
[INFO] [stderr]    Compiling ring v0.17.14
[INFO] [stderr]    Compiling zstd-sys v2.0.16+zstd.1.5.7
[INFO] [stderr]    Compiling blake3 v1.8.5
[INFO] [stderr]    Compiling bzip2-sys v0.1.13+1.0.8
[INFO] [stderr]    Compiling libsqlite3-sys v0.28.0
[INFO] [stderr]     Checking bzip2 v0.4.4
[INFO] [stderr]     Checking num-integer v0.1.46
[INFO] [stderr]     Checking chrono v0.4.45
[INFO] [stderr]     Checking num-iter v0.1.45
[INFO] [stderr]     Checking time v0.3.49
[INFO] [stderr]     Checking regex-automata v0.4.14
[INFO] [stderr]     Checking sysinfo v0.30.13
[INFO] [stderr]     Checking regex v1.12.4
[INFO] [stderr]     Checking tokio-util v0.7.18
[INFO] [stderr]     Checking h2 v0.3.27
[INFO] [stderr]    Compiling synstructure v0.13.2
[INFO] [stderr]    Compiling zerofrom-derive v0.1.7
[INFO] [stderr]    Compiling yoke-derive v0.8.2
[INFO] [stderr]    Compiling zerovec-derive v0.11.3
[INFO] [stderr]    Compiling displaydoc v0.2.6
[INFO] [stderr]    Compiling serde_derive v1.0.228
[INFO] [stderr]    Compiling curve25519-dalek-derive v0.1.1
[INFO] [stderr]     Checking ppv-lite86 v0.2.21
[INFO] [stderr]     Checking ahash v0.8.12
[INFO] [stderr]     Checking hashbrown v0.14.5
[INFO] [stderr]     Checking zstd v0.11.2+zstd.1.5.2
[INFO] [stderr]     Checking rand_chacha v0.3.1
[INFO] [stderr]     Checking rand v0.8.6
[INFO] [stderr]     Checking zerofrom v0.1.8
[INFO] [stderr]     Checking rustls-webpki v0.101.7
[INFO] [stderr]     Checking sct v0.7.1
[INFO] [stderr]     Checking zip v0.6.6
[INFO] [stderr]     Checking yoke v0.8.3
[INFO] [stderr]     Checking hashlink v0.9.1
[INFO] [stderr]     Checking zerotrie v0.2.4
[INFO] [stderr]     Checking zerovec v0.11.6
[INFO] [stderr]     Checking tinystr v0.8.3
[INFO] [stderr]     Checking potential_utf v0.1.5
[INFO] [stderr]     Checking ed25519-dalek v2.2.0
[INFO] [stderr]     Checking icu_collections v2.2.0
[INFO] [stderr]     Checking icu_locale_core v2.2.0
[INFO] [stderr]     Checking hyper v0.14.32
[INFO] [stderr]     Checking tokio-rustls v0.24.1
[INFO] [stderr]     Checking serde v1.0.228
[INFO] [stderr]     Checking rsa v0.9.10
[INFO] [stderr]     Checking icu_provider v2.2.0
[INFO] [stderr]     Checking serde_urlencoded v0.7.1
[INFO] [stderr]     Checking icu_properties v2.2.0
[INFO] [stderr]     Checking icu_normalizer v2.2.0
[INFO] [stderr]     Checking hyper-rustls v0.24.2
[INFO] [stderr]     Checking idna_adapter v1.2.2
[INFO] [stderr]     Checking idna v1.1.0
[INFO] [stderr]     Checking url v2.5.8
[INFO] [stderr]     Checking reqwest v0.11.27
[INFO] [stderr]     Checking rusqlite v0.31.0
[INFO] [stderr]     Checking santa_core_prog_api v1.0.0 (/opt/rustwide/workdir)
[INFO] [stdout] warning: unused import: `std::collections::HashMap`
[INFO] [stdout]  --> src/core/env_check.rs:1:5
[INFO] [stdout]   |
[INFO] [stdout] 1 | use std::collections::HashMap;
[INFO] [stdout]   |     ^^^^^^^^^^^^^^^^^^^^^^^^^
[INFO] [stdout]   |
[INFO] [stdout]   = note: `#[warn(unused_imports)]` (part of `#[warn(unused)]`) on by default
[INFO] [stdout] 
[INFO] [stdout] 
[INFO] [stdout] warning: unused import: `std::collections::HashMap`
[INFO] [stdout]  --> src/core/whitebox_crypto.rs:1:5
[INFO] [stdout]   |
[INFO] [stdout] 1 | use std::collections::HashMap;
[INFO] [stdout]   |     ^^^^^^^^^^^^^^^^^^^^^^^^^
[INFO] [stdout] 
[INFO] [stdout] 
[INFO] [stdout] warning: unexpected `cfg` condition value: `telemetry`
[INFO] [stdout]   --> src/core/response.rs:97:15
[INFO] [stdout]    |
[INFO] [stdout] 97 |         #[cfg(feature = "telemetry")]
[INFO] [stdout]    |               ^^^^^^^^^^^^^^^^^^^^^
[INFO] [stdout]    |
[INFO] [stdout]    = note: expected values for `feature` are: `anti_debug`, `default`, `env_check`, `full`, `hwid`, `integrity`, and `license`
[INFO] [stdout]    = help: consider adding `telemetry` as a feature in `Cargo.toml`
[INFO] [stdout]    = note: see <https://doc.rust-lang.org/nightly/rustc/check-cfg/cargo-specifics.html> for more information about checking conditional configuration
[INFO] [stdout]    = note: `#[warn(unexpected_cfgs)]` on by default
[INFO] [stdout] 
[INFO] [stdout] 
[INFO] [stdout] warning: unused import: `crate::core::response::ThreatLevel`
[INFO] [stdout]  --> src/api/santa_api.rs:1:5
[INFO] [stdout]   |
[INFO] [stdout] 1 | use crate::core::response::ThreatLevel;
[INFO] [stdout]   |     ^^^^^^^^^^^^^^^^^^^^^^^^^^^^^^^^^^
[INFO] [stdout] 
[INFO] [stdout] 
[INFO] [stdout] warning: unused import: `std::sync::Arc`
[INFO] [stdout]  --> src/api/ffi_bridge.rs:4:5
[INFO] [stdout]   |
[INFO] [stdout] 4 | use std::sync::Arc;
[INFO] [stdout]   |     ^^^^^^^^^^^^^^
[INFO] [stdout] 
[INFO] [stdout] 
[INFO] [stdout] warning: unused imports: `BlockDecrypt`, `BlockEncrypt`, and `generic_array::GenericArray`
[INFO] [stdout]  --> src/utils/crypto_utils.rs:2:19
[INFO] [stdout]   |
[INFO] [stdout] 2 | use aes::cipher::{BlockEncrypt, BlockDecrypt, KeyInit, generic_array::GenericArray};
[INFO] [stdout]   |                   ^^^^^^^^^^^^  ^^^^^^^^^^^^           ^^^^^^^^^^^^^^^^^^^^^^^^^^^
[INFO] [stdout] 
[INFO] [stdout] 
[INFO] [stdout] warning: unused import: `std::collections::HashMap`
[INFO] [stdout]  --> src/core/env_check.rs:1:5
[INFO] [stdout]   |
[INFO] [stdout] 1 | use std::collections::HashMap;
[INFO] [stdout]   |     ^^^^^^^^^^^^^^^^^^^^^^^^^
[INFO] [stdout]   |
[INFO] [stdout]   = note: `#[warn(unused_imports)]` (part of `#[warn(unused)]`) on by default
[INFO] [stdout] 
[INFO] [stdout] 
[INFO] [stdout] warning: unused import: `std::collections::HashMap`
[INFO] [stdout]  --> src/core/whitebox_crypto.rs:1:5
[INFO] [stdout]   |
[INFO] [stdout] 1 | use std::collections::HashMap;
[INFO] [stdout]   |     ^^^^^^^^^^^^^^^^^^^^^^^^^
[INFO] [stdout] 
[INFO] [stdout] 
[INFO] [stdout] warning: unexpected `cfg` condition value: `telemetry`
[INFO] [stdout]   --> src/core/response.rs:97:15
[INFO] [stdout]    |
[INFO] [stdout] 97 |         #[cfg(feature = "telemetry")]
[INFO] [stdout]    |               ^^^^^^^^^^^^^^^^^^^^^
[INFO] [stdout]    |
[INFO] [stdout]    = note: expected values for `feature` are: `anti_debug`, `default`, `env_check`, `full`, `hwid`, `integrity`, and `license`
[INFO] [stdout]    = help: consider adding `telemetry` as a feature in `Cargo.toml`
[INFO] [stdout]    = note: see <https://doc.rust-lang.org/nightly/rustc/check-cfg/cargo-specifics.html> for more information about checking conditional configuration
[INFO] [stdout]    = note: `#[warn(unexpected_cfgs)]` on by default
[INFO] [stdout] 
[INFO] [stdout] 
[INFO] [stdout] warning: unused import: `crate::core::response::ThreatLevel`
[INFO] [stdout]  --> src/api/santa_api.rs:1:5
[INFO] [stdout]   |
[INFO] [stdout] 1 | use crate::core::response::ThreatLevel;
[INFO] [stdout]   |     ^^^^^^^^^^^^^^^^^^^^^^^^^^^^^^^^^^
[INFO] [stdout] 
[INFO] [stdout] 
[INFO] [stdout] warning: unused import: `std::sync::Arc`
[INFO] [stdout]  --> src/api/ffi_bridge.rs:4:5
[INFO] [stdout]   |
[INFO] [stdout] 4 | use std::sync::Arc;
[INFO] [stdout]   |     ^^^^^^^^^^^^^^
[INFO] [stdout] 
[INFO] [stdout] 
[INFO] [stdout] warning: unused imports: `BlockDecrypt`, `BlockEncrypt`, and `generic_array::GenericArray`
[INFO] [stdout]  --> src/utils/crypto_utils.rs:2:19
[INFO] [stdout]   |
[INFO] [stdout] 2 | use aes::cipher::{BlockEncrypt, BlockDecrypt, KeyInit, generic_array::GenericArray};
[INFO] [stdout]   |                   ^^^^^^^^^^^^  ^^^^^^^^^^^^           ^^^^^^^^^^^^^^^^^^^^^^^^^^^
[INFO] [stdout] 
[INFO] [stdout] 
[INFO] [stdout] error[E0560]: struct `AntiDebugManager` has no field named `known_debugger_processes`
[INFO] [stdout]   --> src/core/anti_debug.rs:73:13
[INFO] [stdout]    |
[INFO] [stdout] 73 |             known_debugger_processes,
[INFO] [stdout]    |             ^^^^^^^^^^^^^^^^^^^^^^^^ `AntiDebugManager` does not have this field
[INFO] [stdout]    |
[INFO] [stdout]    = note: all struct fields are already assigned
[INFO] [stdout] 
[INFO] [stdout] 
[INFO] [stdout] error[E0560]: struct `anti_debug::AntiDebugManager` has no field named `known_debugger_processes`
[INFO] [stdout]   --> src/core/anti_debug.rs:73:13
[INFO] [stdout]    |
[INFO] [stdout] 73 |             known_debugger_processes,
[INFO] [stdout]    |             ^^^^^^^^^^^^^^^^^^^^^^^^ `anti_debug::AntiDebugManager` does not have this field
[INFO] [stdout]    |
[INFO] [stdout]    = note: all struct fields are already assigned
[INFO] [stdout] 
[INFO] [stdout] 
[INFO] [stdout] error[E0609]: no field `known_debugger_processes` on type `anti_debug::AntiDebugManager`
[INFO] [stdout]    --> src/core/anti_debug.rs:326:25
[INFO] [stdout]     |
[INFO] [stdout] 326 |         assert!(manager.known_debugger_processes.contains("x64dbg.exe"));
[INFO] [stdout]     |                         ^^^^^^^^^^^^^^^^^^^^^^^^ unknown field
[INFO] [stdout]     |
[INFO] [stdout]     = note: available fields are: `stop_flag`, `last_report`, `timing_check_count`
[INFO] [stdout] 
[INFO] [stdout] 
[INFO] [stdout] error[E0609]: no field `known_debugger_processes` on type `anti_debug::AntiDebugManager`
[INFO] [stdout]    --> src/core/anti_debug.rs:327:25
[INFO] [stdout]     |
[INFO] [stdout] 327 |         assert!(manager.known_debugger_processes.contains("ollydbg.exe"));
[INFO] [stdout]     |                         ^^^^^^^^^^^^^^^^^^^^^^^^ unknown field
[INFO] [stdout]     |
[INFO] [stdout]     = note: available fields are: `stop_flag`, `last_report`, `timing_check_count`
[INFO] [stdout] 
[INFO] [stdout] 
[INFO] [stdout] error[E0609]: no field `known_debugger_processes` on type `anti_debug::AntiDebugManager`
[INFO] [stdout]    --> src/core/anti_debug.rs:328:25
[INFO] [stdout]     |
[INFO] [stdout] 328 |         assert!(manager.known_debugger_processes.contains("ida.exe"));
[INFO] [stdout]     |                         ^^^^^^^^^^^^^^^^^^^^^^^^ unknown field
[INFO] [stdout]     |
[INFO] [stdout]     = note: available fields are: `stop_flag`, `last_report`, `timing_check_count`
[INFO] [stdout] 
[INFO] [stdout] 
[INFO] [stdout] error[E0609]: no field `known_debugger_processes` on type `anti_debug::AntiDebugManager`
[INFO] [stdout]    --> src/core/anti_debug.rs:329:25
[INFO] [stdout]     |
[INFO] [stdout] 329 |         assert!(manager.known_debugger_processes.contains("cheatengine.exe"));
[INFO] [stdout]     |                         ^^^^^^^^^^^^^^^^^^^^^^^^ unknown field
[INFO] [stdout]     |
[INFO] [stdout]     = note: available fields are: `stop_flag`, `last_report`, `timing_check_count`
[INFO] [stdout] 
[INFO] [stdout] 
[INFO] [stdout] warning: unused import: `KeyInit`
[INFO] [stdout]  --> src/utils/crypto_utils.rs:2:47
[INFO] [stdout]   |
[INFO] [stdout] 2 | use aes::cipher::{BlockEncrypt, BlockDecrypt, KeyInit, generic_array::GenericArray};
[INFO] [stdout]   |                                               ^^^^^^^
[INFO] [stdout] 
[INFO] [stdout] 
[INFO] [stdout] warning: unused variable: `iv`
[INFO] [stdout]    --> src/core/obfuscation.rs:122:27
[INFO] [stdout]     |
[INFO] [stdout] 122 |     fn decrypt_aes(&self, iv: &[u8; 16]) -> Result<String, String> {
[INFO] [stdout]     |                           ^^ help: if this is intentional, prefix it with an underscore: `_iv`
[INFO] [stdout]     |
[INFO] [stdout]     = note: `#[warn(unused_variables)]` (part of `#[warn(unused)]`) on by default
[INFO] [stdout] 
[INFO] [stdout] 
[INFO] [stdout] warning: unnecessary `unsafe` block
[INFO] [stdout]    --> src/core/env_check.rs:201:9
[INFO] [stdout]     |
[INFO] [stdout] 201 |         unsafe {
[INFO] [stdout]     |         ^^^^^^ unnecessary `unsafe` block
[INFO] [stdout]     |
[INFO] [stdout]     = note: `#[warn(unused_unsafe)]` (part of `#[warn(unused)]`) on by default
[INFO] [stdout] 
[INFO] [stdout] 
[INFO] [stdout] warning: unnecessary `unsafe` block
[INFO] [stdout]    --> src/core/env_check.rs:213:9
[INFO] [stdout]     |
[INFO] [stdout] 213 |         unsafe {
[INFO] [stdout]     |         ^^^^^^ unnecessary `unsafe` block
[INFO] [stdout] 
[INFO] [stdout] 
[INFO] [stdout] warning: unused import: `KeyInit`
[INFO] [stdout]  --> src/utils/crypto_utils.rs:2:47
[INFO] [stdout]   |
[INFO] [stdout] 2 | use aes::cipher::{BlockEncrypt, BlockDecrypt, KeyInit, generic_array::GenericArray};
[INFO] [stdout]   |                                               ^^^^^^^
[INFO] [stdout] 
[INFO] [stdout] 
[INFO] [stdout] For more information about this error, try `rustc --explain E0560`.
[INFO] [stdout] 
[INFO] [stderr] error: could not compile `santa_core_prog_api` (lib) due to 1 previous error; 10 warnings emitted
[INFO] [stderr] warning: build failed, waiting for other jobs to finish...
[INFO] [stdout] warning: unused variable: `iv`
[INFO] [stdout]    --> src/core/obfuscation.rs:122:27
[INFO] [stdout]     |
[INFO] [stdout] 122 |     fn decrypt_aes(&self, iv: &[u8; 16]) -> Result<String, String> {
[INFO] [stdout]     |                           ^^ help: if this is intentional, prefix it with an underscore: `_iv`
[INFO] [stdout]     |
[INFO] [stdout]     = note: `#[warn(unused_variables)]` (part of `#[warn(unused)]`) on by default
[INFO] [stdout] 
[INFO] [stdout] 
[INFO] [stdout] warning: unnecessary `unsafe` block
[INFO] [stdout]    --> src/core/env_check.rs:201:9
[INFO] [stdout]     |
[INFO] [stdout] 201 |         unsafe {
[INFO] [stdout]     |         ^^^^^^ unnecessary `unsafe` block
[INFO] [stdout]     |
[INFO] [stdout]     = note: `#[warn(unused_unsafe)]` (part of `#[warn(unused)]`) on by default
[INFO] [stdout] 
[INFO] [stdout] 
[INFO] [stdout] warning: unnecessary `unsafe` block
[INFO] [stdout]    --> src/core/env_check.rs:213:9
[INFO] [stdout]     |
[INFO] [stdout] 213 |         unsafe {
[INFO] [stdout]     |         ^^^^^^ unnecessary `unsafe` block
[INFO] [stdout] 
[INFO] [stdout] 
[INFO] [stdout] Some errors have detailed explanations: E0560, E0609.
[INFO] [stdout] 
[INFO] [stdout] For more information about an error, try `rustc --explain E0560`.
[INFO] [stdout] 
[INFO] [stderr] error: could not compile `santa_core_prog_api` (lib test) due to 5 previous errors; 10 warnings emitted
[INFO] running `Command { std: "docker" "inspect" "26314269be86620c6118a8824825c8a2daf075370dfe090544047f90026d694d", kill_on_drop: false }`
[INFO] running `Command { std: "docker" "rm" "-f" "26314269be86620c6118a8824825c8a2daf075370dfe090544047f90026d694d", kill_on_drop: false }`
[INFO] [stdout] 26314269be86620c6118a8824825c8a2daf075370dfe090544047f90026d694d
