[INFO] cloning repository https://github.com/Ronan1410/ML_Model_Rust
[INFO] running `Command { std: "git" "-c" "credential.helper=" "-c" "credential.helper=/workspace/cargo-home/bin/git-credential-null" "clone" "--bare" "https://github.com/Ronan1410/ML_Model_Rust" "/workspace/cache/git-repos/https%3A%2F%2Fgithub.com%2FRonan1410%2FML_Model_Rust", kill_on_drop: false }`
[INFO] [stderr] Cloning into bare repository '/workspace/cache/git-repos/https%3A%2F%2Fgithub.com%2FRonan1410%2FML_Model_Rust'...
[INFO] running `Command { std: "git" "rev-parse" "HEAD", kill_on_drop: false }`
[INFO] [stdout] f59d2802b251640a9d66936611e6f36311b92c97
[INFO] checking Ronan1410/ML_Model_Rust against 8773d2c75a8e90130dcce745a7ec4e66bb9963db+rustflags=-Aunfulfilled-lint-expectations for pr-163637
[INFO] running `Command { std: "git" "clone" "/workspace/cache/git-repos/https%3A%2F%2Fgithub.com%2FRonan1410%2FML_Model_Rust" "/workspace/builds/worker-2-tc2/source", kill_on_drop: false }`
[INFO] [stderr] Cloning into '/workspace/builds/worker-2-tc2/source'...
[INFO] [stderr] done.
[INFO] started tweaking git repo https://github.com/Ronan1410/ML_Model_Rust
[INFO] finished tweaking git repo https://github.com/Ronan1410/ML_Model_Rust
[INFO] tweaked toml for git repo https://github.com/Ronan1410/ML_Model_Rust written to /workspace/builds/worker-2-tc2/source/Cargo.toml
[INFO] validating manifest of git repo https://github.com/Ronan1410/ML_Model_Rust on toolchain 8773d2c75a8e90130dcce745a7ec4e66bb9963db
[INFO] running `Command { std: CARGO_HOME="/workspace/cargo-home" RUSTUP_HOME="/workspace/rustup-home" "/workspace/cargo-home/bin/cargo" "+8773d2c75a8e90130dcce745a7ec4e66bb9963db" "metadata" "--manifest-path" "Cargo.toml" "--no-deps", kill_on_drop: false }`
[INFO] crate git repo https://github.com/Ronan1410/ML_Model_Rust already has a lockfile, it will not be regenerated
[INFO] running `Command { std: CARGO_HOME="/workspace/cargo-home" RUSTUP_HOME="/workspace/rustup-home" "/workspace/cargo-home/bin/cargo" "+8773d2c75a8e90130dcce745a7ec4e66bb9963db" "fetch" "--manifest-path" "Cargo.toml", kill_on_drop: false }`
[INFO] [stderr]     Blocking waiting for file lock on package cache
[INFO] [stderr]     Updating crates.io index
[INFO] [stderr]     Blocking waiting for file lock on package cache
[ERROR] error running command: no output for 300 seconds
[INFO] checking Ronan1410/ML_Model_Rust against 8773d2c75a8e90130dcce745a7ec4e66bb9963db+rustflags=-Aunfulfilled-lint-expectations for pr-163637
[INFO] running `Command { std: "git" "clone" "/workspace/cache/git-repos/https%3A%2F%2Fgithub.com%2FRonan1410%2FML_Model_Rust" "/workspace/builds/worker-2-tc2/source", kill_on_drop: false }`
[INFO] [stderr] Cloning into '/workspace/builds/worker-2-tc2/source'...
[INFO] [stderr] done.
[INFO] started tweaking git repo https://github.com/Ronan1410/ML_Model_Rust
[INFO] finished tweaking git repo https://github.com/Ronan1410/ML_Model_Rust
[INFO] tweaked toml for git repo https://github.com/Ronan1410/ML_Model_Rust written to /workspace/builds/worker-2-tc2/source/Cargo.toml
[INFO] validating manifest of git repo https://github.com/Ronan1410/ML_Model_Rust on toolchain 8773d2c75a8e90130dcce745a7ec4e66bb9963db
[INFO] running `Command { std: CARGO_HOME="/workspace/cargo-home" RUSTUP_HOME="/workspace/rustup-home" "/workspace/cargo-home/bin/cargo" "+8773d2c75a8e90130dcce745a7ec4e66bb9963db" "metadata" "--manifest-path" "Cargo.toml" "--no-deps", kill_on_drop: false }`
[INFO] crate git repo https://github.com/Ronan1410/ML_Model_Rust already has a lockfile, it will not be regenerated
[INFO] running `Command { std: CARGO_HOME="/workspace/cargo-home" RUSTUP_HOME="/workspace/rustup-home" "/workspace/cargo-home/bin/cargo" "+8773d2c75a8e90130dcce745a7ec4e66bb9963db" "fetch" "--manifest-path" "Cargo.toml", kill_on_drop: false }`
[INFO] [stderr]     Blocking waiting for file lock on package cache
[INFO] [stderr]     Blocking waiting for file lock on package cache
[INFO] [stderr]  Downloading crates ...
[INFO] [stderr]   Downloaded approx v0.4.0
[INFO] [stderr]   Downloaded ndarray-rand v0.14.0
[INFO] [stderr]   Downloaded linfa v0.7.1
[INFO] [stderr]   Downloaded ndarray-csv v0.5.1
[INFO] [stderr]   Downloaded linfa-trees v0.7.1
[INFO] [stderr]   Downloaded linfa-datasets v0.7.1
[INFO] [stderr]   Downloaded sprs v0.11.1
[INFO] running `Command { std: "docker" "create" "-v" "/var/lib/crater-agent-workspace/builds/worker-2-tc2/source:/opt/rustwide/workdir:ro,Z" "-v" "/var/lib/crater-agent-workspace/builds/worker-2-tc2/target:/opt/rustwide/target:rw,Z" "-v" "/var/lib/crater-agent-workspace/cargo-home:/opt/rustwide/cargo-home:ro,Z" "-v" "/var/lib/crater-agent-workspace/rustup-home:/opt/rustwide/rustup-home:ro,Z" "-m" "1610612736" "--network" "none" "ghcr.io/rust-lang/crates-build-env/linux@sha256:77db811e55d90add9212f6832c23229e3de5f1c1f9905e8cb07319ea15df73ac" "sleep" "infinity", kill_on_drop: false }`
[INFO] [stdout] 588f452ac7344f3a67f4df52063aa2531f4aa5484f4d6e6599f4da5cd9dc2b0e
[INFO] running `Command { std: "docker" "start" "588f452ac7344f3a67f4df52063aa2531f4aa5484f4d6e6599f4da5cd9dc2b0e", kill_on_drop: false }`
[INFO] running `Command { std: "docker" "inspect" "588f452ac7344f3a67f4df52063aa2531f4aa5484f4d6e6599f4da5cd9dc2b0e", kill_on_drop: false }`
[INFO] running `Command { std: "docker" "exec" "-e" "SOURCE_DIR=/opt/rustwide/workdir" "-e" "CARGO_HOME=/opt/rustwide/cargo-home" "-e" "RUSTUP_HOME=/opt/rustwide/rustup-home" "-e" "CARGO_TARGET_DIR=/opt/rustwide/target" "-w" "/opt/rustwide/workdir" "--user" "0:0" "588f452ac7344f3a67f4df52063aa2531f4aa5484f4d6e6599f4da5cd9dc2b0e" "/opt/rustwide/cargo-home/bin/cargo" "+8773d2c75a8e90130dcce745a7ec4e66bb9963db" "metadata" "--no-deps" "--format-version=1", kill_on_drop: false }`
[INFO] running `Command { std: "docker" "inspect" "588f452ac7344f3a67f4df52063aa2531f4aa5484f4d6e6599f4da5cd9dc2b0e", kill_on_drop: false }`
[INFO] running `Command { std: "docker" "exec" "-e" "SOURCE_DIR=/opt/rustwide/workdir" "-e" "CARGO_HOME=/opt/rustwide/cargo-home" "-e" "RUSTUP_HOME=/opt/rustwide/rustup-home" "-e" "CARGO_TARGET_DIR=/opt/rustwide/target" "-e" "CARGO_INCREMENTAL=0" "-e" "RUST_BACKTRACE=full" "-e" "RUSTFLAGS=--cap-lints=forbid -Aunfulfilled-lint-expectations" "-e" "RUSTDOCFLAGS=--cap-lints=forbid" "-w" "/opt/rustwide/workdir" "--user" "0:0" "588f452ac7344f3a67f4df52063aa2531f4aa5484f4d6e6599f4da5cd9dc2b0e" "/opt/rustwide/cargo-home/bin/cargo" "+8773d2c75a8e90130dcce745a7ec4e66bb9963db" "check" "--frozen" "--all" "--all-targets" "--message-format=json", kill_on_drop: false }`
[INFO] [stderr]    Compiling num-traits v0.2.19
[INFO] [stderr]    Compiling crossbeam-utils v0.8.21
[INFO] [stderr]    Compiling libc v0.2.183
[INFO] [stderr]    Compiling zerocopy v0.8.47
[INFO] [stderr]    Compiling matrixmultiply v0.3.10
[INFO] [stderr]     Checking rawpointer v0.2.1
[INFO] [stderr]     Checking either v1.15.0
[INFO] [stderr]    Compiling serde_core v1.0.228
[INFO] [stderr]    Compiling syn v2.0.117
[INFO] [stderr]    Compiling linfa v0.7.1
[INFO] [stderr]     Checking memchr v2.8.0
[INFO] [stderr]     Checking smallvec v1.15.1
[INFO] [stderr]     Checking crossbeam-epoch v0.9.18
[INFO] [stderr]    Compiling serde v1.0.228
[INFO] [stderr]     Checking csv-core v0.1.13
[INFO] [stderr]     Checking crossbeam-deque v0.8.6
[INFO] [stderr]     Checking simd-adler32 v0.3.8
[INFO] [stderr]     Checking approx v0.4.0
[INFO] [stderr]     Checking num-complex v0.4.6
[INFO] [stderr]     Checking rayon-core v1.13.0
[INFO] [stderr]     Checking num-integer v0.1.46
[INFO] [stderr]     Checking miniz_oxide v0.8.9
[INFO] [stderr]     Checking getrandom v0.2.17
[INFO] [stderr]     Checking rayon v1.11.0
[INFO] [stderr]     Checking flate2 v1.1.9
[INFO] [stderr]     Checking rand_core v0.6.4
[INFO] [stderr]    Compiling thiserror-impl v1.0.69
[INFO] [stderr]     Checking csv v1.4.0
[INFO] [stderr]     Checking thiserror v1.0.69
[INFO] [stderr]     Checking ndarray v0.15.6
[INFO] [stderr]     Checking ppv-lite86 v0.2.21
[INFO] [stderr]     Checking rand_chacha v0.3.1
[INFO] [stderr]     Checking rand v0.8.5
[INFO] [stderr]     Checking rand_distr v0.4.3
[INFO] [stderr]     Checking sprs v0.11.1
[INFO] [stderr]     Checking ndarray-csv v0.5.1
[INFO] [stderr]     Checking ndarray-rand v0.14.0
[INFO] [stderr]     Checking linfa-datasets v0.7.1
[INFO] [stderr]     Checking linfa-trees v0.7.1
[INFO] [stderr]     Checking ML_Model_Rust v0.1.0 (/opt/rustwide/workdir)
[INFO] [stdout] error[E0271]: type mismatch resolving `<OwnedRepr<f32> as RawData>::Elem == f64`
[INFO] [stdout]   --> src/main.rs:83:40
[INFO] [stdout]    |
[INFO] [stdout] 83 |         let prediction = model.predict(&input_data);
[INFO] [stdout]    |                                ------- ^^^^^^^^^^^ expected `f64`, found `f32`
[INFO] [stdout]    |                                |
[INFO] [stdout]    |                                required by a bound introduced by this call
[INFO] [stdout]    |
[INFO] [stdout]    = note: required for `DecisionTree<f64, usize>` to implement `PredictInplace<ArrayBase<OwnedRepr<f32>, Dim<[usize; 2]>>, _>`
[INFO] [stdout]    = note: required for `DecisionTree<f64, usize>` to implement `Predict<&ArrayBase<OwnedRepr<f32>, Dim<[usize; 2]>>, _>`
[INFO] [stdout]    = note: the full name for the type has been written to '/opt/rustwide/target/debug/build/ML_Model_Rust/cfbf054b334882c1/out/ML_Model_Rust-cfbf054b334882c1.long-type-5812953404959444645.txt'
[INFO] [stdout]    = note: consider using `--verbose` to print the full type name to the console
[INFO] [stdout] 
[INFO] [stdout] 
[INFO] [stdout] error[E0271]: type mismatch resolving `<OwnedRepr<f32> as RawData>::Elem == f64`
[INFO] [stdout]   --> src/main.rs:83:40
[INFO] [stdout]    |
[INFO] [stdout] 83 |         let prediction = model.predict(&input_data);
[INFO] [stdout]    |                                ------- ^^^^^^^^^^^ expected `f64`, found `f32`
[INFO] [stdout]    |                                |
[INFO] [stdout]    |                                required by a bound introduced by this call
[INFO] [stdout]    |
[INFO] [stdout]    = note: required for `DecisionTree<f64, usize>` to implement `PredictInplace<ArrayBase<OwnedRepr<f32>, Dim<[usize; 2]>>, _>`
[INFO] [stdout]    = note: required for `DecisionTree<f64, usize>` to implement `Predict<&ArrayBase<OwnedRepr<f32>, Dim<[usize; 2]>>, _>`
[INFO] [stdout]    = note: the full name for the type has been written to '/opt/rustwide/target/debug/build/ML_Model_Rust/f1e8c96bae5de1ef/out/ML_Model_Rust-f1e8c96bae5de1ef.long-type-3033328412902460939.txt'
[INFO] [stdout]    = note: consider using `--verbose` to print the full type name to the console
[INFO] [stdout] 
[INFO] [stdout] 
[INFO] [stdout] For more information about this error, try `rustc --explain E0271`.
[INFO] [stdout] 
[INFO] [stdout] For more information about this error, try `rustc --explain E0271`.
[INFO] [stdout] 
[INFO] [stderr] error: could not compile `ML_Model_Rust` (bin "ML_Model_Rust") due to 1 previous error
[INFO] [stderr] warning: build failed, waiting for other jobs to finish...
[INFO] [stderr] error: could not compile `ML_Model_Rust` (bin "ML_Model_Rust" test) due to 1 previous error
[INFO] running `Command { std: "docker" "inspect" "588f452ac7344f3a67f4df52063aa2531f4aa5484f4d6e6599f4da5cd9dc2b0e", kill_on_drop: false }`
[INFO] running `Command { std: "docker" "rm" "-f" "588f452ac7344f3a67f4df52063aa2531f4aa5484f4d6e6599f4da5cd9dc2b0e", kill_on_drop: false }`
[INFO] [stdout] 588f452ac7344f3a67f4df52063aa2531f4aa5484f4d6e6599f4da5cd9dc2b0e
