[INFO] cloning repository https://github.com/OFUZORCHUKWUEMEKE/token22-stakepool
[INFO] running `Command { std: "git" "-c" "credential.helper=" "-c" "credential.helper=/workspace/cargo-home/bin/git-credential-null" "clone" "--bare" "https://github.com/OFUZORCHUKWUEMEKE/token22-stakepool" "/workspace/cache/git-repos/https%3A%2F%2Fgithub.com%2FOFUZORCHUKWUEMEKE%2Ftoken22-stakepool", kill_on_drop: false }`
[INFO] [stderr] Cloning into bare repository '/workspace/cache/git-repos/https%3A%2F%2Fgithub.com%2FOFUZORCHUKWUEMEKE%2Ftoken22-stakepool'...
[INFO] running `Command { std: "git" "rev-parse" "HEAD", kill_on_drop: false }`
[INFO] [stdout] 962d3883bfd12aad91bd0bcda0a54700e9a169df
[INFO] checking OFUZORCHUKWUEMEKE/token22-stakepool against 8773d2c75a8e90130dcce745a7ec4e66bb9963db+rustflags=-Aunfulfilled-lint-expectations for pr-163637
[INFO] running `Command { std: "git" "clone" "/workspace/cache/git-repos/https%3A%2F%2Fgithub.com%2FOFUZORCHUKWUEMEKE%2Ftoken22-stakepool" "/workspace/builds/worker-2-tc2/source", kill_on_drop: false }`
[INFO] [stderr] Cloning into '/workspace/builds/worker-2-tc2/source'...
[INFO] [stderr] done.
[INFO] started tweaking git repo https://github.com/OFUZORCHUKWUEMEKE/token22-stakepool
[INFO] finished tweaking git repo https://github.com/OFUZORCHUKWUEMEKE/token22-stakepool
[INFO] tweaked toml for git repo https://github.com/OFUZORCHUKWUEMEKE/token22-stakepool written to /workspace/builds/worker-2-tc2/source/Cargo.toml
[INFO] validating manifest of git repo https://github.com/OFUZORCHUKWUEMEKE/token22-stakepool on toolchain 8773d2c75a8e90130dcce745a7ec4e66bb9963db
[INFO] running `Command { std: CARGO_HOME="/workspace/cargo-home" RUSTUP_HOME="/workspace/rustup-home" "/workspace/cargo-home/bin/cargo" "+8773d2c75a8e90130dcce745a7ec4e66bb9963db" "metadata" "--manifest-path" "Cargo.toml" "--no-deps", kill_on_drop: false }`
[INFO] crate git repo https://github.com/OFUZORCHUKWUEMEKE/token22-stakepool already has a lockfile, it will not be regenerated
[INFO] running `Command { std: CARGO_HOME="/workspace/cargo-home" RUSTUP_HOME="/workspace/rustup-home" "/workspace/cargo-home/bin/cargo" "+8773d2c75a8e90130dcce745a7ec4e66bb9963db" "fetch" "--manifest-path" "Cargo.toml", kill_on_drop: false }`
[INFO] [stderr]     Blocking waiting for file lock on package cache
[INFO] [stderr]     Blocking waiting for file lock on package cache
[INFO] [stderr]  Downloading crates ...
[INFO] [stderr]   Downloaded solana-sdk-macro v1.18.23
[INFO] [stderr]   Downloaded solana-frozen-abi v1.18.23
[INFO] [stderr]   Downloaded solana-frozen-abi-macro v1.18.23
[INFO] [stderr]   Downloaded solana-program v1.18.23
[INFO] [stderr]   Downloaded bytemuck_derive v1.7.1
[INFO] [stderr]   Downloaded borsh-derive v0.10.3
[INFO] [stderr]   Downloaded cc v1.1.21
[INFO] [stderr]   Downloaded borsh v0.10.3
[INFO] [stderr]   Downloaded borsh-schema-derive-internal v0.10.3
[INFO] [stderr]   Downloaded borsh-derive-internal v0.10.3
[INFO] [stderr]   Downloaded solana-logger v1.18.23
[INFO] [stderr]   Downloaded solana-sdk v1.18.23
[INFO] [stderr]   Downloaded solana-zk-token-sdk v1.18.23
[INFO] [stderr]   Downloaded session-keys v2.0.5
[INFO] [stderr]   Downloaded session-keys-macros v0.1.1
[INFO] [stderr]   Downloaded session-keys-macros-attribute v0.1.0
[INFO] [stderr]   Downloaded spl-token-2022 v3.0.4
[INFO] [stderr]   Downloaded spl-associated-token-account v3.0.3
[INFO] [stderr]   Downloaded solana-sdk-macro v2.0.10
[INFO] [stderr]   Downloaded solana-program v2.0.10
[INFO] running `Command { std: "docker" "create" "-v" "/var/lib/crater-agent-workspace/builds/worker-2-tc2/source:/opt/rustwide/workdir:ro,Z" "-v" "/var/lib/crater-agent-workspace/builds/worker-2-tc2/target:/opt/rustwide/target:rw,Z" "-v" "/var/lib/crater-agent-workspace/cargo-home:/opt/rustwide/cargo-home:ro,Z" "-v" "/var/lib/crater-agent-workspace/rustup-home:/opt/rustwide/rustup-home:ro,Z" "-m" "1610612736" "--network" "none" "ghcr.io/rust-lang/crates-build-env/linux@sha256:77db811e55d90add9212f6832c23229e3de5f1c1f9905e8cb07319ea15df73ac" "sleep" "infinity", kill_on_drop: false }`
[INFO] [stdout] 64da89118438ec4432dbad93ea9daca70c1ef635bfffc9bf64ccdfc7f7e9c1fb
[INFO] running `Command { std: "docker" "start" "64da89118438ec4432dbad93ea9daca70c1ef635bfffc9bf64ccdfc7f7e9c1fb", kill_on_drop: false }`
[INFO] running `Command { std: "docker" "inspect" "64da89118438ec4432dbad93ea9daca70c1ef635bfffc9bf64ccdfc7f7e9c1fb", kill_on_drop: false }`
[INFO] running `Command { std: "docker" "exec" "-e" "SOURCE_DIR=/opt/rustwide/workdir" "-e" "CARGO_HOME=/opt/rustwide/cargo-home" "-e" "RUSTUP_HOME=/opt/rustwide/rustup-home" "-e" "CARGO_TARGET_DIR=/opt/rustwide/target" "-w" "/opt/rustwide/workdir" "--user" "0:0" "64da89118438ec4432dbad93ea9daca70c1ef635bfffc9bf64ccdfc7f7e9c1fb" "/opt/rustwide/cargo-home/bin/cargo" "+8773d2c75a8e90130dcce745a7ec4e66bb9963db" "metadata" "--no-deps" "--format-version=1", kill_on_drop: false }`
[INFO] running `Command { std: "docker" "inspect" "64da89118438ec4432dbad93ea9daca70c1ef635bfffc9bf64ccdfc7f7e9c1fb", kill_on_drop: false }`
[INFO] running `Command { std: "docker" "exec" "-e" "SOURCE_DIR=/opt/rustwide/workdir" "-e" "CARGO_HOME=/opt/rustwide/cargo-home" "-e" "RUSTUP_HOME=/opt/rustwide/rustup-home" "-e" "CARGO_TARGET_DIR=/opt/rustwide/target" "-e" "CARGO_INCREMENTAL=0" "-e" "RUST_BACKTRACE=full" "-e" "RUSTFLAGS=--cap-lints=forbid -Aunfulfilled-lint-expectations" "-e" "RUSTDOCFLAGS=--cap-lints=forbid" "-w" "/opt/rustwide/workdir" "--user" "0:0" "64da89118438ec4432dbad93ea9daca70c1ef635bfffc9bf64ccdfc7f7e9c1fb" "/opt/rustwide/cargo-home/bin/cargo" "+8773d2c75a8e90130dcce745a7ec4e66bb9963db" "check" "--frozen" "--all" "--all-targets" "--message-format=json", kill_on_drop: false }`
[INFO] [stderr]    Compiling proc-macro2 v1.0.86
[INFO] [stderr]    Compiling serde v1.0.210
[INFO] [stderr]    Compiling libc v0.2.158
[INFO] [stderr]    Compiling generic-array v0.14.7
[INFO] [stderr]    Compiling thiserror v1.0.63
[INFO] [stderr]    Compiling semver v1.0.23
[INFO] [stderr]    Compiling anyhow v1.0.89
[INFO] [stderr]    Compiling serde_json v1.0.128
[INFO] [stderr]    Compiling num-traits v0.2.19
[INFO] [stderr]    Compiling ahash v0.8.11
[INFO] [stderr]    Compiling hashbrown v0.14.5
[INFO] [stderr]     Checking num-bigint v0.4.6
[INFO] [stderr]    Compiling rustc_version v0.4.1
[INFO] [stderr]    Compiling crypto-common v0.1.6
[INFO] [stderr]    Compiling quote v1.0.37
[INFO] [stderr]    Compiling block-buffer v0.10.4
[INFO] [stderr]    Compiling jobserver v0.1.32
[INFO] [stderr]    Compiling digest v0.10.7
[INFO] [stderr]    Compiling syn v2.0.77
[INFO] [stderr]    Compiling syn v1.0.109
[INFO] [stderr]    Compiling num-integer v0.1.46
[INFO] [stderr]    Compiling sha2 v0.10.8
[INFO] [stderr]    Compiling indexmap v2.5.0
[INFO] [stderr]    Compiling digest v0.9.0
[INFO] [stderr]    Compiling toml_datetime v0.6.8
[INFO] [stderr]    Compiling winnow v0.6.18
[INFO] [stderr]    Compiling cc v1.1.21
[INFO] [stderr]    Compiling libsecp256k1-core v0.2.2
[INFO] [stderr]     Checking getrandom v0.2.15
[INFO] [stderr]     Checking rand_core v0.6.4
[INFO] [stderr]     Checking getrandom v0.1.16
[INFO] [stderr]     Checking itertools v0.10.5
[INFO] [stderr]     Checking rand_core v0.5.1
[INFO] [stderr]    Compiling proc-macro-error v1.0.4
[INFO] [stderr]    Compiling wasm-bindgen-shared v0.2.93
[INFO] [stderr]    Compiling proc-macro-error-attr v1.0.4
[INFO] [stderr]    Compiling libsecp256k1-gen-ecmult v0.2.1
[INFO] [stderr]    Compiling libsecp256k1-gen-genmult v0.2.1
[INFO] [stderr]    Compiling bumpalo v3.16.0
[INFO] [stderr]     Checking keccak v0.1.5
[INFO] [stderr]     Checking log v0.4.22
[INFO] [stderr]    Compiling borsh v1.5.1
[INFO] [stderr]    Compiling libsecp256k1 v0.6.0
[INFO] [stderr]    Compiling solana-frozen-abi-macro v1.18.23
[INFO] [stderr]     Checking crunchy v0.2.2
[INFO] [stderr]    Compiling memoffset v0.9.1
[INFO] [stderr]     Checking bitmaps v2.1.0
[INFO] [stderr]    Compiling blake3 v1.5.1
[INFO] [stderr]     Checking rayon v1.10.0
[INFO] [stderr]    Compiling toml_edit v0.22.21
[INFO] [stderr]     Checking ahash v0.7.8
[INFO] [stderr]     Checking rand_xoshiro v0.6.0
[INFO] [stderr]    Compiling solana-frozen-abi v1.18.23
[INFO] [stderr]    Compiling wasm-bindgen v0.2.93
[INFO] [stderr]     Checking hashbrown v0.11.2
[INFO] [stderr]     Checking unicode-normalization v0.1.24
[INFO] [stderr]     Checking sized-chunks v0.6.5
[INFO] [stderr]    Compiling solana-program v1.18.23
[INFO] [stderr]     Checking memmap2 v0.5.10
[INFO] [stderr]     Checking regex-automata v0.4.7
[INFO] [stderr]     Checking atty v0.2.14
[INFO] [stderr]    Compiling solana-sdk v1.18.23
[INFO] [stderr]     Checking qstring v0.7.2
[INFO] [stderr]     Checking chrono v0.4.38
[INFO] [stderr]    Compiling solana-program v2.0.10
[INFO] [stderr]     Checking solana-security-txt v1.1.1
[INFO] [stderr]    Compiling borsh-derive-internal v0.10.3
[INFO] [stderr]    Compiling borsh-schema-derive-internal v0.10.3
[INFO] [stderr]    Compiling borsh-schema-derive-internal v0.9.3
[INFO] [stderr]    Compiling borsh-derive-internal v0.9.3
[INFO] [stderr]    Compiling proc-macro-crate v3.2.0
[INFO] [stderr]    Compiling wasm-bindgen-backend v0.2.93
[INFO] [stderr]    Compiling darling_core v0.20.10
[INFO] [stderr]    Compiling ark-serialize-derive v0.4.2
[INFO] [stderr]    Compiling derivative v2.2.0
[INFO] [stderr]    Compiling ark-ff-macros v0.4.2
[INFO] [stderr]    Compiling ark-ff-asm v0.4.2
[INFO] [stderr]     Checking regex v1.10.6
[INFO] [stderr]    Compiling serde_derive v1.0.210
[INFO] [stderr]    Compiling zerocopy-derive v0.7.35
[INFO] [stderr]    Compiling thiserror-impl v1.0.63
[INFO] [stderr]    Compiling zeroize_derive v1.4.2
[INFO] [stderr]    Compiling syn_derive v0.1.8
[INFO] [stderr]     Checking zeroize v1.3.0
[INFO] [stderr]    Compiling wasm-bindgen-macro-support v0.2.93
[INFO] [stderr]     Checking zerocopy v0.7.35
[INFO] [stderr]    Compiling borsh-derive v1.5.1
[INFO] [stderr]    Compiling bytemuck_derive v1.7.1
[INFO] [stderr]     Checking ppv-lite86 v0.2.20
[INFO] [stderr]    Compiling num-derive v0.4.2
[INFO] [stderr]    Compiling solana-sdk-macro v1.18.23
[INFO] [stderr]    Compiling wasm-bindgen-macro v0.2.93
[INFO] [stderr]     Checking hashbrown v0.13.2
[INFO] [stderr]     Checking rand_chacha v0.3.1
[INFO] [stderr]     Checking rand_chacha v0.2.2
[INFO] [stderr]     Checking rand v0.8.5
[INFO] [stderr]     Checking rand v0.7.3
[INFO] [stderr]     Checking bytemuck v1.18.0
[INFO] [stderr]    Compiling darling_macro v0.20.10
[INFO] [stderr]    Compiling num_enum_derive v0.7.3
[INFO] [stderr]     Checking env_logger v0.9.3
[INFO] [stderr]    Compiling darling v0.20.10
[INFO] [stderr]    Compiling serde_with_macros v2.3.3
[INFO] [stderr]    Compiling qualifier_attr v0.2.2
[INFO] [stderr]     Checking ark-std v0.4.0
[INFO] [stderr]    Compiling spl-discriminator-syn v0.2.0
[INFO] [stderr]     Checking solana-logger v1.18.23
[INFO] [stderr]     Checking merlin v3.0.0
[INFO] [stderr]    Compiling spl-program-error-derive v0.4.1
[INFO] [stderr]    Compiling spl-discriminator-derive v0.2.0
[INFO] [stderr]    Compiling solana-sdk-macro v2.0.10
[INFO] [stderr]    Compiling anchor-derive-space v0.30.1
[INFO] [stderr]    Compiling session-keys-macros-attribute v0.1.0
[INFO] [stderr]     Checking num_enum v0.7.3
[INFO] [stderr]     Checking session-keys-macros v0.1.1
[INFO] [stderr]     Checking bv v0.11.1
[INFO] [stderr]     Checking serde_bytes v0.11.15
[INFO] [stderr]     Checking bitflags v2.6.0
[INFO] [stderr]     Checking im v15.1.0
[INFO] [stderr]     Checking bincode v1.3.3
[INFO] [stderr]     Checking serde_with v2.3.3
[INFO] [stderr]     Checking block-buffer v0.9.0
[INFO] [stderr]     Checking ark-serialize v0.4.2
[INFO] [stderr]     Checking crypto-mac v0.8.0
[INFO] [stderr]     Checking sha2 v0.9.9
[INFO] [stderr]     Checking hmac v0.8.1
[INFO] [stderr]     Checking curve25519-dalek v3.2.1
[INFO] [stderr]     Checking ark-ff v0.4.2
[INFO] [stderr]     Checking hmac-drbg v0.3.0
[INFO] [stderr]     Checking pbkdf2 v0.4.0
[INFO] [stderr]    Compiling toml v0.5.11
[INFO] [stderr]     Checking sha3 v0.10.8
[INFO] [stderr]     Checking tiny-bip39 v0.8.2
[INFO] [stderr]     Checking cipher v0.3.0
[INFO] [stderr]     Checking ed25519-dalek v1.0.1
[INFO] [stderr]     Checking hmac v0.12.1
[INFO] [stderr]     Checking universal-hash v0.4.1
[INFO] [stderr]     Checking aes v0.7.5
[INFO] [stderr]     Checking polyval v0.5.3
[INFO] [stderr]     Checking ed25519-dalek-bip32 v0.2.0
[INFO] [stderr]     Checking ctr v0.8.0
[INFO] [stderr]     Checking pbkdf2 v0.11.0
[INFO] [stderr]     Checking aead v0.4.3
[INFO] [stderr]     Checking sha3 v0.9.1
[INFO] [stderr]    Compiling anchor-lang-idl-spec v0.1.0
[INFO] [stderr]     Checking aes-gcm-siv v0.10.3
[INFO] [stderr]    Compiling proc-macro-crate v0.1.5
[INFO] [stderr]    Compiling anchor-syn v0.30.1
[INFO] [stderr]    Compiling borsh-derive v0.10.3
[INFO] [stderr]    Compiling borsh-derive v0.9.3
[INFO] [stderr]     Checking borsh v0.10.3
[INFO] [stderr]     Checking borsh v0.9.3
[INFO] [stderr]    Compiling anchor-lang-idl v0.1.1
[INFO] [stderr]    Compiling anchor-attribute-access-control v0.30.1
[INFO] [stderr]    Compiling anchor-attribute-event v0.30.1
[INFO] [stderr]    Compiling anchor-attribute-program v0.30.1
[INFO] [stderr]    Compiling anchor-attribute-account v0.30.1
[INFO] [stderr]    Compiling anchor-attribute-constant v0.30.1
[INFO] [stderr]    Compiling anchor-attribute-error v0.30.1
[INFO] [stderr]    Compiling anchor-derive-accounts v0.30.1
[INFO] [stderr]    Compiling anchor-derive-serde v0.30.1
[INFO] [stderr]     Checking ark-poly v0.4.2
[INFO] [stderr]     Checking ark-ec v0.4.2
[INFO] [stderr]     Checking ark-bn254 v0.4.0
[INFO] [stderr]     Checking light-poseidon v0.2.0
[INFO] [stderr]     Checking spl-program-error v0.4.4
[INFO] [stderr]     Checking spl-discriminator v0.2.5
[INFO] [stderr]     Checking spl-token v4.0.3
[INFO] [stderr]     Checking spl-memo v4.0.4
[INFO] [stderr]     Checking anchor-lang v0.30.1
[INFO] [stderr]     Checking session-keys v2.0.5
[INFO] [stderr]     Checking solana-zk-token-sdk v1.18.23
[INFO] [stderr]     Checking spl-pod v0.2.5
[INFO] [stderr]     Checking spl-type-length-value v0.4.6
[INFO] [stderr]     Checking spl-token-group-interface v0.2.5
[INFO] [stderr]     Checking spl-tlv-account-resolution v0.6.5
[INFO] [stderr]     Checking spl-token-metadata-interface v0.3.5
[INFO] [stderr]     Checking spl-transfer-hook-interface v0.6.5
[INFO] [stderr]     Checking spl-token-2022 v3.0.4
[INFO] [stderr]     Checking spl-associated-token-account v3.0.3
[INFO] [stdout] error[E0308]: mismatched types
[INFO] [stdout]   --> /opt/rustwide/cargo-home/registry/src/index.crates.io-1949cf8c6b5b557f/spl-associated-token-account-3.0.3/src/processor.rs:97:55
[INFO] [stdout]    |
[INFO] [stdout] 97 |             if associated_token_account.base.owner != *wallet_account_info.key {
[INFO] [stdout]    |                -----------------------------------    ^^^^^^^^^^^^^^^^^^^^^^^^ expected `Pubkey`, found `solana_program::pubkey::Pubkey`
[INFO] [stdout]    |                |
[INFO] [stdout]    |                expected because this is `spl_token_2022::solana_program::pubkey::Pubkey`
[INFO] [stdout]    |
[INFO] [stdout] note: there are multiple different versions of crate `solana_program` in the dependency graph
[INFO] [stdout]   --> /opt/rustwide/cargo-home/registry/src/index.crates.io-1949cf8c6b5b557f/solana-program-1.18.23/src/pubkey.rs:88:1
[INFO] [stdout]    |
[INFO] [stdout] 88 | pub struct Pubkey(pub(crate) [u8; 32]);
[INFO] [stdout]    | ^^^^^^^^^^^^^^^^^ this is the expected type
[INFO] [stdout]    |
[INFO] [stdout]   ::: /opt/rustwide/cargo-home/registry/src/index.crates.io-1949cf8c6b5b557f/solana-program-2.0.10/src/pubkey.rs:96:1
[INFO] [stdout]    |
[INFO] [stdout] 96 | pub struct Pubkey(pub(crate) [u8; 32]);
[INFO] [stdout]    | ----------------- this is the found type
[INFO] [stdout]    = help: you can use `cargo tree` to explore your dependency tree
[INFO] [stdout] 
[INFO] [stdout] 
[INFO] [stdout] error[E0308]: mismatched types
[INFO] [stdout]    --> /opt/rustwide/cargo-home/registry/src/index.crates.io-1949cf8c6b5b557f/spl-associated-token-account-3.0.3/src/processor.rs:102:54
[INFO] [stdout]     |
[INFO] [stdout] 102 |             if associated_token_account.base.mint != *spl_token_mint_info.key {
[INFO] [stdout]     |                ----------------------------------    ^^^^^^^^^^^^^^^^^^^^^^^^ expected `Pubkey`, found `solana_program::pubkey::Pubkey`
[INFO] [stdout]     |                |
[INFO] [stdout]     |                expected because this is `spl_token_2022::solana_program::pubkey::Pubkey`
[INFO] [stdout]     |
[INFO] [stdout] note: there are multiple different versions of crate `solana_program` in the dependency graph
[INFO] [stdout]    --> /opt/rustwide/cargo-home/registry/src/index.crates.io-1949cf8c6b5b557f/solana-program-1.18.23/src/pubkey.rs:88:1
[INFO] [stdout]     |
[INFO] [stdout]  88 | pub struct Pubkey(pub(crate) [u8; 32]);
[INFO] [stdout]     | ^^^^^^^^^^^^^^^^^ this is the expected type
[INFO] [stdout]     |
[INFO] [stdout]    ::: /opt/rustwide/cargo-home/registry/src/index.crates.io-1949cf8c6b5b557f/solana-program-2.0.10/src/pubkey.rs:96:1
[INFO] [stdout]     |
[INFO] [stdout]  96 | pub struct Pubkey(pub(crate) [u8; 32]);
[INFO] [stdout]     | ----------------- this is the found type
[INFO] [stdout]     = help: you can use `cargo tree` to explore your dependency tree
[INFO] [stdout] 
[INFO] [stdout] 
[INFO] [stdout] error[E0308]: arguments to this function are incorrect
[INFO] [stdout]     --> /opt/rustwide/cargo-home/registry/src/index.crates.io-1949cf8c6b5b557f/spl-associated-token-account-3.0.3/src/processor.rs:139:10
[INFO] [stdout]      |
[INFO] [stdout]  139 |         &spl_token_2022::instruction::initialize_immutable_owner(
[INFO] [stdout]      |          ^^^^^^^^^^^^^^^^^^^^^^^^^^^^^^^^^^^^^^^^^^^^^^^^^^^^^^^
[INFO] [stdout]  140 |             spl_token_program_id,
[INFO] [stdout]      |             -------------------- expected `Pubkey`, found `solana_program::pubkey::Pubkey`
[INFO] [stdout]  141 |             associated_token_account_info.key,
[INFO] [stdout]      |             --------------------------------- expected `Pubkey`, found `solana_program::pubkey::Pubkey`
[INFO] [stdout]      |
[INFO] [stdout] note: there are multiple different versions of crate `solana_program` in the dependency graph
[INFO] [stdout]     --> /opt/rustwide/cargo-home/registry/src/index.crates.io-1949cf8c6b5b557f/solana-program-1.18.23/src/pubkey.rs:88:1
[INFO] [stdout]      |
[INFO] [stdout]   88 | pub struct Pubkey(pub(crate) [u8; 32]);
[INFO] [stdout]      | ^^^^^^^^^^^^^^^^^ this is the expected type
[INFO] [stdout]      |
[INFO] [stdout]     ::: /opt/rustwide/cargo-home/registry/src/index.crates.io-1949cf8c6b5b557f/solana-program-2.0.10/src/pubkey.rs:96:1
[INFO] [stdout]      |
[INFO] [stdout]   96 | pub struct Pubkey(pub(crate) [u8; 32]);
[INFO] [stdout]      | ----------------- this is the found type
[INFO] [stdout]      = help: you can use `cargo tree` to explore your dependency tree
[INFO] [stdout] note: there are multiple different versions of crate `solana_program` in the dependency graph
[INFO] [stdout]     --> /opt/rustwide/cargo-home/registry/src/index.crates.io-1949cf8c6b5b557f/solana-program-1.18.23/src/pubkey.rs:88:1
[INFO] [stdout]      |
[INFO] [stdout]   88 | pub struct Pubkey(pub(crate) [u8; 32]);
[INFO] [stdout]      | ^^^^^^^^^^^^^^^^^ this is the expected type
[INFO] [stdout]      |
[INFO] [stdout]     ::: /opt/rustwide/cargo-home/registry/src/index.crates.io-1949cf8c6b5b557f/solana-program-2.0.10/src/pubkey.rs:96:1
[INFO] [stdout]      |
[INFO] [stdout]   96 | pub struct Pubkey(pub(crate) [u8; 32]);
[INFO] [stdout]      | ----------------- this is the found type
[INFO] [stdout]      = help: you can use `cargo tree` to explore your dependency tree
[INFO] [stdout] note: function defined here
[INFO] [stdout]     --> /opt/rustwide/cargo-home/registry/src/index.crates.io-1949cf8c6b5b557f/spl-token-2022-3.0.4/src/instruction.rs:1802:8
[INFO] [stdout]      |
[INFO] [stdout] 1802 | pub fn initialize_immutable_owner(
[INFO] [stdout]      |        ^^^^^^^^^^^^^^^^^^^^^^^^^^
[INFO] [stdout] 
[INFO] [stdout] 
[INFO] [stdout] error[E0308]: `?` operator has incompatible types
[INFO] [stdout]    --> /opt/rustwide/cargo-home/registry/src/index.crates.io-1949cf8c6b5b557f/spl-associated-token-account-3.0.3/src/processor.rs:139:10
[INFO] [stdout]     |
[INFO] [stdout] 139 |           &spl_token_2022::instruction::initialize_immutable_owner(
[INFO] [stdout]     |  __________^
[INFO] [stdout] 140 | |             spl_token_program_id,
[INFO] [stdout] 141 | |             associated_token_account_info.key,
[INFO] [stdout] 142 | |         )?,
[INFO] [stdout]     | |__________^ expected `solana_program::instruction::Instruction`, found `Instruction`
[INFO] [stdout]     |
[INFO] [stdout]     = note: `?` operator cannot convert from `spl_token_2022::solana_program::instruction::Instruction` to `solana_program::instruction::Instruction`
[INFO] [stdout] note: there are multiple different versions of crate `solana_program` in the dependency graph
[INFO] [stdout]    --> /opt/rustwide/cargo-home/registry/src/index.crates.io-1949cf8c6b5b557f/solana-program-2.0.10/src/instruction.rs:332:1
[INFO] [stdout]     |
[INFO] [stdout] 332 | pub struct Instruction {
[INFO] [stdout]     | ^^^^^^^^^^^^^^^^^^^^^^ this is the expected type
[INFO] [stdout]     |
[INFO] [stdout]    ::: /opt/rustwide/cargo-home/registry/src/index.crates.io-1949cf8c6b5b557f/solana-program-1.18.23/src/instruction.rs:329:1
[INFO] [stdout]     |
[INFO] [stdout] 329 | pub struct Instruction {
[INFO] [stdout]     | ---------------------- this is the found type
[INFO] [stdout]     = help: you can use `cargo tree` to explore your dependency tree
[INFO] [stdout] 
[INFO] [stdout] 
[INFO] [stdout] error[E0277]: `?` couldn't convert the error to `solana_program::program_error::ProgramError`
[INFO] [stdout]    --> /opt/rustwide/cargo-home/registry/src/index.crates.io-1949cf8c6b5b557f/spl-associated-token-account-3.0.3/src/processor.rs:142:10
[INFO] [stdout]     |
[INFO] [stdout]  70 | ) -> ProgramResult {
[INFO] [stdout]     |      ------------- expected `solana_program::program_error::ProgramError` because of this
[INFO] [stdout] ...
[INFO] [stdout] 142 |         )?,
[INFO] [stdout]     |          ^ unsatisfied trait bound
[INFO] [stdout]     |
[INFO] [stdout]     = help: the trait `From<spl_token_2022::solana_program::program_error::ProgramError>` is not implemented for `solana_program::program_error::ProgramError`
[INFO] [stdout]     = note: the question mark operation (`?`) implicitly performs a conversion on the error value using the `From` trait
[INFO] [stdout] help: item with same name found
[INFO] [stdout]    --> /opt/rustwide/cargo-home/registry/src/index.crates.io-1949cf8c6b5b557f/solana-program-1.18.23/src/program_error.rs:14:1
[INFO] [stdout]     |
[INFO] [stdout]  14 | pub enum ProgramError {
[INFO] [stdout]     | ^^^^^^^^^^^^^^^^^^^^^
[INFO] [stdout]     = note: there are multiple different versions of crate `solana_program` in the dependency graph
[INFO] [stdout]     = help: `solana_program::program_error::ProgramError` implements trait `From<T>`:
[INFO] [stdout]               From<AssociatedTokenAccountError>
[INFO] [stdout]               From<solana_program::pubkey::PubkeyError>
[INFO] [stdout]               From<solana_program::stake::instruction::StakeError>
[INFO] [stdout]               From<std::io::Error>
[INFO] [stdout]               From<u64>
[INFO] [stdout]     = note: there are multiple different versions of crate `solana_program` in the dependency graph
[INFO] [stdout]     = help: you can use `cargo tree` to explore your dependency tree
[INFO] [stdout]     = note: required for `Result<(), solana_program::program_error::ProgramError>` to implement `FromResidual<Result<!, ProgramError>>`
[INFO] [stdout]     = note: the full name for the type has been written to '/opt/rustwide/target/debug/build/spl-associated-token-account/30174159dde2266f/out/spl_associated_token_account-30174159dde2266f.long-type-9321135340335089763.txt'
[INFO] [stdout]     = note: consider using `--verbose` to print the full type name to the console
[INFO] [stdout] 
[INFO] [stdout] 
[INFO] [stdout] error[E0308]: arguments to this function are incorrect
[INFO] [stdout]     --> /opt/rustwide/cargo-home/registry/src/index.crates.io-1949cf8c6b5b557f/spl-associated-token-account-3.0.3/src/processor.rs:149:10
[INFO] [stdout]      |
[INFO] [stdout]  149 |         &spl_token_2022::instruction::initialize_account3(
[INFO] [stdout]      |          ^^^^^^^^^^^^^^^^^^^^^^^^^^^^^^^^^^^^^^^^^^^^^^^^
[INFO] [stdout]  150 |             spl_token_program_id,
[INFO] [stdout]      |             -------------------- expected `Pubkey`, found `solana_program::pubkey::Pubkey`
[INFO] [stdout]  151 |             associated_token_account_info.key,
[INFO] [stdout]      |             --------------------------------- expected `Pubkey`, found `solana_program::pubkey::Pubkey`
[INFO] [stdout]  152 |             spl_token_mint_info.key,
[INFO] [stdout]      |             ----------------------- expected `Pubkey`, found `solana_program::pubkey::Pubkey`
[INFO] [stdout]  153 |             wallet_account_info.key,
[INFO] [stdout]      |             ----------------------- expected `Pubkey`, found `solana_program::pubkey::Pubkey`
[INFO] [stdout]      |
[INFO] [stdout] note: there are multiple different versions of crate `solana_program` in the dependency graph
[INFO] [stdout]     --> /opt/rustwide/cargo-home/registry/src/index.crates.io-1949cf8c6b5b557f/solana-program-1.18.23/src/pubkey.rs:88:1
[INFO] [stdout]      |
[INFO] [stdout]   88 | pub struct Pubkey(pub(crate) [u8; 32]);
[INFO] [stdout]      | ^^^^^^^^^^^^^^^^^ this is the expected type
[INFO] [stdout]      |
[INFO] [stdout]     ::: /opt/rustwide/cargo-home/registry/src/index.crates.io-1949cf8c6b5b557f/solana-program-2.0.10/src/pubkey.rs:96:1
[INFO] [stdout]      |
[INFO] [stdout]   96 | pub struct Pubkey(pub(crate) [u8; 32]);
[INFO] [stdout]      | ----------------- this is the found type
[INFO] [stdout]      = help: you can use `cargo tree` to explore your dependency tree
[INFO] [stdout] note: there are multiple different versions of crate `solana_program` in the dependency graph
[INFO] [stdout]     --> /opt/rustwide/cargo-home/registry/src/index.crates.io-1949cf8c6b5b557f/solana-program-1.18.23/src/pubkey.rs:88:1
[INFO] [stdout]      |
[INFO] [stdout]   88 | pub struct Pubkey(pub(crate) [u8; 32]);
[INFO] [stdout]      | ^^^^^^^^^^^^^^^^^ this is the expected type
[INFO] [stdout]      |
[INFO] [stdout]     ::: /opt/rustwide/cargo-home/registry/src/index.crates.io-1949cf8c6b5b557f/solana-program-2.0.10/src/pubkey.rs:96:1
[INFO] [stdout]      |
[INFO] [stdout]   96 | pub struct Pubkey(pub(crate) [u8; 32]);
[INFO] [stdout]      | ----------------- this is the found type
[INFO] [stdout]      = help: you can use `cargo tree` to explore your dependency tree
[INFO] [stdout] note: there are multiple different versions of crate `solana_program` in the dependency graph
[INFO] [stdout]     --> /opt/rustwide/cargo-home/registry/src/index.crates.io-1949cf8c6b5b557f/solana-program-1.18.23/src/pubkey.rs:88:1
[INFO] [stdout]      |
[INFO] [stdout]   88 | pub struct Pubkey(pub(crate) [u8; 32]);
[INFO] [stdout]      | ^^^^^^^^^^^^^^^^^ this is the expected type
[INFO] [stdout]      |
[INFO] [stdout]     ::: /opt/rustwide/cargo-home/registry/src/index.crates.io-1949cf8c6b5b557f/solana-program-2.0.10/src/pubkey.rs:96:1
[INFO] [stdout]      |
[INFO] [stdout]   96 | pub struct Pubkey(pub(crate) [u8; 32]);
[INFO] [stdout]      | ----------------- this is the found type
[INFO] [stdout]      = help: you can use `cargo tree` to explore your dependency tree
[INFO] [stdout] note: there are multiple different versions of crate `solana_program` in the dependency graph
[INFO] [stdout]     --> /opt/rustwide/cargo-home/registry/src/index.crates.io-1949cf8c6b5b557f/solana-program-1.18.23/src/pubkey.rs:88:1
[INFO] [stdout]      |
[INFO] [stdout]   88 | pub struct Pubkey(pub(crate) [u8; 32]);
[INFO] [stdout]      | ^^^^^^^^^^^^^^^^^ this is the expected type
[INFO] [stdout]      |
[INFO] [stdout]     ::: /opt/rustwide/cargo-home/registry/src/index.crates.io-1949cf8c6b5b557f/solana-program-2.0.10/src/pubkey.rs:96:1
[INFO] [stdout]      |
[INFO] [stdout]   96 | pub struct Pubkey(pub(crate) [u8; 32]);
[INFO] [stdout]      | ----------------- this is the found type
[INFO] [stdout]      = help: you can use `cargo tree` to explore your dependency tree
[INFO] [stdout] note: function defined here
[INFO] [stdout]     --> /opt/rustwide/cargo-home/registry/src/index.crates.io-1949cf8c6b5b557f/spl-token-2022-3.0.4/src/instruction.rs:1269:8
[INFO] [stdout]      |
[INFO] [stdout] 1269 | pub fn initialize_account3(
[INFO] [stdout]      |        ^^^^^^^^^^^^^^^^^^^
[INFO] [stdout] 
[INFO] [stdout] 
[INFO] [stdout] error[E0308]: `?` operator has incompatible types
[INFO] [stdout]    --> /opt/rustwide/cargo-home/registry/src/index.crates.io-1949cf8c6b5b557f/spl-associated-token-account-3.0.3/src/processor.rs:149:10
[INFO] [stdout]     |
[INFO] [stdout] 149 |           &spl_token_2022::instruction::initialize_account3(
[INFO] [stdout]     |  __________^
[INFO] [stdout] 150 | |             spl_token_program_id,
[INFO] [stdout] 151 | |             associated_token_account_info.key,
[INFO] [stdout] 152 | |             spl_token_mint_info.key,
[INFO] [stdout] 153 | |             wallet_account_info.key,
[INFO] [stdout] 154 | |         )?,
[INFO] [stdout]     | |__________^ expected `solana_program::instruction::Instruction`, found `Instruction`
[INFO] [stdout]     |
[INFO] [stdout]     = note: `?` operator cannot convert from `spl_token_2022::solana_program::instruction::Instruction` to `solana_program::instruction::Instruction`
[INFO] [stdout] note: there are multiple different versions of crate `solana_program` in the dependency graph
[INFO] [stdout]    --> /opt/rustwide/cargo-home/registry/src/index.crates.io-1949cf8c6b5b557f/solana-program-2.0.10/src/instruction.rs:332:1
[INFO] [stdout]     |
[INFO] [stdout] 332 | pub struct Instruction {
[INFO] [stdout]     | ^^^^^^^^^^^^^^^^^^^^^^ this is the expected type
[INFO] [stdout]     |
[INFO] [stdout]    ::: /opt/rustwide/cargo-home/registry/src/index.crates.io-1949cf8c6b5b557f/solana-program-1.18.23/src/instruction.rs:329:1
[INFO] [stdout]     |
[INFO] [stdout] 329 | pub struct Instruction {
[INFO] [stdout]     | ---------------------- this is the found type
[INFO] [stdout]     = help: you can use `cargo tree` to explore your dependency tree
[INFO] [stdout] 
[INFO] [stdout] 
[INFO] [stdout] error[E0277]: `?` couldn't convert the error to `solana_program::program_error::ProgramError`
[INFO] [stdout]    --> /opt/rustwide/cargo-home/registry/src/index.crates.io-1949cf8c6b5b557f/spl-associated-token-account-3.0.3/src/processor.rs:154:10
[INFO] [stdout]     |
[INFO] [stdout]  70 | ) -> ProgramResult {
[INFO] [stdout]     |      ------------- expected `solana_program::program_error::ProgramError` because of this
[INFO] [stdout] ...
[INFO] [stdout] 154 |         )?,
[INFO] [stdout]     |          ^ unsatisfied trait bound
[INFO] [stdout]     |
[INFO] [stdout]     = help: the trait `From<spl_token_2022::solana_program::program_error::ProgramError>` is not implemented for `solana_program::program_error::ProgramError`
[INFO] [stdout]     = note: the question mark operation (`?`) implicitly performs a conversion on the error value using the `From` trait
[INFO] [stdout] help: item with same name found
[INFO] [stdout]    --> /opt/rustwide/cargo-home/registry/src/index.crates.io-1949cf8c6b5b557f/solana-program-1.18.23/src/program_error.rs:14:1
[INFO] [stdout]     |
[INFO] [stdout]  14 | pub enum ProgramError {
[INFO] [stdout]     | ^^^^^^^^^^^^^^^^^^^^^
[INFO] [stdout]     = note: there are multiple different versions of crate `solana_program` in the dependency graph
[INFO] [stdout]     = help: `solana_program::program_error::ProgramError` implements trait `From<T>`:
[INFO] [stdout]               From<AssociatedTokenAccountError>
[INFO] [stdout]               From<solana_program::pubkey::PubkeyError>
[INFO] [stdout]               From<solana_program::stake::instruction::StakeError>
[INFO] [stdout]               From<std::io::Error>
[INFO] [stdout]               From<u64>
[INFO] [stdout]     = note: there are multiple different versions of crate `solana_program` in the dependency graph
[INFO] [stdout]     = help: you can use `cargo tree` to explore your dependency tree
[INFO] [stdout]     = note: required for `Result<(), solana_program::program_error::ProgramError>` to implement `FromResidual<Result<!, ProgramError>>`
[INFO] [stdout]     = note: the full name for the type has been written to '/opt/rustwide/target/debug/build/spl-associated-token-account/30174159dde2266f/out/spl_associated_token_account-30174159dde2266f.long-type-9321135340335089763.txt'
[INFO] [stdout]     = note: consider using `--verbose` to print the full type name to the console
[INFO] [stdout] 
[INFO] [stdout] 
[INFO] [stdout] error[E0277]: `?` couldn't convert the error to `solana_program::program_error::ProgramError`
[INFO] [stdout]    --> /opt/rustwide/cargo-home/registry/src/index.crates.io-1949cf8c6b5b557f/spl-associated-token-account-3.0.3/src/processor.rs:234:88
[INFO] [stdout]     |
[INFO] [stdout] 165 | pub fn process_recover_nested(program_id: &Pubkey, accounts: &[AccountInfo]) -> ProgramResult {
[INFO] [stdout]     |                                                                                 ------------- expected `solana_program::program_error::ProgramError` because of this
[INFO] [stdout] ...
[INFO] [stdout] 234 |         let owner_account = StateWithExtensions::<Account>::unpack(&owner_account_data)?;
[INFO] [stdout]     |                                                                                        ^ unsatisfied trait bound
[INFO] [stdout]     |
[INFO] [stdout]     = help: the trait `From<spl_token_2022::solana_program::program_error::ProgramError>` is not implemented for `solana_program::program_error::ProgramError`
[INFO] [stdout]     = note: the question mark operation (`?`) implicitly performs a conversion on the error value using the `From` trait
[INFO] [stdout] help: item with same name found
[INFO] [stdout]    --> /opt/rustwide/cargo-home/registry/src/index.crates.io-1949cf8c6b5b557f/solana-program-1.18.23/src/program_error.rs:14:1
[INFO] [stdout]     |
[INFO] [stdout]  14 | pub enum ProgramError {
[INFO] [stdout]     | ^^^^^^^^^^^^^^^^^^^^^
[INFO] [stdout]     = note: there are multiple different versions of crate `solana_program` in the dependency graph
[INFO] [stdout]     = help: `solana_program::program_error::ProgramError` implements trait `From<T>`:
[INFO] [stdout]               From<AssociatedTokenAccountError>
[INFO] [stdout]               From<solana_program::pubkey::PubkeyError>
[INFO] [stdout]               From<solana_program::stake::instruction::StakeError>
[INFO] [stdout]               From<std::io::Error>
[INFO] [stdout]               From<u64>
[INFO] [stdout]     = note: there are multiple different versions of crate `solana_program` in the dependency graph
[INFO] [stdout]     = help: you can use `cargo tree` to explore your dependency tree
[INFO] [stdout]     = note: required for `Result<(), solana_program::program_error::ProgramError>` to implement `FromResidual<Result<!, ProgramError>>`
[INFO] [stdout]     = note: the full name for the type has been written to '/opt/rustwide/target/debug/build/spl-associated-token-account/30174159dde2266f/out/spl_associated_token_account-30174159dde2266f.long-type-9321135340335089763.txt'
[INFO] [stdout]     = note: consider using `--verbose` to print the full type name to the console
[INFO] [stdout] 
[INFO] [stdout] 
[INFO] [stdout] error[E0308]: mismatched types
[INFO] [stdout]    --> /opt/rustwide/cargo-home/registry/src/index.crates.io-1949cf8c6b5b557f/spl-associated-token-account-3.0.3/src/processor.rs:235:40
[INFO] [stdout]     |
[INFO] [stdout] 235 |         if owner_account.base.owner != *wallet_account_info.key {
[INFO] [stdout]     |            ------------------------    ^^^^^^^^^^^^^^^^^^^^^^^^ expected `Pubkey`, found `solana_program::pubkey::Pubkey`
[INFO] [stdout]     |            |
[INFO] [stdout]     |            expected because this is `spl_token_2022::solana_program::pubkey::Pubkey`
[INFO] [stdout]     |
[INFO] [stdout] note: there are multiple different versions of crate `solana_program` in the dependency graph
[INFO] [stdout]    --> /opt/rustwide/cargo-home/registry/src/index.crates.io-1949cf8c6b5b557f/solana-program-1.18.23/src/pubkey.rs:88:1
[INFO] [stdout]     |
[INFO] [stdout]  88 | pub struct Pubkey(pub(crate) [u8; 32]);
[INFO] [stdout]     | ^^^^^^^^^^^^^^^^^ this is the expected type
[INFO] [stdout]     |
[INFO] [stdout]    ::: /opt/rustwide/cargo-home/registry/src/index.crates.io-1949cf8c6b5b557f/solana-program-2.0.10/src/pubkey.rs:96:1
[INFO] [stdout]     |
[INFO] [stdout]  96 | pub struct Pubkey(pub(crate) [u8; 32]);
[INFO] [stdout]     | ----------------- this is the found type
[INFO] [stdout]     = help: you can use `cargo tree` to explore your dependency tree
[INFO] [stdout] 
[INFO] [stdout] 
[INFO] [stdout] error[E0277]: `?` couldn't convert the error to `solana_program::program_error::ProgramError`
[INFO] [stdout]    --> /opt/rustwide/cargo-home/registry/src/index.crates.io-1949cf8c6b5b557f/spl-associated-token-account-3.0.3/src/processor.rs:246:90
[INFO] [stdout]     |
[INFO] [stdout] 165 | pub fn process_recover_nested(program_id: &Pubkey, accounts: &[AccountInfo]) -> ProgramResult {
[INFO] [stdout]     |                                                                                 ------------- expected `solana_program::program_error::ProgramError` because of this
[INFO] [stdout] ...
[INFO] [stdout] 246 |         let nested_account = StateWithExtensions::<Account>::unpack(&nested_account_data)?;
[INFO] [stdout]     |                                                                                          ^ unsatisfied trait bound
[INFO] [stdout]     |
[INFO] [stdout]     = help: the trait `From<spl_token_2022::solana_program::program_error::ProgramError>` is not implemented for `solana_program::program_error::ProgramError`
[INFO] [stdout]     = note: the question mark operation (`?`) implicitly performs a conversion on the error value using the `From` trait
[INFO] [stdout] help: item with same name found
[INFO] [stdout]    --> /opt/rustwide/cargo-home/registry/src/index.crates.io-1949cf8c6b5b557f/solana-program-1.18.23/src/program_error.rs:14:1
[INFO] [stdout]     |
[INFO] [stdout]  14 | pub enum ProgramError {
[INFO] [stdout]     | ^^^^^^^^^^^^^^^^^^^^^
[INFO] [stdout]     = note: there are multiple different versions of crate `solana_program` in the dependency graph
[INFO] [stdout]     = help: `solana_program::program_error::ProgramError` implements trait `From<T>`:
[INFO] [stdout]               From<AssociatedTokenAccountError>
[INFO] [stdout]               From<solana_program::pubkey::PubkeyError>
[INFO] [stdout]               From<solana_program::stake::instruction::StakeError>
[INFO] [stdout]               From<std::io::Error>
[INFO] [stdout]               From<u64>
[INFO] [stdout]     = note: there are multiple different versions of crate `solana_program` in the dependency graph
[INFO] [stdout]     = help: you can use `cargo tree` to explore your dependency tree
[INFO] [stdout]     = note: required for `Result<(), solana_program::program_error::ProgramError>` to implement `FromResidual<Result<!, ProgramError>>`
[INFO] [stdout]     = note: the full name for the type has been written to '/opt/rustwide/target/debug/build/spl-associated-token-account/30174159dde2266f/out/spl_associated_token_account-30174159dde2266f.long-type-9321135340335089763.txt'
[INFO] [stdout]     = note: consider using `--verbose` to print the full type name to the console
[INFO] [stdout] 
[INFO] [stdout] 
[INFO] [stdout] error[E0308]: mismatched types
[INFO] [stdout]    --> /opt/rustwide/cargo-home/registry/src/index.crates.io-1949cf8c6b5b557f/spl-associated-token-account-3.0.3/src/processor.rs:247:41
[INFO] [stdout]     |
[INFO] [stdout] 247 |         if nested_account.base.owner != *owner_associated_token_account_info.key {
[INFO] [stdout]     |            -------------------------    ^^^^^^^^^^^^^^^^^^^^^^^^^^^^^^^^^^^^^^^^ expected `Pubkey`, found `solana_program::pubkey::Pubkey`
[INFO] [stdout]     |            |
[INFO] [stdout]     |            expected because this is `spl_token_2022::solana_program::pubkey::Pubkey`
[INFO] [stdout]     |
[INFO] [stdout] note: there are multiple different versions of crate `solana_program` in the dependency graph
[INFO] [stdout]    --> /opt/rustwide/cargo-home/registry/src/index.crates.io-1949cf8c6b5b557f/solana-program-1.18.23/src/pubkey.rs:88:1
[INFO] [stdout]     |
[INFO] [stdout]  88 | pub struct Pubkey(pub(crate) [u8; 32]);
[INFO] [stdout]     | ^^^^^^^^^^^^^^^^^ this is the expected type
[INFO] [stdout]     |
[INFO] [stdout]    ::: /opt/rustwide/cargo-home/registry/src/index.crates.io-1949cf8c6b5b557f/solana-program-2.0.10/src/pubkey.rs:96:1
[INFO] [stdout]     |
[INFO] [stdout]  96 | pub struct Pubkey(pub(crate) [u8; 32]);
[INFO] [stdout]     | ----------------- this is the found type
[INFO] [stdout]     = help: you can use `cargo tree` to explore your dependency tree
[INFO] [stdout] 
[INFO] [stdout] 
[INFO] [stdout] error[E0277]: `?` couldn't convert the error to `solana_program::program_error::ProgramError`
[INFO] [stdout]    --> /opt/rustwide/cargo-home/registry/src/index.crates.io-1949cf8c6b5b557f/spl-associated-token-account-3.0.3/src/processor.rs:259:81
[INFO] [stdout]     |
[INFO] [stdout] 165 | pub fn process_recover_nested(program_id: &Pubkey, accounts: &[AccountInfo]) -> ProgramResult {
[INFO] [stdout]     |                                                                                 ------------- expected `solana_program::program_error::ProgramError` because of this
[INFO] [stdout] ...
[INFO] [stdout] 259 |         let nested_mint = StateWithExtensions::<Mint>::unpack(&nested_mint_data)?;
[INFO] [stdout]     |                                                                                 ^ unsatisfied trait bound
[INFO] [stdout]     |
[INFO] [stdout]     = help: the trait `From<spl_token_2022::solana_program::program_error::ProgramError>` is not implemented for `solana_program::program_error::ProgramError`
[INFO] [stdout]     = note: the question mark operation (`?`) implicitly performs a conversion on the error value using the `From` trait
[INFO] [stdout] help: item with same name found
[INFO] [stdout]    --> /opt/rustwide/cargo-home/registry/src/index.crates.io-1949cf8c6b5b557f/solana-program-1.18.23/src/program_error.rs:14:1
[INFO] [stdout]     |
[INFO] [stdout]  14 | pub enum ProgramError {
[INFO] [stdout]     | ^^^^^^^^^^^^^^^^^^^^^
[INFO] [stdout]     = note: there are multiple different versions of crate `solana_program` in the dependency graph
[INFO] [stdout]     = help: `solana_program::program_error::ProgramError` implements trait `From<T>`:
[INFO] [stdout]               From<AssociatedTokenAccountError>
[INFO] [stdout]               From<solana_program::pubkey::PubkeyError>
[INFO] [stdout]               From<solana_program::stake::instruction::StakeError>
[INFO] [stdout]               From<std::io::Error>
[INFO] [stdout]               From<u64>
[INFO] [stdout]     = note: there are multiple different versions of crate `solana_program` in the dependency graph
[INFO] [stdout]     = help: you can use `cargo tree` to explore your dependency tree
[INFO] [stdout]     = note: required for `Result<(), solana_program::program_error::ProgramError>` to implement `FromResidual<Result<!, ProgramError>>`
[INFO] [stdout]     = note: the full name for the type has been written to '/opt/rustwide/target/debug/build/spl-associated-token-account/30174159dde2266f/out/spl_associated_token_account-30174159dde2266f.long-type-9321135340335089763.txt'
[INFO] [stdout]     = note: consider using `--verbose` to print the full type name to the console
[INFO] [stdout] 
[INFO] [stdout] 
[INFO] [stdout] error[E0308]: arguments to this function are incorrect
[INFO] [stdout]     --> /opt/rustwide/cargo-home/registry/src/index.crates.io-1949cf8c6b5b557f/spl-associated-token-account-3.0.3/src/processor.rs:272:10
[INFO] [stdout]      |
[INFO] [stdout]  272 |         &spl_token_2022::instruction::transfer_checked(
[INFO] [stdout]      |          ^^^^^^^^^^^^^^^^^^^^^^^^^^^^^^^^^^^^^^^^^^^^^
[INFO] [stdout]  273 |             spl_token_program_id,
[INFO] [stdout]      |             -------------------- expected `Pubkey`, found `solana_program::pubkey::Pubkey`
[INFO] [stdout]  274 |             nested_associated_token_account_info.key,
[INFO] [stdout]      |             ---------------------------------------- expected `Pubkey`, found `solana_program::pubkey::Pubkey`
[INFO] [stdout]  275 |             nested_token_mint_info.key,
[INFO] [stdout]      |             -------------------------- expected `Pubkey`, found `solana_program::pubkey::Pubkey`
[INFO] [stdout]  276 |             destination_associated_token_account_info.key,
[INFO] [stdout]      |             --------------------------------------------- expected `Pubkey`, found `solana_program::pubkey::Pubkey`
[INFO] [stdout]  277 |             owner_associated_token_account_info.key,
[INFO] [stdout]      |             --------------------------------------- expected `Pubkey`, found `solana_program::pubkey::Pubkey`
[INFO] [stdout]      |
[INFO] [stdout] note: there are multiple different versions of crate `solana_program` in the dependency graph
[INFO] [stdout]     --> /opt/rustwide/cargo-home/registry/src/index.crates.io-1949cf8c6b5b557f/solana-program-1.18.23/src/pubkey.rs:88:1
[INFO] [stdout]      |
[INFO] [stdout]   88 | pub struct Pubkey(pub(crate) [u8; 32]);
[INFO] [stdout]      | ^^^^^^^^^^^^^^^^^ this is the expected type
[INFO] [stdout]      |
[INFO] [stdout]     ::: /opt/rustwide/cargo-home/registry/src/index.crates.io-1949cf8c6b5b557f/solana-program-2.0.10/src/pubkey.rs:96:1
[INFO] [stdout]      |
[INFO] [stdout]   96 | pub struct Pubkey(pub(crate) [u8; 32]);
[INFO] [stdout]      | ----------------- this is the found type
[INFO] [stdout]      = help: you can use `cargo tree` to explore your dependency tree
[INFO] [stdout] note: there are multiple different versions of crate `solana_program` in the dependency graph
[INFO] [stdout]     --> /opt/rustwide/cargo-home/registry/src/index.crates.io-1949cf8c6b5b557f/solana-program-1.18.23/src/pubkey.rs:88:1
[INFO] [stdout]      |
[INFO] [stdout]   88 | pub struct Pubkey(pub(crate) [u8; 32]);
[INFO] [stdout]      | ^^^^^^^^^^^^^^^^^ this is the expected type
[INFO] [stdout]      |
[INFO] [stdout]     ::: /opt/rustwide/cargo-home/registry/src/index.crates.io-1949cf8c6b5b557f/solana-program-2.0.10/src/pubkey.rs:96:1
[INFO] [stdout]      |
[INFO] [stdout]   96 | pub struct Pubkey(pub(crate) [u8; 32]);
[INFO] [stdout]      | ----------------- this is the found type
[INFO] [stdout]      = help: you can use `cargo tree` to explore your dependency tree
[INFO] [stdout] note: there are multiple different versions of crate `solana_program` in the dependency graph
[INFO] [stdout]     --> /opt/rustwide/cargo-home/registry/src/index.crates.io-1949cf8c6b5b557f/solana-program-1.18.23/src/pubkey.rs:88:1
[INFO] [stdout]      |
[INFO] [stdout]   88 | pub struct Pubkey(pub(crate) [u8; 32]);
[INFO] [stdout]      | ^^^^^^^^^^^^^^^^^ this is the expected type
[INFO] [stdout]      |
[INFO] [stdout]     ::: /opt/rustwide/cargo-home/registry/src/index.crates.io-1949cf8c6b5b557f/solana-program-2.0.10/src/pubkey.rs:96:1
[INFO] [stdout]      |
[INFO] [stdout]   96 | pub struct Pubkey(pub(crate) [u8; 32]);
[INFO] [stdout]      | ----------------- this is the found type
[INFO] [stdout]      = help: you can use `cargo tree` to explore your dependency tree
[INFO] [stdout] note: there are multiple different versions of crate `solana_program` in the dependency graph
[INFO] [stdout]     --> /opt/rustwide/cargo-home/registry/src/index.crates.io-1949cf8c6b5b557f/solana-program-1.18.23/src/pubkey.rs:88:1
[INFO] [stdout]      |
[INFO] [stdout]   88 | pub struct Pubkey(pub(crate) [u8; 32]);
[INFO] [stdout]      | ^^^^^^^^^^^^^^^^^ this is the expected type
[INFO] [stdout]      |
[INFO] [stdout]     ::: /opt/rustwide/cargo-home/registry/src/index.crates.io-1949cf8c6b5b557f/solana-program-2.0.10/src/pubkey.rs:96:1
[INFO] [stdout]      |
[INFO] [stdout]   96 | pub struct Pubkey(pub(crate) [u8; 32]);
[INFO] [stdout]      | ----------------- this is the found type
[INFO] [stdout]      = help: you can use `cargo tree` to explore your dependency tree
[INFO] [stdout] note: there are multiple different versions of crate `solana_program` in the dependency graph
[INFO] [stdout]     --> /opt/rustwide/cargo-home/registry/src/index.crates.io-1949cf8c6b5b557f/solana-program-1.18.23/src/pubkey.rs:88:1
[INFO] [stdout]      |
[INFO] [stdout]   88 | pub struct Pubkey(pub(crate) [u8; 32]);
[INFO] [stdout]      | ^^^^^^^^^^^^^^^^^ this is the expected type
[INFO] [stdout]      |
[INFO] [stdout]     ::: /opt/rustwide/cargo-home/registry/src/index.crates.io-1949cf8c6b5b557f/solana-program-2.0.10/src/pubkey.rs:96:1
[INFO] [stdout]      |
[INFO] [stdout]   96 | pub struct Pubkey(pub(crate) [u8; 32]);
[INFO] [stdout]      | ----------------- this is the found type
[INFO] [stdout]      = help: you can use `cargo tree` to explore your dependency tree
[INFO] [stdout] note: function defined here
[INFO] [stdout]     --> /opt/rustwide/cargo-home/registry/src/index.crates.io-1949cf8c6b5b557f/spl-token-2022-3.0.4/src/instruction.rs:1627:8
[INFO] [stdout]      |
[INFO] [stdout] 1627 | pub fn transfer_checked(
[INFO] [stdout]      |        ^^^^^^^^^^^^^^^^
[INFO] [stdout] 
[INFO] [stdout] 
[INFO] [stdout] error[E0308]: `?` operator has incompatible types
[INFO] [stdout]    --> /opt/rustwide/cargo-home/registry/src/index.crates.io-1949cf8c6b5b557f/spl-associated-token-account-3.0.3/src/processor.rs:272:10
[INFO] [stdout]     |
[INFO] [stdout] 272 |           &spl_token_2022::instruction::transfer_checked(
[INFO] [stdout]     |  __________^
[INFO] [stdout] 273 | |             spl_token_program_id,
[INFO] [stdout] 274 | |             nested_associated_token_account_info.key,
[INFO] [stdout] 275 | |             nested_token_mint_info.key,
[INFO] [stdout] ...   |
[INFO] [stdout] 280 | |             decimals,
[INFO] [stdout] 281 | |         )?,
[INFO] [stdout]     | |__________^ expected `solana_program::instruction::Instruction`, found `Instruction`
[INFO] [stdout]     |
[INFO] [stdout]     = note: `?` operator cannot convert from `spl_token_2022::solana_program::instruction::Instruction` to `solana_program::instruction::Instruction`
[INFO] [stdout] note: there are multiple different versions of crate `solana_program` in the dependency graph
[INFO] [stdout]    --> /opt/rustwide/cargo-home/registry/src/index.crates.io-1949cf8c6b5b557f/solana-program-2.0.10/src/instruction.rs:332:1
[INFO] [stdout]     |
[INFO] [stdout] 332 | pub struct Instruction {
[INFO] [stdout]     | ^^^^^^^^^^^^^^^^^^^^^^ this is the expected type
[INFO] [stdout]     |
[INFO] [stdout]    ::: /opt/rustwide/cargo-home/registry/src/index.crates.io-1949cf8c6b5b557f/solana-program-1.18.23/src/instruction.rs:329:1
[INFO] [stdout]     |
[INFO] [stdout] 329 | pub struct Instruction {
[INFO] [stdout]     | ---------------------- this is the found type
[INFO] [stdout]     = help: you can use `cargo tree` to explore your dependency tree
[INFO] [stdout] 
[INFO] [stdout] 
[INFO] [stdout] error[E0277]: `?` couldn't convert the error to `solana_program::program_error::ProgramError`
[INFO] [stdout]    --> /opt/rustwide/cargo-home/registry/src/index.crates.io-1949cf8c6b5b557f/spl-associated-token-account-3.0.3/src/processor.rs:281:10
[INFO] [stdout]     |
[INFO] [stdout] 165 | pub fn process_recover_nested(program_id: &Pubkey, accounts: &[AccountInfo]) -> ProgramResult {
[INFO] [stdout]     |                                                                                 ------------- expected `solana_program::program_error::ProgramError` because of this
[INFO] [stdout] ...
[INFO] [stdout] 281 |         )?,
[INFO] [stdout]     |          ^ unsatisfied trait bound
[INFO] [stdout]     |
[INFO] [stdout]     = help: the trait `From<spl_token_2022::solana_program::program_error::ProgramError>` is not implemented for `solana_program::program_error::ProgramError`
[INFO] [stdout]     = note: the question mark operation (`?`) implicitly performs a conversion on the error value using the `From` trait
[INFO] [stdout] help: item with same name found
[INFO] [stdout]    --> /opt/rustwide/cargo-home/registry/src/index.crates.io-1949cf8c6b5b557f/solana-program-1.18.23/src/program_error.rs:14:1
[INFO] [stdout]     |
[INFO] [stdout]  14 | pub enum ProgramError {
[INFO] [stdout]     | ^^^^^^^^^^^^^^^^^^^^^
[INFO] [stdout]     = note: there are multiple different versions of crate `solana_program` in the dependency graph
[INFO] [stdout]     = help: `solana_program::program_error::ProgramError` implements trait `From<T>`:
[INFO] [stdout]               From<AssociatedTokenAccountError>
[INFO] [stdout]               From<solana_program::pubkey::PubkeyError>
[INFO] [stdout]               From<solana_program::stake::instruction::StakeError>
[INFO] [stdout]               From<std::io::Error>
[INFO] [stdout]               From<u64>
[INFO] [stdout]     = note: there are multiple different versions of crate `solana_program` in the dependency graph
[INFO] [stdout]     = help: you can use `cargo tree` to explore your dependency tree
[INFO] [stdout]     = note: required for `Result<(), solana_program::program_error::ProgramError>` to implement `FromResidual<Result<!, ProgramError>>`
[INFO] [stdout]     = note: the full name for the type has been written to '/opt/rustwide/target/debug/build/spl-associated-token-account/30174159dde2266f/out/spl_associated_token_account-30174159dde2266f.long-type-9321135340335089763.txt'
[INFO] [stdout]     = note: consider using `--verbose` to print the full type name to the console
[INFO] [stdout] 
[INFO] [stdout] 
[INFO] [stdout] error[E0308]: arguments to this function are incorrect
[INFO] [stdout]     --> /opt/rustwide/cargo-home/registry/src/index.crates.io-1949cf8c6b5b557f/spl-associated-token-account-3.0.3/src/processor.rs:294:10
[INFO] [stdout]      |
[INFO] [stdout]  294 |         &spl_token_2022::instruction::close_account(
[INFO] [stdout]      |          ^^^^^^^^^^^^^^^^^^^^^^^^^^^^^^^^^^^^^^^^^^
[INFO] [stdout]  295 |             spl_token_program_id,
[INFO] [stdout]      |             -------------------- expected `Pubkey`, found `solana_program::pubkey::Pubkey`
[INFO] [stdout]  296 |             nested_associated_token_account_info.key,
[INFO] [stdout]      |             ---------------------------------------- expected `Pubkey`, found `solana_program::pubkey::Pubkey`
[INFO] [stdout]  297 |             wallet_account_info.key,
[INFO] [stdout]      |             ----------------------- expected `Pubkey`, found `solana_program::pubkey::Pubkey`
[INFO] [stdout]  298 |             owner_associated_token_account_info.key,
[INFO] [stdout]      |             --------------------------------------- expected `Pubkey`, found `solana_program::pubkey::Pubkey`
[INFO] [stdout]      |
[INFO] [stdout] note: there are multiple different versions of crate `solana_program` in the dependency graph
[INFO] [stdout]     --> /opt/rustwide/cargo-home/registry/src/index.crates.io-1949cf8c6b5b557f/solana-program-1.18.23/src/pubkey.rs:88:1
[INFO] [stdout]      |
[INFO] [stdout]   88 | pub struct Pubkey(pub(crate) [u8; 32]);
[INFO] [stdout]      | ^^^^^^^^^^^^^^^^^ this is the expected type
[INFO] [stdout]      |
[INFO] [stdout]     ::: /opt/rustwide/cargo-home/registry/src/index.crates.io-1949cf8c6b5b557f/solana-program-2.0.10/src/pubkey.rs:96:1
[INFO] [stdout]      |
[INFO] [stdout]   96 | pub struct Pubkey(pub(crate) [u8; 32]);
[INFO] [stdout]      | ----------------- this is the found type
[INFO] [stdout]      = help: you can use `cargo tree` to explore your dependency tree
[INFO] [stdout] note: there are multiple different versions of crate `solana_program` in the dependency graph
[INFO] [stdout]     --> /opt/rustwide/cargo-home/registry/src/index.crates.io-1949cf8c6b5b557f/solana-program-1.18.23/src/pubkey.rs:88:1
[INFO] [stdout]      |
[INFO] [stdout]   88 | pub struct Pubkey(pub(crate) [u8; 32]);
[INFO] [stdout]      | ^^^^^^^^^^^^^^^^^ this is the expected type
[INFO] [stdout]      |
[INFO] [stdout]     ::: /opt/rustwide/cargo-home/registry/src/index.crates.io-1949cf8c6b5b557f/solana-program-2.0.10/src/pubkey.rs:96:1
[INFO] [stdout]      |
[INFO] [stdout]   96 | pub struct Pubkey(pub(crate) [u8; 32]);
[INFO] [stdout]      | ----------------- this is the found type
[INFO] [stdout]      = help: you can use `cargo tree` to explore your dependency tree
[INFO] [stdout] note: there are multiple different versions of crate `solana_program` in the dependency graph
[INFO] [stdout]     --> /opt/rustwide/cargo-home/registry/src/index.crates.io-1949cf8c6b5b557f/solana-program-1.18.23/src/pubkey.rs:88:1
[INFO] [stdout]      |
[INFO] [stdout]   88 | pub struct Pubkey(pub(crate) [u8; 32]);
[INFO] [stdout]      | ^^^^^^^^^^^^^^^^^ this is the expected type
[INFO] [stdout]      |
[INFO] [stdout]     ::: /opt/rustwide/cargo-home/registry/src/index.crates.io-1949cf8c6b5b557f/solana-program-2.0.10/src/pubkey.rs:96:1
[INFO] [stdout]      |
[INFO] [stdout]   96 | pub struct Pubkey(pub(crate) [u8; 32]);
[INFO] [stdout]      | ----------------- this is the found type
[INFO] [stdout]      = help: you can use `cargo tree` to explore your dependency tree
[INFO] [stdout] note: there are multiple different versions of crate `solana_program` in the dependency graph
[INFO] [stdout]     --> /opt/rustwide/cargo-home/registry/src/index.crates.io-1949cf8c6b5b557f/solana-program-1.18.23/src/pubkey.rs:88:1
[INFO] [stdout]      |
[INFO] [stdout]   88 | pub struct Pubkey(pub(crate) [u8; 32]);
[INFO] [stdout]      | ^^^^^^^^^^^^^^^^^ this is the expected type
[INFO] [stdout]      |
[INFO] [stdout]     ::: /opt/rustwide/cargo-home/registry/src/index.crates.io-1949cf8c6b5b557f/solana-program-2.0.10/src/pubkey.rs:96:1
[INFO] [stdout]      |
[INFO] [stdout]   96 | pub struct Pubkey(pub(crate) [u8; 32]);
[INFO] [stdout]      | ----------------- this is the found type
[INFO] [stdout]      = help: you can use `cargo tree` to explore your dependency tree
[INFO] [stdout] note: function defined here
[INFO] [stdout]     --> /opt/rustwide/cargo-home/registry/src/index.crates.io-1949cf8c6b5b557f/spl-token-2022-3.0.4/src/instruction.rs:1539:8
[INFO] [stdout]      |
[INFO] [stdout] 1539 | pub fn close_account(
[INFO] [stdout]      |        ^^^^^^^^^^^^^
[INFO] [stdout] 
[INFO] [stdout] 
[INFO] [stdout] error[E0308]: `?` operator has incompatible types
[INFO] [stdout]    --> /opt/rustwide/cargo-home/registry/src/index.crates.io-1949cf8c6b5b557f/spl-associated-token-account-3.0.3/src/processor.rs:294:10
[INFO] [stdout]     |
[INFO] [stdout] 294 |           &spl_token_2022::instruction::close_account(
[INFO] [stdout]     |  __________^
[INFO] [stdout] 295 | |             spl_token_program_id,
[INFO] [stdout] 296 | |             nested_associated_token_account_info.key,
[INFO] [stdout] 297 | |             wallet_account_info.key,
[INFO] [stdout] 298 | |             owner_associated_token_account_info.key,
[INFO] [stdout] 299 | |             &[],
[INFO] [stdout] 300 | |         )?,
[INFO] [stdout]     | |__________^ expected `solana_program::instruction::Instruction`, found `Instruction`
[INFO] [stdout]     |
[INFO] [stdout]     = note: `?` operator cannot convert from `spl_token_2022::solana_program::instruction::Instruction` to `solana_program::instruction::Instruction`
[INFO] [stdout] note: there are multiple different versions of crate `solana_program` in the dependency graph
[INFO] [stdout]    --> /opt/rustwide/cargo-home/registry/src/index.crates.io-1949cf8c6b5b557f/solana-program-2.0.10/src/instruction.rs:332:1
[INFO] [stdout]     |
[INFO] [stdout] 332 | pub struct Instruction {
[INFO] [stdout]     | ^^^^^^^^^^^^^^^^^^^^^^ this is the expected type
[INFO] [stdout]     |
[INFO] [stdout]    ::: /opt/rustwide/cargo-home/registry/src/index.crates.io-1949cf8c6b5b557f/solana-program-1.18.23/src/instruction.rs:329:1
[INFO] [stdout]     |
[INFO] [stdout] 329 | pub struct Instruction {
[INFO] [stdout]     | ---------------------- this is the found type
[INFO] [stdout]     = help: you can use `cargo tree` to explore your dependency tree
[INFO] [stdout] 
[INFO] [stdout] 
[INFO] [stdout] error[E0277]: `?` couldn't convert the error to `solana_program::program_error::ProgramError`
[INFO] [stdout]    --> /opt/rustwide/cargo-home/registry/src/index.crates.io-1949cf8c6b5b557f/spl-associated-token-account-3.0.3/src/processor.rs:300:10
[INFO] [stdout]     |
[INFO] [stdout] 165 | pub fn process_recover_nested(program_id: &Pubkey, accounts: &[AccountInfo]) -> ProgramResult {
[INFO] [stdout]     |                                                                                 ------------- expected `solana_program::program_error::ProgramError` because of this
[INFO] [stdout] ...
[INFO] [stdout] 300 |         )?,
[INFO] [stdout]     |          ^ unsatisfied trait bound
[INFO] [stdout]     |
[INFO] [stdout]     = help: the trait `From<spl_token_2022::solana_program::program_error::ProgramError>` is not implemented for `solana_program::program_error::ProgramError`
[INFO] [stdout]     = note: the question mark operation (`?`) implicitly performs a conversion on the error value using the `From` trait
[INFO] [stdout] help: item with same name found
[INFO] [stdout]    --> /opt/rustwide/cargo-home/registry/src/index.crates.io-1949cf8c6b5b557f/solana-program-1.18.23/src/program_error.rs:14:1
[INFO] [stdout]     |
[INFO] [stdout]  14 | pub enum ProgramError {
[INFO] [stdout]     | ^^^^^^^^^^^^^^^^^^^^^
[INFO] [stdout]     = note: there are multiple different versions of crate `solana_program` in the dependency graph
[INFO] [stdout]     = help: `solana_program::program_error::ProgramError` implements trait `From<T>`:
[INFO] [stdout]               From<AssociatedTokenAccountError>
[INFO] [stdout]               From<solana_program::pubkey::PubkeyError>
[INFO] [stdout]               From<solana_program::stake::instruction::StakeError>
[INFO] [stdout]               From<std::io::Error>
[INFO] [stdout]               From<u64>
[INFO] [stdout]     = note: there are multiple different versions of crate `solana_program` in the dependency graph
[INFO] [stdout]     = help: you can use `cargo tree` to explore your dependency tree
[INFO] [stdout]     = note: required for `Result<(), solana_program::program_error::ProgramError>` to implement `FromResidual<Result<!, ProgramError>>`
[INFO] [stdout]     = note: the full name for the type has been written to '/opt/rustwide/target/debug/build/spl-associated-token-account/30174159dde2266f/out/spl_associated_token_account-30174159dde2266f.long-type-9321135340335089763.txt'
[INFO] [stdout]     = note: consider using `--verbose` to print the full type name to the console
[INFO] [stdout] 
[INFO] [stdout] 
[INFO] [stdout] error[E0308]: arguments to this function are incorrect
[INFO] [stdout]     --> /opt/rustwide/cargo-home/registry/src/index.crates.io-1949cf8c6b5b557f/spl-associated-token-account-3.0.3/src/tools/account.rs:83:10
[INFO] [stdout]      |
[INFO] [stdout]   83 |         &spl_token_2022::instruction::get_account_data_size(
[INFO] [stdout]      |          ^^^^^^^^^^^^^^^^^^^^^^^^^^^^^^^^^^^^^^^^^^^^^^^^^^
[INFO] [stdout]   84 |             spl_token_program.key,
[INFO] [stdout]      |             --------------------- expected `Pubkey`, found `solana_program::pubkey::Pubkey`
[INFO] [stdout]   85 |             mint.key,
[INFO] [stdout]      |             -------- expected `Pubkey`, found `solana_program::pubkey::Pubkey`
[INFO] [stdout]      |
[INFO] [stdout] note: there are multiple different versions of crate `solana_program` in the dependency graph
[INFO] [stdout]     --> /opt/rustwide/cargo-home/registry/src/index.crates.io-1949cf8c6b5b557f/solana-program-1.18.23/src/pubkey.rs:88:1
[INFO] [stdout]      |
[INFO] [stdout]   88 | pub struct Pubkey(pub(crate) [u8; 32]);
[INFO] [stdout]      | ^^^^^^^^^^^^^^^^^ this is the expected type
[INFO] [stdout]      |
[INFO] [stdout]     ::: /opt/rustwide/cargo-home/registry/src/index.crates.io-1949cf8c6b5b557f/solana-program-2.0.10/src/pubkey.rs:96:1
[INFO] [stdout]      |
[INFO] [stdout]   96 | pub struct Pubkey(pub(crate) [u8; 32]);
[INFO] [stdout]      | ----------------- this is the found type
[INFO] [stdout]      = help: you can use `cargo tree` to explore your dependency tree
[INFO] [stdout] note: there are multiple different versions of crate `solana_program` in the dependency graph
[INFO] [stdout]     --> /opt/rustwide/cargo-home/registry/src/index.crates.io-1949cf8c6b5b557f/solana-program-1.18.23/src/pubkey.rs:88:1
[INFO] [stdout]      |
[INFO] [stdout]   88 | pub struct Pubkey(pub(crate) [u8; 32]);
[INFO] [stdout]      | ^^^^^^^^^^^^^^^^^ this is the expected type
[INFO] [stdout]      |
[INFO] [stdout]     ::: /opt/rustwide/cargo-home/registry/src/index.crates.io-1949cf8c6b5b557f/solana-program-2.0.10/src/pubkey.rs:96:1
[INFO] [stdout]      |
[INFO] [stdout]   96 | pub struct Pubkey(pub(crate) [u8; 32]);
[INFO] [stdout]      | ----------------- this is the found type
[INFO] [stdout]      = help: you can use `cargo tree` to explore your dependency tree
[INFO] [stdout] note: function defined here
[INFO] [stdout]     --> /opt/rustwide/cargo-home/registry/src/index.crates.io-1949cf8c6b5b557f/spl-token-2022-3.0.4/src/instruction.rs:1770:8
[INFO] [stdout]      |
[INFO] [stdout] 1770 | pub fn get_account_data_size(
[INFO] [stdout]      |        ^^^^^^^^^^^^^^^^^^^^^
[INFO] [stdout] 
[INFO] [stdout] 
[INFO] [stdout] error[E0308]: `?` operator has incompatible types
[INFO] [stdout]    --> /opt/rustwide/cargo-home/registry/src/index.crates.io-1949cf8c6b5b557f/spl-associated-token-account-3.0.3/src/tools/account.rs:83:10
[INFO] [stdout]     |
[INFO] [stdout]  83 |           &spl_token_2022::instruction::get_account_data_size(
[INFO] [stdout]     |  __________^
[INFO] [stdout]  84 | |             spl_token_program.key,
[INFO] [stdout]  85 | |             mint.key,
[INFO] [stdout]  86 | |             extension_types,
[INFO] [stdout]  87 | |         )?,
[INFO] [stdout]     | |__________^ expected `solana_program::instruction::Instruction`, found `Instruction`
[INFO] [stdout]     |
[INFO] [stdout]     = note: `?` operator cannot convert from `spl_token_2022::solana_program::instruction::Instruction` to `solana_program::instruction::Instruction`
[INFO] [stdout] note: there are multiple different versions of crate `solana_program` in the dependency graph
[INFO] [stdout]    --> /opt/rustwide/cargo-home/registry/src/index.crates.io-1949cf8c6b5b557f/solana-program-2.0.10/src/instruction.rs:332:1
[INFO] [stdout]     |
[INFO] [stdout] 332 | pub struct Instruction {
[INFO] [stdout]     | ^^^^^^^^^^^^^^^^^^^^^^ this is the expected type
[INFO] [stdout]     |
[INFO] [stdout]    ::: /opt/rustwide/cargo-home/registry/src/index.crates.io-1949cf8c6b5b557f/solana-program-1.18.23/src/instruction.rs:329:1
[INFO] [stdout]     |
[INFO] [stdout] 329 | pub struct Instruction {
[INFO] [stdout]     | ---------------------- this is the found type
[INFO] [stdout]     = help: you can use `cargo tree` to explore your dependency tree
[INFO] [stdout] 
[INFO] [stdout] 
[INFO] [stdout] error[E0277]: `?` couldn't convert the error to `solana_program::program_error::ProgramError`
[INFO] [stdout]   --> /opt/rustwide/cargo-home/registry/src/index.crates.io-1949cf8c6b5b557f/spl-associated-token-account-3.0.3/src/tools/account.rs:87:10
[INFO] [stdout]    |
[INFO] [stdout] 81 | ) -> Result<usize, ProgramError> {
[INFO] [stdout]    |      --------------------------- expected `solana_program::program_error::ProgramError` because of this
[INFO] [stdout] ...
[INFO] [stdout] 87 |         )?,
[INFO] [stdout]    |          ^ unsatisfied trait bound
[INFO] [stdout]    |
[INFO] [stdout]    = help: the trait `From<spl_token_2022::solana_program::program_error::ProgramError>` is not implemented for `solana_program::program_error::ProgramError`
[INFO] [stdout]    = note: the question mark operation (`?`) implicitly performs a conversion on the error value using the `From` trait
[INFO] [stdout] help: item with same name found
[INFO] [stdout]   --> /opt/rustwide/cargo-home/registry/src/index.crates.io-1949cf8c6b5b557f/solana-program-1.18.23/src/program_error.rs:14:1
[INFO] [stdout]    |
[INFO] [stdout] 14 | pub enum ProgramError {
[INFO] [stdout]    | ^^^^^^^^^^^^^^^^^^^^^
[INFO] [stdout]    = note: there are multiple different versions of crate `solana_program` in the dependency graph
[INFO] [stdout]    = help: `solana_program::program_error::ProgramError` implements trait `From<T>`:
[INFO] [stdout]              From<AssociatedTokenAccountError>
[INFO] [stdout]              From<solana_program::pubkey::PubkeyError>
[INFO] [stdout]              From<solana_program::stake::instruction::StakeError>
[INFO] [stdout]              From<std::io::Error>
[INFO] [stdout]              From<u64>
[INFO] [stdout]    = note: there are multiple different versions of crate `solana_program` in the dependency graph
[INFO] [stdout]    = help: you can use `cargo tree` to explore your dependency tree
[INFO] [stdout]    = note: required for `Result<usize, solana_program::program_error::ProgramError>` to implement `FromResidual<Result<!, ProgramError>>`
[INFO] [stdout]    = note: the full name for the type has been written to '/opt/rustwide/target/debug/build/spl-associated-token-account/30174159dde2266f/out/spl_associated_token_account-30174159dde2266f.long-type-9321135340335089763.txt'
[INFO] [stdout]    = note: consider using `--verbose` to print the full type name to the console
[INFO] [stdout] 
[INFO] [stdout] 
[INFO] [stdout] error[E0308]: mismatched types
[INFO] [stdout]   --> /opt/rustwide/cargo-home/registry/src/index.crates.io-1949cf8c6b5b557f/spl-associated-token-account-3.0.3/src/lib.rs:45:9
[INFO] [stdout]    |
[INFO] [stdout] 42 |     get_associated_token_address_with_program_id(
[INFO] [stdout]    |     -------------------------------------------- arguments to this function are incorrect
[INFO] [stdout] ...
[INFO] [stdout] 45 |         &spl_token::id(),
[INFO] [stdout]    |         ^^^^^^^^^^^^^^^^ expected `solana_program::pubkey::Pubkey`, found `Pubkey`
[INFO] [stdout]    |
[INFO] [stdout] note: there are multiple different versions of crate `solana_program` in the dependency graph
[INFO] [stdout]   --> /opt/rustwide/cargo-home/registry/src/index.crates.io-1949cf8c6b5b557f/solana-program-2.0.10/src/pubkey.rs:96:1
[INFO] [stdout]    |
[INFO] [stdout] 96 | pub struct Pubkey(pub(crate) [u8; 32]);
[INFO] [stdout]    | ^^^^^^^^^^^^^^^^^ this is the expected type
[INFO] [stdout]    |
[INFO] [stdout]   ::: /opt/rustwide/cargo-home/registry/src/index.crates.io-1949cf8c6b5b557f/solana-program-1.18.23/src/pubkey.rs:88:1
[INFO] [stdout]    |
[INFO] [stdout] 88 | pub struct Pubkey(pub(crate) [u8; 32]);
[INFO] [stdout]    | ----------------- this is the found type
[INFO] [stdout]    = help: you can use `cargo tree` to explore your dependency tree
[INFO] [stdout] note: function defined here
[INFO] [stdout]   --> /opt/rustwide/cargo-home/registry/src/index.crates.io-1949cf8c6b5b557f/spl-associated-token-account-3.0.3/src/lib.rs:51:8
[INFO] [stdout]    |
[INFO] [stdout] 51 | pub fn get_associated_token_address_with_program_id(
[INFO] [stdout]    |        ^^^^^^^^^^^^^^^^^^^^^^^^^^^^^^^^^^^^^^^^^^^^
[INFO] [stdout] ...
[INFO] [stdout] 54 |     token_program_id: &Pubkey,
[INFO] [stdout]    |     -------------------------
[INFO] [stdout] 
[INFO] [stdout] 
[INFO] [stdout] error[E0308]: mismatched types
[INFO] [stdout]    --> /opt/rustwide/cargo-home/registry/src/index.crates.io-1949cf8c6b5b557f/spl-associated-token-account-3.0.3/src/lib.rs:112:39
[INFO] [stdout]     |
[INFO] [stdout] 112 |             AccountMeta::new_readonly(spl_token::id(), false),
[INFO] [stdout]     |             ------------------------- ^^^^^^^^^^^^^^^ expected `solana_program::pubkey::Pubkey`, found `Pubkey`
[INFO] [stdout]     |             |
[INFO] [stdout]     |             arguments to this function are incorrect
[INFO] [stdout]     |
[INFO] [stdout] note: there are multiple different versions of crate `solana_program` in the dependency graph
[INFO] [stdout]    --> /opt/rustwide/cargo-home/registry/src/index.crates.io-1949cf8c6b5b557f/solana-program-2.0.10/src/pubkey.rs:96:1
[INFO] [stdout]     |
[INFO] [stdout]  96 | pub struct Pubkey(pub(crate) [u8; 32]);
[INFO] [stdout]     | ^^^^^^^^^^^^^^^^^ this is the expected type
[INFO] [stdout]     |
[INFO] [stdout]    ::: /opt/rustwide/cargo-home/registry/src/index.crates.io-1949cf8c6b5b557f/solana-program-1.18.23/src/pubkey.rs:88:1
[INFO] [stdout]     |
[INFO] [stdout]  88 | pub struct Pubkey(pub(crate) [u8; 32]);
[INFO] [stdout]     | ----------------- this is the found type
[INFO] [stdout]     = help: you can use `cargo tree` to explore your dependency tree
[INFO] [stdout] note: associated function defined here
[INFO] [stdout]    --> /opt/rustwide/cargo-home/registry/src/index.crates.io-1949cf8c6b5b557f/solana-program-2.0.10/src/instruction.rs:622:12
[INFO] [stdout]     |
[INFO] [stdout] 622 |     pub fn new_readonly(pubkey: Pubkey, is_signer: bool) -> Self {
[INFO] [stdout]     |            ^^^^^^^^^^^^
[INFO] [stdout] 
[INFO] [stdout] 
[INFO] [stdout] Some errors have detailed explanations: E0277, E0308.
[INFO] [stdout] 
[INFO] [stdout] For more information about an error, try `rustc --explain E0277`.
[INFO] [stdout] 
[INFO] [stderr] error: could not compile `spl-associated-token-account` (lib) due to 24 previous errors
[INFO] running `Command { std: "docker" "inspect" "64da89118438ec4432dbad93ea9daca70c1ef635bfffc9bf64ccdfc7f7e9c1fb", kill_on_drop: false }`
[INFO] running `Command { std: "docker" "rm" "-f" "64da89118438ec4432dbad93ea9daca70c1ef635bfffc9bf64ccdfc7f7e9c1fb", kill_on_drop: false }`
[INFO] [stdout] 64da89118438ec4432dbad93ea9daca70c1ef635bfffc9bf64ccdfc7f7e9c1fb
