[INFO] cloning repository https://github.com/MdSadiqMd/Multi-Party-Computation
[INFO] running `Command { std: "git" "-c" "credential.helper=" "-c" "credential.helper=/workspace/cargo-home/bin/git-credential-null" "clone" "--bare" "https://github.com/MdSadiqMd/Multi-Party-Computation" "/workspace/cache/git-repos/https%3A%2F%2Fgithub.com%2FMdSadiqMd%2FMulti-Party-Computation", kill_on_drop: false }`
[INFO] [stderr] Cloning into bare repository '/workspace/cache/git-repos/https%3A%2F%2Fgithub.com%2FMdSadiqMd%2FMulti-Party-Computation'...
[INFO] running `Command { std: "git" "rev-parse" "HEAD", kill_on_drop: false }`
[INFO] [stdout] 9a55748b1ef004e1e2c364905f44d3780985c88b
[INFO] checking MdSadiqMd/Multi-Party-Computation/9a55748b1ef004e1e2c364905f44d3780985c88b against 8d1a76430406c877b35d0b627e7f796dcf0dfeca+rustflags=-Aunfulfilled-lint-expectations for pr-163637
[INFO] running `Command { std: "git" "clone" "/workspace/cache/git-repos/https%3A%2F%2Fgithub.com%2FMdSadiqMd%2FMulti-Party-Computation" "/workspace/builds/worker-3-tc1/source", kill_on_drop: false }`
[INFO] [stderr] Cloning into '/workspace/builds/worker-3-tc1/source'...
[INFO] [stderr] done.
[INFO] started tweaking git repo https://github.com/MdSadiqMd/Multi-Party-Computation
[INFO] finished tweaking git repo https://github.com/MdSadiqMd/Multi-Party-Computation
[INFO] tweaked toml for git repo https://github.com/MdSadiqMd/Multi-Party-Computation written to /workspace/builds/worker-3-tc1/source/Cargo.toml
[INFO] validating manifest of git repo https://github.com/MdSadiqMd/Multi-Party-Computation on toolchain 8d1a76430406c877b35d0b627e7f796dcf0dfeca
[INFO] running `Command { std: CARGO_HOME="/workspace/cargo-home" RUSTUP_HOME="/workspace/rustup-home" "/workspace/cargo-home/bin/cargo" "+8d1a76430406c877b35d0b627e7f796dcf0dfeca" "metadata" "--manifest-path" "Cargo.toml" "--no-deps", kill_on_drop: false }`
[INFO] crate git repo https://github.com/MdSadiqMd/Multi-Party-Computation already has a lockfile, it will not be regenerated
[INFO] running `Command { std: CARGO_HOME="/workspace/cargo-home" RUSTUP_HOME="/workspace/rustup-home" "/workspace/cargo-home/bin/cargo" "+8d1a76430406c877b35d0b627e7f796dcf0dfeca" "fetch" "--manifest-path" "Cargo.toml", kill_on_drop: false }`
[INFO] [stderr]     Blocking waiting for file lock on package cache
[INFO] [stderr]     Updating crates.io index
[INFO] [stderr]     Blocking waiting for file lock on package cache
[INFO] [stderr]  Downloading crates ...
[INFO] [stderr]   Downloaded worker-macros v0.5.0
[INFO] [stderr]   Downloaded worker v0.5.0
[INFO] [stderr]   Downloaded worker-sys v0.5.0
[INFO] [stderr]   Downloaded worker-kv v0.7.0
[INFO] [stderr]   Downloaded wiremock v0.5.22
[INFO] [stderr]   Downloaded retain_mut v0.1.9
[INFO] [stderr]   Downloaded deadpool v0.9.5
[INFO] [stderr]   Downloaded threshold-secret-sharing v0.2.2
[INFO] [stderr]   Downloaded proptest v1.9.0
[INFO] [stderr]   Downloaded quickcheck v1.0.3
[INFO] [stderr]   Downloaded mockito v1.7.0
[INFO] [stderr]   Downloaded poly1305 v0.7.2
[INFO] [stderr]   Downloaded chacha20poly1305 v0.9.1
[INFO] [stderr]   Downloaded chacha20 v0.8.2
[INFO] [stderr]   Downloaded aws-smithy-client v0.55.3
[INFO] [stderr]   Downloaded aws-types v0.55.3
[INFO] [stderr]   Downloaded aws-smithy-eventstream v0.55.3
[INFO] [stderr]   Downloaded hyper-rustls v0.23.2
[INFO] [stderr]   Downloaded aws-smithy-http v0.55.3
[INFO] [stderr]   Downloaded aws-smithy-types v0.55.3
[INFO] [stderr]   Downloaded aws-sdk-s3 v0.28.0
[INFO] [stderr]   Downloaded aws-smithy-http-tower v0.55.3
[INFO] [stderr]   Downloaded aws-smithy-async v0.55.3
[INFO] [stderr]   Downloaded aws-smithy-json v0.55.3
[INFO] [stderr]   Downloaded aws-smithy-checksums v0.55.3
[INFO] [stderr]   Downloaded aws-sigv4 v0.55.3
[INFO] [stderr]   Downloaded aws-sig-auth v0.55.3
[INFO] [stderr]   Downloaded aws-http v0.55.3
[INFO] [stderr]   Downloaded aws-endpoint v0.55.3
[INFO] [stderr]   Downloaded aws-credential-types v0.55.3
[INFO] [stderr]   Downloaded aws-smithy-xml v0.55.3
[INFO] [stderr]   Downloaded aws-smithy-query v0.55.3
[INFO] [stderr]   Downloaded aws-config v0.55.3
[INFO] [stderr]   Downloaded ghash v0.4.4
[INFO] [stderr]   Downloaded aws-sdk-sts v0.28.0
[INFO] [stderr]   Downloaded aes-gcm v0.9.4
[INFO] [stderr]   Downloaded aws-sdk-sso v0.28.0
[INFO] [stderr]   Downloaded aws-sdk-kms v0.28.0
[INFO] running `Command { std: "docker" "create" "-v" "/var/lib/crater-agent-workspace/builds/worker-3-tc1/source:/opt/rustwide/workdir:ro,Z" "-v" "/var/lib/crater-agent-workspace/builds/worker-3-tc1/target:/opt/rustwide/target:rw,Z" "-v" "/var/lib/crater-agent-workspace/cargo-home:/opt/rustwide/cargo-home:ro,Z" "-v" "/var/lib/crater-agent-workspace/rustup-home:/opt/rustwide/rustup-home:ro,Z" "-m" "1610612736" "--network" "none" "ghcr.io/rust-lang/crates-build-env/linux@sha256:77db811e55d90add9212f6832c23229e3de5f1c1f9905e8cb07319ea15df73ac" "sleep" "infinity", kill_on_drop: false }`
[INFO] [stdout] dfbbd82bb7bd701c9edefc61506bd459f0ca07d74d54855f62b481e9b2dbee70
[INFO] running `Command { std: "docker" "start" "dfbbd82bb7bd701c9edefc61506bd459f0ca07d74d54855f62b481e9b2dbee70", kill_on_drop: false }`
[INFO] running `Command { std: "docker" "inspect" "dfbbd82bb7bd701c9edefc61506bd459f0ca07d74d54855f62b481e9b2dbee70", kill_on_drop: false }`
[INFO] running `Command { std: "docker" "exec" "-e" "SOURCE_DIR=/opt/rustwide/workdir" "-e" "CARGO_HOME=/opt/rustwide/cargo-home" "-e" "RUSTUP_HOME=/opt/rustwide/rustup-home" "-e" "CARGO_TARGET_DIR=/opt/rustwide/target" "-w" "/opt/rustwide/workdir" "--user" "0:0" "dfbbd82bb7bd701c9edefc61506bd459f0ca07d74d54855f62b481e9b2dbee70" "/opt/rustwide/cargo-home/bin/cargo" "+8d1a76430406c877b35d0b627e7f796dcf0dfeca" "metadata" "--no-deps" "--format-version=1", kill_on_drop: false }`
[INFO] running `Command { std: "docker" "inspect" "dfbbd82bb7bd701c9edefc61506bd459f0ca07d74d54855f62b481e9b2dbee70", kill_on_drop: false }`
[INFO] running `Command { std: "docker" "exec" "-e" "SOURCE_DIR=/opt/rustwide/workdir" "-e" "CARGO_HOME=/opt/rustwide/cargo-home" "-e" "RUSTUP_HOME=/opt/rustwide/rustup-home" "-e" "CARGO_TARGET_DIR=/opt/rustwide/target" "-e" "CARGO_INCREMENTAL=0" "-e" "RUST_BACKTRACE=full" "-e" "RUSTFLAGS=--cap-lints=forbid -Aunfulfilled-lint-expectations" "-e" "RUSTDOCFLAGS=--cap-lints=forbid" "-w" "/opt/rustwide/workdir" "--user" "0:0" "dfbbd82bb7bd701c9edefc61506bd459f0ca07d74d54855f62b481e9b2dbee70" "/opt/rustwide/cargo-home/bin/cargo" "+8d1a76430406c877b35d0b627e7f796dcf0dfeca" "check" "--frozen" "--all" "--all-targets" "--message-format=json", kill_on_drop: false }`
[INFO] [stderr]    Compiling quote v1.0.41
[INFO] [stderr]     Checking log v0.4.28
[INFO] [stderr]     Checking tracing-core v0.1.34
[INFO] [stderr]     Checking futures-io v0.3.31
[INFO] [stderr]    Compiling generic-array v0.14.9
[INFO] [stderr]     Checking subtle v2.4.1
[INFO] [stderr]     Checking parking_lot_core v0.9.12
[INFO] [stderr]     Checking socket2 v0.6.1
[INFO] [stderr]     Checking signal-hook-registry v1.4.6
[INFO] [stderr]     Checking mio v1.1.0
[INFO] [stderr]     Checking getrandom v0.2.16
[INFO] [stderr]    Compiling cc v1.2.44
[INFO] [stderr]    Compiling wasm-bindgen-shared v0.2.105
[INFO] [stderr]     Checking deranged v0.5.5
[INFO] [stderr]     Checking time-core v0.1.6
[INFO] [stderr]     Checking num-integer v0.1.46
[INFO] [stderr]     Checking outref v0.5.2
[INFO] [stderr]     Checking vsimd v0.8.0
[INFO] [stderr]    Compiling bumpalo v3.19.0
[INFO] [stderr]    Compiling wasm-bindgen v0.2.105
[INFO] [stderr]     Checking socket2 v0.5.10
[INFO] [stderr]     Checking parking_lot v0.12.5
[INFO] [stderr]     Checking regex-automata v0.4.13
[INFO] [stderr]     Checking bytes-utils v0.1.4
[INFO] [stderr]    Compiling rustls v0.20.9
[INFO] [stderr]    Compiling serde_json v1.0.145
[INFO] [stderr]     Checking unicode-ident v1.0.22
[INFO] [stderr]     Checking base64-simd v0.8.0
[INFO] [stderr]     Checking openssl-probe v0.1.6
[INFO] [stderr]    Compiling aws-types v0.55.3
[INFO] [stderr]     Checking getrandom v0.3.4
[INFO] [stderr]     Checking rustls-native-certs v0.6.3
[INFO] [stderr]     Checking rand_core v0.6.4
[INFO] [stderr]    Compiling getrandom v0.1.16
[INFO] [stderr]     Checking crypto-common v0.1.6
[INFO] [stderr]     Checking block-buffer v0.10.4
[INFO] [stderr]     Checking opaque-debug v0.3.1
[INFO] [stderr]    Compiling once_cell v1.21.3
[INFO] [stderr]     Checking http-body v1.0.1
[INFO] [stderr]    Compiling serde v1.0.228
[INFO] [stderr]    Compiling syn v1.0.109
[INFO] [stderr]     Checking cipher v0.3.0
[INFO] [stderr]    Compiling syn v2.0.108
[INFO] [stderr]     Checking universal-hash v0.4.1
[INFO] [stderr]     Checking rand_core v0.9.3
[INFO] [stderr]    Compiling crc32c v0.6.8
[INFO] [stderr]     Checking xmlparser v0.13.6
[INFO] [stderr]     Checking digest v0.9.0
[INFO] [stderr]     Checking inout v0.1.4
[INFO] [stderr]     Checking digest v0.10.7
[INFO] [stderr]    Compiling axum-core v0.3.4
[INFO] [stderr]     Checking base64ct v1.8.0
[INFO] [stderr]     Checking bitvec v1.0.1
[INFO] [stderr]     Checking cipher v0.4.4
[INFO] [stderr]     Checking http-body-util v0.1.3
[INFO] [stderr]     Checking rand_core v0.5.1
[INFO] [stderr]     Checking polyval v0.5.3
[INFO] [stderr]     Checking block-buffer v0.9.0
[INFO] [stderr]     Checking aead v0.4.3
[INFO] [stderr]     Checking concurrent-queue v2.5.0
[INFO] [stderr]     Checking aws-smithy-xml v0.55.3
[INFO] [stderr]     Checking tracing-log v0.2.0
[INFO] [stderr]    Compiling axum v0.6.20
[INFO] [stderr]     Checking rand v0.4.6
[INFO] [stderr]     Checking thread_local v1.1.9
[INFO] [stderr]     Checking hmac v0.12.1
[INFO] [stderr]     Checking sha2 v0.10.9
[INFO] [stderr]     Checking md-5 v0.10.6
[INFO] [stderr]     Checking password-hash v0.5.0
[INFO] [stderr]     Checking sha1 v0.10.6
[INFO] [stderr]     Checking byteorder v1.5.0
[INFO] [stderr]    Compiling http-types v2.12.0
[INFO] [stderr]     Checking signature v1.6.4
[INFO] [stderr]     Checking clap_builder v4.5.51
[INFO] [stderr]     Checking futures-lite v1.13.0
[INFO] [stderr]     Checking pbkdf2 v0.12.2
[INFO] [stderr]     Checking tempfile v3.23.0
[INFO] [stderr]     Checking async-channel v1.9.0
[INFO] [stderr]     Checking blake2 v0.10.6
[INFO] [stderr]     Checking sha2 v0.9.9
[INFO] [stderr]     Checking salsa20 v0.10.2
[INFO] [stderr]     Checking ghash v0.4.4
[INFO] [stderr]     Checking ctr v0.8.0
[INFO] [stderr]     Checking rand v0.3.23
[INFO] [stderr]    Compiling toml v0.5.11
[INFO] [stderr]     Checking aes v0.7.5
[INFO] [stderr]     Checking poly1305 v0.7.2
[INFO] [stderr]     Checking crossbeam-channel v0.5.15
[INFO] [stderr]     Checking itertools v0.10.5
[INFO] [stderr]     Checking serde_bytes v0.11.19
[INFO] [stderr]     Checking serde_path_to_error v0.1.20
[INFO] [stderr]     Checking wait-timeout v0.2.1
[INFO] [stderr]    Compiling ring v0.17.14
[INFO] [stderr]    Compiling ring v0.16.20
[INFO] [stderr]    Compiling blake3 v1.8.2
[INFO] [stderr]     Checking num_cpus v1.17.0
[INFO] [stderr]     Checking keccak v0.1.5
[INFO] [stderr]     Checking time v0.3.44
[INFO] [stderr]     Checking infer v0.2.3
[INFO] [stderr]     Checking bit-vec v0.8.0
[INFO] [stderr]     Checking retain_mut v0.1.9
[INFO] [stderr]     Checking deadpool-runtime v0.1.4
[INFO] [stderr]     Checking quick-error v1.2.3
[INFO] [stderr]     Checking dashmap v5.5.3
[INFO] [stderr]     Checking rusty-fork v0.3.1
[INFO] [stderr]     Checking sha3 v0.10.8
[INFO] [stderr]     Checking bit-set v0.8.0
[INFO] [stderr]     Checking aes-gcm v0.9.4
[INFO] [stderr]     Checking argon2 v0.5.3
[INFO] [stderr]     Checking threshold-secret-sharing v0.2.2
[INFO] [stderr]     Checking scrypt v0.11.0
[INFO] [stderr]     Checking plotters v0.3.7
[INFO] [stderr]     Checking rand_xorshift v0.4.0
[INFO] [stderr]     Checking is-terminal v0.4.17
[INFO] [stderr]     Checking unarray v0.1.4
[INFO] [stderr]     Checking colored v3.0.0
[INFO] [stderr]     Checking bs58 v0.5.1
[INFO] [stderr]     Checking similar v2.7.0
[INFO] [stderr]     Checking futures-timer v3.0.3
[INFO] [stderr]    Compiling proc-macro-crate v0.1.5
[INFO] [stderr]     Checking clap v4.5.51
[INFO] [stderr]     Checking ff v0.13.1
[INFO] [stderr]     Checking aws-smithy-types v0.55.3
[INFO] [stderr]     Checking group v0.13.0
[INFO] [stderr]     Checking aws-smithy-eventstream v0.55.3
[INFO] [stderr]     Checking aws-smithy-json v0.55.3
[INFO] [stderr]     Checking aws-smithy-query v0.55.3
[INFO] [stderr]     Checking criterion-plot v0.5.0
[INFO] [stderr]     Checking regex v1.12.2
[INFO] [stderr]     Checking matchers v0.2.0
[INFO] [stderr]    Compiling borsh-schema-derive-internal v0.10.4
[INFO] [stderr]    Compiling borsh-derive-internal v0.10.4
[INFO] [stderr]     Checking env_logger v0.8.4
[INFO] [stderr]    Compiling borsh-derive v0.10.4
[INFO] [stderr]     Checking sct v0.7.1
[INFO] [stderr]     Checking webpki v0.22.4
[INFO] [stderr]    Compiling synstructure v0.13.2
[INFO] [stderr]    Compiling wasm-bindgen-macro-support v0.2.105
[INFO] [stderr]    Compiling tokio-macros v2.6.0
[INFO] [stderr]    Compiling futures-macro v0.3.31
[INFO] [stderr]    Compiling tracing-attributes v0.1.30
[INFO] [stderr]    Compiling serde_derive v1.0.228
[INFO] [stderr]    Compiling zerocopy-derive v0.8.27
[INFO] [stderr]    Compiling zeroize_derive v1.4.2
[INFO] [stderr]    Compiling pin-project-internal v1.1.10
[INFO] [stderr]    Compiling zerovec-derive v0.11.2
[INFO] [stderr]    Compiling displaydoc v0.2.5
[INFO] [stderr]    Compiling thiserror-impl v1.0.69
[INFO] [stderr]    Compiling async-trait v0.1.89
[INFO] [stderr]    Compiling async-stream-impl v0.3.6
[INFO] [stderr]    Compiling zerofrom-derive v0.1.6
[INFO] [stderr]    Compiling yoke-derive v0.8.1
[INFO] [stderr]     Checking async-stream v0.3.6
[INFO] [stderr]     Checking zeroize v1.3.0
[INFO] [stderr]     Checking chacha20 v0.8.2
[INFO] [stderr]     Checking tokio v1.48.0
[INFO] [stderr]     Checking futures-util v0.3.31
[INFO] [stderr]     Checking chacha20poly1305 v0.9.1
[INFO] [stderr]     Checking zerocopy v0.8.27
[INFO] [stderr]     Checking thiserror v1.0.69
[INFO] [stderr]     Checking tracing v0.1.41
[INFO] [stderr]     Checking tower-http v0.5.2
[INFO] [stderr]     Checking zerofrom v0.1.6
[INFO] [stderr]     Checking yoke v0.8.1
[INFO] [stderr]     Checking pin-project v1.1.10
[INFO] [stderr]     Checking zerovec v0.11.5
[INFO] [stderr]     Checking zerotrie v0.2.3
[INFO] [stderr]     Checking tinystr v0.8.2
[INFO] [stderr]     Checking potential_utf v0.1.4
[INFO] [stderr]     Checking icu_collections v2.1.1
[INFO] [stderr]    Compiling wasm-bindgen-macro v0.2.105
[INFO] [stderr]     Checking icu_locale_core v2.1.1
[INFO] [stderr]     Checking icu_provider v2.1.1
[INFO] [stderr]     Checking ppv-lite86 v0.2.21
[INFO] [stderr]     Checking half v2.7.1
[INFO] [stderr]     Checking ahash v0.8.12
[INFO] [stderr]     Checking icu_properties v2.1.1
[INFO] [stderr]     Checking icu_normalizer v2.1.1
[INFO] [stderr]     Checking hashbrown v0.13.2
[INFO] [stderr]     Checking js-sys v0.3.82
[INFO] [stderr]     Checking console_error_panic_hook v0.1.7
[INFO] [stderr]     Checking ciborium-ll v0.2.2
[INFO] [stderr]     Checking rand_chacha v0.2.2
[INFO] [stderr]     Checking rand_chacha v0.3.1
[INFO] [stderr]     Checking rand_chacha v0.9.0
[INFO] [stderr]     Checking rand v0.7.3
[INFO] [stderr]     Checking rand v0.9.2
[INFO] [stderr]     Checking rand v0.8.5
[INFO] [stderr]     Checking borsh v0.10.4
[INFO] [stderr]     Checking serde_urlencoded v0.7.1
[INFO] [stderr]     Checking tracing-serde v0.2.0
[INFO] [stderr]     Checking chrono v0.4.42
[INFO] [stderr]     Checking curve25519-dalek v3.2.1
[INFO] [stderr]     Checking assert-json-diff v2.0.2
[INFO] [stderr]     Checking serde_qs v0.8.5
[INFO] [stderr]     Checking ed25519 v1.5.3
[INFO] [stderr]     Checking tracing-subscriber v0.3.20
[INFO] [stderr]     Checking tinytemplate v1.2.1
[INFO] [stderr]     Checking ciborium v0.2.2
[INFO] [stderr]     Checking uuid v1.18.1
[INFO] [stderr]     Checking serde-big-array v0.5.1
[INFO] [stderr]     Checking bincode v1.3.3
[INFO] [stderr]     Checking proptest v1.9.0
[INFO] [stderr]     Checking idna_adapter v1.2.1
[INFO] [stderr]     Checking idna v1.1.0
[INFO] [stderr]     Checking num-bigint v0.4.6
[INFO] [stderr]     Checking quickcheck v1.0.3
[INFO] [stderr]     Checking criterion v0.5.1
[INFO] [stderr]     Checking url v2.5.7
[INFO] [stderr]     Checking ed25519-dalek v1.0.1
[INFO] [stderr]     Checking futures-executor v0.3.31
[INFO] [stderr]     Checking futures v0.3.31
[INFO] [stderr]     Checking tracing-appender v0.2.3
[INFO] [stderr]     Checking tokio-util v0.7.16
[INFO] [stderr]     Checking tokio-stream v0.1.17
[INFO] [stderr]     Checking tower v0.4.13
[INFO] [stderr]     Checking tokio-rustls v0.23.4
[INFO] [stderr]     Checking deadpool v0.9.5
[INFO] [stderr]     Checking wasm-bindgen-futures v0.4.55
[INFO] [stderr]     Checking web-sys v0.3.82
[INFO] [stderr]     Checking serde-wasm-bindgen v0.5.0
[INFO] [stderr]     Checking serde-wasm-bindgen v0.6.5
[INFO] [stderr]     Checking aws-smithy-async v0.55.3
[INFO] [stderr]     Checking tokio-test v0.4.4
[INFO] [stderr]     Checking worker-kv v0.7.0
[INFO] [stderr]     Checking aws-credential-types v0.55.3
[INFO] [stderr]     Checking h2 v0.3.27
[INFO] [stderr]     Checking h2 v0.4.12
[INFO] [stderr]     Checking worker-sys v0.5.0
[INFO] [stderr]     Checking wasm-streams v0.4.2
[INFO] [stderr]    Compiling worker-macros v0.5.0
[INFO] [stderr]     Checking worker v0.5.0
[INFO] [stderr]     Checking hyper v1.7.0
[INFO] [stderr]     Checking hyper v0.14.32
[INFO] [stderr]     Checking hyper-util v0.1.17
[INFO] [stderr]     Checking mockito v1.7.0
[INFO] [stderr]     Checking aws-smithy-http v0.55.3
[INFO] [stderr]     Checking hyper-rustls v0.23.2
[INFO] [stderr]     Checking wiremock v0.5.22
[INFO] [stderr]     Checking aws-smithy-http-tower v0.55.3
[INFO] [stderr]     Checking aws-sigv4 v0.55.3
[INFO] [stderr]     Checking aws-smithy-checksums v0.55.3
[INFO] [stderr]     Checking aws-smithy-client v0.55.3
[INFO] [stderr]     Checking aws-sig-auth v0.55.3
[INFO] [stderr]     Checking aws-endpoint v0.55.3
[INFO] [stderr]     Checking aws-http v0.55.3
[INFO] [stderr]     Checking aws-sdk-sts v0.28.0
[INFO] [stderr]     Checking aws-sdk-sso v0.28.0
[INFO] [stderr]     Checking aws-sdk-kms v0.28.0
[INFO] [stderr]     Checking aws-sdk-s3 v0.28.0
[INFO] [stderr]     Checking aws-config v0.55.3
[INFO] [stderr]     Checking multi-party-computation v0.1.0 (/opt/rustwide/workdir)
[INFO] [stdout] error[E0433]: cannot find module or crate `multi_party_computation` in this scope
[INFO] [stdout]  --> tests/integration_tests.rs:3:5
[INFO] [stdout]   |
[INFO] [stdout] 3 | use multi_party_computation::{
[INFO] [stdout]   |     ^^^^^^^^^^^^^^^^^^^^^^^ use of unresolved module or unlinked crate `multi_party_computation`
[INFO] [stdout]   |
[INFO] [stdout]   = help: if you wanted to use a crate named `multi_party_computation`, use `cargo add multi_party_computation` to add it to your `Cargo.toml`
[INFO] [stdout] 
[INFO] [stdout] 
[INFO] [stdout] error[E0433]: cannot find module or crate `multi_party_computation` in this scope
[INFO] [stdout]  --> tests/crypto_tests.rs:3:5
[INFO] [stdout]   |
[INFO] [stdout] 3 | use multi_party_computation::crypto::*;
[INFO] [stdout]   |     ^^^^^^^^^^^^^^^^^^^^^^^ use of unresolved module or unlinked crate `multi_party_computation`
[INFO] [stdout]   |
[INFO] [stdout]   = help: if you wanted to use a crate named `multi_party_computation`, use `cargo add multi_party_computation` to add it to your `Cargo.toml`
[INFO] [stdout] 
[INFO] [stdout] 
[INFO] [stdout] error[E0433]: cannot find module or crate `multi_party_computation` in this scope
[INFO] [stdout]   --> tests/crypto_tests.rs:57:9
[INFO] [stdout]    |
[INFO] [stdout] 57 |     use multi_party_computation::crypto::shamir::*;
[INFO] [stdout]    |         ^^^^^^^^^^^^^^^^^^^^^^^ use of unresolved module or unlinked crate `multi_party_computation`
[INFO] [stdout]    |
[INFO] [stdout]    = help: if you wanted to use a crate named `multi_party_computation`, use `cargo add multi_party_computation` to add it to your `Cargo.toml`
[INFO] [stdout] 
[INFO] [stdout] 
[INFO] [stdout] error[E0433]: cannot find module or crate `multi_party_computation` in this scope
[INFO] [stdout]    --> tests/crypto_tests.rs:116:9
[INFO] [stdout]     |
[INFO] [stdout] 116 |     use multi_party_computation::crypto::dkg::*;
[INFO] [stdout]     |         ^^^^^^^^^^^^^^^^^^^^^^^ use of unresolved module or unlinked crate `multi_party_computation`
[INFO] [stdout]     |
[INFO] [stdout]     = help: if you wanted to use a crate named `multi_party_computation`, use `cargo add multi_party_computation` to add it to your `Cargo.toml`
[INFO] [stdout] 
[INFO] [stdout] 
[INFO] [stdout] error[E0433]: cannot find module or crate `multi_party_computation` in this scope
[INFO] [stdout]    --> tests/crypto_tests.rs:154:9
[INFO] [stdout]     |
[INFO] [stdout] 154 |     use multi_party_computation::crypto::threshold_signatures::*;
[INFO] [stdout]     |         ^^^^^^^^^^^^^^^^^^^^^^^ use of unresolved module or unlinked crate `multi_party_computation`
[INFO] [stdout]     |
[INFO] [stdout]     = help: if you wanted to use a crate named `multi_party_computation`, use `cargo add multi_party_computation` to add it to your `Cargo.toml`
[INFO] [stdout] 
[INFO] [stdout] 
[INFO] [stdout] error[E0433]: cannot find module or crate `multi_party_computation` in this scope
[INFO] [stdout]    --> tests/crypto_tests.rs:181:9
[INFO] [stdout]     |
[INFO] [stdout] 181 |     use multi_party_computation::crypto::zkp::*;
[INFO] [stdout]     |         ^^^^^^^^^^^^^^^^^^^^^^^ use of unresolved module or unlinked crate `multi_party_computation`
[INFO] [stdout]     |
[INFO] [stdout]     = help: if you wanted to use a crate named `multi_party_computation`, use `cargo add multi_party_computation` to add it to your `Cargo.toml`
[INFO] [stdout] 
[INFO] [stdout] 
[INFO] [stdout] error[E0433]: cannot find module or crate `multi_party_computation` in this scope
[INFO] [stdout]    --> tests/crypto_tests.rs:278:9
[INFO] [stdout]     |
[INFO] [stdout] 278 |     use multi_party_computation::crypto::mpc::*;
[INFO] [stdout]     |         ^^^^^^^^^^^^^^^^^^^^^^^ use of unresolved module or unlinked crate `multi_party_computation`
[INFO] [stdout]     |
[INFO] [stdout]     = help: if you wanted to use a crate named `multi_party_computation`, use `cargo add multi_party_computation` to add it to your `Cargo.toml`
[INFO] [stdout] 
[INFO] [stdout] 
[INFO] [stdout] error[E0433]: cannot find module or crate `multi_party_computation` in this scope
[INFO] [stdout]    --> tests/crypto_tests.rs:301:9
[INFO] [stdout]     |
[INFO] [stdout] 301 |     use multi_party_computation::crypto::mpc::SecureComputation;
[INFO] [stdout]     |         ^^^^^^^^^^^^^^^^^^^^^^^ use of unresolved module or unlinked crate `multi_party_computation`
[INFO] [stdout]     |
[INFO] [stdout]     = help: if you wanted to use a crate named `multi_party_computation`, use `cargo add multi_party_computation` to add it to your `Cargo.toml`
[INFO] [stdout] 
[INFO] [stdout] 
[INFO] [stdout] error[E0432]: unresolved imports `multi_party_computation::crypto::shamir::*`, `multi_party_computation::crypto::dkg::*`, `multi_party_computation::crypto::threshold_signatures::*`, `multi_party_computation::crypto::zkp::*`, `multi_party_computation::crypto::mpc::*`, `multi_party_computation::crypto::mpc::SecureComputation`
[INFO] [stdout]    --> tests/crypto_tests.rs:57:9
[INFO] [stdout]     |
[INFO] [stdout]  57 |     use multi_party_computation::crypto::shamir::*;
[INFO] [stdout]     |         ^^^^^^^^^^^^^^^^^^^^^^^^^^^^^^^^^^^^^^^^^^
[INFO] [stdout] ...
[INFO] [stdout] 116 |     use multi_party_computation::crypto::dkg::*;
[INFO] [stdout]     |         ^^^^^^^^^^^^^^^^^^^^^^^^^^^^^^^^^^^^^^^
[INFO] [stdout] ...
[INFO] [stdout] 154 |     use multi_party_computation::crypto::threshold_signatures::*;
[INFO] [stdout]     |         ^^^^^^^^^^^^^^^^^^^^^^^^^^^^^^^^^^^^^^^^^^^^^^^^^^^^^^^^
[INFO] [stdout] ...
[INFO] [stdout] 181 |     use multi_party_computation::crypto::zkp::*;
[INFO] [stdout]     |         ^^^^^^^^^^^^^^^^^^^^^^^^^^^^^^^^^^^^^^^
[INFO] [stdout] ...
[INFO] [stdout] 278 |     use multi_party_computation::crypto::mpc::*;
[INFO] [stdout]     |         ^^^^^^^^^^^^^^^^^^^^^^^^^^^^^^^^^^^^^^^
[INFO] [stdout] ...
[INFO] [stdout] 301 |     use multi_party_computation::crypto::mpc::SecureComputation;
[INFO] [stdout]     |         ^^^^^^^^^^^^^^^^^^^^^^^^^^^^^^^^^^^^^^^^^^^^^^^^^^^^^^^
[INFO] [stdout] 
[INFO] [stdout] 
[INFO] [stdout] error[E0433]: cannot find module or crate `multi_party_computation` in this scope
[INFO] [stdout]    --> tests/integration_tests.rs:215:9
[INFO] [stdout]     |
[INFO] [stdout] 215 |     use multi_party_computation::crypto::{self, zkp::*};
[INFO] [stdout]     |         ^^^^^^^^^^^^^^^^^^^^^^^ use of unresolved module or unlinked crate `multi_party_computation`
[INFO] [stdout]     |
[INFO] [stdout]     = help: if you wanted to use a crate named `multi_party_computation`, use `cargo add multi_party_computation` to add it to your `Cargo.toml`
[INFO] [stdout] 
[INFO] [stdout] 
[INFO] [stdout] error[E0433]: cannot find module or crate `multi_party_computation` in this scope
[INFO] [stdout]    --> tests/integration_tests.rs:271:9
[INFO] [stdout]     |
[INFO] [stdout] 271 |     use multi_party_computation::crypto::mpc::SecureComputation;
[INFO] [stdout]     |         ^^^^^^^^^^^^^^^^^^^^^^^ use of unresolved module or unlinked crate `multi_party_computation`
[INFO] [stdout]     |
[INFO] [stdout]     = help: if you wanted to use a crate named `multi_party_computation`, use `cargo add multi_party_computation` to add it to your `Cargo.toml`
[INFO] [stdout] 
[INFO] [stdout] 
[INFO] [stdout] error[E0433]: cannot find module or crate `multi_party_computation` in this scope
[INFO] [stdout]    --> tests/integration_tests.rs:300:9
[INFO] [stdout]     |
[INFO] [stdout] 300 |     use multi_party_computation::crypto::mpc::ProactiveSecretSharing;
[INFO] [stdout]     |         ^^^^^^^^^^^^^^^^^^^^^^^ use of unresolved module or unlinked crate `multi_party_computation`
[INFO] [stdout]     |
[INFO] [stdout]     = help: if you wanted to use a crate named `multi_party_computation`, use `cargo add multi_party_computation` to add it to your `Cargo.toml`
[INFO] [stdout] 
[INFO] [stdout] 
[INFO] [stdout] error[E0433]: cannot find module or crate `multi_party_computation` in this scope
[INFO] [stdout]    --> tests/integration_tests.rs:242:9
[INFO] [stdout]     |
[INFO] [stdout] 242 |     use multi_party_computation::{
[INFO] [stdout]     |         ^^^^^^^^^^^^^^^^^^^^^^^ use of unresolved module or unlinked crate `multi_party_computation`
[INFO] [stdout]     |
[INFO] [stdout]     = help: if you wanted to use a crate named `multi_party_computation`, use `cargo add multi_party_computation` to add it to your `Cargo.toml`
[INFO] [stdout] 
[INFO] [stdout] 
[INFO] [stdout] error[E0432]: unresolved import `multi_party_computation`
[INFO] [stdout]    --> tests/integration_tests.rs:171:9
[INFO] [stdout]     |
[INFO] [stdout] 171 |     use multi_party_computation::crypto;
[INFO] [stdout]     |         ^^^^^^^^^^^^^^^^^^^^^^^ use of unresolved module or unlinked crate `multi_party_computation`
[INFO] [stdout]     |
[INFO] [stdout]     = help: if you wanted to use a crate named `multi_party_computation`, use `cargo add multi_party_computation` to add it to your `Cargo.toml`
[INFO] [stdout] 
[INFO] [stdout] 
[INFO] [stdout] error[E0432]: unresolved import `multi_party_computation`
[INFO] [stdout]    --> tests/integration_tests.rs:242:9
[INFO] [stdout]     |
[INFO] [stdout] 242 |     use multi_party_computation::{
[INFO] [stdout]     |         ^^^^^^^^^^^^^^^^^^^^^^^ use of unresolved module or unlinked crate `multi_party_computation`
[INFO] [stdout]     |
[INFO] [stdout]     = help: if you wanted to use a crate named `multi_party_computation`, use `cargo add multi_party_computation` to add it to your `Cargo.toml`
[INFO] [stdout] 
[INFO] [stdout] 
[INFO] [stdout] error[E0422]: cannot find struct, variant or union type `SecretMetadata` in this scope
[INFO] [stdout]    --> tests/integration_tests.rs:250:20
[INFO] [stdout]     |
[INFO] [stdout] 250 |     let metadata = SecretMetadata {
[INFO] [stdout]     |                    ^^^^^^^^^^^^^^ not found in this scope
[INFO] [stdout] 
[INFO] [stdout] 
[INFO] [stdout] warning: unused import: `std::thread`
[INFO] [stdout]    --> tests/integration_tests.rs:301:9
[INFO] [stdout]     |
[INFO] [stdout] 301 |     use std::thread;
[INFO] [stdout]     |         ^^^^^^^^^^^
[INFO] [stdout]     |
[INFO] [stdout]     = note: `#[warn(unused_imports)]` (part of `#[warn(unused)]`) on by default
[INFO] [stdout] 
[INFO] [stdout] 
[INFO] [stdout] warning: unused import: `std::time::Duration`
[INFO] [stdout]    --> tests/integration_tests.rs:302:9
[INFO] [stdout]     |
[INFO] [stdout] 302 |     use std::time::Duration;
[INFO] [stdout]     |         ^^^^^^^^^^^^^^^^^^^
[INFO] [stdout] 
[INFO] [stdout] 
[INFO] [stdout] error[E0433]: cannot find type `SchnorrProof` in this scope
[INFO] [stdout]    --> tests/integration_tests.rs:221:17
[INFO] [stdout]     |
[INFO] [stdout] 221 |     let proof = SchnorrProof::prove(&secret);
[INFO] [stdout]     |                 ^^^^^^^^^^^^ use of undeclared type `SchnorrProof`
[INFO] [stdout] 
[INFO] [stdout] 
[INFO] [stdout] error[E0433]: cannot find type `RangeProof` in this scope
[INFO] [stdout]    --> tests/integration_tests.rs:232:23
[INFO] [stdout]     |
[INFO] [stdout] 232 |     let range_proof = RangeProof::prove(value, bits).unwrap();
[INFO] [stdout]     |                       ^^^^^^^^^^ use of undeclared type `RangeProof`
[INFO] [stdout] 
[INFO] [stdout] 
[INFO] [stdout] error[E0433]: cannot find type `RangeProof` in this scope
[INFO] [stdout]    --> tests/integration_tests.rs:236:18
[INFO] [stdout]     |
[INFO] [stdout] 236 |     let result = RangeProof::prove(300, 8);
[INFO] [stdout]     |                  ^^^^^^^^^^ use of undeclared type `RangeProof`
[INFO] [stdout] 
[INFO] [stdout] 
[INFO] [stdout] Some errors have detailed explanations: E0422, E0432, E0433.
[INFO] [stdout] 
[INFO] [stdout] For more information about an error, try `rustc --explain E0422`.
[INFO] [stdout] 
[INFO] [stderr] error: could not compile `multi-party-computation` (test "integration_tests") due to 11 previous errors; 2 warnings emitted
[INFO] [stderr] warning: build failed, waiting for other jobs to finish...
[INFO] [stdout] warning: use of deprecated associated function `curve25519_dalek::digest::generic_array::GenericArray::<T, N>::from_slice`: please upgrade to generic-array 1.x
[INFO] [stdout]   --> src/storage/mod.rs:67:28
[INFO] [stdout]    |
[INFO] [stdout] 67 |         let nonce = Nonce::from_slice(&nonce_bytes);
[INFO] [stdout]    |                            ^^^^^^^^^^
[INFO] [stdout]    |
[INFO] [stdout]    = note: `#[warn(deprecated)]` on by default
[INFO] [stdout] 
[INFO] [stdout] 
[INFO] [stdout] warning: use of deprecated associated function `curve25519_dalek::digest::generic_array::GenericArray::<T, N>::from_slice`: please upgrade to generic-array 1.x
[INFO] [stdout]   --> src/storage/mod.rs:67:28
[INFO] [stdout]    |
[INFO] [stdout] 67 |         let nonce = Nonce::from_slice(&nonce_bytes);
[INFO] [stdout]    |                            ^^^^^^^^^^
[INFO] [stdout]    |
[INFO] [stdout]    = note: `#[warn(deprecated)]` on by default
[INFO] [stdout] 
[INFO] [stdout] 
[INFO] [stdout] warning: unreachable call
[INFO] [stdout]   --> src/lib.rs:51:49
[INFO] [stdout]    |
[INFO] [stdout] 51 |         .map_err(|e| worker::Error::RustError(e.to_string()))?;
[INFO] [stdout]    |                                               - ^^^^^^^^^ unreachable call
[INFO] [stdout]    |                                               |
[INFO] [stdout]    |                                               any code following this expression is unreachable
[INFO] [stdout]    |
[INFO] [stdout]    = note: `#[warn(unreachable_code)]` (part of `#[warn(unused)]`) on by default
[INFO] [stdout] 
[INFO] [stdout] 
[INFO] [stdout] warning: unreachable call
[INFO] [stdout]   --> src/lib.rs:51:49
[INFO] [stdout]    |
[INFO] [stdout] 51 |         .map_err(|e| worker::Error::RustError(e.to_string()))?;
[INFO] [stdout]    |                                               - ^^^^^^^^^ unreachable call
[INFO] [stdout]    |                                               |
[INFO] [stdout]    |                                               any code following this expression is unreachable
[INFO] [stdout]    |
[INFO] [stdout]    = note: `#[warn(unreachable_code)]` (part of `#[warn(unused)]`) on by default
[INFO] [stdout] 
[INFO] [stdout] 
[INFO] [stdout] error[E0425]: cannot find function `hash` in this scope
[INFO] [stdout]   --> tests/crypto_tests.rs:24:18
[INFO] [stdout]    |
[INFO] [stdout] 24 |     let hash1a = hash(data1);
[INFO] [stdout]    |                  ^^^^ not found in this scope
[INFO] [stdout]    |
[INFO] [stdout] help: consider importing one of these functions
[INFO] [stdout]    |
[INFO] [stdout]  1 + use std::ptr::hash;
[INFO] [stdout]    |
[INFO] [stdout]  1 + use blake3::hash;
[INFO] [stdout]    |
[INFO] [stdout] 
[INFO] [stdout] 
[INFO] [stdout] error[E0425]: cannot find function `hash` in this scope
[INFO] [stdout]   --> tests/crypto_tests.rs:25:18
[INFO] [stdout]    |
[INFO] [stdout] 25 |     let hash1b = hash(data1);
[INFO] [stdout]    |                  ^^^^ not found in this scope
[INFO] [stdout]    |
[INFO] [stdout] help: consider importing one of these functions
[INFO] [stdout]    |
[INFO] [stdout]  1 + use std::ptr::hash;
[INFO] [stdout]    |
[INFO] [stdout]  1 + use blake3::hash;
[INFO] [stdout]    |
[INFO] [stdout] 
[INFO] [stdout] 
[INFO] [stdout] error[E0425]: cannot find function `hash` in this scope
[INFO] [stdout]   --> tests/crypto_tests.rs:29:17
[INFO] [stdout]    |
[INFO] [stdout] 29 |     let hash2 = hash(data2);
[INFO] [stdout]    |                 ^^^^ not found in this scope
[INFO] [stdout]    |
[INFO] [stdout] help: consider importing one of these functions
[INFO] [stdout]    |
[INFO] [stdout]  1 + use std::ptr::hash;
[INFO] [stdout]    |
[INFO] [stdout]  1 + use blake3::hash;
[INFO] [stdout]    |
[INFO] [stdout] 
[INFO] [stdout] 
[INFO] [stdout] error[E0425]: cannot find function `derive_key` in this scope
[INFO] [stdout]   --> tests/crypto_tests.rs:42:16
[INFO] [stdout]    |
[INFO] [stdout] 42 |     let key1 = derive_key(password, salt, 32).unwrap();
[INFO] [stdout]    |                ^^^^^^^^^^ not found in this scope
[INFO] [stdout]    |
[INFO] [stdout] help: consider importing this function
[INFO] [stdout]    |
[INFO] [stdout]  1 + use blake3::derive_key;
[INFO] [stdout]    |
[INFO] [stdout] 
[INFO] [stdout] 
[INFO] [stdout] error[E0425]: cannot find function `derive_key` in this scope
[INFO] [stdout]   --> tests/crypto_tests.rs:46:16
[INFO] [stdout]    |
[INFO] [stdout] 46 |     let key2 = derive_key(password, salt, 32).unwrap();
[INFO] [stdout]    |                ^^^^^^^^^^ not found in this scope
[INFO] [stdout]    |
[INFO] [stdout] help: consider importing this function
[INFO] [stdout]    |
[INFO] [stdout]  1 + use blake3::derive_key;
[INFO] [stdout]    |
[INFO] [stdout] 
[INFO] [stdout] 
[INFO] [stdout] error[E0425]: cannot find function `derive_key` in this scope
[INFO] [stdout]   --> tests/crypto_tests.rs:51:16
[INFO] [stdout]    |
[INFO] [stdout] 51 |     let key3 = derive_key(password, different_salt, 32).unwrap();
[INFO] [stdout]    |                ^^^^^^^^^^ not found in this scope
[INFO] [stdout]    |
[INFO] [stdout] help: consider importing this function
[INFO] [stdout]    |
[INFO] [stdout]  1 + use blake3::derive_key;
[INFO] [stdout]    |
[INFO] [stdout] 
[INFO] [stdout] 
[INFO] [stdout] error[E0433]: cannot find type `ShamirSecretSharing` in this scope
[INFO] [stdout]   --> tests/crypto_tests.rs:65:19
[INFO] [stdout]    |
[INFO] [stdout] 65 |         let sss = ShamirSecretSharing::new(threshold, total_shares).unwrap();
[INFO] [stdout]    |                   ^^^^^^^^^^^^^^^^^^^ use of undeclared type `ShamirSecretSharing`
[INFO] [stdout]    |
[INFO] [stdout] help: consider importing this struct
[INFO] [stdout]    |
[INFO] [stdout] 56 +     use threshold_secret_sharing::shamir::ShamirSecretSharing;
[INFO] [stdout]    |
[INFO] [stdout] 
[INFO] [stdout] 
[INFO] [stdout] error[E0433]: cannot find type `ShamirSecretSharing` in this scope
[INFO] [stdout]   --> tests/crypto_tests.rs:91:19
[INFO] [stdout]    |
[INFO] [stdout] 91 |         let sss = ShamirSecretSharing::new(threshold, total_shares).unwrap();
[INFO] [stdout]    |                   ^^^^^^^^^^^^^^^^^^^ use of undeclared type `ShamirSecretSharing`
[INFO] [stdout]    |
[INFO] [stdout] help: consider importing this struct
[INFO] [stdout]    |
[INFO] [stdout] 56 +     use threshold_secret_sharing::shamir::ShamirSecretSharing;
[INFO] [stdout]    |
[INFO] [stdout] 
[INFO] [stdout] 
[INFO] [stdout] warning: unused import: `super::*`
[INFO] [stdout]   --> tests/crypto_tests.rs:56:9
[INFO] [stdout]    |
[INFO] [stdout] 56 |     use super::*;
[INFO] [stdout]    |         ^^^^^^^^
[INFO] [stdout]    |
[INFO] [stdout]    = note: `#[warn(unused_imports)]` (part of `#[warn(unused)]`) on by default
[INFO] [stdout] 
[INFO] [stdout] 
[INFO] [stdout] warning: unused import: `super::*`
[INFO] [stdout]    --> tests/crypto_tests.rs:115:9
[INFO] [stdout]     |
[INFO] [stdout] 115 |     use super::*;
[INFO] [stdout]     |         ^^^^^^^^
[INFO] [stdout] 
[INFO] [stdout] 
[INFO] [stdout] error[E0425]: cannot find function `random_scalar` in this scope
[INFO] [stdout]  --> tests/crypto_tests.rs:8:19
[INFO] [stdout]   |
[INFO] [stdout] 8 |     let scalar1 = random_scalar();
[INFO] [stdout]   |                   ^^^^^^^^^^^^^ not found in this scope
[INFO] [stdout] 
[INFO] [stdout] 
[INFO] [stdout] error[E0425]: cannot find function `random_scalar` in this scope
[INFO] [stdout]  --> tests/crypto_tests.rs:9:19
[INFO] [stdout]   |
[INFO] [stdout] 9 |     let scalar2 = random_scalar();
[INFO] [stdout]   |                   ^^^^^^^^^^^^^ not found in this scope
[INFO] [stdout] 
[INFO] [stdout] 
[INFO] [stdout] error[E0425]: cannot find function `random_scalar` in this scope
[INFO] [stdout]   --> tests/crypto_tests.rs:10:19
[INFO] [stdout]    |
[INFO] [stdout] 10 |     let scalar3 = random_scalar();
[INFO] [stdout]    |                   ^^^^^^^^^^^^^ not found in this scope
[INFO] [stdout] 
[INFO] [stdout] 
[INFO] [stdout] error[E0433]: cannot find type `VerifiableSecretSharing` in this scope
[INFO] [stdout]    --> tests/crypto_tests.rs:102:19
[INFO] [stdout]     |
[INFO] [stdout] 102 |         let vss = VerifiableSecretSharing::new(3, 5).unwrap();
[INFO] [stdout]     |                   ^^^^^^^^^^^^^^^^^^^^^^^ use of undeclared type `VerifiableSecretSharing`
[INFO] [stdout] 
[INFO] [stdout] 
[INFO] [stdout] error[E0433]: cannot find type `DkgProtocol` in this scope
[INFO] [stdout]    --> tests/crypto_tests.rs:120:19
[INFO] [stdout]     |
[INFO] [stdout] 120 |         let dkg = DkgProtocol::new(1, 3, 5).unwrap();
[INFO] [stdout]     |                   ^^^^^^^^^^^ use of undeclared type `DkgProtocol`
[INFO] [stdout] 
[INFO] [stdout] 
[INFO] [stdout] error[E0433]: cannot find type `DkgProtocol` in this scope
[INFO] [stdout]    --> tests/crypto_tests.rs:129:22
[INFO] [stdout]     |
[INFO] [stdout] 129 |         let result = DkgProtocol::new(1, 6, 5);
[INFO] [stdout]     |                      ^^^^^^^^^^^ use of undeclared type `DkgProtocol`
[INFO] [stdout] 
[INFO] [stdout] 
[INFO] [stdout] error[E0433]: cannot find type `DkgProtocol` in this scope
[INFO] [stdout]    --> tests/crypto_tests.rs:133:22
[INFO] [stdout]     |
[INFO] [stdout] 133 |         let result = DkgProtocol::new(1, 0, 5);
[INFO] [stdout]     |                      ^^^^^^^^^^^ use of undeclared type `DkgProtocol`
[INFO] [stdout] 
[INFO] [stdout] 
[INFO] [stdout] error[E0433]: cannot find type `DkgProtocol` in this scope
[INFO] [stdout]    --> tests/crypto_tests.rs:139:23
[INFO] [stdout]     |
[INFO] [stdout] 139 |         let mut dkg = DkgProtocol::new(1, 2, 3).unwrap();
[INFO] [stdout]     |                       ^^^^^^^^^^^ use of undeclared type `DkgProtocol`
[INFO] [stdout] 
[INFO] [stdout] 
[INFO] [stdout] error[E0425]: cannot find function `random_scalar` in this scope
[INFO] [stdout]    --> tests/crypto_tests.rs:159:22
[INFO] [stdout]     |
[INFO] [stdout] 159 |         let secret = random_scalar();
[INFO] [stdout]     |                      ^^^^^^^^^^^^^ not found in this scope
[INFO] [stdout] 
[INFO] [stdout] 
[INFO] [stdout] error[E0433]: cannot find type `ThresholdSignature` in this scope
[INFO] [stdout]    --> tests/crypto_tests.rs:162:26
[INFO] [stdout]     |
[INFO] [stdout] 162 |         let mut signer = ThresholdSignature::new(2, 1, secret, public_key, HashMap::new());
[INFO] [stdout]     |                          ^^^^^^^^^^^^^^^^^^ use of undeclared type `ThresholdSignature`
[INFO] [stdout] 
[INFO] [stdout] 
[INFO] [stdout] error[E0425]: cannot find function `random_scalar` in this scope
[INFO] [stdout]    --> tests/crypto_tests.rs:185:22
[INFO] [stdout]     |
[INFO] [stdout] 185 |         let secret = random_scalar();
[INFO] [stdout]     |                      ^^^^^^^^^^^^^ not found in this scope
[INFO] [stdout] 
[INFO] [stdout] 
[INFO] [stdout] error[E0433]: cannot find type `SchnorrProof` in this scope
[INFO] [stdout]    --> tests/crypto_tests.rs:189:21
[INFO] [stdout]     |
[INFO] [stdout] 189 |         let proof = SchnorrProof::prove(&secret);
[INFO] [stdout]     |                     ^^^^^^^^^^^^ use of undeclared type `SchnorrProof`
[INFO] [stdout] 
[INFO] [stdout] 
[INFO] [stdout] error[E0425]: cannot find function `random_scalar` in this scope
[INFO] [stdout]    --> tests/crypto_tests.rs:195:28
[INFO] [stdout]     |
[INFO] [stdout] 195 |         let wrong_secret = random_scalar();
[INFO] [stdout]     |                            ^^^^^^^^^^^^^ not found in this scope
[INFO] [stdout] 
[INFO] [stdout] 
[INFO] [stdout] error[E0425]: cannot find function `random_scalar` in this scope
[INFO] [stdout]    --> tests/crypto_tests.rs:203:23
[INFO] [stdout]     |
[INFO] [stdout] 203 |         let secret1 = random_scalar();
[INFO] [stdout]     |                       ^^^^^^^^^^^^^ not found in this scope
[INFO] [stdout] 
[INFO] [stdout] 
[INFO] [stdout] error[E0425]: cannot find function `random_scalar` in this scope
[INFO] [stdout]    --> tests/crypto_tests.rs:204:23
[INFO] [stdout]     |
[INFO] [stdout] 204 |         let secret2 = random_scalar();
[INFO] [stdout]     |                       ^^^^^^^^^^^^^ not found in this scope
[INFO] [stdout] 
[INFO] [stdout] 
[INFO] [stdout] error[E0433]: cannot find type `SchnorrProof` in this scope
[INFO] [stdout]    --> tests/crypto_tests.rs:208:22
[INFO] [stdout]     |
[INFO] [stdout] 208 |         let proof1 = SchnorrProof::prove(&secret1);
[INFO] [stdout]     |                      ^^^^^^^^^^^^ use of undeclared type `SchnorrProof`
[INFO] [stdout] 
[INFO] [stdout] 
[INFO] [stdout] error[E0433]: cannot find type `RangeProof` in this scope
[INFO] [stdout]    --> tests/crypto_tests.rs:226:25
[INFO] [stdout]     |
[INFO] [stdout] 226 |             let proof = RangeProof::prove(value, bits).unwrap();
[INFO] [stdout]     |                         ^^^^^^^^^^ use of undeclared type `RangeProof`
[INFO] [stdout] 
[INFO] [stdout] 
[INFO] [stdout] error[E0433]: cannot find type `RangeProof` in this scope
[INFO] [stdout]    --> tests/crypto_tests.rs:241:26
[INFO] [stdout]     |
[INFO] [stdout] 241 |             let result = RangeProof::prove(value, bits);
[INFO] [stdout]     |                          ^^^^^^^^^^ use of undeclared type `RangeProof`
[INFO] [stdout] 
[INFO] [stdout] 
[INFO] [stdout] error[E0425]: cannot find function `random_scalar` in this scope
[INFO] [stdout]    --> tests/crypto_tests.rs:250:33
[INFO] [stdout]     |
[INFO] [stdout] 250 |         let coefficients = vec![random_scalar(), random_scalar(), random_scalar()];
[INFO] [stdout]     |                                 ^^^^^^^^^^^^^ not found in this scope
[INFO] [stdout] 
[INFO] [stdout] 
[INFO] [stdout] error[E0425]: cannot find function `random_scalar` in this scope
[INFO] [stdout]    --> tests/crypto_tests.rs:250:50
[INFO] [stdout]     |
[INFO] [stdout] 250 |         let coefficients = vec![random_scalar(), random_scalar(), random_scalar()];
[INFO] [stdout]     |                                                  ^^^^^^^^^^^^^ not found in this scope
[INFO] [stdout] 
[INFO] [stdout] 
[INFO] [stdout] error[E0425]: cannot find function `random_scalar` in this scope
[INFO] [stdout]    --> tests/crypto_tests.rs:250:67
[INFO] [stdout]     |
[INFO] [stdout] 250 |         let coefficients = vec![random_scalar(), random_scalar(), random_scalar()];
[INFO] [stdout]     |                                                                   ^^^^^^^^^^^^^ not found in this scope
[INFO] [stdout] 
[INFO] [stdout] 
[INFO] [stdout] error[E0433]: cannot find type `ShareGenerationProof` in this scope
[INFO] [stdout]    --> tests/crypto_tests.rs:267:21
[INFO] [stdout]     |
[INFO] [stdout] 267 |         let proof = ShareGenerationProof::prove(&coefficients, &shares).unwrap();
[INFO] [stdout]     |                     ^^^^^^^^^^^^^^^^^^^^ use of undeclared type `ShareGenerationProof`
[INFO] [stdout] 
[INFO] [stdout] 
[INFO] [stdout] error[E0433]: cannot find type `MpcParticipant` in this scope
[INFO] [stdout]    --> tests/crypto_tests.rs:280:27
[INFO] [stdout]     |
[INFO] [stdout] 280 |     let mut participant = MpcParticipant::new(1, 2, 3).unwrap();
[INFO] [stdout]     |                           ^^^^^^^^^^^^^^ use of undeclared type `MpcParticipant`
[INFO] [stdout] 
[INFO] [stdout] 
[INFO] [stdout] Some errors have detailed explanations: E0425, E0432, E0433.
[INFO] [stdout] 
[INFO] [stdout] For more information about an error, try `rustc --explain E0425`.
[INFO] [stdout] 
[INFO] [stderr] error: could not compile `multi-party-computation` (test "crypto_tests") due to 39 previous errors; 2 warnings emitted
[INFO] [stdout] warning: field `kms_client` is never read
[INFO] [stdout]  --> src/storage/aws.rs:9:5
[INFO] [stdout]   |
[INFO] [stdout] 7 | pub struct AwsStorage {
[INFO] [stdout]   |            ---------- field in this struct
[INFO] [stdout] 8 |     s3_client: Arc<Client>,
[INFO] [stdout] 9 |     kms_client: Arc<KmsClient>,
[INFO] [stdout]   |     ^^^^^^^^^^
[INFO] [stdout]   |
[INFO] [stdout]   = note: `#[warn(dead_code)]` (part of `#[warn(unused)]`) on by default
[INFO] [stdout] 
[INFO] [stdout] 
[INFO] [stdout] warning: field `env` is never read
[INFO] [stdout]  --> src/storage/cloudflare.rs:9:5
[INFO] [stdout]   |
[INFO] [stdout] 6 | pub struct CloudflareStorage<'a> {
[INFO] [stdout]   |            ----------------- field in this struct
[INFO] [stdout] ...
[INFO] [stdout] 9 |     env: &'a Env,
[INFO] [stdout]   |     ^^^
[INFO] [stdout] 
[INFO] [stdout] 
[INFO] [stdout] warning: field `kms_client` is never read
[INFO] [stdout]  --> src/storage/aws.rs:9:5
[INFO] [stdout]   |
[INFO] [stdout] 7 | pub struct AwsStorage {
[INFO] [stdout]   |            ---------- field in this struct
[INFO] [stdout] 8 |     s3_client: Arc<Client>,
[INFO] [stdout] 9 |     kms_client: Arc<KmsClient>,
[INFO] [stdout]   |     ^^^^^^^^^^
[INFO] [stdout]   |
[INFO] [stdout]   = note: `#[warn(dead_code)]` (part of `#[warn(unused)]`) on by default
[INFO] [stdout] 
[INFO] [stdout] 
[INFO] [stdout] warning: field `env` is never read
[INFO] [stdout]  --> src/storage/cloudflare.rs:9:5
[INFO] [stdout]   |
[INFO] [stdout] 6 | pub struct CloudflareStorage<'a> {
[INFO] [stdout]   |            ----------------- field in this struct
[INFO] [stdout] ...
[INFO] [stdout] 9 |     env: &'a Env,
[INFO] [stdout]   |     ^^^
[INFO] [stdout] 
[INFO] [stdout] 
[INFO] [stderr] warning: unused dependency `bincode`
[INFO] [stderr]   --> Cargo.toml:10:1
[INFO] [stderr]    |
[INFO] [stderr] 10 | bincode = "1.3"
[INFO] [stderr]    | ^^^^^^^^^^^^^^^
[INFO] [stderr]    |
[INFO] [stderr]    = note: `cargo::unused_dependencies` is set to `warn` by default
[INFO] [stderr] help: consider removing the dependency on `bincode`
[INFO] [stderr] warning: unused dependency `blake3`
[INFO] [stderr]   --> Cargo.toml:11:1
[INFO] [stderr]    |
[INFO] [stderr] 11 | blake3 = "1.5"
[INFO] [stderr]    | ^^^^^^^^^^^^^^
[INFO] [stderr]    |
[INFO] [stderr] help: consider removing the dependency on `blake3`
[INFO] [stderr] warning: unused dependency `borsh`
[INFO] [stderr]   --> Cargo.toml:12:1
[INFO] [stderr]    |
[INFO] [stderr] 12 | borsh = "0.10"
[INFO] [stderr]    | ^^^^^^^^^^^^^^
[INFO] [stderr]    |
[INFO] [stderr] help: consider removing the dependency on `borsh`
[INFO] [stderr] warning: unused dependency `console_error_panic_hook`
[INFO] [stderr]   --> Cargo.toml:47:15
[INFO] [stderr]    |
[INFO] [stderr] 47 | [dependencies.console_error_panic_hook]
[INFO] [stderr]    |               ^^^^^^^^^^^^^^^^^^^^^^^^^
[INFO] [stderr]    |
[INFO] [stderr] help: consider removing the dependency on `console_error_panic_hook`
[INFO] [stderr] warning: unused dependency `group`
[INFO] [stderr]   --> Cargo.toml:18:1
[INFO] [stderr]    |
[INFO] [stderr] 18 | group = "0.13"
[INFO] [stderr]    | ^^^^^^^^^^^^^^
[INFO] [stderr]    |
[INFO] [stderr] help: consider removing the dependency on `group`
[INFO] [stderr] warning: unused dependency `scrypt`
[INFO] [stderr]   --> Cargo.toml:27:1
[INFO] [stderr]    |
[INFO] [stderr] 27 | scrypt = "0.11"
[INFO] [stderr]    | ^^^^^^^^^^^^^^^
[INFO] [stderr]    |
[INFO] [stderr] help: consider removing the dependency on `scrypt`
[INFO] [stderr] warning: unused dependency `tower-http`
[INFO] [stderr]   --> Cargo.toml:87:15
[INFO] [stderr]    |
[INFO] [stderr] 87 | [dependencies.tower-http]
[INFO] [stderr]    |               ^^^^^^^^^^^
[INFO] [stderr]    |
[INFO] [stderr] help: consider removing the dependency on `tower-http`
[INFO] [stderr] warning: unused dependency `tracing-appender`
[INFO] [stderr]   --> Cargo.toml:36:1
[INFO] [stderr]    |
[INFO] [stderr] 36 | tracing-appender = "0.2"
[INFO] [stderr]    | ^^^^^^^^^^^^^^^^^^^^^^^^
[INFO] [stderr]    |
[INFO] [stderr] help: consider removing the dependency on `tracing-appender`
[INFO] [stderr] warning: `multi-party-computation` (manifest) generated 8 warnings
[INFO] running `Command { std: "docker" "inspect" "dfbbd82bb7bd701c9edefc61506bd459f0ca07d74d54855f62b481e9b2dbee70", kill_on_drop: false }`
[INFO] running `Command { std: "docker" "rm" "-f" "dfbbd82bb7bd701c9edefc61506bd459f0ca07d74d54855f62b481e9b2dbee70", kill_on_drop: false }`
[INFO] [stdout] dfbbd82bb7bd701c9edefc61506bd459f0ca07d74d54855f62b481e9b2dbee70
