[INFO] cloning repository https://github.com/JayanAXHF/portside
[INFO] running `Command { std: "git" "-c" "credential.helper=" "-c" "credential.helper=/workspace/cargo-home/bin/git-credential-null" "clone" "--bare" "https://github.com/JayanAXHF/portside" "/workspace/cache/git-repos/https%3A%2F%2Fgithub.com%2FJayanAXHF%2Fportside", kill_on_drop: false }`
[INFO] [stderr] Cloning into bare repository '/workspace/cache/git-repos/https%3A%2F%2Fgithub.com%2FJayanAXHF%2Fportside'...
[INFO] running `Command { std: "git" "rev-parse" "HEAD", kill_on_drop: false }`
[INFO] [stdout] b65d11d4433b090420f76507c8f92255d930f1e5
[INFO] checking JayanAXHF/portside against 8773d2c75a8e90130dcce745a7ec4e66bb9963db+rustflags=-Aunfulfilled-lint-expectations for pr-163637
[INFO] running `Command { std: "git" "clone" "/workspace/cache/git-repos/https%3A%2F%2Fgithub.com%2FJayanAXHF%2Fportside" "/workspace/builds/worker-0-tc2/source", kill_on_drop: false }`
[INFO] [stderr] Cloning into '/workspace/builds/worker-0-tc2/source'...
[INFO] [stderr] done.
[INFO] started tweaking git repo https://github.com/JayanAXHF/portside
[INFO] finished tweaking git repo https://github.com/JayanAXHF/portside
[INFO] tweaked toml for git repo https://github.com/JayanAXHF/portside written to /workspace/builds/worker-0-tc2/source/Cargo.toml
[INFO] validating manifest of git repo https://github.com/JayanAXHF/portside on toolchain 8773d2c75a8e90130dcce745a7ec4e66bb9963db
[INFO] running `Command { std: CARGO_HOME="/workspace/cargo-home" RUSTUP_HOME="/workspace/rustup-home" "/workspace/cargo-home/bin/cargo" "+8773d2c75a8e90130dcce745a7ec4e66bb9963db" "metadata" "--manifest-path" "Cargo.toml" "--no-deps", kill_on_drop: false }`
[INFO] crate git repo https://github.com/JayanAXHF/portside already has a lockfile, it will not be regenerated
[INFO] running `Command { std: CARGO_HOME="/workspace/cargo-home" RUSTUP_HOME="/workspace/rustup-home" "/workspace/cargo-home/bin/cargo" "+8773d2c75a8e90130dcce745a7ec4e66bb9963db" "fetch" "--manifest-path" "Cargo.toml", kill_on_drop: false }`
[INFO] [stderr] warning: `package.homepage` is redundant with `package.repository`
[INFO] [stderr]   --> Cargo.toml:42:12
[INFO] [stderr]    |
[INFO] [stderr] 42 | homepage = "https://github.com/jayanaxhf/portside"
[INFO] [stderr]    |            ^^^^^^^^^^^^^^^^^^^^^^^^^^^^^^^^^^^^^^^
[INFO] [stderr] ...
[INFO] [stderr] 47 | repository = "https://github.com/jayanaxhf/portside"
[INFO] [stderr]    |              ---------------------------------------
[INFO] [stderr]    |
[INFO] [stderr]    = note: `cargo::redundant_homepage` is set to `warn` by default
[INFO] [stderr] help: consider removing `package.homepage`
[INFO] [stderr] warning: `portside-tui` (manifest) generated 1 warning
[INFO] [stderr]     Blocking waiting for file lock on package cache
[INFO] [stderr]     Updating crates.io index
[INFO] [stderr]     Blocking waiting for file lock on package cache
[ERROR] error running command: no output for 300 seconds
[INFO] checking JayanAXHF/portside against 8773d2c75a8e90130dcce745a7ec4e66bb9963db+rustflags=-Aunfulfilled-lint-expectations for pr-163637
[INFO] running `Command { std: "git" "clone" "/workspace/cache/git-repos/https%3A%2F%2Fgithub.com%2FJayanAXHF%2Fportside" "/workspace/builds/worker-0-tc2/source", kill_on_drop: false }`
[INFO] [stderr] Cloning into '/workspace/builds/worker-0-tc2/source'...
[INFO] [stderr] done.
[INFO] started tweaking git repo https://github.com/JayanAXHF/portside
[INFO] finished tweaking git repo https://github.com/JayanAXHF/portside
[INFO] tweaked toml for git repo https://github.com/JayanAXHF/portside written to /workspace/builds/worker-0-tc2/source/Cargo.toml
[INFO] validating manifest of git repo https://github.com/JayanAXHF/portside on toolchain 8773d2c75a8e90130dcce745a7ec4e66bb9963db
[INFO] running `Command { std: CARGO_HOME="/workspace/cargo-home" RUSTUP_HOME="/workspace/rustup-home" "/workspace/cargo-home/bin/cargo" "+8773d2c75a8e90130dcce745a7ec4e66bb9963db" "metadata" "--manifest-path" "Cargo.toml" "--no-deps", kill_on_drop: false }`
[INFO] crate git repo https://github.com/JayanAXHF/portside already has a lockfile, it will not be regenerated
[INFO] running `Command { std: CARGO_HOME="/workspace/cargo-home" RUSTUP_HOME="/workspace/rustup-home" "/workspace/cargo-home/bin/cargo" "+8773d2c75a8e90130dcce745a7ec4e66bb9963db" "fetch" "--manifest-path" "Cargo.toml", kill_on_drop: false }`
[INFO] [stderr] warning: `package.homepage` is redundant with `package.repository`
[INFO] [stderr]   --> Cargo.toml:42:12
[INFO] [stderr]    |
[INFO] [stderr] 42 | homepage = "https://github.com/jayanaxhf/portside"
[INFO] [stderr]    |            ^^^^^^^^^^^^^^^^^^^^^^^^^^^^^^^^^^^^^^^
[INFO] [stderr] ...
[INFO] [stderr] 47 | repository = "https://github.com/jayanaxhf/portside"
[INFO] [stderr]    |              ---------------------------------------
[INFO] [stderr]    |
[INFO] [stderr]    = note: `cargo::redundant_homepage` is set to `warn` by default
[INFO] [stderr] help: consider removing `package.homepage`
[INFO] [stderr] warning: `portside-tui` (manifest) generated 1 warning
[INFO] [stderr]     Blocking waiting for file lock on package cache
[INFO] [stderr]     Blocking waiting for file lock on package cache
[INFO] [stderr]  Downloading crates ...
[INFO] [stderr]   Downloaded tui-scrollview v0.6.7
[INFO] [stderr]   Downloaded zvariant v5.14.0
[INFO] [stderr]   Downloaded zvariant_utils v4.0.0
[INFO] [stderr]   Downloaded zvariant_derive v5.14.0
[INFO] [stderr]   Downloaded smawk v0.3.3
[INFO] [stderr]   Downloaded ratatui-toaster v0.1.4
[INFO] [stderr]   Downloaded termion v4.0.6
[INFO] [stderr]   Downloaded ratatui-termion v0.1.2
[INFO] [stderr]   Downloaded ratatui-textarea v0.9.2
[INFO] [stderr]   Downloaded speedate v0.17.0
[INFO] [stderr]   Downloaded media-remote v0.5.2
[INFO] [stderr]   Downloaded dispatch2 v0.2.0
[INFO] [stderr]   Downloaded libredox v0.1.19
[INFO] [stderr]   Downloaded discord-rich-presence v1.1.0
[INFO] running `Command { std: "docker" "create" "-v" "/var/lib/crater-agent-workspace/builds/worker-0-tc2/source:/opt/rustwide/workdir:ro,Z" "-v" "/var/lib/crater-agent-workspace/builds/worker-0-tc2/target:/opt/rustwide/target:rw,Z" "-v" "/var/lib/crater-agent-workspace/cargo-home:/opt/rustwide/cargo-home:ro,Z" "-v" "/var/lib/crater-agent-workspace/rustup-home:/opt/rustwide/rustup-home:ro,Z" "-m" "1610612736" "--network" "none" "ghcr.io/rust-lang/crates-build-env/linux@sha256:77db811e55d90add9212f6832c23229e3de5f1c1f9905e8cb07319ea15df73ac" "sleep" "infinity", kill_on_drop: false }`
[INFO] [stdout] fe435d385c7e99f6d3f5ae9f297194a2fb5d5b9be45165f473ce947cbe0d2c19
[INFO] running `Command { std: "docker" "start" "fe435d385c7e99f6d3f5ae9f297194a2fb5d5b9be45165f473ce947cbe0d2c19", kill_on_drop: false }`
[INFO] running `Command { std: "docker" "inspect" "fe435d385c7e99f6d3f5ae9f297194a2fb5d5b9be45165f473ce947cbe0d2c19", kill_on_drop: false }`
[INFO] running `Command { std: "docker" "exec" "-e" "SOURCE_DIR=/opt/rustwide/workdir" "-e" "CARGO_HOME=/opt/rustwide/cargo-home" "-e" "RUSTUP_HOME=/opt/rustwide/rustup-home" "-e" "CARGO_TARGET_DIR=/opt/rustwide/target" "-w" "/opt/rustwide/workdir" "--user" "0:0" "fe435d385c7e99f6d3f5ae9f297194a2fb5d5b9be45165f473ce947cbe0d2c19" "/opt/rustwide/cargo-home/bin/cargo" "+8773d2c75a8e90130dcce745a7ec4e66bb9963db" "metadata" "--no-deps" "--format-version=1", kill_on_drop: false }`
[INFO] running `Command { std: "docker" "inspect" "fe435d385c7e99f6d3f5ae9f297194a2fb5d5b9be45165f473ce947cbe0d2c19", kill_on_drop: false }`
[INFO] running `Command { std: "docker" "exec" "-e" "SOURCE_DIR=/opt/rustwide/workdir" "-e" "CARGO_HOME=/opt/rustwide/cargo-home" "-e" "RUSTUP_HOME=/opt/rustwide/rustup-home" "-e" "CARGO_TARGET_DIR=/opt/rustwide/target" "-e" "CARGO_INCREMENTAL=0" "-e" "RUST_BACKTRACE=full" "-e" "RUSTFLAGS=--cap-lints=forbid -Aunfulfilled-lint-expectations" "-e" "RUSTDOCFLAGS=--cap-lints=forbid" "-w" "/opt/rustwide/workdir" "--user" "0:0" "fe435d385c7e99f6d3f5ae9f297194a2fb5d5b9be45165f473ce947cbe0d2c19" "/opt/rustwide/cargo-home/bin/cargo" "+8773d2c75a8e90130dcce745a7ec4e66bb9963db" "check" "--frozen" "--all" "--all-targets" "--message-format=json", kill_on_drop: false }`
[INFO] [stderr] warning: `package.homepage` is redundant with `package.repository`
[INFO] [stderr]   --> Cargo.toml:42:12
[INFO] [stderr]    |
[INFO] [stderr] 42 | homepage = "https://github.com/jayanaxhf/portside"
[INFO] [stderr]    |            ^^^^^^^^^^^^^^^^^^^^^^^^^^^^^^^^^^^^^^^
[INFO] [stderr] ...
[INFO] [stderr] 47 | repository = "https://github.com/jayanaxhf/portside"
[INFO] [stderr]    |              ---------------------------------------
[INFO] [stderr]    |
[INFO] [stderr]    = note: `cargo::redundant_homepage` is set to `warn` by default
[INFO] [stderr] help: consider removing `package.homepage`
[INFO] [stderr] warning: `portside-tui` (manifest) generated 1 warning
[INFO] [stderr]    Compiling proc-macro2 v1.0.107
[INFO] [stderr]    Compiling serde_core v1.0.229
[INFO] [stderr]    Compiling serde v1.0.229
[INFO] [stderr]    Compiling thiserror v2.0.19
[INFO] [stderr]    Compiling quote v1.0.47
[INFO] [stderr]     Checking hashbrown v0.17.1
[INFO] [stderr]    Compiling rustix v1.1.4
[INFO] [stderr]     Checking either v1.17.0
[INFO] [stderr]    Compiling winnow v1.0.4
[INFO] [stderr]     Checking linux-raw-sys v0.12.1
[INFO] [stderr]     Checking futures-core v0.3.33
[INFO] [stderr]    Compiling crossbeam-utils v0.8.22
[INFO] [stderr]    Compiling toml_datetime v1.1.1+spec-1.1.0
[INFO] [stderr]     Checking fastrand v2.5.0
[INFO] [stderr]    Compiling num-conv v0.2.2
[INFO] [stderr]     Checking futures-io v0.3.33
[INFO] [stderr]    Compiling time-core v0.1.9
[INFO] [stderr]     Checking log v0.4.33
[INFO] [stderr]     Checking event-listener v5.4.2
[INFO] [stderr]    Compiling unicode-segmentation v1.13.3
[INFO] [stderr]     Checking futures-lite v2.6.1
[INFO] [stderr]    Compiling autocfg v1.5.1
[INFO] [stderr]     Checking itertools v0.14.0
[INFO] [stderr]     Checking event-listener-strategy v0.5.4
[INFO] [stderr]    Compiling syn v3.0.3
[INFO] [stderr]    Compiling syn v2.0.119
[INFO] [stderr]     Checking lru v0.18.2
[INFO] [stderr]    Compiling time-macros v0.2.32
[INFO] [stderr]     Checking concurrent-queue v2.5.0
[INFO] [stderr]    Compiling convert_case v0.10.0
[INFO] [stderr]     Checking signal-hook v0.3.18
[INFO] [stderr]     Checking parking_lot_core v0.9.12
[INFO] [stderr]     Checking mio v1.2.2
[INFO] [stderr]    Compiling litrs v1.0.0
[INFO] [stderr]    Compiling async-io v2.6.0
[INFO] [stderr]     Checking parking_lot v0.12.5
[INFO] [stderr]    Compiling indexmap v2.14.0
[INFO] [stderr]    Compiling endi v1.1.1
[INFO] [stderr]    Compiling cc v1.4.0
[INFO] [stderr]     Checking async-channel v2.5.0
[INFO] [stderr]     Checking signal-hook-mio v0.2.5
[INFO] [stderr]     Checking piper v0.2.5
[INFO] [stderr]    Compiling document-features v0.2.12
[INFO] [stderr]     Checking async-lock v3.4.2
[INFO] [stderr]     Checking async-broadcast v0.7.2
[INFO] [stderr]     Checking ordered-stream v0.2.0
[INFO] [stderr]     Checking getrandom v0.2.17
[INFO] [stderr]     Checking unicode-linebreak v0.1.5
[INFO] [stderr]     Checking smawk v0.3.3
[INFO] [stderr]     Checking async-executor v1.14.0
[INFO] [stderr]     Checking blocking v1.6.2
[INFO] [stderr]     Checking dirs-sys v0.5.0
[INFO] [stderr]     Checking uuid v0.8.2
[INFO] [stderr]     Checking hashlink v0.12.1
[INFO] [stderr]     Checking itertools v0.15.0
[INFO] [stderr]     Checking font8x8 v0.3.1
[INFO] [stderr]     Checking textwrap v0.16.2
[INFO] [stderr]     Checking directories v6.0.0
[INFO] [stderr]     Checking unicode-truncate v2.0.1
[INFO] [stderr]     Checking time v0.3.55
[INFO] [stderr]     Checking bitflags v2.13.1
[INFO] [stderr]     Checking uuid v1.24.0
[INFO] [stderr]     Checking serde_json v1.0.151
[INFO] [stderr]    Compiling toml_parser v1.1.3+spec-1.1.0
[INFO] [stderr]     Checking line-clipping v0.3.8
[INFO] [stderr]    Compiling libsqlite3-sys v0.38.1
[INFO] [stderr]    Compiling toml_edit v0.25.13+spec-1.1.0
[INFO] [stderr]    Compiling proc-macro-crate v3.5.0
[INFO] [stderr]    Compiling darling_core v0.20.11
[INFO] [stderr]    Compiling strum_macros v0.28.0
[INFO] [stderr]    Compiling enumflags2_derive v0.7.12
[INFO] [stderr]    Compiling derive_more-impl v2.1.1
[INFO] [stderr]    Compiling tracing-attributes v0.1.31
[INFO] [stderr]    Compiling async-recursion v1.1.1
[INFO] [stderr]    Compiling darling_core v0.24.0
[INFO] [stderr]     Checking derive_more v2.1.1
[INFO] [stderr]    Compiling serde_derive v1.0.229
[INFO] [stderr]    Compiling thiserror-impl v2.0.19
[INFO] [stderr]    Compiling serde_repr v0.1.21
[INFO] [stderr]    Compiling async-trait v0.1.91
[INFO] [stderr]    Compiling clap_derive v4.6.4
[INFO] [stderr]     Checking tracing v0.1.44
[INFO] [stderr]     Checking kasuari v0.4.12
[INFO] [stderr]     Checking strum v0.28.0
[INFO] [stderr]    Compiling darling_macro v0.20.11
[INFO] [stderr]    Compiling darling v0.20.11
[INFO] [stderr]    Compiling derive_builder_core v0.20.2
[INFO] [stderr]     Checking polling v3.11.0
[INFO] [stderr]    Compiling darling_macro v0.24.0
[INFO] [stderr]     Checking clap v4.6.6
[INFO] [stderr]    Compiling darling v0.24.0
[INFO] [stderr]    Compiling instability v0.3.13
[INFO] [stderr]     Checking async-signal v0.2.14
[INFO] [stderr]     Checking async-process v2.5.0
[INFO] [stderr]    Compiling derive_builder_macro v0.20.2
[INFO] [stderr]     Checking derive_builder v0.20.2
[INFO] [stderr]     Checking compact_str v0.9.1
[INFO] [stderr]     Checking zcheapstr v1.1.0
[INFO] [stderr]     Checking crossterm v0.29.0
[INFO] [stderr]     Checking enumflags2 v0.7.12
[INFO] [stderr]     Checking zvariant_utils v4.0.0
[INFO] [stderr]     Checking toml_datetime v0.6.11
[INFO] [stderr]     Checking serde_spanned v0.6.9
[INFO] [stderr]     Checking discord-rich-presence v1.1.0
[INFO] [stderr]     Checking toml_edit v0.22.27
[INFO] [stderr]     Checking ratatui-core v0.1.2
[INFO] [stderr]    Compiling zvariant_derive v5.14.0
[INFO] [stderr]    Compiling zvariant v5.14.0
[INFO] [stderr]     Checking ratatui-widgets v0.3.2
[INFO] [stderr]     Checking ratatui-crossterm v0.1.2
[INFO] [stderr]     Checking toml v0.8.23
[INFO] [stderr]     Checking ratatui-macros v0.7.2
[INFO] [stderr]     Checking tui-scrollview v0.6.7
[INFO] [stderr]     Checking ratatui-textarea v0.9.2
[INFO] [stderr]     Checking tui-big-text v0.8.8
[INFO] [stderr]     Checking ratatui v0.30.2
[INFO] [stderr]     Checking ratatui-toaster v0.1.4
[INFO] [stderr]     Checking zbus_names v4.3.4
[INFO] [stderr]     Checking rusqlite v0.40.1
[INFO] [stderr]    Compiling zbus_macros v5.19.0
[INFO] [stderr]     Checking zbus v5.19.0
[INFO] [stderr]     Checking notify-rust v4.18.0
[INFO] [stderr]     Checking portside-tui v0.6.4 (/opt/rustwide/workdir)
[INFO] [stdout] error[E0061]: this method takes 3 arguments but 1 argument was supplied
[INFO] [stdout]     --> src/app.rs:1074:13
[INFO] [stdout]      |
[INFO] [stdout] 1074 |         app.start_session("old-topic".to_string()).unwrap();
[INFO] [stdout]      |             ^^^^^^^^^^^^^------------------------- two arguments of type `std::option::Option<std::string::String>` and `std::option::Option<std::string::String>` are missing
[INFO] [stdout]      |
[INFO] [stdout] note: method defined here
[INFO] [stdout]     --> src/app.rs:580:8
[INFO] [stdout]      |
[INFO] [stdout]  580 |     fn start_session(&mut self, topic: String, link_exam: Option<String>, link_path: Option<String>) -> Result<String> {
[INFO] [stdout]      |        ^^^^^^^^^^^^^                           -------------------------  -------------------------
[INFO] [stdout] help: provide the arguments
[INFO] [stdout]      |
[INFO] [stdout] 1074 |         app.start_session("old-topic".to_string(), /* Option<String> */, /* Option<String> */).unwrap();
[INFO] [stdout]      |                                                  ++++++++++++++++++++++++++++++++++++++++++++
[INFO] [stdout] 
[INFO] [stdout] 
[INFO] [stdout] error[E0061]: this method takes 3 arguments but 1 argument was supplied
[INFO] [stdout]     --> src/app.rs:1173:13
[INFO] [stdout]      |
[INFO] [stdout] 1173 |         app.start_session("live-topic".to_string()).unwrap();
[INFO] [stdout]      |             ^^^^^^^^^^^^^-------------------------- two arguments of type `std::option::Option<std::string::String>` and `std::option::Option<std::string::String>` are missing
[INFO] [stdout]      |
[INFO] [stdout] note: method defined here
[INFO] [stdout]     --> src/app.rs:580:8
[INFO] [stdout]      |
[INFO] [stdout]  580 |     fn start_session(&mut self, topic: String, link_exam: Option<String>, link_path: Option<String>) -> Result<String> {
[INFO] [stdout]      |        ^^^^^^^^^^^^^                           -------------------------  -------------------------
[INFO] [stdout] help: provide the arguments
[INFO] [stdout]      |
[INFO] [stdout] 1173 |         app.start_session("live-topic".to_string(), /* Option<String> */, /* Option<String> */).unwrap();
[INFO] [stdout]      |                                                   ++++++++++++++++++++++++++++++++++++++++++++
[INFO] [stdout] 
[INFO] [stdout] 
[INFO] [stdout] error[E0061]: this method takes 3 arguments but 1 argument was supplied
[INFO] [stdout]     --> src/app.rs:1191:13
[INFO] [stdout]      |
[INFO] [stdout] 1191 |         app.start_session("live-topic".to_string()).unwrap();
[INFO] [stdout]      |             ^^^^^^^^^^^^^-------------------------- two arguments of type `std::option::Option<std::string::String>` and `std::option::Option<std::string::String>` are missing
[INFO] [stdout]      |
[INFO] [stdout] note: method defined here
[INFO] [stdout]     --> src/app.rs:580:8
[INFO] [stdout]      |
[INFO] [stdout]  580 |     fn start_session(&mut self, topic: String, link_exam: Option<String>, link_path: Option<String>) -> Result<String> {
[INFO] [stdout]      |        ^^^^^^^^^^^^^                           -------------------------  -------------------------
[INFO] [stdout] help: provide the arguments
[INFO] [stdout]      |
[INFO] [stdout] 1191 |         app.start_session("live-topic".to_string(), /* Option<String> */, /* Option<String> */).unwrap();
[INFO] [stdout]      |                                                   ++++++++++++++++++++++++++++++++++++++++++++
[INFO] [stdout] 
[INFO] [stdout] 
[INFO] [stdout] error[E0061]: this method takes 3 arguments but 1 argument was supplied
[INFO] [stdout]     --> src/app.rs:1272:13
[INFO] [stdout]      |
[INFO] [stdout] 1272 |         app.start_session("live-topic".to_string()).unwrap();
[INFO] [stdout]      |             ^^^^^^^^^^^^^-------------------------- two arguments of type `std::option::Option<std::string::String>` and `std::option::Option<std::string::String>` are missing
[INFO] [stdout]      |
[INFO] [stdout] note: method defined here
[INFO] [stdout]     --> src/app.rs:580:8
[INFO] [stdout]      |
[INFO] [stdout]  580 |     fn start_session(&mut self, topic: String, link_exam: Option<String>, link_path: Option<String>) -> Result<String> {
[INFO] [stdout]      |        ^^^^^^^^^^^^^                           -------------------------  -------------------------
[INFO] [stdout] help: provide the arguments
[INFO] [stdout]      |
[INFO] [stdout] 1272 |         app.start_session("live-topic".to_string(), /* Option<String> */, /* Option<String> */).unwrap();
[INFO] [stdout]      |                                                   ++++++++++++++++++++++++++++++++++++++++++++
[INFO] [stdout] 
[INFO] [stdout] 
[INFO] [stdout] error[E0061]: this method takes 3 arguments but 1 argument was supplied
[INFO] [stdout]     --> src/app.rs:1366:13
[INFO] [stdout]      |
[INFO] [stdout] 1366 |         app.start_session("live-topic".to_string()).unwrap();
[INFO] [stdout]      |             ^^^^^^^^^^^^^-------------------------- two arguments of type `std::option::Option<std::string::String>` and `std::option::Option<std::string::String>` are missing
[INFO] [stdout]      |
[INFO] [stdout] note: method defined here
[INFO] [stdout]     --> src/app.rs:580:8
[INFO] [stdout]      |
[INFO] [stdout]  580 |     fn start_session(&mut self, topic: String, link_exam: Option<String>, link_path: Option<String>) -> Result<String> {
[INFO] [stdout]      |        ^^^^^^^^^^^^^                           -------------------------  -------------------------
[INFO] [stdout] help: provide the arguments
[INFO] [stdout]      |
[INFO] [stdout] 1366 |         app.start_session("live-topic".to_string(), /* Option<String> */, /* Option<String> */).unwrap();
[INFO] [stdout]      |                                                   ++++++++++++++++++++++++++++++++++++++++++++
[INFO] [stdout] 
[INFO] [stdout] 
[INFO] [stdout] error[E0061]: this method takes 3 arguments but 1 argument was supplied
[INFO] [stdout]     --> src/app.rs:1417:13
[INFO] [stdout]      |
[INFO] [stdout] 1417 |         app.start_session("live-topic".to_string()).unwrap();
[INFO] [stdout]      |             ^^^^^^^^^^^^^-------------------------- two arguments of type `std::option::Option<std::string::String>` and `std::option::Option<std::string::String>` are missing
[INFO] [stdout]      |
[INFO] [stdout] note: method defined here
[INFO] [stdout]     --> src/app.rs:580:8
[INFO] [stdout]      |
[INFO] [stdout]  580 |     fn start_session(&mut self, topic: String, link_exam: Option<String>, link_path: Option<String>) -> Result<String> {
[INFO] [stdout]      |        ^^^^^^^^^^^^^                           -------------------------  -------------------------
[INFO] [stdout] help: provide the arguments
[INFO] [stdout]      |
[INFO] [stdout] 1417 |         app.start_session("live-topic".to_string(), /* Option<String> */, /* Option<String> */).unwrap();
[INFO] [stdout]      |                                                   ++++++++++++++++++++++++++++++++++++++++++++
[INFO] [stdout] 
[INFO] [stdout] 
[INFO] [stdout] error[E0061]: this method takes 3 arguments but 1 argument was supplied
[INFO] [stdout]     --> src/app.rs:1447:13
[INFO] [stdout]      |
[INFO] [stdout] 1447 |         app.start_session("alpha writing".to_string()).unwrap();
[INFO] [stdout]      |             ^^^^^^^^^^^^^----------------------------- two arguments of type `std::option::Option<std::string::String>` and `std::option::Option<std::string::String>` are missing
[INFO] [stdout]      |
[INFO] [stdout] note: method defined here
[INFO] [stdout]     --> src/app.rs:580:8
[INFO] [stdout]      |
[INFO] [stdout]  580 |     fn start_session(&mut self, topic: String, link_exam: Option<String>, link_path: Option<String>) -> Result<String> {
[INFO] [stdout]      |        ^^^^^^^^^^^^^                           -------------------------  -------------------------
[INFO] [stdout] help: provide the arguments
[INFO] [stdout]      |
[INFO] [stdout] 1447 |         app.start_session("alpha writing".to_string(), /* Option<String> */, /* Option<String> */).unwrap();
[INFO] [stdout]      |                                                      ++++++++++++++++++++++++++++++++++++++++++++
[INFO] [stdout] 
[INFO] [stdout] 
[INFO] [stdout] error[E0061]: this method takes 3 arguments but 1 argument was supplied
[INFO] [stdout]     --> src/app.rs:1515:13
[INFO] [stdout]      |
[INFO] [stdout] 1515 |         app.start_session("live-topic".to_string()).unwrap();
[INFO] [stdout]      |             ^^^^^^^^^^^^^-------------------------- two arguments of type `std::option::Option<std::string::String>` and `std::option::Option<std::string::String>` are missing
[INFO] [stdout]      |
[INFO] [stdout] note: method defined here
[INFO] [stdout]     --> src/app.rs:580:8
[INFO] [stdout]      |
[INFO] [stdout]  580 |     fn start_session(&mut self, topic: String, link_exam: Option<String>, link_path: Option<String>) -> Result<String> {
[INFO] [stdout]      |        ^^^^^^^^^^^^^                           -------------------------  -------------------------
[INFO] [stdout] help: provide the arguments
[INFO] [stdout]      |
[INFO] [stdout] 1515 |         app.start_session("live-topic".to_string(), /* Option<String> */, /* Option<String> */).unwrap();
[INFO] [stdout]      |                                                   ++++++++++++++++++++++++++++++++++++++++++++
[INFO] [stdout] 
[INFO] [stdout] 
[INFO] [stdout] For more information about this error, try `rustc --explain E0061`.
[INFO] [stdout] 
[INFO] [stderr] error: could not compile `portside-tui` (lib test) due to 8 previous errors
[INFO] [stderr] warning: build failed, waiting for other jobs to finish...
[INFO] running `Command { std: "docker" "inspect" "fe435d385c7e99f6d3f5ae9f297194a2fb5d5b9be45165f473ce947cbe0d2c19", kill_on_drop: false }`
[INFO] running `Command { std: "docker" "rm" "-f" "fe435d385c7e99f6d3f5ae9f297194a2fb5d5b9be45165f473ce947cbe0d2c19", kill_on_drop: false }`
[INFO] [stdout] fe435d385c7e99f6d3f5ae9f297194a2fb5d5b9be45165f473ce947cbe0d2c19
