[INFO] cloning repository https://github.com/El-Maco/sven-esp32
[INFO] running `Command { std: "git" "-c" "credential.helper=" "-c" "credential.helper=/workspace/cargo-home/bin/git-credential-null" "clone" "--bare" "https://github.com/El-Maco/sven-esp32" "/workspace/cache/git-repos/https%3A%2F%2Fgithub.com%2FEl-Maco%2Fsven-esp32", kill_on_drop: false }`
[INFO] [stderr] Cloning into bare repository '/workspace/cache/git-repos/https%3A%2F%2Fgithub.com%2FEl-Maco%2Fsven-esp32'...
[INFO] running `Command { std: "git" "rev-parse" "HEAD", kill_on_drop: false }`
[INFO] [stdout] c04cf87429b8db840da4a2663622599d9cd40178
[INFO] checking El-Maco/sven-esp32 against 8773d2c75a8e90130dcce745a7ec4e66bb9963db+rustflags=-Aunfulfilled-lint-expectations for pr-163637
[INFO] running `Command { std: "git" "clone" "/workspace/cache/git-repos/https%3A%2F%2Fgithub.com%2FEl-Maco%2Fsven-esp32" "/workspace/builds/worker-2-tc2/source", kill_on_drop: false }`
[INFO] [stderr] Cloning into '/workspace/builds/worker-2-tc2/source'...
[INFO] [stderr] done.
[INFO] removed /workspace/builds/worker-2-tc2/source/.cargo/config.toml
[INFO] removed /workspace/builds/worker-2-tc2/source/rust-toolchain.toml
[INFO] started tweaking git repo https://github.com/El-Maco/sven-esp32
[INFO] finished tweaking git repo https://github.com/El-Maco/sven-esp32
[INFO] tweaked toml for git repo https://github.com/El-Maco/sven-esp32 written to /workspace/builds/worker-2-tc2/source/Cargo.toml
[INFO] validating manifest of git repo https://github.com/El-Maco/sven-esp32 on toolchain 8773d2c75a8e90130dcce745a7ec4e66bb9963db
[INFO] running `Command { std: CARGO_HOME="/workspace/cargo-home" RUSTUP_HOME="/workspace/rustup-home" "/workspace/cargo-home/bin/cargo" "+8773d2c75a8e90130dcce745a7ec4e66bb9963db" "metadata" "--manifest-path" "Cargo.toml" "--no-deps", kill_on_drop: false }`
[INFO] crate git repo https://github.com/El-Maco/sven-esp32 already has a lockfile, it will not be regenerated
[INFO] running `Command { std: CARGO_HOME="/workspace/cargo-home" RUSTUP_HOME="/workspace/rustup-home" "/workspace/cargo-home/bin/cargo" "+8773d2c75a8e90130dcce745a7ec4e66bb9963db" "fetch" "--manifest-path" "Cargo.toml", kill_on_drop: false }`
[INFO] [stderr]     Blocking waiting for file lock on package cache
[INFO] [stderr]     Blocking waiting for file lock on package cache
[ERROR] error running command: no output for 300 seconds
[INFO] checking El-Maco/sven-esp32 against 8773d2c75a8e90130dcce745a7ec4e66bb9963db+rustflags=-Aunfulfilled-lint-expectations for pr-163637
[INFO] running `Command { std: "git" "clone" "/workspace/cache/git-repos/https%3A%2F%2Fgithub.com%2FEl-Maco%2Fsven-esp32" "/workspace/builds/worker-2-tc2/source", kill_on_drop: false }`
[INFO] [stderr] Cloning into '/workspace/builds/worker-2-tc2/source'...
[INFO] [stderr] done.
[INFO] removed /workspace/builds/worker-2-tc2/source/.cargo/config.toml
[INFO] removed /workspace/builds/worker-2-tc2/source/rust-toolchain.toml
[INFO] started tweaking git repo https://github.com/El-Maco/sven-esp32
[INFO] finished tweaking git repo https://github.com/El-Maco/sven-esp32
[INFO] tweaked toml for git repo https://github.com/El-Maco/sven-esp32 written to /workspace/builds/worker-2-tc2/source/Cargo.toml
[INFO] validating manifest of git repo https://github.com/El-Maco/sven-esp32 on toolchain 8773d2c75a8e90130dcce745a7ec4e66bb9963db
[INFO] running `Command { std: CARGO_HOME="/workspace/cargo-home" RUSTUP_HOME="/workspace/rustup-home" "/workspace/cargo-home/bin/cargo" "+8773d2c75a8e90130dcce745a7ec4e66bb9963db" "metadata" "--manifest-path" "Cargo.toml" "--no-deps", kill_on_drop: false }`
[INFO] crate git repo https://github.com/El-Maco/sven-esp32 already has a lockfile, it will not be regenerated
[INFO] running `Command { std: CARGO_HOME="/workspace/cargo-home" RUSTUP_HOME="/workspace/rustup-home" "/workspace/cargo-home/bin/cargo" "+8773d2c75a8e90130dcce745a7ec4e66bb9963db" "fetch" "--manifest-path" "Cargo.toml", kill_on_drop: false }`
[INFO] [stderr]     Blocking waiting for file lock on package cache
[INFO] [stderr]     Blocking waiting for file lock on package cache
[INFO] [stderr]  Downloading crates ...
[INFO] [stderr]   Downloaded serde-json-core v0.4.0
[INFO] [stderr]   Downloaded static_cell v2.1.0
[INFO] [stderr]   Downloaded rust-mqtt v0.3.0
[INFO] [stderr]   Downloaded xtensa-lx-rt v0.18.0
[INFO] [stderr]   Downloaded delegate v0.13.2
[INFO] [stderr]   Downloaded esp-wifi v0.12.0
[INFO] [stderr]   Downloaded portable_atomic_enum v0.3.1
[INFO] [stderr]   Downloaded esp-build v0.2.0
[INFO] [stderr]   Downloaded esp-backtrace v0.15.1
[INFO] [stderr]   Downloaded xtensa-lx-rt-proc-macros v0.2.2
[INFO] [stderr]   Downloaded enumset_derive v0.10.0
[INFO] [stderr]   Downloaded esp-alloc v0.6.0
[INFO] [stderr]   Downloaded portable_atomic_enum_macros v0.2.1
[INFO] [stderr]   Downloaded riscv-macros v0.1.0
[INFO] [stderr]   Downloaded esp-hal-procmacros v0.16.0
[INFO] [stderr]   Downloaded esp-println v0.13.1
[INFO] [stderr]   Downloaded xtensa-lx v0.10.0
[INFO] [stderr]   Downloaded esp-metadata v0.5.0
[INFO] [stderr]   Downloaded embedded-nal v0.9.0
[INFO] [stderr]   Downloaded riscv-pac v0.2.0
[INFO] [stderr]   Downloaded esp-riscv-rt v0.9.1
[INFO] [stderr]   Downloaded embedded-nal-async v0.8.0
[INFO] [stderr]   Downloaded esp-config v0.3.0
[INFO] [stderr]   Downloaded uuid v1.12.1
[INFO] [stderr]   Downloaded bitfield v0.17.0
[INFO] [stderr]   Downloaded esp-hal-embassy v0.6.0
[INFO] [stderr]   Downloaded riscv v0.12.1
[INFO] [stderr]   Downloaded embassy-net v0.6.0
[INFO] [stderr]   Downloaded esp-synopsys-usb-otg v0.4.2
[INFO] [stderr]   Downloaded riscv-rt-macros v0.2.2
[INFO] [stderr]   Downloaded enumset v1.1.5
[INFO] [stderr]   Downloaded litrs v0.2.3
[INFO] [stderr]   Downloaded semihosting v0.1.18
[INFO] [stderr]   Downloaded minijinja v2.7.0
[INFO] [stderr]   Downloaded esp-hal v0.23.1
[INFO] [stderr]   Downloaded esp32s3 v0.30.0
[INFO] [stderr]   Downloaded esp-wifi-sys v0.7.1
[INFO] running `Command { std: "docker" "create" "-v" "/var/lib/crater-agent-workspace/builds/worker-2-tc2/source:/opt/rustwide/workdir:ro,Z" "-v" "/var/lib/crater-agent-workspace/builds/worker-2-tc2/target:/opt/rustwide/target:rw,Z" "-v" "/var/lib/crater-agent-workspace/cargo-home:/opt/rustwide/cargo-home:ro,Z" "-v" "/var/lib/crater-agent-workspace/rustup-home:/opt/rustwide/rustup-home:ro,Z" "-m" "1610612736" "--network" "none" "ghcr.io/rust-lang/crates-build-env/linux@sha256:77db811e55d90add9212f6832c23229e3de5f1c1f9905e8cb07319ea15df73ac" "sleep" "infinity", kill_on_drop: false }`
[INFO] [stdout] 2dd9daa79554f467f37dbf7617f4c22a0f44b66dbd6e1e0a5dceb8d5d21a09be
[INFO] running `Command { std: "docker" "start" "2dd9daa79554f467f37dbf7617f4c22a0f44b66dbd6e1e0a5dceb8d5d21a09be", kill_on_drop: false }`
[INFO] running `Command { std: "docker" "inspect" "2dd9daa79554f467f37dbf7617f4c22a0f44b66dbd6e1e0a5dceb8d5d21a09be", kill_on_drop: false }`
[INFO] running `Command { std: "docker" "exec" "-e" "SOURCE_DIR=/opt/rustwide/workdir" "-e" "CARGO_HOME=/opt/rustwide/cargo-home" "-e" "RUSTUP_HOME=/opt/rustwide/rustup-home" "-e" "CARGO_TARGET_DIR=/opt/rustwide/target" "-w" "/opt/rustwide/workdir" "--user" "0:0" "2dd9daa79554f467f37dbf7617f4c22a0f44b66dbd6e1e0a5dceb8d5d21a09be" "/opt/rustwide/cargo-home/bin/cargo" "+8773d2c75a8e90130dcce745a7ec4e66bb9963db" "metadata" "--no-deps" "--format-version=1", kill_on_drop: false }`
[INFO] running `Command { std: "docker" "inspect" "2dd9daa79554f467f37dbf7617f4c22a0f44b66dbd6e1e0a5dceb8d5d21a09be", kill_on_drop: false }`
[INFO] running `Command { std: "docker" "exec" "-e" "SOURCE_DIR=/opt/rustwide/workdir" "-e" "CARGO_HOME=/opt/rustwide/cargo-home" "-e" "RUSTUP_HOME=/opt/rustwide/rustup-home" "-e" "CARGO_TARGET_DIR=/opt/rustwide/target" "-e" "CARGO_INCREMENTAL=0" "-e" "RUST_BACKTRACE=full" "-e" "RUSTFLAGS=--cap-lints=forbid -Aunfulfilled-lint-expectations" "-e" "RUSTDOCFLAGS=--cap-lints=forbid" "-w" "/opt/rustwide/workdir" "--user" "0:0" "2dd9daa79554f467f37dbf7617f4c22a0f44b66dbd6e1e0a5dceb8d5d21a09be" "/opt/rustwide/cargo-home/bin/cargo" "+8773d2c75a8e90130dcce745a7ec4e66bb9963db" "check" "--frozen" "--all" "--all-targets" "--message-format=json", kill_on_drop: false }`
[INFO] [stderr]    Compiling rustversion v1.0.19
[INFO] [stderr]     Checking critical-section v1.2.0
[INFO] [stderr]     Checking byteorder v1.5.0
[INFO] [stderr]    Compiling termcolor v1.4.1
[INFO] [stderr]     Checking stable_deref_trait v1.2.0
[INFO] [stderr]    Compiling heapless v0.8.0
[INFO] [stderr]     Checking nb v1.1.0
[INFO] [stderr]    Compiling serde v1.0.219
[INFO] [stderr]    Compiling portable-atomic v1.10.0
[INFO] [stderr]    Compiling anyhow v1.0.95
[INFO] [stderr]     Checking futures-sink v0.3.31
[INFO] [stderr]     Checking futures-core v0.3.31
[INFO] [stderr]     Checking embedded-io v0.6.1
[INFO] [stderr]    Compiling litrs v0.4.1
[INFO] [stderr]    Compiling embedded-io-async v0.6.1
[INFO] [stderr]    Compiling syn v2.0.101
[INFO] [stderr]     Checking pin-utils v0.1.0
[INFO] [stderr]     Checking pin-project-lite v0.2.16
[INFO] [stderr]     Checking futures-task v0.3.31
[INFO] [stderr]    Compiling indexmap v2.7.1
[INFO] [stderr]     Checking cfg-if v1.0.0
[INFO] [stderr]    Compiling winnow v0.6.25
[INFO] [stderr]    Compiling embassy-time-driver v0.2.0
[INFO] [stderr]     Checking nb v0.1.3
[INFO] [stderr]     Checking embedded-hal v1.0.0
[INFO] [stderr]     Checking void v1.0.2
[INFO] [stderr]     Checking log v0.4.27
[INFO] [stderr]     Checking futures-util v0.3.31
[INFO] [stderr]     Checking hash32 v0.3.1
[INFO] [stderr]    Compiling embassy-sync v0.6.2
[INFO] [stderr]    Compiling embedded-hal-async v1.0.0
[INFO] [stderr]     Checking embedded-hal v0.2.7
[INFO] [stderr]    Compiling object v0.36.7
[INFO] [stderr]    Compiling num-traits v0.2.19
[INFO] [stderr]    Compiling proc-macro-error-attr2 v2.0.0
[INFO] [stderr]    Compiling lock_api v0.4.13
[INFO] [stderr]     Checking vcell v0.1.3
[INFO] [stderr]    Compiling esp32s3 v0.30.0
[INFO] [stderr]    Compiling xtensa-lx v0.10.0
[INFO] [stderr]    Compiling memchr v2.7.4
[INFO] [stderr]    Compiling esp-synopsys-usb-otg v0.4.2
[INFO] [stderr]     Checking rand_core v0.6.4
[INFO] [stderr]     Checking embedded-storage v0.3.1
[INFO] [stderr]    Compiling syn v1.0.109
[INFO] [stderr]     Checking gcd v2.3.0
[INFO] [stderr]    Compiling embassy-time-queue-utils v0.1.0
[INFO] [stderr]     Checking embedded-storage-async v0.4.1
[INFO] [stderr]    Compiling smoltcp v0.12.0
[INFO] [stderr]     Checking ral-registers v0.1.3
[INFO] [stderr]     Checking scopeguard v1.2.0
[INFO] [stderr]     Checking embassy-futures v0.1.1
[INFO] [stderr]    Compiling embassy-executor v0.7.0
[INFO] [stderr]    Compiling document-features v0.2.11
[INFO] [stderr]     Checking embassy-usb-driver v0.1.0
[INFO] [stderr]     Checking fugit v0.3.7
[INFO] [stderr]    Compiling heapless v0.7.17
[INFO] [stderr]    Compiling proc-macro-error-attr v1.0.4
[INFO] [stderr]    Compiling esp-wifi-sys v0.7.1
[INFO] [stderr]     Checking embedded-hal-nb v1.0.0
[INFO] [stderr]     Checking embedded-can v0.4.1
[INFO] [stderr]     Checking managed v0.8.0
[INFO] [stderr]     Checking ufmt-write v0.1.0
[INFO] [stderr]     Checking bitflags v1.3.2
[INFO] [stderr]     Checking bitfield v0.17.0
[INFO] [stderr]     Checking bitflags v2.8.0
[INFO] [stderr]     Checking bytemuck v1.21.0
[INFO] [stderr]    Compiling libm v0.2.11
[INFO] [stderr]     Checking spin v0.9.8
[INFO] [stderr]     Checking hash32 v0.2.1
[INFO] [stderr]     Checking futures-channel v0.3.31
[INFO] [stderr]     Checking embedded-nal v0.9.0
[INFO] [stderr]    Compiling litrs v0.2.3
[INFO] [stderr]    Compiling uuid v1.12.1
[INFO] [stderr]     Checking chrono v0.4.39
[INFO] [stderr]     Checking linked_list_allocator v0.10.5
[INFO] [stderr]     Checking embassy-net-driver v0.2.0
[INFO] [stderr]     Checking r0 v1.0.0
[INFO] [stderr]     Checking futures-io v0.3.31
[INFO] [stderr]     Checking embedded-nal-async v0.8.0
[INFO] [stderr]     Checking usb-device v0.3.2
[INFO] [stdout] error[E0425]: cannot find type `VaargType` in this scope
[INFO] [stdout]   --> /opt/rustwide/cargo-home/registry/src/index.crates.io-1949cf8c6b5b557f/esp-wifi-sys-0.7.1/src/lib.rs:74:63
[INFO] [stdout]    |
[INFO] [stdout] 74 |     pub unsafe extern "C" fn rtc_printf(_s: *const u8, _args: VaargType) {}
[INFO] [stdout]    |                                                               ^^^^^^^^^ not found in this scope
[INFO] [stdout] 
[INFO] [stdout] 
[INFO] [stdout] error[E0425]: cannot find type `VaargType` in this scope
[INFO] [stdout]   --> /opt/rustwide/cargo-home/registry/src/index.crates.io-1949cf8c6b5b557f/esp-wifi-sys-0.7.1/src/lib.rs:77:63
[INFO] [stdout]    |
[INFO] [stdout] 77 |     pub unsafe extern "C" fn phy_printf(_s: *const u8, _args: VaargType) {}
[INFO] [stdout]    |                                                               ^^^^^^^^^ not found in this scope
[INFO] [stdout] 
[INFO] [stdout] 
[INFO] [stdout] error[E0425]: cannot find type `VaargType` in this scope
[INFO] [stdout]   --> /opt/rustwide/cargo-home/registry/src/index.crates.io-1949cf8c6b5b557f/esp-wifi-sys-0.7.1/src/lib.rs:80:67
[INFO] [stdout]    |
[INFO] [stdout] 80 |     pub unsafe extern "C" fn coexist_printf(_s: *const u8, _args: VaargType) {}
[INFO] [stdout]    |                                                                   ^^^^^^^^^ not found in this scope
[INFO] [stdout] 
[INFO] [stdout] 
[INFO] [stdout] error[E0425]: cannot find type `VaargType` in this scope
[INFO] [stdout]   --> /opt/rustwide/cargo-home/registry/src/index.crates.io-1949cf8c6b5b557f/esp-wifi-sys-0.7.1/src/lib.rs:83:68
[INFO] [stdout]    |
[INFO] [stdout] 83 |     pub unsafe extern "C" fn net80211_printf(_s: *const u8, _args: VaargType) {}
[INFO] [stdout]    |                                                                    ^^^^^^^^^ not found in this scope
[INFO] [stdout] 
[INFO] [stdout] 
[INFO] [stdout] error[E0425]: cannot find type `VaargType` in this scope
[INFO] [stdout]   --> /opt/rustwide/cargo-home/registry/src/index.crates.io-1949cf8c6b5b557f/esp-wifi-sys-0.7.1/src/lib.rs:86:62
[INFO] [stdout]    |
[INFO] [stdout] 86 |     pub unsafe extern "C" fn pp_printf(_s: *const u8, _args: VaargType) {}
[INFO] [stdout]    |                                                              ^^^^^^^^^ not found in this scope
[INFO] [stdout] 
[INFO] [stdout] 
[INFO] [stdout] error[E0425]: cannot find type `VaargType` in this scope
[INFO] [stdout]   --> /opt/rustwide/cargo-home/registry/src/index.crates.io-1949cf8c6b5b557f/esp-wifi-sys-0.7.1/src/lib.rs:89:80
[INFO] [stdout]    |
[INFO] [stdout] 89 |     pub unsafe extern "C" fn syslog(_priority: u32, _format: *const u8, _args: VaargType) {}
[INFO] [stdout]    |                                                                                ^^^^^^^^^ not found in this scope
[INFO] [stdout] 
[INFO] [stdout] 
[INFO] [stderr]     Checking static_cell v2.1.0
[INFO] [stdout] For more information about this error, try `rustc --explain E0425`.
[INFO] [stdout] 
[INFO] [stderr] error: could not compile `esp-wifi-sys` (lib) due to 6 previous errors
[INFO] [stderr] warning: build failed, waiting for other jobs to finish...
[INFO] running `Command { std: "docker" "inspect" "2dd9daa79554f467f37dbf7617f4c22a0f44b66dbd6e1e0a5dceb8d5d21a09be", kill_on_drop: false }`
[INFO] running `Command { std: "docker" "rm" "-f" "2dd9daa79554f467f37dbf7617f4c22a0f44b66dbd6e1e0a5dceb8d5d21a09be", kill_on_drop: false }`
[INFO] [stdout] 2dd9daa79554f467f37dbf7617f4c22a0f44b66dbd6e1e0a5dceb8d5d21a09be
