[INFO] cloning repository https://github.com/DangTruongDuong/IpEmulator
[INFO] running `Command { std: "git" "-c" "credential.helper=" "-c" "credential.helper=/workspace/cargo-home/bin/git-credential-null" "clone" "--bare" "https://github.com/DangTruongDuong/IpEmulator" "/workspace/cache/git-repos/https%3A%2F%2Fgithub.com%2FDangTruongDuong%2FIpEmulator", kill_on_drop: false }`
[INFO] [stderr] Cloning into bare repository '/workspace/cache/git-repos/https%3A%2F%2Fgithub.com%2FDangTruongDuong%2FIpEmulator'...
[INFO] running `Command { std: "git" "rev-parse" "HEAD", kill_on_drop: false }`
[INFO] [stdout] 2aa68cf747bf300aa2af921927ead9c59ad4dc3c
[INFO] checking DangTruongDuong/IpEmulator against 8773d2c75a8e90130dcce745a7ec4e66bb9963db+rustflags=-Aunfulfilled-lint-expectations for pr-163637
[INFO] running `Command { std: "git" "clone" "/workspace/cache/git-repos/https%3A%2F%2Fgithub.com%2FDangTruongDuong%2FIpEmulator" "/workspace/builds/worker-3-tc2/source", kill_on_drop: false }`
[INFO] [stderr] Cloning into '/workspace/builds/worker-3-tc2/source'...
[INFO] [stderr] done.
[INFO] removed /workspace/builds/worker-3-tc2/source/.cargo/config.toml
[INFO] started tweaking git repo https://github.com/DangTruongDuong/IpEmulator
[INFO] finished tweaking git repo https://github.com/DangTruongDuong/IpEmulator
[INFO] tweaked toml for git repo https://github.com/DangTruongDuong/IpEmulator written to /workspace/builds/worker-3-tc2/source/Cargo.toml
[INFO] validating manifest of git repo https://github.com/DangTruongDuong/IpEmulator on toolchain 8773d2c75a8e90130dcce745a7ec4e66bb9963db
[INFO] running `Command { std: CARGO_HOME="/workspace/cargo-home" RUSTUP_HOME="/workspace/rustup-home" "/workspace/cargo-home/bin/cargo" "+8773d2c75a8e90130dcce745a7ec4e66bb9963db" "metadata" "--manifest-path" "Cargo.toml" "--no-deps", kill_on_drop: false }`
[INFO] crate git repo https://github.com/DangTruongDuong/IpEmulator already has a lockfile, it will not be regenerated
[INFO] running `Command { std: CARGO_HOME="/workspace/cargo-home" RUSTUP_HOME="/workspace/rustup-home" "/workspace/cargo-home/bin/cargo" "+8773d2c75a8e90130dcce745a7ec4e66bb9963db" "fetch" "--manifest-path" "Cargo.toml", kill_on_drop: false }`
[INFO] [stderr]     Blocking waiting for file lock on package cache
[INFO] [stderr]     Blocking waiting for file lock on package cache
[ERROR] error running command: no output for 300 seconds
[INFO] checking DangTruongDuong/IpEmulator against 8773d2c75a8e90130dcce745a7ec4e66bb9963db+rustflags=-Aunfulfilled-lint-expectations for pr-163637
[INFO] running `Command { std: "git" "clone" "/workspace/cache/git-repos/https%3A%2F%2Fgithub.com%2FDangTruongDuong%2FIpEmulator" "/workspace/builds/worker-3-tc2/source", kill_on_drop: false }`
[INFO] [stderr] Cloning into '/workspace/builds/worker-3-tc2/source'...
[INFO] [stderr] done.
[INFO] removed /workspace/builds/worker-3-tc2/source/.cargo/config.toml
[INFO] started tweaking git repo https://github.com/DangTruongDuong/IpEmulator
[INFO] finished tweaking git repo https://github.com/DangTruongDuong/IpEmulator
[INFO] tweaked toml for git repo https://github.com/DangTruongDuong/IpEmulator written to /workspace/builds/worker-3-tc2/source/Cargo.toml
[INFO] validating manifest of git repo https://github.com/DangTruongDuong/IpEmulator on toolchain 8773d2c75a8e90130dcce745a7ec4e66bb9963db
[INFO] running `Command { std: CARGO_HOME="/workspace/cargo-home" RUSTUP_HOME="/workspace/rustup-home" "/workspace/cargo-home/bin/cargo" "+8773d2c75a8e90130dcce745a7ec4e66bb9963db" "metadata" "--manifest-path" "Cargo.toml" "--no-deps", kill_on_drop: false }`
[INFO] crate git repo https://github.com/DangTruongDuong/IpEmulator already has a lockfile, it will not be regenerated
[INFO] running `Command { std: CARGO_HOME="/workspace/cargo-home" RUSTUP_HOME="/workspace/rustup-home" "/workspace/cargo-home/bin/cargo" "+8773d2c75a8e90130dcce745a7ec4e66bb9963db" "fetch" "--manifest-path" "Cargo.toml", kill_on_drop: false }`
[INFO] [stderr]     Blocking waiting for file lock on package cache
[INFO] [stderr]     Blocking waiting for file lock on package cache
[INFO] [stderr]  Downloading crates ...
[INFO] [stderr]   Downloaded cmake v0.1.49
[INFO] [stderr]   Downloaded yore v1.1.0
[INFO] [stderr]   Downloaded zip v0.6.4
[INFO] [stderr]   Downloaded syn v1.0.105
[INFO] [stderr]   Downloaded symphonia-codec-alac v0.5.3
[INFO] [stderr]   Downloaded symphonia-codec-adpcm v0.5.3
[INFO] [stderr]   Downloaded symphonia-format-isomp4 v0.5.3
[INFO] [stderr]   Downloaded symphonia-format-wav v0.5.3
[INFO] [stderr]   Downloaded symphonia-codec-aac v0.5.3
[INFO] [stderr]   Downloaded symphonia-utils-xiph v0.5.3
[INFO] [stderr]   Downloaded rusttype v0.9.3
[INFO] [stderr]   Downloaded plist v1.8.0
[INFO] [stderr]   Downloaded mach_object v0.1.17
[INFO] [stderr]   Downloaded cargo-license v0.5.1
[INFO] [stderr]   Downloaded hound v3.5.0
[INFO] [stderr]   Downloaded clap v3.2.23
[INFO] [stderr]   Downloaded cargo_metadata v0.15.3
[INFO] [stderr]   Downloaded clap_derive v3.2.18
[INFO] [stderr]   Downloaded csv v1.1.6
[INFO] [stderr]   Downloaded camino v1.1.2
[INFO] [stderr]   Downloaded caf v0.1.0
[INFO] running `Command { std: "docker" "create" "-v" "/var/lib/crater-agent-workspace/builds/worker-3-tc2/source:/opt/rustwide/workdir:ro,Z" "-v" "/var/lib/crater-agent-workspace/builds/worker-3-tc2/target:/opt/rustwide/target:rw,Z" "-v" "/var/lib/crater-agent-workspace/cargo-home:/opt/rustwide/cargo-home:ro,Z" "-v" "/var/lib/crater-agent-workspace/rustup-home:/opt/rustwide/rustup-home:ro,Z" "-m" "1610612736" "--network" "none" "ghcr.io/rust-lang/crates-build-env/linux@sha256:77db811e55d90add9212f6832c23229e3de5f1c1f9905e8cb07319ea15df73ac" "sleep" "infinity", kill_on_drop: false }`
[INFO] [stdout] d02b4ab3a80fe4e1ef0f56eddf50604be61222d86f3f854392508fa19afa62ba
[INFO] running `Command { std: "docker" "start" "d02b4ab3a80fe4e1ef0f56eddf50604be61222d86f3f854392508fa19afa62ba", kill_on_drop: false }`
[INFO] running `Command { std: "docker" "inspect" "d02b4ab3a80fe4e1ef0f56eddf50604be61222d86f3f854392508fa19afa62ba", kill_on_drop: false }`
[INFO] running `Command { std: "docker" "exec" "-e" "SOURCE_DIR=/opt/rustwide/workdir" "-e" "CARGO_HOME=/opt/rustwide/cargo-home" "-e" "RUSTUP_HOME=/opt/rustwide/rustup-home" "-e" "CARGO_TARGET_DIR=/opt/rustwide/target" "-w" "/opt/rustwide/workdir" "--user" "0:0" "d02b4ab3a80fe4e1ef0f56eddf50604be61222d86f3f854392508fa19afa62ba" "/opt/rustwide/cargo-home/bin/cargo" "+8773d2c75a8e90130dcce745a7ec4e66bb9963db" "metadata" "--no-deps" "--format-version=1", kill_on_drop: false }`
[INFO] running `Command { std: "docker" "inspect" "d02b4ab3a80fe4e1ef0f56eddf50604be61222d86f3f854392508fa19afa62ba", kill_on_drop: false }`
[INFO] running `Command { std: "docker" "exec" "-e" "SOURCE_DIR=/opt/rustwide/workdir" "-e" "CARGO_HOME=/opt/rustwide/cargo-home" "-e" "RUSTUP_HOME=/opt/rustwide/rustup-home" "-e" "CARGO_TARGET_DIR=/opt/rustwide/target" "-e" "CARGO_INCREMENTAL=0" "-e" "RUST_BACKTRACE=full" "-e" "RUSTFLAGS=--cap-lints=forbid -Aunfulfilled-lint-expectations" "-e" "RUSTDOCFLAGS=--cap-lints=forbid" "-w" "/opt/rustwide/workdir" "--user" "0:0" "d02b4ab3a80fe4e1ef0f56eddf50604be61222d86f3f854392508fa19afa62ba" "/opt/rustwide/cargo-home/bin/cargo" "+8773d2c75a8e90130dcce745a7ec4e66bb9963db" "check" "--frozen" "--all" "--all-targets" "--message-format=json", kill_on_drop: false }`
[INFO] [stderr]    Compiling libc v0.2.137
[INFO] [stderr]    Compiling unicode-ident v1.0.5
[INFO] [stderr]    Compiling log v0.4.17
[INFO] [stderr]    Compiling syn v1.0.105
[INFO] [stderr]     Checking bytemuck v1.14.3
[INFO] [stderr]    Compiling khronos_api v3.1.0
[INFO] [stderr]    Compiling serde v1.0.228
[INFO] [stderr]    Compiling thiserror v1.0.37
[INFO] [stderr]    Compiling memchr v2.5.0
[INFO] [stderr]    Compiling xml-rs v0.8.4
[INFO] [stderr]    Compiling indexmap v1.9.2
[INFO] [stderr]    Compiling camino v1.1.2
[INFO] [stderr]    Compiling semver v1.0.16
[INFO] [stderr]    Compiling serde_json v1.0.91
[INFO] [stderr]    Compiling ryu v1.0.12
[INFO] [stderr]    Compiling version-compare v0.1.1
[INFO] [stderr]    Compiling proc-macro2 v1.0.103
[INFO] [stderr]    Compiling anyhow v1.0.68
[INFO] [stderr]    Compiling touchHLE_version v0.2.3 (/opt/rustwide/workdir/src/version)
[INFO] [stderr]    Compiling regex-automata v0.1.10
[INFO] [stderr]    Compiling os_str_bytes v6.4.1
[INFO] [stderr]    Compiling itoa v1.0.4
[INFO] [stderr]    Compiling time-core v0.1.6
[INFO] [stderr]    Compiling textwrap v0.16.0
[INFO] [stderr]    Compiling termcolor v1.2.0
[INFO] [stderr]     Checking symphonia-core v0.5.3
[INFO] [stderr]    Compiling strsim v0.10.0
[INFO] [stderr]    Compiling once_cell v1.17.0
[INFO] [stderr]    Compiling unicode-width v0.1.10
[INFO] [stderr]    Compiling time-macros v0.2.24
[INFO] [stderr] warning: touchHLE_version@0.2.3: Cargo.toml version (v0.2.3) is not a prefix of `git describe` version (2aa68cf)!
[INFO] [stderr]     Checking deranged v0.5.5
[INFO] [stderr]    Compiling clap_lex v0.2.4
[INFO] [stderr]    Compiling getopts v0.2.21
[INFO] [stderr]    Compiling quote v1.0.42
[INFO] [stderr]     Checking miniz_oxide v0.6.2
[INFO] [stderr]    Compiling sdl2 v0.37.0 (https://github.com/touchHLE/rust-sdl2?tag=touchHLE-3#b67f98fe)
[INFO] [stderr]     Checking ttf-parser v0.15.2
[INFO] [stderr]    Compiling csv-core v0.1.10
[INFO] [stderr]     Checking quick-xml v0.38.4
[INFO] [stderr]     Checking uuid v1.2.2
[INFO] [stderr]     Checking caf v0.1.0
[INFO] [stderr]    Compiling cc v1.0.83
[INFO] [stderr]    Compiling gl_generator v0.14.0
[INFO] [stderr]    Compiling syn v2.0.111
[INFO] [stderr]    Compiling atty v0.2.14
[INFO] [stderr]     Checking hound v3.5.0
[INFO] [stderr]    Compiling proc-macro-error-attr v1.0.4
[INFO] [stderr]     Checking md5 v0.7.0
[INFO] [stderr]     Checking flate2 v1.0.25
[INFO] [stderr]    Compiling touchHLE_gl_bindings v0.2.3 (/opt/rustwide/workdir/src/gles/gl_bindings)
[INFO] [stderr]     Checking zip v0.6.4
[INFO] [stderr]    Compiling cmake v0.1.49
[INFO] [stderr]     Checking symphonia-metadata v0.5.3
[INFO] [stderr]     Checking symphonia-codec-adpcm v0.5.3
[INFO] [stderr]     Checking symphonia-codec-alac v0.5.3
[INFO] [stderr]     Checking symphonia-codec-aac v0.5.3
[INFO] [stderr]    Compiling touchHLE_pvrt_decompress_wrapper v0.2.3 (/opt/rustwide/workdir/src/image/pvrt_decompress_wrapper)
[INFO] [stderr]    Compiling touchHLE_stb_image_wrapper v0.2.3 (/opt/rustwide/workdir/src/image/stb_image_wrapper)
[INFO] [stderr]     Checking time v0.3.44
[INFO] [stderr] warning: touchHLE_stb_image_wrapper@0.2.3: /opt/rustwide/workdir/src/image/stb_image_wrapper/lib.c:12:10: fatal error: ../../../vendor/stb/stb_image.h: No such file or directory
[INFO] [stderr] warning: touchHLE_stb_image_wrapper@0.2.3:    12 | #include "../../../vendor/stb/stb_image.h"
[INFO] [stderr] warning: touchHLE_stb_image_wrapper@0.2.3:       |          ^~~~~~~~~~~~~~~~~~~~~~~~~~~~~~~~~
[INFO] [stderr] warning: touchHLE_stb_image_wrapper@0.2.3: compilation terminated.
[INFO] [stderr] error: failed to run custom build command for `touchHLE_stb_image_wrapper v0.2.3 (/opt/rustwide/workdir/src/image/stb_image_wrapper)`
[INFO] [stderr] note: To improve backtraces for build dependencies, set the CARGO_PROFILE_DEV_BUILD_OVERRIDE_DEBUG=true environment variable to enable debug information generation.
[INFO] [stderr] 
[INFO] [stderr] Caused by:
[INFO] [stderr]   process didn't exit successfully: `/opt/rustwide/target/debug/build/touchHLE_stb_image_wrapper/68e2b081317b2511/out/build_script_build` (exit status: 1)
[INFO] [stderr]   --- stdout
[INFO] [stderr]   TARGET = Some("x86_64-unknown-linux-gnu")
[INFO] [stderr]   OPT_LEVEL = Some("0")
[INFO] [stderr]   HOST = Some("x86_64-unknown-linux-gnu")
[INFO] [stderr]   cargo:rerun-if-env-changed=CC_x86_64-unknown-linux-gnu
[INFO] [stderr]   CC_x86_64-unknown-linux-gnu = None
[INFO] [stderr]   cargo:rerun-if-env-changed=CC_x86_64_unknown_linux_gnu
[INFO] [stderr]   CC_x86_64_unknown_linux_gnu = None
[INFO] [stderr]   cargo:rerun-if-env-changed=HOST_CC
[INFO] [stderr]   HOST_CC = None
[INFO] [stderr]   cargo:rerun-if-env-changed=CC
[INFO] [stderr]   CC = None
[INFO] [stderr]   cargo:rerun-if-env-changed=CRATE_CC_NO_DEFAULTS
[INFO] [stderr]   CRATE_CC_NO_DEFAULTS = None
[INFO] [stderr]   DEBUG = Some("true")
[INFO] [stderr]   CARGO_CFG_TARGET_FEATURE = Some("fxsr,sse,sse2,x87")
[INFO] [stderr]   cargo:rerun-if-env-changed=CFLAGS_x86_64-unknown-linux-gnu
[INFO] [stderr]   CFLAGS_x86_64-unknown-linux-gnu = None
[INFO] [stderr]   cargo:rerun-if-env-changed=CFLAGS_x86_64_unknown_linux_gnu
[INFO] [stderr]   CFLAGS_x86_64_unknown_linux_gnu = None
[INFO] [stderr]   cargo:rerun-if-env-changed=HOST_CFLAGS
[INFO] [stderr]   HOST_CFLAGS = None
[INFO] [stderr]   cargo:rerun-if-env-changed=CFLAGS
[INFO] [stderr]   CFLAGS = None
[INFO] [stderr]   running: "cc" "-O0" "-ffunction-sections" "-fdata-sections" "-fPIC" "-gdwarf-4" "-fno-omit-frame-pointer" "-m64" "-Wall" "-Wextra" "-o" "/opt/rustwide/target/debug/build/touchHLE_stb_image_wrapper/83bcb2509ecee518/out/0692a10a0a35887a-lib.o" "-c" "/opt/rustwide/workdir/src/image/stb_image_wrapper/lib.c"
[INFO] [stderr]   cargo:warning=/opt/rustwide/workdir/src/image/stb_image_wrapper/lib.c:12:10: fatal error: ../../../vendor/stb/stb_image.h: No such file or directory
[INFO] [stderr] 
[INFO] [stderr]   cargo:warning=   12 | #include "../../../vendor/stb/stb_image.h"
[INFO] [stderr] 
[INFO] [stderr]   cargo:warning=      |          ^~~~~~~~~~~~~~~~~~~~~~~~~~~~~~~~~
[INFO] [stderr] 
[INFO] [stderr]   cargo:warning=compilation terminated.
[INFO] [stderr] 
[INFO] [stderr]   exit status: 1
[INFO] [stderr] 
[INFO] [stderr]   --- stderr
[INFO] [stderr] 
[INFO] [stderr] 
[INFO] [stderr]   error occurred: Command "cc" "-O0" "-ffunction-sections" "-fdata-sections" "-fPIC" "-gdwarf-4" "-fno-omit-frame-pointer" "-m64" "-Wall" "-Wextra" "-o" "/opt/rustwide/target/debug/build/touchHLE_stb_image_wrapper/83bcb2509ecee518/out/0692a10a0a35887a-lib.o" "-c" "/opt/rustwide/workdir/src/image/stb_image_wrapper/lib.c" with args "cc" did not execute successfully (status code exit status: 1).
[INFO] [stderr] 
[INFO] [stderr] 
[INFO] [stderr] warning: build failed, waiting for other jobs to finish...
[INFO] running `Command { std: "docker" "inspect" "d02b4ab3a80fe4e1ef0f56eddf50604be61222d86f3f854392508fa19afa62ba", kill_on_drop: false }`
[INFO] running `Command { std: "docker" "rm" "-f" "d02b4ab3a80fe4e1ef0f56eddf50604be61222d86f3f854392508fa19afa62ba", kill_on_drop: false }`
[INFO] [stdout] d02b4ab3a80fe4e1ef0f56eddf50604be61222d86f3f854392508fa19afa62ba
