[INFO] cloning repository https://github.com/joeblackwaslike/idiomatic
[INFO] running `Command { std: "git" "-c" "credential.helper=" "-c" "credential.helper=/workspace/cargo-home/bin/git-credential-null" "clone" "--bare" "https://github.com/joeblackwaslike/idiomatic" "/workspace/cache/git-repos/https%3A%2F%2Fgithub.com%2Fjoeblackwaslike%2Fidiomatic", kill_on_drop: false }`
[INFO] [stderr] Cloning into bare repository '/workspace/cache/git-repos/https%3A%2F%2Fgithub.com%2Fjoeblackwaslike%2Fidiomatic'...
[INFO] running `Command { std: "git" "rev-parse" "HEAD", kill_on_drop: false }`
[INFO] [stdout] c11c791368152126ed0143f1ffaa659d8e9043ee
[INFO] checking joeblackwaslike/idiomatic against 28b6e691688c15cef4c60d9044274e7b84397870 for pr-162986
[INFO] running `Command { std: "git" "clone" "/workspace/cache/git-repos/https%3A%2F%2Fgithub.com%2Fjoeblackwaslike%2Fidiomatic" "/workspace/builds/worker-0-tc1/source", kill_on_drop: false }`
[INFO] [stderr] Cloning into '/workspace/builds/worker-0-tc1/source'...
[INFO] [stderr] done.
[INFO] removed /workspace/builds/worker-0-tc1/source/rust-toolchain.toml
[INFO] started tweaking git repo https://github.com/joeblackwaslike/idiomatic
[INFO] finished tweaking git repo https://github.com/joeblackwaslike/idiomatic
[INFO] tweaked toml for git repo https://github.com/joeblackwaslike/idiomatic written to /workspace/builds/worker-0-tc1/source/Cargo.toml
[INFO] validating manifest of git repo https://github.com/joeblackwaslike/idiomatic on toolchain 28b6e691688c15cef4c60d9044274e7b84397870
[INFO] running `Command { std: CARGO_HOME="/workspace/cargo-home" RUSTUP_HOME="/workspace/rustup-home" "/workspace/cargo-home/bin/cargo" "+28b6e691688c15cef4c60d9044274e7b84397870" "metadata" "--manifest-path" "Cargo.toml" "--no-deps", kill_on_drop: false }`
[INFO] crate git repo https://github.com/joeblackwaslike/idiomatic already has a lockfile, it will not be regenerated
[INFO] running `Command { std: CARGO_HOME="/workspace/cargo-home" RUSTUP_HOME="/workspace/rustup-home" "/workspace/cargo-home/bin/cargo" "+28b6e691688c15cef4c60d9044274e7b84397870" "fetch" "--manifest-path" "Cargo.toml", kill_on_drop: false }`
[INFO] [stderr]     Updating crates.io index
[INFO] [stderr]  Downloading crates ...
[INFO] [stderr]   Downloaded napi-derive-backend v5.0.4
[INFO] [stderr]   Downloaded napi v3.9.1
[INFO] [stderr]   Downloaded napi-sys v3.2.2
[INFO] [stderr]   Downloaded pyo3-macros v0.28.3
[INFO] [stderr]   Downloaded ast-grep-language v0.43.0
[INFO] [stderr]   Downloaded tree-sitter-json v0.24.8
[INFO] [stderr]   Downloaded napi-build v2.3.2
[INFO] [stderr]   Downloaded tree-sitter-html v0.23.2
[INFO] [stderr]   Downloaded ast-grep-core v0.43.0
[INFO] [stderr]   Downloaded tree-sitter-lua v0.5.0
[INFO] [stderr]   Downloaded tree-sitter-css v0.25.0
[INFO] [stderr]   Downloaded tree-sitter-solidity v1.2.13
[INFO] [stderr]   Downloaded tree-sitter-hcl v1.1.0
[INFO] [stderr]   Downloaded ast-grep-config v0.43.0
[INFO] [stderr]   Downloaded pyo3-ffi v0.28.3
[INFO] [stderr]   Downloaded tree-sitter-language v0.1.7
[INFO] [stderr]   Downloaded pyo3-macros-backend v0.28.3
[INFO] [stderr]   Downloaded tree-sitter-yaml v0.7.2
[INFO] [stderr]   Downloaded tree-sitter-nix v0.3.0
[INFO] [stderr]   Downloaded tree-sitter-go v0.25.0
[INFO] [stderr]   Downloaded tree-sitter-javascript v0.25.0
[INFO] [stderr]   Downloaded tree-sitter-java v0.23.5
[INFO] [stderr]   Downloaded tree-sitter v0.26.9
[INFO] [stderr]   Downloaded tree-sitter-c v0.24.2
[INFO] [stderr]   Downloaded ctor v1.0.7
[INFO] [stderr]   Downloaded tree-sitter-dart v0.2.0
[INFO] [stderr]   Downloaded tree-sitter-rust v0.24.2
[INFO] [stderr]   Downloaded tree-sitter-md v0.5.3
[INFO] [stderr]   Downloaded tree-sitter-bash v0.25.1
[INFO] [stderr]   Downloaded tree-sitter-ruby v0.23.1
[INFO] [stderr]   Downloaded tree-sitter-elixir v0.3.5
[INFO] [stderr]   Downloaded tree-sitter-python v0.25.0
[INFO] [stderr]   Downloaded tree-sitter-php v0.24.2
[INFO] [stderr]   Downloaded tree-sitter-typescript v0.23.2
[INFO] [stderr]   Downloaded tree-sitter-haskell v0.23.1
[INFO] [stderr]   Downloaded tree-sitter-swift v0.7.3
[INFO] [stderr]   Downloaded tree-sitter-cpp v0.23.4
[INFO] [stderr]   Downloaded pyo3 v0.28.3
[INFO] [stderr]   Downloaded tree-sitter-scala v0.26.0
[INFO] [stderr]   Downloaded tree-sitter-c-sharp v0.23.5
[INFO] [stderr]   Downloaded napi-derive v3.5.6
[INFO] [stderr]   Downloaded tree-sitter-kotlin-sg v0.4.1
[INFO] [stderr]   Downloaded streaming-iterator v0.1.9
[INFO] [stderr]   Downloaded pyo3-build-config v0.28.3
[INFO] running `Command { std: "docker" "create" "-v" "/var/lib/crater-agent-workspace/builds/worker-0-tc1/source:/opt/rustwide/workdir:ro,Z" "-v" "/var/lib/crater-agent-workspace/builds/worker-0-tc1/target:/opt/rustwide/target:rw,Z" "-v" "/var/lib/crater-agent-workspace/cargo-home:/opt/rustwide/cargo-home:ro,Z" "-v" "/var/lib/crater-agent-workspace/rustup-home:/opt/rustwide/rustup-home:ro,Z" "-m" "1610612736" "--network" "none" "ghcr.io/rust-lang/crates-build-env/linux@sha256:77db811e55d90add9212f6832c23229e3de5f1c1f9905e8cb07319ea15df73ac" "sleep" "infinity", kill_on_drop: false }`
[INFO] [stdout] 047a937810bfba41fe2f4b8e3d5c585fec20152fb0071b86c787d1e8ed3f3b50
[INFO] running `Command { std: "docker" "start" "047a937810bfba41fe2f4b8e3d5c585fec20152fb0071b86c787d1e8ed3f3b50", kill_on_drop: false }`
[INFO] running `Command { std: "docker" "inspect" "047a937810bfba41fe2f4b8e3d5c585fec20152fb0071b86c787d1e8ed3f3b50", kill_on_drop: false }`
[INFO] running `Command { std: "docker" "exec" "-e" "SOURCE_DIR=/opt/rustwide/workdir" "-e" "CARGO_HOME=/opt/rustwide/cargo-home" "-e" "RUSTUP_HOME=/opt/rustwide/rustup-home" "-e" "CARGO_TARGET_DIR=/opt/rustwide/target" "-w" "/opt/rustwide/workdir" "--user" "0:0" "047a937810bfba41fe2f4b8e3d5c585fec20152fb0071b86c787d1e8ed3f3b50" "/opt/rustwide/cargo-home/bin/cargo" "+28b6e691688c15cef4c60d9044274e7b84397870" "metadata" "--no-deps" "--format-version=1", kill_on_drop: false }`
[INFO] running `Command { std: "docker" "inspect" "047a937810bfba41fe2f4b8e3d5c585fec20152fb0071b86c787d1e8ed3f3b50", kill_on_drop: false }`
[INFO] running `Command { std: "docker" "exec" "-e" "SOURCE_DIR=/opt/rustwide/workdir" "-e" "CARGO_HOME=/opt/rustwide/cargo-home" "-e" "RUSTUP_HOME=/opt/rustwide/rustup-home" "-e" "CARGO_TARGET_DIR=/opt/rustwide/target" "-e" "CARGO_INCREMENTAL=0" "-e" "RUST_BACKTRACE=full" "-e" "RUSTFLAGS=--cap-lints=forbid" "-e" "RUSTDOCFLAGS=--cap-lints=forbid" "-w" "/opt/rustwide/workdir" "--user" "0:0" "047a937810bfba41fe2f4b8e3d5c585fec20152fb0071b86c787d1e8ed3f3b50" "/opt/rustwide/cargo-home/bin/cargo" "+28b6e691688c15cef4c60d9044274e7b84397870" "check" "--frozen" "--all" "--all-targets" "--message-format=json", kill_on_drop: false }`
[INFO] [stderr]    Compiling cc v1.2.63
[INFO] [stderr]    Compiling tree-sitter-language v0.1.7
[INFO] [stderr]    Compiling serde_core v1.0.228
[INFO] [stderr]     Checking aho-corasick v1.1.4
[INFO] [stderr]    Compiling serde_json v1.0.150
[INFO] [stderr]    Compiling memchr v2.8.1
[INFO] [stderr]     Checking log v0.4.32
[INFO] [stderr]     Checking streaming-iterator v0.1.9
[INFO] [stderr]     Checking bit-vec v0.9.1
[INFO] [stderr]    Compiling syn v2.0.117
[INFO] [stderr]     Checking crossbeam-deque v0.8.6
[INFO] [stderr]     Checking dyn-clone v1.0.20
[INFO] [stderr]    Compiling target-lexicon v0.13.5
[INFO] [stderr]     Checking predicates-core v1.0.10
[INFO] [stderr]     Checking float-cmp v0.10.0
[INFO] [stderr]    Compiling assert_cmd v2.2.2
[INFO] [stderr]     Checking termtree v0.5.1
[INFO] [stderr]     Checking normalize-line-endings v0.3.0
[INFO] [stderr]     Checking difflib v0.4.0
[INFO] [stderr]     Checking wait-timeout v0.2.1
[INFO] [stderr]    Compiling napi-build v2.3.2
[INFO] [stderr]     Checking predicates-tree v1.0.13
[INFO] [stderr]     Checking rustix v1.1.4
[INFO] [stderr]     Checking futures-channel v0.3.32
[INFO] [stderr]    Compiling unicode-segmentation v1.13.3
[INFO] [stderr]     Checking napi-sys v3.2.2
[INFO] [stderr]     Checking bit-set v0.10.0
[INFO] [stderr]     Checking ctor v1.0.7
[INFO] [stderr]     Checking rustc-hash v2.1.2
[INFO] [stderr]    Compiling napi v3.9.1
[INFO] [stderr]    Compiling idiomatic-node v0.1.6 (/opt/rustwide/workdir/crates/idiomatic-node)
[INFO] [stderr]    Compiling pyo3-build-config v0.28.3
[INFO] [stderr]    Compiling convert_case v0.11.0
[INFO] [stderr]    Compiling tree-sitter-haskell v0.23.1
[INFO] [stderr]    Compiling tree-sitter-elixir v0.3.5
[INFO] [stderr]    Compiling tree-sitter-bash v0.25.1
[INFO] [stderr]    Compiling tree-sitter-c v0.24.2
[INFO] [stderr]    Compiling tree-sitter-c-sharp v0.23.5
[INFO] [stderr]    Compiling tree-sitter-go v0.25.0
[INFO] [stderr]    Compiling tree-sitter-cpp v0.23.4
[INFO] [stderr]    Compiling tree-sitter-dart v0.2.0
[INFO] [stderr]    Compiling tree-sitter-css v0.25.0
[INFO] [stderr]    Compiling tree-sitter-lua v0.5.0
[INFO] [stderr]    Compiling tree-sitter-md v0.5.3
[INFO] [stderr]    Compiling tree-sitter-nix v0.3.0
[INFO] [stderr]    Compiling tree-sitter-php v0.24.2
[INFO] [stderr]    Compiling tree-sitter-python v0.25.0
[INFO] [stderr]    Compiling tree-sitter-ruby v0.23.1
[INFO] [stderr]    Compiling tree-sitter-rust v0.24.2
[INFO] [stderr]     Checking regex-automata v0.4.14
[INFO] [stderr]    Compiling tree-sitter-scala v0.26.0
[INFO] [stderr]    Compiling tree-sitter-solidity v1.2.13
[INFO] [stderr]    Compiling tree-sitter-swift v0.7.3
[INFO] [stderr]    Compiling tree-sitter-typescript v0.23.2
[INFO] [stderr]    Compiling tree-sitter-yaml v0.7.2
[INFO] [stderr]    Compiling tree-sitter-html v0.23.2
[INFO] [stderr]    Compiling tree-sitter-java v0.23.5
[INFO] [stderr]    Compiling tree-sitter-javascript v0.25.0
[INFO] [stderr]    Compiling tree-sitter-json v0.24.8
[INFO] [stderr]    Compiling tree-sitter-kotlin-sg v0.4.1
[INFO] [stderr]    Compiling tree-sitter-hcl v1.1.0
[INFO] [stderr]     Checking regex v1.12.4
[INFO] [stderr]     Checking bstr v1.12.1
[INFO] [stderr]     Checking predicates v3.1.4
[INFO] [stderr] warning: tree-sitter-scala@0.26.0: cc: fatal error: Killed signal terminated program cc1
[INFO] [stderr] warning: tree-sitter-scala@0.26.0: compilation terminated.
[INFO] [stderr] error: failed to run custom build command for `tree-sitter-scala v0.26.0`
[INFO] [stderr] note: To improve backtraces for build dependencies, set the CARGO_PROFILE_DEV_BUILD_OVERRIDE_DEBUG=true environment variable to enable debug information generation.
[INFO] [stderr] 
[INFO] [stderr] Caused by:
[INFO] [stderr]   process didn't exit successfully: `/opt/rustwide/target/debug/build/tree-sitter-scala/3dc50eb841f6124d/out/build_script_build` (exit status: 1)
[INFO] [stderr]   --- stdout
[INFO] [stderr]   cargo:rerun-if-changed=src/parser.c
[INFO] [stderr]   cargo:rerun-if-changed=src/scanner.c
[INFO] [stderr]   cargo:rerun-if-env-changed=CC_FORCE_DISABLE
[INFO] [stderr]   CC_FORCE_DISABLE = None
[INFO] [stderr]   cargo:rerun-if-env-changed=CC_x86_64-unknown-linux-gnu
[INFO] [stderr]   CC_x86_64-unknown-linux-gnu = None
[INFO] [stderr]   cargo:rerun-if-env-changed=CC_x86_64_unknown_linux_gnu
[INFO] [stderr]   CC_x86_64_unknown_linux_gnu = None
[INFO] [stderr]   cargo:rerun-if-env-changed=HOST_CC
[INFO] [stderr]   HOST_CC = None
[INFO] [stderr]   cargo:rerun-if-env-changed=CC
[INFO] [stderr]   CC = None
[INFO] [stderr]   cargo:rerun-if-env-changed=CC_ENABLE_DEBUG_OUTPUT
[INFO] [stderr]   cargo:rerun-if-env-changed=CRATE_CC_NO_DEFAULTS
[INFO] [stderr]   CRATE_CC_NO_DEFAULTS = None
[INFO] [stderr]   cargo:rerun-if-env-changed=CFLAGS
[INFO] [stderr]   CFLAGS = None
[INFO] [stderr]   cargo:rerun-if-env-changed=HOST_CFLAGS
[INFO] [stderr]   HOST_CFLAGS = None
[INFO] [stderr]   cargo:rerun-if-env-changed=CFLAGS_x86_64_unknown_linux_gnu
[INFO] [stderr]   CFLAGS_x86_64_unknown_linux_gnu = None
[INFO] [stderr]   cargo:rerun-if-env-changed=CFLAGS_x86_64-unknown-linux-gnu
[INFO] [stderr]   CFLAGS_x86_64-unknown-linux-gnu = None
[INFO] [stderr]   cargo:rerun-if-env-changed=CC_ENABLE_DEBUG_OUTPUT
[INFO] [stderr]   cargo:rerun-if-env-changed=CRATE_CC_NO_DEFAULTS
[INFO] [stderr]   CRATE_CC_NO_DEFAULTS = None
[INFO] [stderr]   cargo:rerun-if-env-changed=CFLAGS
[INFO] [stderr]   CFLAGS = None
[INFO] [stderr]   cargo:rerun-if-env-changed=HOST_CFLAGS
[INFO] [stderr]   HOST_CFLAGS = None
[INFO] [stderr]   cargo:rerun-if-env-changed=CFLAGS_x86_64_unknown_linux_gnu
[INFO] [stderr]   CFLAGS_x86_64_unknown_linux_gnu = None
[INFO] [stderr]   cargo:rerun-if-env-changed=CFLAGS_x86_64-unknown-linux-gnu
[INFO] [stderr]   CFLAGS_x86_64-unknown-linux-gnu = None
[INFO] [stderr]   cargo:warning=cc: fatal error: Killed signal terminated program cc1
[INFO] [stderr]   cargo:warning=compilation terminated.
[INFO] [stderr] 
[INFO] [stderr]   --- stderr
[INFO] [stderr] 
[INFO] [stderr] 
[INFO] [stderr]   error occurred in cc-rs: command did not execute successfully (status code exit status: 1): LC_ALL="C" "cc" "-O0" "-ffunction-sections" "-fdata-sections" "-fPIC" "-g" "-gdwarf-4" "-fno-omit-frame-pointer" "-m64" "-std=c11" "-I" "src" "-Wall" "-Wextra" "-Wno-unused" "-o" "/opt/rustwide/target/debug/build/tree-sitter-scala/8f8d956d10b0fbba/out/ea708c7824d36062-parser.o" "-c" "src/parser.c"
[INFO] [stderr] 
[INFO] [stderr] 
[INFO] [stderr] warning: build failed, waiting for other jobs to finish...
[INFO] [stderr] warning: tree-sitter-kotlin-sg@0.4.1: cc: fatal error: Killed signal terminated program cc1
[INFO] [stderr] warning: tree-sitter-kotlin-sg@0.4.1: compilation terminated.
[INFO] [stderr] error: failed to run custom build command for `tree-sitter-kotlin-sg v0.4.1`
[INFO] [stderr] note: To improve backtraces for build dependencies, set the CARGO_PROFILE_DEV_BUILD_OVERRIDE_DEBUG=true environment variable to enable debug information generation.
[INFO] [stderr] 
[INFO] [stderr] Caused by:
[INFO] [stderr]   process didn't exit successfully: `/opt/rustwide/target/debug/build/tree-sitter-kotlin-sg/b968646e9c1f5ff4/out/build_script_build` (exit status: 1)
[INFO] [stderr]   --- stdout
[INFO] [stderr]   cargo:rerun-if-changed=src/parser.c
[INFO] [stderr]   cargo:rerun-if-changed=src/scanner.c
[INFO] [stderr]   cargo:rerun-if-env-changed=CC_FORCE_DISABLE
[INFO] [stderr]   CC_FORCE_DISABLE = None
[INFO] [stderr]   cargo:rerun-if-env-changed=CC_x86_64-unknown-linux-gnu
[INFO] [stderr]   CC_x86_64-unknown-linux-gnu = None
[INFO] [stderr]   cargo:rerun-if-env-changed=CC_x86_64_unknown_linux_gnu
[INFO] [stderr]   CC_x86_64_unknown_linux_gnu = None
[INFO] [stderr]   cargo:rerun-if-env-changed=HOST_CC
[INFO] [stderr]   HOST_CC = None
[INFO] [stderr]   cargo:rerun-if-env-changed=CC
[INFO] [stderr]   CC = None
[INFO] [stderr]   cargo:rerun-if-env-changed=CC_ENABLE_DEBUG_OUTPUT
[INFO] [stderr]   cargo:rerun-if-env-changed=CRATE_CC_NO_DEFAULTS
[INFO] [stderr]   CRATE_CC_NO_DEFAULTS = None
[INFO] [stderr]   cargo:rerun-if-env-changed=CFLAGS
[INFO] [stderr]   CFLAGS = None
[INFO] [stderr]   cargo:rerun-if-env-changed=HOST_CFLAGS
[INFO] [stderr]   HOST_CFLAGS = None
[INFO] [stderr]   cargo:rerun-if-env-changed=CFLAGS_x86_64_unknown_linux_gnu
[INFO] [stderr]   CFLAGS_x86_64_unknown_linux_gnu = None
[INFO] [stderr]   cargo:rerun-if-env-changed=CFLAGS_x86_64-unknown-linux-gnu
[INFO] [stderr]   CFLAGS_x86_64-unknown-linux-gnu = None
[INFO] [stderr]   cargo:warning=cc: fatal error: Killed signal terminated program cc1
[INFO] [stderr]   cargo:warning=compilation terminated.
[INFO] [stderr] 
[INFO] [stderr]   --- stderr
[INFO] [stderr] 
[INFO] [stderr] 
[INFO] [stderr]   error occurred in cc-rs: command did not execute successfully (status code exit status: 1): LC_ALL="C" "cc" "-O0" "-ffunction-sections" "-fdata-sections" "-fPIC" "-g" "-gdwarf-4" "-fno-omit-frame-pointer" "-m64" "-std=c11" "-I" "src" "-Wall" "-Wextra" "-o" "/opt/rustwide/target/debug/build/tree-sitter-kotlin-sg/b6fa3fff665f5777/out/ea708c7824d36062-parser.o" "-c" "src/parser.c"
[INFO] [stderr] 
[INFO] [stderr] 
[INFO] [stderr] error: could not compile `syn` (lib)
[INFO] [stderr] 
[INFO] [stderr] Caused by:
[INFO] [stderr]   process didn't exit successfully: `/opt/rustwide/rustup-home/toolchains/28b6e691688c15cef4c60d9044274e7b84397870/bin/rustc --crate-name syn --edition=2021 /opt/rustwide/cargo-home/registry/src/index.crates.io-1949cf8c6b5b557f/syn-2.0.117/src/lib.rs --error-format=json --json=diagnostic-rendered-ansi,artifacts,future-incompat,unused-externs-silent --crate-type lib --emit=dep-info,metadata,link -Z embed-metadata=no -C embed-bitcode=no --cfg 'feature="clone-impls"' --cfg 'feature="default"' --cfg 'feature="derive"' --cfg 'feature="extra-traits"' --cfg 'feature="fold"' --cfg 'feature="full"' --cfg 'feature="parsing"' --cfg 'feature="printing"' --cfg 'feature="proc-macro"' --cfg 'feature="visit-mut"' --check-cfg 'cfg(docsrs,test)' --check-cfg 'cfg(feature, values("clone-impls", "default", "derive", "extra-traits", "fold", "full", "parsing", "printing", "proc-macro", "test", "visit", "visit-mut"))' -C metadata=d9cace3024c0375f -C extra-filename=-a2c44e05dc358fff --out-dir /opt/rustwide/target/debug/build/syn/a2c44e05dc358fff/out -L dependency=/opt/rustwide/target/debug/build/proc-macro2/d4cb564e807a9cd7/out -L dependency=/opt/rustwide/target/debug/build/unicode-ident/8c98a1a0e58216a9/out --extern proc_macro2=/opt/rustwide/target/debug/build/proc-macro2/d4cb564e807a9cd7/out/libproc_macro2-d4cb564e807a9cd7.rmeta --extern quote=/opt/rustwide/target/debug/build/quote/aa2c5b8519914b46/out/libquote-aa2c5b8519914b46.rmeta --extern unicode_ident=/opt/rustwide/target/debug/build/unicode-ident/8c98a1a0e58216a9/out/libunicode_ident-8c98a1a0e58216a9.rmeta --cap-lints allow --cap-lints=forbid --force-warn=unused_crate_dependencies` (signal: 9, SIGKILL: kill)
[INFO] running `Command { std: "docker" "inspect" "047a937810bfba41fe2f4b8e3d5c585fec20152fb0071b86c787d1e8ed3f3b50", kill_on_drop: false }`
[INFO] running `Command { std: "docker" "rm" "-f" "047a937810bfba41fe2f4b8e3d5c585fec20152fb0071b86c787d1e8ed3f3b50", kill_on_drop: false }`
[INFO] [stdout] 047a937810bfba41fe2f4b8e3d5c585fec20152fb0071b86c787d1e8ed3f3b50
