[INFO] cloning repository https://github.com/jbutterwick/todo-app-rs-htmx
[INFO] running `Command { std: "git" "-c" "credential.helper=" "-c" "credential.helper=/workspace/cargo-home/bin/git-credential-null" "clone" "--bare" "https://github.com/jbutterwick/todo-app-rs-htmx" "/workspace/cache/git-repos/https%3A%2F%2Fgithub.com%2Fjbutterwick%2Ftodo-app-rs-htmx", kill_on_drop: false }`
[INFO] [stderr] Cloning into bare repository '/workspace/cache/git-repos/https%3A%2F%2Fgithub.com%2Fjbutterwick%2Ftodo-app-rs-htmx'...
[INFO] running `Command { std: "git" "rev-parse" "HEAD", kill_on_drop: false }`
[INFO] [stdout] 326a7b848d18c93f362f89ddcd4e323769d45efc
[INFO] checking jbutterwick/todo-app-rs-htmx against 28b6e691688c15cef4c60d9044274e7b84397870 for pr-162986
[INFO] running `Command { std: "git" "clone" "/workspace/cache/git-repos/https%3A%2F%2Fgithub.com%2Fjbutterwick%2Ftodo-app-rs-htmx" "/workspace/builds/worker-4-tc1/source", kill_on_drop: false }`
[INFO] [stderr] Cloning into '/workspace/builds/worker-4-tc1/source'...
[INFO] [stderr] done.
[INFO] started tweaking git repo https://github.com/jbutterwick/todo-app-rs-htmx
[INFO] finished tweaking git repo https://github.com/jbutterwick/todo-app-rs-htmx
[INFO] tweaked toml for git repo https://github.com/jbutterwick/todo-app-rs-htmx written to /workspace/builds/worker-4-tc1/source/Cargo.toml
[INFO] validating manifest of git repo https://github.com/jbutterwick/todo-app-rs-htmx on toolchain 28b6e691688c15cef4c60d9044274e7b84397870
[INFO] running `Command { std: CARGO_HOME="/workspace/cargo-home" RUSTUP_HOME="/workspace/rustup-home" "/workspace/cargo-home/bin/cargo" "+28b6e691688c15cef4c60d9044274e7b84397870" "metadata" "--manifest-path" "Cargo.toml" "--no-deps", kill_on_drop: false }`
[INFO] crate git repo https://github.com/jbutterwick/todo-app-rs-htmx already has a lockfile, it will not be regenerated
[INFO] running `Command { std: CARGO_HOME="/workspace/cargo-home" RUSTUP_HOME="/workspace/rustup-home" "/workspace/cargo-home/bin/cargo" "+28b6e691688c15cef4c60d9044274e7b84397870" "fetch" "--manifest-path" "Cargo.toml", kill_on_drop: false }`
[INFO] [stderr]     Updating crates.io index
[INFO] [stderr]  Downloading crates ...
[INFO] [stderr]   Downloaded wasm-bindgen-macro-support v0.2.87
[INFO] [stderr]   Downloaded wasm-bindgen-macro v0.2.87
[INFO] [stderr]   Downloaded wasm-bindgen-shared v0.2.87
[INFO] [stderr]   Downloaded octets v0.2.0
[INFO] [stderr]   Downloaded wasm-bindgen-backend v0.2.87
[INFO] [stderr]   Downloaded quote v1.0.29
[INFO] [stderr]   Downloaded proc-macro2 v1.0.64
[INFO] [stderr]   Downloaded log v0.4.19
[INFO] [stderr]   Downloaded unicode-ident v1.0.10
[INFO] [stderr]   Downloaded cmake v0.1.50
[INFO] [stderr]   Downloaded wasm-bindgen v0.2.87
[INFO] [stderr]   Downloaded serde v1.0.171
[INFO] [stderr]   Downloaded cc v1.0.79
[INFO] [stderr]   Downloaded bumpalo v3.13.0
[INFO] [stderr]   Downloaded js-sys v0.3.64
[INFO] [stderr]   Downloaded libm v0.2.7
[INFO] [stderr]   Downloaded syn v2.0.25
[INFO] [stderr]   Downloaded web-sys v0.3.64
[INFO] [stderr]   Downloaded quiche v0.17.2
[INFO] [stderr]   Downloaded ring v0.17.0-alpha.11
[INFO] running `Command { std: "docker" "create" "-v" "/var/lib/crater-agent-workspace/builds/worker-4-tc1/source:/opt/rustwide/workdir:ro,Z" "-v" "/var/lib/crater-agent-workspace/builds/worker-4-tc1/target:/opt/rustwide/target:rw,Z" "-v" "/var/lib/crater-agent-workspace/cargo-home:/opt/rustwide/cargo-home:ro,Z" "-v" "/var/lib/crater-agent-workspace/rustup-home:/opt/rustwide/rustup-home:ro,Z" "-m" "1610612736" "--network" "none" "ghcr.io/rust-lang/crates-build-env/linux@sha256:77db811e55d90add9212f6832c23229e3de5f1c1f9905e8cb07319ea15df73ac" "sleep" "infinity", kill_on_drop: false }`
[INFO] [stdout] eb6940c29360c01ff2687db1e20f253a81522b629288d7e794b34f09c7cf809a
[INFO] running `Command { std: "docker" "start" "eb6940c29360c01ff2687db1e20f253a81522b629288d7e794b34f09c7cf809a", kill_on_drop: false }`
[INFO] running `Command { std: "docker" "inspect" "eb6940c29360c01ff2687db1e20f253a81522b629288d7e794b34f09c7cf809a", kill_on_drop: false }`
[INFO] running `Command { std: "docker" "exec" "-e" "SOURCE_DIR=/opt/rustwide/workdir" "-e" "CARGO_HOME=/opt/rustwide/cargo-home" "-e" "RUSTUP_HOME=/opt/rustwide/rustup-home" "-e" "CARGO_TARGET_DIR=/opt/rustwide/target" "-w" "/opt/rustwide/workdir" "--user" "0:0" "eb6940c29360c01ff2687db1e20f253a81522b629288d7e794b34f09c7cf809a" "/opt/rustwide/cargo-home/bin/cargo" "+28b6e691688c15cef4c60d9044274e7b84397870" "metadata" "--no-deps" "--format-version=1", kill_on_drop: false }`
[INFO] running `Command { std: "docker" "inspect" "eb6940c29360c01ff2687db1e20f253a81522b629288d7e794b34f09c7cf809a", kill_on_drop: false }`
[INFO] running `Command { std: "docker" "exec" "-e" "SOURCE_DIR=/opt/rustwide/workdir" "-e" "CARGO_HOME=/opt/rustwide/cargo-home" "-e" "RUSTUP_HOME=/opt/rustwide/rustup-home" "-e" "CARGO_TARGET_DIR=/opt/rustwide/target" "-e" "CARGO_INCREMENTAL=0" "-e" "RUST_BACKTRACE=full" "-e" "RUSTFLAGS=--cap-lints=forbid" "-e" "RUSTDOCFLAGS=--cap-lints=forbid" "-w" "/opt/rustwide/workdir" "--user" "0:0" "eb6940c29360c01ff2687db1e20f253a81522b629288d7e794b34f09c7cf809a" "/opt/rustwide/cargo-home/bin/cargo" "+28b6e691688c15cef4c60d9044274e7b84397870" "check" "--frozen" "--all" "--all-targets" "--message-format=json", kill_on_drop: false }`
[INFO] [stderr]    Compiling cc v1.0.79
[INFO] [stderr]    Compiling libc v0.2.147
[INFO] [stderr]    Compiling serde v1.0.171
[INFO] [stderr]    Compiling libm v0.2.7
[INFO] [stderr]     Checking once_cell v1.18.0
[INFO] [stderr]     Checking untrusted v0.7.1
[INFO] [stderr]     Checking spin v0.5.2
[INFO] [stderr]     Checking log v0.4.19
[INFO] [stderr]     Checking octets v0.2.0
[INFO] [stderr]    Compiling slab v0.4.8
[INFO] [stderr]    Compiling cmake v0.1.50
[INFO] [stderr]    Compiling ring v0.16.20
[INFO] [stderr]    Compiling ring v0.17.0-alpha.11
[INFO] [stderr]     Checking mio v0.8.8
[INFO] [stderr]    Compiling quiche v0.17.2
[INFO] [stderr]     Checking smallvec v1.11.0
[INFO] [stderr] error: failed to run custom build command for `quiche v0.17.2`
[INFO] [stderr] note: To improve backtraces for build dependencies, set the CARGO_PROFILE_DEV_BUILD_OVERRIDE_DEBUG=true environment variable to enable debug information generation.
[INFO] [stderr] 
[INFO] [stderr] Caused by:
[INFO] [stderr]   process didn't exit successfully: `/opt/rustwide/target/debug/build/quiche/d61ba5c7d9deb85c/out/build_script_build` (exit status: 101)
[INFO] [stderr]   --- stdout
[INFO] [stderr]   CMAKE_TOOLCHAIN_FILE_x86_64-unknown-linux-gnu = None
[INFO] [stderr]   CMAKE_TOOLCHAIN_FILE_x86_64_unknown_linux_gnu = None
[INFO] [stderr]   HOST_CMAKE_TOOLCHAIN_FILE = None
[INFO] [stderr]   CMAKE_TOOLCHAIN_FILE = None
[INFO] [stderr]   CMAKE_GENERATOR_x86_64-unknown-linux-gnu = None
[INFO] [stderr]   CMAKE_GENERATOR_x86_64_unknown_linux_gnu = None
[INFO] [stderr]   HOST_CMAKE_GENERATOR = None
[INFO] [stderr]   CMAKE_GENERATOR = None
[INFO] [stderr]   CMAKE_PREFIX_PATH_x86_64-unknown-linux-gnu = None
[INFO] [stderr]   CMAKE_PREFIX_PATH_x86_64_unknown_linux_gnu = None
[INFO] [stderr]   HOST_CMAKE_PREFIX_PATH = None
[INFO] [stderr]   CMAKE_PREFIX_PATH = None
[INFO] [stderr]   CMAKE_x86_64-unknown-linux-gnu = None
[INFO] [stderr]   CMAKE_x86_64_unknown_linux_gnu = None
[INFO] [stderr]   HOST_CMAKE = None
[INFO] [stderr]   CMAKE = None
[INFO] [stderr]   running: cd "/opt/rustwide/target/debug/build/quiche/f633dd9e8710dc12/out/build" && CMAKE_PREFIX_PATH="" "cmake" "/opt/rustwide/cargo-home/registry/src/index.crates.io-1949cf8c6b5b557f/quiche-0.17.2/deps/boringssl" "-DCMAKE_INSTALL_PREFIX=/opt/rustwide/target/debug/build/quiche/f633dd9e8710dc12/out" "-DCMAKE_C_FLAGS= -ffunction-sections -fdata-sections -fPIC -m64" "-DCMAKE_C_COMPILER=/usr/bin/cc" "-DCMAKE_CXX_FLAGS= -ffunction-sections -fdata-sections -fPIC -m64" "-DCMAKE_CXX_COMPILER=/usr/bin/c++" "-DCMAKE_ASM_FLAGS= -ffunction-sections -fdata-sections -fPIC -m64" "-DCMAKE_ASM_COMPILER=/usr/bin/cc" "-DCMAKE_BUILD_TYPE=Debug"
[INFO] [stderr]   -- The C compiler identification is GNU 15.2.0
[INFO] [stderr]   -- The CXX compiler identification is GNU 15.2.0
[INFO] [stderr]   -- Detecting C compiler ABI info
[INFO] [stderr]   -- Detecting C compiler ABI info - done
[INFO] [stderr]   -- Check for working C compiler: /usr/bin/cc - skipped
[INFO] [stderr]   -- Detecting C compile features
[INFO] [stderr]   -- Detecting C compile features - done
[INFO] [stderr]   -- Detecting CXX compiler ABI info
[INFO] [stderr]   -- Detecting CXX compiler ABI info - done
[INFO] [stderr]   -- Check for working CXX compiler: /usr/bin/c++ - skipped
[INFO] [stderr]   -- Detecting CXX compile features
[INFO] [stderr]   -- Detecting CXX compile features - done
[INFO] [stderr]   -- The ASM compiler identification is GNU
[INFO] [stderr]   -- Found assembler: /usr/bin/cc
[INFO] [stderr]   -- Configuring done (1.7s)
[INFO] [stderr]   -- Generating done (0.1s)
[INFO] [stderr]   -- Build files have been written to: /opt/rustwide/target/debug/build/quiche/f633dd9e8710dc12/out/build
[INFO] [stderr]   running: cd "/opt/rustwide/target/debug/build/quiche/f633dd9e8710dc12/out/build" && MAKEFLAGS="-j --jobserver-fds=4,5 --jobserver-auth=4,5" "cmake" "--build" "." "--target" "ssl" "--config" "Debug"
[INFO] [stderr]   [  0%] Building CXX object CMakeFiles/ssl.dir/src/ssl/bio_ssl.cc.o
[INFO] [stderr]   [  0%] Building CXX object CMakeFiles/ssl.dir/src/ssl/d1_pkt.cc.o
[INFO] [stderr]   [  7%] Building CXX object CMakeFiles/ssl.dir/src/ssl/d1_both.cc.o
[INFO] [stderr]   [ 15%] Building CXX object CMakeFiles/ssl.dir/src/ssl/d1_srtp.cc.o
[INFO] [stderr]   [ 23%] Building CXX object CMakeFiles/ssl.dir/src/ssl/encrypted_client_hello.cc.o
[INFO] [stderr]   [ 23%] Building CXX object CMakeFiles/ssl.dir/src/ssl/d1_lib.cc.o
[INFO] [stderr]   [ 23%] Building CXX object CMakeFiles/ssl.dir/src/ssl/extensions.cc.o
[INFO] [stderr]   [ 23%] Building CXX object CMakeFiles/ssl.dir/src/ssl/dtls_method.cc.o
[INFO] [stderr]   [ 23%] Building CXX object CMakeFiles/ssl.dir/src/ssl/dtls_record.cc.o
[INFO] [stderr]   [ 30%] Building CXX object CMakeFiles/ssl.dir/src/ssl/s3_both.cc.o
[INFO] [stderr]   [ 30%] Building CXX object CMakeFiles/ssl.dir/src/ssl/handshake_client.cc.o
[INFO] [stderr]   [ 30%] Building CXX object CMakeFiles/ssl.dir/src/ssl/s3_lib.cc.o
[INFO] [stderr]   [ 30%] Building CXX object CMakeFiles/ssl.dir/src/ssl/handshake_server.cc.o
[INFO] [stderr]   [ 30%] Building CXX object CMakeFiles/ssl.dir/src/ssl/handoff.cc.o
[INFO] [stderr]   [ 30%] Building CXX object CMakeFiles/ssl.dir/src/ssl/s3_pkt.cc.o
[INFO] [stderr]   [ 38%] Building CXX object CMakeFiles/ssl.dir/src/ssl/handshake.cc.o
[INFO] [stderr]   [ 46%] Building CXX object CMakeFiles/ssl.dir/src/ssl/ssl_aead_ctx.cc.o
[INFO] [stderr] 
[INFO] [stderr]   --- stderr
[INFO] [stderr]   CMake Deprecation Warning at CMakeLists.txt:7 (cmake_minimum_required):
[INFO] [stderr]     Compatibility with CMake < 3.10 will be removed from a future version of
[INFO] [stderr]     CMake.
[INFO] [stderr] 
[INFO] [stderr]     Update the VERSION argument <min> value.  Or, use the <min>...<max> syntax
[INFO] [stderr]     to tell CMake that the project requires at least <min> but has been updated
[INFO] [stderr]     to work with policies introduced by <max> or earlier.
[INFO] [stderr] 
[INFO] [stderr] 
[INFO] [stderr]   c++: fatal error: Killed signal terminated program cc1plus
[INFO] [stderr]   compilation terminated.
[INFO] [stderr]   gmake[3]: *** [CMakeFiles/ssl.dir/build.make:191: CMakeFiles/ssl.dir/src/ssl/extensions.cc.o] Error 1
[INFO] [stderr]   gmake[3]: *** Waiting for unfinished jobs....
[INFO] [stderr]   gmake[2]: *** [CMakeFiles/Makefile2:125: CMakeFiles/ssl.dir/all] Error 2
[INFO] [stderr]   gmake[1]: *** [CMakeFiles/Makefile2:132: CMakeFiles/ssl.dir/rule] Error 2
[INFO] [stderr]   gmake: *** [Makefile:137: ssl] Error 2
[INFO] [stderr] 
[INFO] [stderr]   thread 'main' (495) panicked at /opt/rustwide/cargo-home/registry/src/index.crates.io-1949cf8c6b5b557f/cmake-0.1.50/src/lib.rs:1098:5:
[INFO] [stderr] 
[INFO] [stderr]   command did not execute successfully, got: exit status: 2
[INFO] [stderr] 
[INFO] [stderr]   build script failed, must exit now
[INFO] [stderr]   stack backtrace:
[INFO] [stderr]      0:     0x5c32607494c1 - std[80dffe575a601a26]::backtrace_rs::backtrace::libunwind::trace
[INFO] [stderr]                                  at /rustc/28b6e691688c15cef4c60d9044274e7b84397870/library/std/src/../../backtrace/src/backtrace/libunwind.rs:117:9
[INFO] [stderr]      1:     0x5c32607494c1 - std[80dffe575a601a26]::backtrace_rs::backtrace::trace_unsynchronized::<std[80dffe575a601a26]::sys::backtrace::_print_fmt::{closure#1}>
[INFO] [stderr]                                  at /rustc/28b6e691688c15cef4c60d9044274e7b84397870/library/std/src/../../backtrace/src/backtrace/mod.rs:66:14
[INFO] [stderr]      2:     0x5c32607494c1 - std[80dffe575a601a26]::sys::backtrace::_print_fmt
[INFO] [stderr]                                  at /rustc/28b6e691688c15cef4c60d9044274e7b84397870/library/std/src/sys/backtrace.rs:74:9
[INFO] [stderr]      3:     0x5c32607494c1 - <<std[80dffe575a601a26]::sys::backtrace::BacktraceLock>::print::DisplayBacktrace as core[4b671e236b6cd0c2]::fmt::Display>::fmt
[INFO] [stderr]                                  at /rustc/28b6e691688c15cef4c60d9044274e7b84397870/library/std/src/sys/backtrace.rs:44:26
[INFO] [stderr]      4:     0x5c326075dc5a - <core[4b671e236b6cd0c2]::fmt::rt::Argument>::fmt
[INFO] [stderr]                                  at /rustc/28b6e691688c15cef4c60d9044274e7b84397870/library/core/src/fmt/rt.rs:152:76
[INFO] [stderr]      5:     0x5c326075dc5a - core[4b671e236b6cd0c2]::fmt::write
[INFO] [stderr]      6:     0x5c326074f44c - core[4b671e236b6cd0c2]::io::write::default_write_fmt::<std[80dffe575a601a26]::sys::stdio::unix::Stderr>
[INFO] [stderr]                                  at /rustc/28b6e691688c15cef4c60d9044274e7b84397870/library/core/src/io/write.rs:402:11
[INFO] [stderr]      7:     0x5c326074f44c - <std[80dffe575a601a26]::sys::stdio::unix::Stderr as core[4b671e236b6cd0c2]::io::write::Write>::write_fmt
[INFO] [stderr]                                  at /rustc/28b6e691688c15cef4c60d9044274e7b84397870/library/core/src/io/write.rs:335:13
[INFO] [stderr]      8:     0x5c3260727b76 - <std[80dffe575a601a26]::sys::backtrace::BacktraceLock>::print
[INFO] [stderr]                                  at /rustc/28b6e691688c15cef4c60d9044274e7b84397870/library/std/src/sys/backtrace.rs:47:9
[INFO] [stderr]      9:     0x5c3260727b76 - std[80dffe575a601a26]::panicking::default_hook::{closure#0}
[INFO] [stderr]                                  at /rustc/28b6e691688c15cef4c60d9044274e7b84397870/library/std/src/panicking.rs:289:27
[INFO] [stderr]     10:     0x5c3260743b11 - std[80dffe575a601a26]::panicking::default_hook
[INFO] [stderr]                                  at /rustc/28b6e691688c15cef4c60d9044274e7b84397870/library/std/src/panicking.rs:316:9
[INFO] [stderr]     11:     0x5c3260743ccb - std[80dffe575a601a26]::panicking::panic_with_hook
[INFO] [stderr]                                  at /rustc/28b6e691688c15cef4c60d9044274e7b84397870/library/std/src/panicking.rs:811:13
[INFO] [stderr]     12:     0x5c3260727c22 - std[80dffe575a601a26]::panicking::panic_handler::{closure#0}
[INFO] [stderr]                                  at /rustc/28b6e691688c15cef4c60d9044274e7b84397870/library/std/src/panicking.rs:685:13
[INFO] [stderr]     13:     0x5c32607207e9 - std[80dffe575a601a26]::sys::backtrace::__rust_end_short_backtrace::<std[80dffe575a601a26]::panicking::panic_handler::{closure#0}, !>
[INFO] [stderr]                                  at /rustc/28b6e691688c15cef4c60d9044274e7b84397870/library/std/src/sys/backtrace.rs:182:18
[INFO] [stderr]     14:     0x5c326072845d - __rustc[f12af1dffb6969cc]::rust_begin_unwind
[INFO] [stderr]                                  at /rustc/28b6e691688c15cef4c60d9044274e7b84397870/library/std/src/panicking.rs:676:5
[INFO] [stderr]     15:     0x5c326075e3cc - core[4b671e236b6cd0c2]::panicking::panic_fmt
[INFO] [stderr]                                  at /rustc/28b6e691688c15cef4c60d9044274e7b84397870/library/core/src/panicking.rs:80:14
[INFO] [stderr]     16:     0x5c32606d4f67 - cmake[f8734369ad1522a2]::fail
[INFO] [stderr]     17:     0x5c32606d4c21 - cmake[f8734369ad1522a2]::run
[INFO] [stderr]     18:     0x5c32606da96b - <cmake[f8734369ad1522a2]::Config>::build
[INFO] [stderr]     19:     0x5c32606c43b4 - build_script_build[5444e6759711387b]::main::{closure#0}
[INFO] [stderr]     20:     0x5c32606c3af7 - <core[4b671e236b6cd0c2]::result::Result<alloc[3e0b7a70be1a6484]::string::String, std[80dffe575a601a26]::env::VarError>>::unwrap_or_else::<build_script_build[5444e6759711387b]::main::{closure#0}>
[INFO] [stderr]     21:     0x5c32606c57b2 - build_script_build[5444e6759711387b]::main
[INFO] [stderr]     22:     0x5c32606c6feb - <fn() as core[4b671e236b6cd0c2]::ops::function::FnOnce<()>>::call_once
[INFO] [stderr]     23:     0x5c32606c42ee - std[80dffe575a601a26]::sys::backtrace::__rust_begin_short_backtrace::<fn(), ()>
[INFO] [stderr]     24:     0x5c32606c42f9 - std[80dffe575a601a26]::rt::lang_start::<()>::{closure#0}
[INFO] [stderr]     25:     0x5c3260742f18 - <&dyn core[4b671e236b6cd0c2]::ops::function::Fn<(), Output = i32> + core[4b671e236b6cd0c2]::marker::Sync + core[4b671e236b6cd0c2]::panic::unwind_safe::RefUnwindSafe as core[4b671e236b6cd0c2]::ops::function::FnOnce<()>>::call_once
[INFO] [stderr]                                  at /rustc/28b6e691688c15cef4c60d9044274e7b84397870/library/core/src/ops/function.rs:287:21
[INFO] [stderr]     26:     0x5c3260742f18 - std[80dffe575a601a26]::panicking::catch_unwind::do_call::<&dyn core[4b671e236b6cd0c2]::ops::function::Fn<(), Output = i32> + core[4b671e236b6cd0c2]::marker::Sync + core[4b671e236b6cd0c2]::panic::unwind_safe::RefUnwindSafe, i32>
[INFO] [stderr]                                  at /rustc/28b6e691688c15cef4c60d9044274e7b84397870/library/std/src/panicking.rs:573:43
[INFO] [stderr]     27:     0x5c3260742f18 - std[80dffe575a601a26]::panicking::catch_unwind::<i32, &dyn core[4b671e236b6cd0c2]::ops::function::Fn<(), Output = i32> + core[4b671e236b6cd0c2]::marker::Sync + core[4b671e236b6cd0c2]::panic::unwind_safe::RefUnwindSafe>
[INFO] [stderr]                                  at /rustc/28b6e691688c15cef4c60d9044274e7b84397870/library/std/src/panicking.rs:541:19
[INFO] [stderr]     28:     0x5c3260742f18 - std[80dffe575a601a26]::panic::catch_unwind::<&dyn core[4b671e236b6cd0c2]::ops::function::Fn<(), Output = i32> + core[4b671e236b6cd0c2]::marker::Sync + core[4b671e236b6cd0c2]::panic::unwind_safe::RefUnwindSafe, i32>
[INFO] [stderr]                                  at /rustc/28b6e691688c15cef4c60d9044274e7b84397870/library/std/src/panic.rs:359:14
[INFO] [stderr]     29:     0x5c3260742f18 - std[80dffe575a601a26]::rt::lang_start_internal::{closure#0}
[INFO] [stderr]                                  at /rustc/28b6e691688c15cef4c60d9044274e7b84397870/library/std/src/rt.rs:175:24
[INFO] [stderr]     30:     0x5c3260742f18 - std[80dffe575a601a26]::panicking::catch_unwind::do_call::<std[80dffe575a601a26]::rt::lang_start_internal::{closure#0}, isize>
[INFO] [stderr]                                  at /rustc/28b6e691688c15cef4c60d9044274e7b84397870/library/std/src/panicking.rs:573:43
[INFO] [stderr]     31:     0x5c3260742f18 - std[80dffe575a601a26]::panicking::catch_unwind::<isize, std[80dffe575a601a26]::rt::lang_start_internal::{closure#0}>
[INFO] [stderr]                                  at /rustc/28b6e691688c15cef4c60d9044274e7b84397870/library/std/src/panicking.rs:541:19
[INFO] [stderr]     32:     0x5c3260742f18 - std[80dffe575a601a26]::panic::catch_unwind::<std[80dffe575a601a26]::rt::lang_start_internal::{closure#0}, isize>
[INFO] [stderr]                                  at /rustc/28b6e691688c15cef4c60d9044274e7b84397870/library/std/src/panic.rs:359:14
[INFO] [stderr]     33:     0x5c3260742f18 - std[80dffe575a601a26]::rt::lang_start_internal
[INFO] [stderr]                                  at /rustc/28b6e691688c15cef4c60d9044274e7b84397870/library/std/src/rt.rs:171:5
[INFO] [stderr]     34:     0x5c32606c42e1 - std[80dffe575a601a26]::rt::lang_start::<()>
[INFO] [stderr]     35:     0x5c32606c7065 - main
[INFO] [stderr]     36:     0x711f8e36d601 - <unknown>
[INFO] [stderr]     37:     0x711f8e36d718 - __libc_start_main
[INFO] [stderr]     38:     0x5c32606c2dc5 - _start
[INFO] [stderr]     39:                0x0 - <unknown>
[INFO] running `Command { std: "docker" "inspect" "eb6940c29360c01ff2687db1e20f253a81522b629288d7e794b34f09c7cf809a", kill_on_drop: false }`
[INFO] running `Command { std: "docker" "rm" "-f" "eb6940c29360c01ff2687db1e20f253a81522b629288d7e794b34f09c7cf809a", kill_on_drop: false }`
[INFO] [stdout] eb6940c29360c01ff2687db1e20f253a81522b629288d7e794b34f09c7cf809a
