[INFO] cloning repository https://github.com/infinity-smithpl/firewood
[INFO] running `Command { std: "git" "-c" "credential.helper=" "-c" "credential.helper=/workspace/cargo-home/bin/git-credential-null" "clone" "--bare" "https://github.com/infinity-smithpl/firewood" "/workspace/cache/git-repos/https%3A%2F%2Fgithub.com%2Finfinity-smithpl%2Ffirewood", kill_on_drop: false }`
[INFO] [stderr] Cloning into bare repository '/workspace/cache/git-repos/https%3A%2F%2Fgithub.com%2Finfinity-smithpl%2Ffirewood'...
[INFO] running `Command { std: "git" "rev-parse" "HEAD", kill_on_drop: false }`
[INFO] [stdout] c33116d2201feb26cd5f01769fb21959466f82d4
[INFO] checking infinity-smithpl/firewood against 28b6e691688c15cef4c60d9044274e7b84397870 for pr-162986
[INFO] running `Command { std: "git" "clone" "/workspace/cache/git-repos/https%3A%2F%2Fgithub.com%2Finfinity-smithpl%2Ffirewood" "/workspace/builds/worker-5-tc1/source", kill_on_drop: false }`
[INFO] [stderr] Cloning into '/workspace/builds/worker-5-tc1/source'...
[INFO] [stderr] done.
[INFO] removed /workspace/builds/worker-5-tc1/source/.cargo/config.toml
[INFO] started tweaking git repo https://github.com/infinity-smithpl/firewood
[INFO] finished tweaking git repo https://github.com/infinity-smithpl/firewood
[INFO] tweaked toml for git repo https://github.com/infinity-smithpl/firewood written to /workspace/builds/worker-5-tc1/source/Cargo.toml
[INFO] validating manifest of git repo https://github.com/infinity-smithpl/firewood on toolchain 28b6e691688c15cef4c60d9044274e7b84397870
[INFO] running `Command { std: CARGO_HOME="/workspace/cargo-home" RUSTUP_HOME="/workspace/rustup-home" "/workspace/cargo-home/bin/cargo" "+28b6e691688c15cef4c60d9044274e7b84397870" "metadata" "--manifest-path" "Cargo.toml" "--no-deps", kill_on_drop: false }`
[INFO] crate git repo https://github.com/infinity-smithpl/firewood already has a lockfile, it will not be regenerated
[INFO] running `Command { std: CARGO_HOME="/workspace/cargo-home" RUSTUP_HOME="/workspace/rustup-home" "/workspace/cargo-home/bin/cargo" "+28b6e691688c15cef4c60d9044274e7b84397870" "fetch" "--manifest-path" "Cargo.toml", kill_on_drop: false }`
[INFO] [stderr] warning: unused workspace dependency `firewood-ffi`
[INFO] [stderr]   --> Cargo.toml:48:25
[INFO] [stderr]    |
[INFO] [stderr] 48 | [workspace.dependencies.firewood-ffi]
[INFO] [stderr]    |                         ^^^^^^^^^^^^
[INFO] [stderr]    |
[INFO] [stderr]    = note: `cargo::unused_workspace_dependencies` is set to `warn` by default
[INFO] [stderr] help: consider removing the workspace dependency `firewood-ffi`
[INFO] [stderr] warning: workspace (manifest) generated 1 warning
[INFO] [stderr]     Updating crates.io index
[INFO] [stderr]  Downloading crates ...
[INFO] [stderr]   Downloaded test-case-macros v3.3.1
[INFO] [stderr]   Downloaded test-case v3.3.1
[INFO] [stderr]   Downloaded console v0.16.1
[INFO] [stderr]   Downloaded findshlibs v0.10.2
[INFO] [stderr]   Downloaded rtrb v0.3.2
[INFO] [stderr]   Downloaded integer-encoding v4.0.2
[INFO] [stderr]   Downloaded small_ctor v0.1.2
[INFO] [stderr]   Downloaded fastrace-macro v0.7.14
[INFO] [stderr]   Downloaded rlp v0.6.1
[INFO] [stderr]   Downloaded pprof v0.15.0
[INFO] [stderr]   Downloaded coarsetime v0.1.36
[INFO] [stderr]   Downloaded bitfield-macros v0.19.3
[INFO] [stderr]   Downloaded lru v0.16.1
[INFO] [stderr]   Downloaded fastant v0.1.10
[INFO] [stderr]   Downloaded bitfield v0.19.3
[INFO] [stderr]   Downloaded symbolic-common v12.16.3
[INFO] [stderr]   Downloaded fastrace v0.7.14
[INFO] [stderr]   Downloaded half v2.7.0
[INFO] [stderr]   Downloaded inferno v0.11.21
[INFO] [stderr]   Downloaded symbolic-demangle v12.16.3
[INFO] [stderr]   Downloaded wasix v0.12.21
[INFO] [stderr]   Downloaded plain_hasher v0.2.3
[INFO] [stderr]   Downloaded hex-literal v1.0.0
[INFO] [stderr]   Downloaded ethereum-types v0.16.0
[INFO] [stderr]   Downloaded impl-codec v0.7.1
[INFO] [stderr]   Downloaded hash-db v0.16.0
[INFO] [stderr]   Downloaded trie-standardmap v0.16.0
[INFO] [stderr]   Downloaded keccak-hasher v0.16.0
[INFO] [stderr]   Downloaded impl-serde v0.5.0
[INFO] [stderr]   Downloaded impl-rlp v0.4.0
[INFO] [stderr]   Downloaded ethbloom v0.14.1
[INFO] [stderr]   Downloaded ctor v0.6.0
[INFO] [stderr]   Downloaded primitive-types v0.14.0
[INFO] [stderr]   Downloaded bstr v1.12.0
[INFO] [stderr]   Downloaded oxhttp v0.3.1
[INFO] [stderr]   Downloaded tikv-jemallocator v0.6.0
[INFO] [stderr]   Downloaded dtor v0.1.0
[INFO] [stderr]   Downloaded test-case-core v3.3.1
[INFO] [stderr]   Downloaded assert_cmd v2.0.17
[INFO] [stderr]   Downloaded const-hex v1.16.0
[INFO] [stderr]   Downloaded pretty-duration v0.1.1
[INFO] [stderr]   Downloaded cbindgen v0.29.0
[INFO] [stderr]   Downloaded fastrace-opentelemetry v0.14.0
[INFO] [stderr]   Downloaded tikv-jemalloc-sys v0.6.0+5.3.0-1-ge13ca993e8ccb9ba9847cc330696e02839f328f7
[INFO] [stderr]   Downloaded aws-lc-sys v0.32.2
[INFO] running `Command { std: "docker" "create" "-v" "/var/lib/crater-agent-workspace/builds/worker-5-tc1/source:/opt/rustwide/workdir:ro,Z" "-v" "/var/lib/crater-agent-workspace/builds/worker-5-tc1/target:/opt/rustwide/target:rw,Z" "-v" "/var/lib/crater-agent-workspace/cargo-home:/opt/rustwide/cargo-home:ro,Z" "-v" "/var/lib/crater-agent-workspace/rustup-home:/opt/rustwide/rustup-home:ro,Z" "-m" "1610612736" "--network" "none" "ghcr.io/rust-lang/crates-build-env/linux@sha256:77db811e55d90add9212f6832c23229e3de5f1c1f9905e8cb07319ea15df73ac" "sleep" "infinity", kill_on_drop: false }`
[INFO] [stdout] 1dad9a29b058cc0462e719ed546ac0c6509ab723d8ccc901075b615b99744105
[INFO] running `Command { std: "docker" "start" "1dad9a29b058cc0462e719ed546ac0c6509ab723d8ccc901075b615b99744105", kill_on_drop: false }`
[INFO] running `Command { std: "docker" "inspect" "1dad9a29b058cc0462e719ed546ac0c6509ab723d8ccc901075b615b99744105", kill_on_drop: false }`
[INFO] running `Command { std: "docker" "exec" "-e" "SOURCE_DIR=/opt/rustwide/workdir" "-e" "CARGO_HOME=/opt/rustwide/cargo-home" "-e" "RUSTUP_HOME=/opt/rustwide/rustup-home" "-e" "CARGO_TARGET_DIR=/opt/rustwide/target" "-w" "/opt/rustwide/workdir" "--user" "0:0" "1dad9a29b058cc0462e719ed546ac0c6509ab723d8ccc901075b615b99744105" "/opt/rustwide/cargo-home/bin/cargo" "+28b6e691688c15cef4c60d9044274e7b84397870" "metadata" "--no-deps" "--format-version=1", kill_on_drop: false }`
[INFO] running `Command { std: "docker" "inspect" "1dad9a29b058cc0462e719ed546ac0c6509ab723d8ccc901075b615b99744105", kill_on_drop: false }`
[INFO] running `Command { std: "docker" "exec" "-e" "SOURCE_DIR=/opt/rustwide/workdir" "-e" "CARGO_HOME=/opt/rustwide/cargo-home" "-e" "RUSTUP_HOME=/opt/rustwide/rustup-home" "-e" "CARGO_TARGET_DIR=/opt/rustwide/target" "-e" "CARGO_INCREMENTAL=0" "-e" "RUST_BACKTRACE=full" "-e" "RUSTFLAGS=--cap-lints=forbid" "-e" "RUSTDOCFLAGS=--cap-lints=forbid" "-w" "/opt/rustwide/workdir" "--user" "0:0" "1dad9a29b058cc0462e719ed546ac0c6509ab723d8ccc901075b615b99744105" "/opt/rustwide/cargo-home/bin/cargo" "+28b6e691688c15cef4c60d9044274e7b84397870" "check" "--frozen" "--all" "--all-targets" "--message-format=json", kill_on_drop: false }`
[INFO] [stderr] warning: unused workspace dependency `firewood-ffi`
[INFO] [stderr]   --> Cargo.toml:48:25
[INFO] [stderr]    |
[INFO] [stderr] 48 | [workspace.dependencies.firewood-ffi]
[INFO] [stderr]    |                         ^^^^^^^^^^^^
[INFO] [stderr]    |
[INFO] [stderr]    = note: `cargo::unused_workspace_dependencies` is set to `warn` by default
[INFO] [stderr] help: consider removing the workspace dependency `firewood-ffi`
[INFO] [stderr] warning: workspace (manifest) generated 1 warning
[INFO] [stderr]    Compiling proc-macro2 v1.0.101
[INFO] [stderr]    Compiling libc v0.2.177
[INFO] [stderr]     Checking smallvec v1.15.1
[INFO] [stderr]    Compiling zerocopy v0.8.27
[INFO] [stderr]    Compiling quote v1.0.41
[INFO] [stderr]    Compiling find-msvc-tools v0.1.4
[INFO] [stderr]    Compiling cfg-if v1.0.3
[INFO] [stderr]     Checking bitflags v2.9.4
[INFO] [stderr]    Compiling num-traits v0.2.19
[INFO] [stderr]     Checking aho-corasick v1.1.3
[INFO] [stderr]    Compiling generic-array v0.14.9
[INFO] [stderr]     Checking tracing-core v0.1.34
[INFO] [stderr]    Compiling serde_core v1.0.228
[INFO] [stderr]    Compiling small_ctor v0.1.2
[INFO] [stderr]     Checking web-time v1.1.0
[INFO] [stderr]     Checking bytemuck v1.24.0
[INFO] [stderr]     Checking rayon v1.11.0
[INFO] [stderr]    Compiling crunchy v0.2.4
[INFO] [stderr]    Compiling io-uring v0.7.10
[INFO] [stderr]     Checking rtrb v0.3.2
[INFO] [stderr]    Compiling rustix v1.1.2
[INFO] [stderr]     Checking fastant v0.1.10
[INFO] [stderr]    Compiling itertools v0.10.5
[INFO] [stderr]     Checking serde_json v1.0.145
[INFO] [stderr]     Checking unit-prefix v0.5.1
[INFO] [stderr]     Checking clap_builder v4.5.49
[INFO] [stderr]     Checking lru v0.16.1
[INFO] [stderr]     Checking semver v1.0.27
[INFO] [stderr]     Checking integer-encoding v4.0.2
[INFO] [stderr]     Checking arc-swap v1.7.1
[INFO] [stderr]     Checking nonzero_ext v0.3.0
[INFO] [stderr]    Compiling libloading v0.8.8
[INFO] [stderr]    Compiling winnow v0.7.13
[INFO] [stderr]     Checking rustc-hex v2.1.0
[INFO] [stderr]    Compiling tiny-keccak v2.0.2
[INFO] [stderr]     Checking num-format v0.4.4
[INFO] [stderr]     Checking rlp v0.6.1
[INFO] [stderr]     Checking crypto-common v0.1.6
[INFO] [stderr]     Checking block-buffer v0.10.4
[INFO] [stderr]    Compiling aws-lc-rs v1.14.1
[INFO] [stderr]     Checking plotters-backend v0.3.7
[INFO] [stderr]     Checking digest v0.10.7
[INFO] [stderr]     Checking ciborium-io v0.2.2
[INFO] [stderr]    Compiling syn v2.0.106
[INFO] [stderr]    Compiling proc-macro-error-attr2 v2.0.0
[INFO] [stderr]    Compiling include_dir_macros v0.7.4
[INFO] [stderr]     Checking sha2 v0.10.9
[INFO] [stderr]     Checking plotters-svg v0.3.7
[INFO] [stderr]     Checking regex-automata v0.4.13
[INFO] [stderr]     Checking http-body-util v0.1.3
[INFO] [stderr]     Checking itertools v0.13.0
[INFO] [stderr]     Checking uuid v1.18.1
[INFO] [stderr]     Checking cast v0.3.0
[INFO] [stderr]    Compiling include_dir v0.7.4
[INFO] [stderr]    Compiling cpp_demangle v0.4.5
[INFO] [stderr]    Compiling utf8parse v0.2.2
[INFO] [stderr]     Checking plotters v0.3.7
[INFO] [stderr]    Compiling jobserver v0.1.34
[INFO] [stderr]     Checking rustls-pki-types v1.12.0
[INFO] [stderr]     Checking impl-rlp v0.4.0
[INFO] [stderr]    Compiling anstyle-parse v0.2.7
[INFO] [stderr]    Compiling symbolic-demangle v12.16.3
[INFO] [stderr]     Checking debugid v0.8.0
[INFO] [stderr]    Compiling anstyle v1.0.13
[INFO] [stderr]     Checking hash-db v0.16.0
[INFO] [stderr]    Compiling cc v1.2.41
[INFO] [stderr]    Compiling is_terminal_polyfill v1.70.1
[INFO] [stderr]     Checking anes v0.1.6
[INFO] [stderr]    Compiling colorchoice v1.0.4
[INFO] [stderr]    Compiling hashbrown v0.16.0
[INFO] [stderr]    Compiling anstyle-query v1.1.4
[INFO] [stderr]     Checking oorandom v11.1.5
[INFO] [stderr]     Checking addr2line v0.25.1
[INFO] [stderr]    Compiling anstream v0.6.21
[INFO] [stderr]    Compiling getrandom v0.3.3
[INFO] [stderr]     Checking uint v0.10.0
[INFO] [stderr]     Checking rgb v0.8.52
[INFO] [stderr]     Checking raw-cpuid v11.6.0
[INFO] [stderr]     Checking nibble_vec v0.1.0
[INFO] [stderr]     Checking parking_lot_core v0.9.12
[INFO] [stderr]     Checking mio v1.0.4
[INFO] [stderr]     Checking parking_lot v0.12.5
[INFO] [stderr]     Checking rand_core v0.9.3
[INFO] [stderr]     Checking socket2 v0.6.1
[INFO] [stderr]     Checking console v0.16.1
[INFO] [stderr]     Checking coarsetime v0.1.36
[INFO] [stderr]     Checking getrandom v0.2.16
[INFO] [stderr]     Checking criterion-plot v0.6.0
[INFO] [stderr]     Checking memmap2 v0.9.8
[INFO] [stderr]    Compiling indexmap v2.11.4
[INFO] [stderr]     Checking tokio v1.47.1
[INFO] [stderr]     Checking rand_core v0.6.4
[INFO] [stderr]     Checking symbolic-common v12.16.3
[INFO] [stderr]     Checking indicatif v0.18.0
[INFO] [stderr]    Compiling cmake v0.1.54
[INFO] [stderr]     Checking is-terminal v0.4.16
[INFO] [stderr]     Checking quick-xml v0.26.0
[INFO] [stderr]     Checking endian-type v0.1.2
[INFO] [stderr]     Checking str_stack v0.1.0
[INFO] [stderr]    Compiling toml_write v0.1.2
[INFO] [stderr]    Compiling rustls v0.23.32
[INFO] [stderr]    Compiling clap_lex v0.7.6
[INFO] [stderr]    Compiling pprof v0.15.0
[INFO] [stderr]     Checking tempfile v3.23.0
[INFO] [stderr]     Checking radix_trie v0.2.1
[INFO] [stderr]     Checking nix v0.26.4
[INFO] [stderr]     Checking rand_xoshiro v0.7.0
[INFO] [stderr]     Checking backtrace v0.3.76
[INFO] [stderr]     Checking ordered-float v4.6.0
[INFO] [stderr]     Checking spin v0.10.0
[INFO] [stderr]    Compiling cbindgen v0.29.0
[INFO] [stderr]     Checking iri-string v0.7.8
[INFO] [stderr]     Checking sketches-ddsketch v0.3.0
[INFO] [stderr]    Compiling aws-lc-sys v0.32.2
[INFO] [stderr]    Compiling findshlibs v0.10.2
[INFO] [stderr]    Compiling tikv-jemalloc-sys v0.6.0+5.3.0-1-ge13ca993e8ccb9ba9847cc330696e02839f328f7
[INFO] [stderr]    Compiling once_cell v1.21.3
[INFO] [stderr]     Checking unicode-ident v1.0.19
[INFO] [stderr]     Checking hex-literal v1.0.0
[INFO] [stderr]    Compiling doc-comment v0.3.3
[INFO] [stderr]     Checking regex v1.12.2
[INFO] [stderr]    Compiling dtor-proc-macro v0.0.6
[INFO] [stderr]     Checking predicates-core v1.0.9
[INFO] [stderr]     Checking rustls-native-certs v0.8.1
[INFO] [stderr]     Checking dtor v0.1.0
[INFO] [stderr]     Checking firewood-triehash v0.0.13 (/opt/rustwide/workdir/triehash)
[INFO] [stderr]     Checking float-cmp v0.10.0
[INFO] [stderr]     Checking hash256-std-hasher v0.15.2
[INFO] [stderr]     Checking const-hex v1.16.0
[INFO] [stderr]     Checking quanta v0.12.6
[INFO] [stderr]     Checking csv-core v0.1.12
[INFO] [stderr]     Checking termtree v0.5.1
[INFO] [stderr]     Checking sdd v3.0.10
[INFO] [stderr]     Checking env_filter v0.1.4
[INFO] [stderr]    Compiling firewood-fwdctl v0.0.13 (/opt/rustwide/workdir/fwdctl)
[INFO] [stderr]    Compiling ctor-proc-macro v0.0.7
[INFO] [stderr]     Checking env_logger v0.11.8
[INFO] [stderr]     Checking normalize-line-endings v0.3.0
[INFO] [stderr]    Compiling target-triple v0.1.4
[INFO] [stderr]    Compiling assert_cmd v2.0.17
[INFO] [stderr]     Checking difflib v0.4.0
[INFO] [stderr]     Checking scc v2.4.0
[INFO] [stderr]     Checking sha3 v0.10.8
[INFO] [stderr]     Checking predicates-tree v1.0.12
[INFO] [stderr]     Checking predicates v3.1.3
[INFO] [stderr]    Compiling ahash v0.8.12
[INFO] [stderr]     Checking keccak-hasher v0.16.0
[INFO] [stderr]     Checking bstr v1.12.0
[INFO] [stderr]     Checking wait-timeout v0.2.1
[INFO] [stderr]     Checking plain_hasher v0.2.3
[INFO] [stderr]     Checking ctor v0.6.0
[INFO] [stderr]     Checking serde_spanned v1.0.3
[INFO] [stderr]     Checking toml_datetime v0.7.3
[INFO] [stderr]     Checking toml_writer v1.0.4
[INFO] [stderr]     Checking chrono v0.4.42
[INFO] [stderr]     Checking trie-standardmap v0.16.0
[INFO] [stderr]     Checking glob v0.3.3
[INFO] [stderr]     Checking pretty-duration v0.1.1
[INFO] [stderr]     Checking termcolor v1.4.1
[INFO] [stderr]     Checking metrics v0.24.2
[INFO] [stderr]    Compiling synstructure v0.13.2
[INFO] [stderr]    Compiling proc-macro-error2 v2.0.1
[INFO] [stderr]    Compiling test-case-core v3.3.1
[INFO] [stderr]    Compiling clap v4.5.49
[INFO] [stderr]     Checking toml_parser v1.0.4
[INFO] [stderr]    Compiling serde_derive v1.0.228
[INFO] [stderr]    Compiling zerocopy-derive v0.8.27
[INFO] [stderr]    Compiling thiserror-impl v2.0.17
[INFO] [stderr]    Compiling zerofrom-derive v0.1.6
[INFO] [stderr]    Compiling futures-macro v0.3.31
[INFO] [stderr]    Compiling pin-project-internal v1.1.10
[INFO] [stderr]    Compiling yoke-derive v0.8.0
[INFO] [stderr]    Compiling tracing-attributes v0.1.30
[INFO] [stderr]    Compiling zerovec-derive v0.11.1
[INFO] [stderr]    Compiling displaydoc v0.2.5
[INFO] [stderr]    Compiling fastrace-macro v0.7.14
[INFO] [stderr]     Checking tokio-util v0.7.16
[INFO] [stderr]     Checking futures-util v0.3.31
[INFO] [stderr]    Compiling bitfield-macros v0.19.3
[INFO] [stderr]     Checking pin-project v1.1.10
[INFO] [stderr]    Compiling enum-as-inner v0.6.1
[INFO] [stderr]    Compiling clap_derive v4.5.49
[INFO] [stderr]    Compiling derive-where v1.6.0
[INFO] [stderr]    Compiling aquamarine v0.6.0
[INFO] [stderr]    Compiling bytemuck_derive v1.10.2
[INFO] [stderr]     Checking zerofrom v0.1.6
[INFO] [stderr]     Checking yoke v0.8.0
[INFO] [stderr]     Checking thiserror v2.0.17
[INFO] [stderr]    Compiling typed-builder-macro v0.22.0
[INFO] [stderr]    Compiling firewood-macros v0.0.13 (/opt/rustwide/workdir/firewood-macros)
[INFO] [stderr]    Compiling equator-macro v0.4.2
[INFO] [stderr]     Checking zerovec v0.11.4
[INFO] [stderr]     Checking bitfield v0.19.3
[INFO] [stderr]     Checking zerotrie v0.2.2
[INFO] [stderr]    Compiling async-trait v0.1.89
[INFO] [stderr]    Compiling test-case-macros v3.3.1
[INFO] [stderr]     Checking tokio-stream v0.1.17
[INFO] [stderr]     Checking equator v0.4.2
[INFO] [stderr]     Checking tracing v0.1.41
[INFO] [stderr]     Checking h2 v0.4.12
[INFO] [stderr]     Checking opentelemetry v0.31.0
[INFO] [stderr]     Checking test-case v3.3.1
[INFO] [stderr]     Checking aligned-vec v0.6.4
[INFO] [stderr]    Compiling prost-derive v0.14.1
[INFO] [stderr]     Checking typed-builder v0.22.0
[INFO] [stderr]    Compiling serial_test_derive v3.2.0
[INFO] [stderr]     Checking toml v0.9.8
[INFO] [stderr]     Checking tinystr v0.8.1
[INFO] [stderr]     Checking potential_utf v0.1.3
[INFO] [stderr]     Checking icu_collections v2.0.0
[INFO] [stderr]     Checking icu_locale_core v2.0.0
[INFO] [stderr]     Checking serde v1.0.228
[INFO] [stderr]     Checking prost v0.14.1
[INFO] [stderr]     Checking icu_provider v2.0.0
[INFO] [stderr]     Checking icu_normalizer v2.0.0
[INFO] [stderr]     Checking icu_properties v2.0.1
[INFO] [stderr]     Checking ppv-lite86 v0.2.21
[INFO] [stderr]     Checking half v2.7.0
[INFO] [stderr]     Checking triomphe v0.1.15
[INFO] [stderr]     Checking impl-serde v0.5.0
[INFO] [stderr]     Checking tinytemplate v1.2.1
[INFO] [stderr]    Compiling serde_spanned v0.6.9
[INFO] [stderr]    Compiling toml_datetime v0.6.11
[INFO] [stderr]     Checking inferno v0.11.21
[INFO] [stderr]     Checking hyper v1.7.0
[INFO] [stderr]     Checking serde_urlencoded v0.7.1
[INFO] [stderr]     Checking ciborium-ll v0.2.2
[INFO] [stderr]     Checking rand_chacha v0.9.0
[INFO] [stderr]     Checking rand_chacha v0.3.1
[INFO] [stderr]    Compiling toml_edit v0.22.27
[INFO] [stderr]    Compiling askama_parser v0.14.0
[INFO] [stderr]    Compiling basic-toml v0.1.10
[INFO] [stderr]     Checking ciborium v0.2.2
[INFO] [stderr]     Checking csv v1.3.1
[INFO] [stderr]     Checking rand v0.8.5
[INFO] [stderr]     Checking rand v0.9.2
[INFO] [stderr]     Checking futures-executor v0.3.31
[INFO] [stderr]     Checking tower v0.5.2
[INFO] [stderr]     Checking futures v0.3.31
[INFO] [stderr]     Checking serial_test v3.2.0
[INFO] [stderr]     Checking trybuild v1.0.111
[INFO] [stderr]     Checking fastrace v0.7.14
[INFO] [stderr]     Checking criterion v0.7.0
[INFO] [stderr]     Checking idna_adapter v1.2.1
[INFO] [stderr]     Checking opentelemetry_sdk v0.31.0
[INFO] [stderr]     Checking idna v1.1.0
[INFO] [stderr]     Checking metrics-util v0.20.0
[INFO] [stderr]     Checking tower-http v0.6.6
[INFO] [stderr]     Checking fixed-hash v0.8.0
[INFO] [stderr]     Checking firewood-storage v0.0.13 (/opt/rustwide/workdir/storage)
[INFO] [stderr]     Checking ethbloom v0.14.1
[INFO] [stderr]     Checking url v2.5.7
[INFO] [stderr]     Checking primitive-types v0.14.0
[INFO] [stderr]     Checking rand_distr v0.5.1
[INFO] [stderr]     Checking hyper-util v0.1.17
[INFO] [stderr]     Checking ethereum-types v0.16.0
[INFO] [stderr]     Checking oxhttp v0.3.1
[INFO] [stderr]     Checking firewood v0.0.13 (/opt/rustwide/workdir/firewood)
[INFO] [stderr]    Compiling toml v0.8.23
[INFO] [stderr]     Checking fastrace-opentelemetry v0.14.0
[INFO] [stderr]     Checking hyper-timeout v0.5.2
[INFO] [stderr]     Checking reqwest v0.12.24
[INFO] [stderr]    Compiling askama_derive v0.14.0
[INFO] [stderr]     Checking tonic v0.14.2
[INFO] [stderr] error: could not compile `firewood-storage` (lib test)
[INFO] [stderr] 
[INFO] [stderr] Caused by:
[INFO] [stderr]   process didn't exit successfully: `/opt/rustwide/rustup-home/toolchains/28b6e691688c15cef4c60d9044274e7b84397870/bin/rustc --crate-name firewood_storage --edition=2024 storage/src/lib.rs --error-format=json --json=diagnostic-rendered-ansi,artifacts,future-incompat,unused-externs-silent --emit=dep-info,metadata -C embed-bitcode=no -C debuginfo=2 '--warn=clippy::pedantic' '--warn=clippy::unwrap_used' '--allow=clippy::unused_self' --deny=unsafe_code '--allow=clippy::unnecessary_wraps' '--deny=clippy::undocumented_unsafe_blocks' '--allow=clippy::needless_pass_by_value' --warn=missing_debug_implementations '--warn=clippy::missing_const_for_fn' '--warn=clippy::indexing_slicing' '--warn=clippy::explicit_deref_methods' '--allow=clippy::cast_possible_truncation' '--warn=clippy::arithmetic_side_effects' --test --cfg 'feature="io-uring"' --cfg 'feature="test_utils"' --check-cfg 'cfg(docsrs,test)' --check-cfg 'cfg(feature, values("branch_factor_256", "ethhash", "io-uring", "log", "logger", "test_utils"))' -C metadata=df5dd09496b9c870 -C extra-filename=-911a695add85b059 --out-dir /opt/rustwide/target/debug/build/firewood-storage/911a695add85b059/out -L dependency=/opt/rustwide/target/debug/build/addr2line/b1de8c88ab2bc095/out -L dependency=/opt/rustwide/target/debug/build/adler2/ee8704cd74c29624/out -L dependency=/opt/rustwide/target/debug/build/ahash/488e60c29315e3a0/out -L dependency=/opt/rustwide/target/debug/build/aho-corasick/62759d5d74393503/out -L dependency=/opt/rustwide/target/debug/build/aligned-vec/52a4be69dc66675e/out -L dependency=/opt/rustwide/target/debug/build/allocator-api2/34319c28828d46c3/out -L dependency=/opt/rustwide/target/debug/build/anes/50e2f161468e4df0/out -L dependency=/opt/rustwide/target/debug/build/anstream/3fd395847830bd9d/out -L dependency=/opt/rustwide/target/debug/build/anstyle-parse/de245db404136c7a/out -L dependency=/opt/rustwide/target/debug/build/anstyle-query/ace8b84f13802ab1/out -L dependency=/opt/rustwide/target/debug/build/anstyle/5c2fb6a63f4c7e46/out -L dependency=/opt/rustwide/target/debug/build/arrayvec/30751d79791e52e6/out -L dependency=/opt/rustwide/target/debug/build/backtrace/4b851f9b378f28a6/out -L dependency=/opt/rustwide/target/debug/build/bitfield-macros/94115f1d5e237e75/out -L dependency=/opt/rustwide/target/debug/build/bitflags/6dcfbc6bad33d8b2/out -L dependency=/opt/rustwide/target/debug/build/bitflags/7063c8271e4d7aa2/out -L dependency=/opt/rustwide/target/debug/build/block-buffer/53aa1ba3a0a4db9a/out -L dependency=/opt/rustwide/target/debug/build/bytemuck/c8c5da42f26a5aa7/out -L dependency=/opt/rustwide/target/debug/build/cast/5b941ec4a54758a4/out -L dependency=/opt/rustwide/target/debug/build/cfg-if/bc4975430b4eb7b9/out -L dependency=/opt/rustwide/target/debug/build/ciborium-io/790645915b84d60f/out -L dependency=/opt/rustwide/target/debug/build/ciborium-ll/ce4d381ee5493554/out -L dependency=/opt/rustwide/target/debug/build/ciborium/0149510c6e49058d/out -L dependency=/opt/rustwide/target/debug/build/clap/e08e46279e4f9591/out -L dependency=/opt/rustwide/target/debug/build/clap_builder/49fc0b138e0d517e/out -L dependency=/opt/rustwide/target/debug/build/clap_derive/21062ae825672776/out -L dependency=/opt/rustwide/target/debug/build/clap_lex/57f1b2a7e573f99a/out -L dependency=/opt/rustwide/target/debug/build/colorchoice/c49a5aa840050826/out -L dependency=/opt/rustwide/target/debug/build/console/aca8acfe7d2bd981/out -L dependency=/opt/rustwide/target/debug/build/cpp_demangle/bd26dd1b4212a40e/out -L dependency=/opt/rustwide/target/debug/build/cpufeatures/1ae956ba346ebd12/out -L dependency=/opt/rustwide/target/debug/build/criterion-plot/e094003e3248c0ba/out -L dependency=/opt/rustwide/target/debug/build/crossbeam-deque/fdad849b02bfa1ea/out -L dependency=/opt/rustwide/target/debug/build/crossbeam-epoch/b76a30c82221d246/out -L dependency=/opt/rustwide/target/debug/build/crossbeam-utils/1c9006e854b046b8/out -L dependency=/opt/rustwide/target/debug/build/crypto-common/00eef04224b2eef7/out -L dependency=/opt/rustwide/target/debug/build/debugid/d3b4a647eae1856d/out -L dependency=/opt/rustwide/target/debug/build/digest/318bb989ff5d5476/out -L dependency=/opt/rustwide/target/debug/build/either/e7c87d65ab6b881e/out -L dependency=/opt/rustwide/target/debug/build/equator-macro/c0c86f48d07b939e/out -L dependency=/opt/rustwide/target/debug/build/equator/6df5565e8ada075d/out -L dependency=/opt/rustwide/target/debug/build/equivalent/d23b026399a51038/out -L dependency=/opt/rustwide/target/debug/build/fastant/1ef5b551f954e490/out -L dependency=/opt/rustwide/target/debug/build/fastrace-macro/7f3a8ec756fd8638/out -L dependency=/opt/rustwide/target/debug/build/fastrand/a6b04798eb47a00f/out -L dependency=/opt/rustwide/target/debug/build/findshlibs/72df5ddb9f8b7fcd/out -L dependency=/opt/rustwide/target/debug/build/foldhash/496b6a8506c7c674/out -L dependency=/opt/rustwide/target/debug/build/generic-array/eb58b359d0994ab5/out -L dependency=/opt/rustwide/target/debug/build/getrandom/3d0d649161a8365f/out -L dependency=/opt/rustwide/target/debug/build/gimli/4fc0615914418636/out -L dependency=/opt/rustwide/target/debug/build/half/94295a125cf12a96/out -L dependency=/opt/rustwide/target/debug/build/hashbrown/823b025aad9d883a/out -L dependency=/opt/rustwide/target/debug/build/hashbrown/f1f72e91be09a664/out -L dependency=/opt/rustwide/target/debug/build/indexmap/297298041c3ec2fb/out -L dependency=/opt/rustwide/target/debug/build/inferno/4ca1a859f3398576/out -L dependency=/opt/rustwide/target/debug/build/is-terminal/d9df6c090d1c2b3b/out -L dependency=/opt/rustwide/target/debug/build/is_terminal_polyfill/cf3da6cb1d361e95/out -L dependency=/opt/rustwide/target/debug/build/itertools/52673d04f2b656cf/out -L dependency=/opt/rustwide/target/debug/build/itoa/aa1c64fbdc4f12a7/out -L dependency=/opt/rustwide/target/debug/build/libc/aafc9602a24f2372/out -L dependency=/opt/rustwide/target/debug/build/libm/abf86e159bd3ea85/out -L dependency=/opt/rustwide/target/debug/build/linux-raw-sys/401ab83056f387c2/out -L dependency=/opt/rustwide/target/debug/build/lock_api/b47e4fe57039b3cf/out -L dependency=/opt/rustwide/target/debug/build/log/d1445fb67721d80a/out -L dependency=/opt/rustwide/target/debug/build/memchr/7c3b23e851763d6f/out -L dependency=/opt/rustwide/target/debug/build/memmap2/8f240c7aaa8ea1be/out -L dependency=/opt/rustwide/target/debug/build/miniz_oxide/87ddef375805467b/out -L dependency=/opt/rustwide/target/debug/build/nix/3097afa80f9526aa/out -L dependency=/opt/rustwide/target/debug/build/num-format/79467f153bd2df28/out -L dependency=/opt/rustwide/target/debug/build/num-traits/d0cff6525a930b27/out -L dependency=/opt/rustwide/target/debug/build/object/d243dbd095021228/out -L dependency=/opt/rustwide/target/debug/build/once_cell/2ad934dc7da92e31/out -L dependency=/opt/rustwide/target/debug/build/oorandom/853c32b69019c6d9/out -L dependency=/opt/rustwide/target/debug/build/parking_lot/8f57263d896d5bae/out -L dependency=/opt/rustwide/target/debug/build/parking_lot_core/70431aaf09a48d05/out -L dependency=/opt/rustwide/target/debug/build/pin-project-internal/4c9776c4c8a9d18d/out -L dependency=/opt/rustwide/target/debug/build/pin-project/652e325901529483/out -L dependency=/opt/rustwide/target/debug/build/plotters-backend/0fe7a4822caf9b55/out -L dependency=/opt/rustwide/target/debug/build/plotters-svg/f07d6ea308ad794b/out -L dependency=/opt/rustwide/target/debug/build/plotters/a2c1a3c9400925fa/out -L dependency=/opt/rustwide/target/debug/build/portable-atomic/3d75491732ddaa69/out -L dependency=/opt/rustwide/target/debug/build/ppv-lite86/5afc72abcb9907fc/out -L dependency=/opt/rustwide/target/debug/build/quick-xml/2a831e2332e7db7f/out -L dependency=/opt/rustwide/target/debug/build/rand/346f83436e5291b4/out -L dependency=/opt/rustwide/target/debug/build/rand_chacha/dea7eb2c8e3d9a7c/out -L dependency=/opt/rustwide/target/debug/build/rand_core/7389f643d814aa79/out -L dependency=/opt/rustwide/target/debug/build/rayon-core/7a884365b0b2f48a/out -L dependency=/opt/rustwide/target/debug/build/rayon/38cde6a0c15806d5/out -L dependency=/opt/rustwide/target/debug/build/regex-automata/11e6ae52d8a5b6c5/out -L dependency=/opt/rustwide/target/debug/build/regex-syntax/02f2daf0cc200caa/out -L dependency=/opt/rustwide/target/debug/build/regex/e6012cbb5478b9c3/out -L dependency=/opt/rustwide/target/debug/build/rgb/f66655c54b12d80c/out -L dependency=/opt/rustwide/target/debug/build/rtrb/eaf606c12b2a2fe1/out -L dependency=/opt/rustwide/target/debug/build/rustc-demangle/30593f3032b3f550/out -L dependency=/opt/rustwide/target/debug/build/rustix/125742abfacb999c/out -L dependency=/opt/rustwide/target/debug/build/ryu/e5cf39b0424d7e5c/out -L dependency=/opt/rustwide/target/debug/build/same-file/b7226876f34d02dd/out -L dependency=/opt/rustwide/target/debug/build/scopeguard/e7d227cb308b3799/out -L dependency=/opt/rustwide/target/debug/build/serde/60e158eccf49f30e/out -L dependency=/opt/rustwide/target/debug/build/serde_core/3c925aec2ec92997/out -L dependency=/opt/rustwide/target/debug/build/serde_derive/2205a2582e94a8b7/out -L dependency=/opt/rustwide/target/debug/build/serde_json/936e908ecaf7f7c0/out -L dependency=/opt/rustwide/target/debug/build/small_ctor/20f6b92842464abf/out -L dependency=/opt/rustwide/target/debug/build/smallvec/3241f1b2db2aef13/out -L dependency=/opt/rustwide/target/debug/build/spin/ca168decd25665c3/out -L dependency=/opt/rustwide/target/debug/build/stable_deref_trait/546b30ce49ff2d08/out -L dependency=/opt/rustwide/target/debug/build/str_stack/3b963ff67206e1fa/out -L dependency=/opt/rustwide/target/debug/build/strsim/a1f0dce47f9b6856/out -L dependency=/opt/rustwide/target/debug/build/symbolic-common/52b66be709dc5881/out -L dependency=/opt/rustwide/target/debug/build/symbolic-demangle/4e3988a45098d14b/out -L dependency=/opt/rustwide/target/debug/build/tempfile/3a35ec85b177d72b/out -L dependency=/opt/rustwide/target/debug/build/test-case-macros/754cf9f16b2e3105/out -L dependency=/opt/rustwide/target/debug/build/thiserror-impl/266cf12e4d484643/out -L dependency=/opt/rustwide/target/debug/build/thiserror/361ccbe42accc005/out -L dependency=/opt/rustwide/target/debug/build/tinytemplate/dccc5d63076c4560/out -L dependency=/opt/rustwide/target/debug/build/typenum/2001cc7989580d48/out -L dependency=/opt/rustwide/target/debug/build/unicode-width/831b79c958a0d7a0/out -L dependency=/opt/rustwide/target/debug/build/unit-prefix/0df2603b35422290/out -L dependency=/opt/rustwide/target/debug/build/utf8parse/dfcca550ff662ae9/out -L dependency=/opt/rustwide/target/debug/build/uuid/9bc0a85cbd39c7b5/out -L dependency=/opt/rustwide/target/debug/build/walkdir/1278d11b181efceb/out -L dependency=/opt/rustwide/target/debug/build/web-time/bfcd0ef96c52737a/out -L dependency=/opt/rustwide/target/debug/build/zerocopy-derive/c03147f5b17ef683/out -L dependency=/opt/rustwide/target/debug/build/zerocopy/4027f572277f02d0/out --extern aquamarine=/opt/rustwide/target/debug/build/aquamarine/9cac38e467ecb190/out/libaquamarine-9cac38e467ecb190.so --extern arc_swap=/opt/rustwide/target/debug/build/arc-swap/f45eb29086487d7e/out/libarc_swap-f45eb29086487d7e.rmeta --extern bitfield=/opt/rustwide/target/debug/build/bitfield/0d88581ecd55f364/out/libbitfield-0d88581ecd55f364.rmeta --extern bitflags=/opt/rustwide/target/debug/build/bitflags/7063c8271e4d7aa2/out/libbitflags-7063c8271e4d7aa2.rmeta --extern bytemuck=/opt/rustwide/target/debug/build/bytemuck/c8c5da42f26a5aa7/out/libbytemuck-c8c5da42f26a5aa7.rmeta --extern bytemuck_derive=/opt/rustwide/target/debug/build/bytemuck_derive/79fa62db84c3f36b/out/libbytemuck_derive-79fa62db84c3f36b.so --extern coarsetime=/opt/rustwide/target/debug/build/coarsetime/632981795f0214e1/out/libcoarsetime-632981795f0214e1.rmeta --extern criterion=/opt/rustwide/target/debug/build/criterion/3a5f7aa992231b56/out/libcriterion-3a5f7aa992231b56.rmeta --extern derive_where=/opt/rustwide/target/debug/build/derive-where/4095138da1418254/out/libderive_where-4095138da1418254.so --extern enum_as_inner=/opt/rustwide/target/debug/build/enum-as-inner/831ada1089f51ca6/out/libenum_as_inner-831ada1089f51ca6.so --extern fastrace=/opt/rustwide/target/debug/build/fastrace/452605a254eed73c/out/libfastrace-452605a254eed73c.rmeta --extern hex=/opt/rustwide/target/debug/build/hex/4852862d92867e36/out/libhex-4852862d92867e36.rmeta --extern indicatif=/opt/rustwide/target/debug/build/indicatif/d7aeb2791634afed/out/libindicatif-d7aeb2791634afed.rmeta --extern integer_encoding=/opt/rustwide/target/debug/build/integer-encoding/3162cff397e703c5/out/libinteger_encoding-3162cff397e703c5.rmeta --extern io_uring=/opt/rustwide/target/debug/build/io-uring/d264f550035ec9e6/out/libio_uring-d264f550035ec9e6.rmeta --extern lru=/opt/rustwide/target/debug/build/lru/6405290a3d0da7c5/out/liblru-6405290a3d0da7c5.rmeta --extern metrics=/opt/rustwide/target/debug/build/metrics/e6dcfcd76f63fa44/out/libmetrics-e6dcfcd76f63fa44.rmeta --extern nonzero_ext=/opt/rustwide/target/debug/build/nonzero_ext/45ede9fb0e986cce/out/libnonzero_ext-45ede9fb0e986cce.rmeta --extern pprof=/opt/rustwide/target/debug/build/pprof/ec650d8c55bdba95/out/libpprof-ec650d8c55bdba95.rmeta --extern rand=/opt/rustwide/target/debug/build/rand/346f83436e5291b4/out/librand-346f83436e5291b4.rmeta --extern semver=/opt/rustwide/target/debug/build/semver/5367890081b49244/out/libsemver-5367890081b49244.rmeta --extern sha2=/opt/rustwide/target/debug/build/sha2/f54e5910417d1f74/out/libsha2-f54e5910417d1f74.rmeta --extern smallvec=/opt/rustwide/target/debug/build/smallvec/3241f1b2db2aef13/out/libsmallvec-3241f1b2db2aef13.rmeta --extern tempfile=/opt/rustwide/target/debug/build/tempfile/3a35ec85b177d72b/out/libtempfile-3a35ec85b177d72b.rmeta --extern test_case=/opt/rustwide/target/debug/build/test-case/ee796dc9c8931237/out/libtest_case-ee796dc9c8931237.rmeta --extern thiserror=/opt/rustwide/target/debug/build/thiserror/361ccbe42accc005/out/libthiserror-361ccbe42accc005.rmeta --extern triomphe=/opt/rustwide/target/debug/build/triomphe/d77dbecf6af1a496/out/libtriomphe-d77dbecf6af1a496.rmeta --cap-lints=forbid --force-warn=unused_crate_dependencies` (signal: 9, SIGKILL: kill)
[INFO] [stderr] warning: build failed, waiting for other jobs to finish...
[INFO] [stderr] warning: aws-lc-sys@0.32.2: Building with: CC
[INFO] [stderr] warning: aws-lc-sys@0.32.2: Symbol Prefix: Some("aws_lc_0_32_2")
[INFO] [stderr] warning: aws-lc-sys@0.32.2: Compilation of 'c11.c' succeeded - Ok(["/opt/rustwide/target/debug/build/aws-lc-sys/abaa2ce9e489bcd4/out/out-c11/7dfda64fdf5a526c-c11.o"]).
[INFO] [stderr] warning: aws-lc-sys@0.32.2: Compilation of 'stdalign_check.c' succeeded - Ok(["/opt/rustwide/target/debug/build/aws-lc-sys/abaa2ce9e489bcd4/out/out-stdalign_check/7dfda64fdf5a526c-stdalign_check.o"]).
[INFO] [stderr] warning: aws-lc-sys@0.32.2: Compilation of 'builtin_swap_check.c' succeeded - Ok(["/opt/rustwide/target/debug/build/aws-lc-sys/abaa2ce9e489bcd4/out/out-builtin_swap_check/7dfda64fdf5a526c-builtin_swap_check.o"]).
[INFO] [stderr] warning: aws-lc-sys@0.32.2: Compilation of 'linux_random_h.c' succeeded - Ok(["/opt/rustwide/target/debug/build/aws-lc-sys/abaa2ce9e489bcd4/out/out-linux_random_h/7dfda64fdf5a526c-linux_random_h.o"]).
[INFO] [stderr] warning: aws-lc-sys@0.32.2: In file included from /opt/rustwide/cargo-home/registry/src/index.crates.io-1949cf8c6b5b557f/aws-lc-sys-0.32.2/aws-lc/crypto/fipsmodule/bcm.c:42:
[INFO] [stderr] warning: aws-lc-sys@0.32.2: /opt/rustwide/cargo-home/registry/src/index.crates.io-1949cf8c6b5b557f/aws-lc-sys-0.32.2/aws-lc/crypto/fipsmodule/../internal.h: In function 'OPENSSL_memchr':
[INFO] [stderr] warning: aws-lc-sys@0.32.2: /opt/rustwide/cargo-home/registry/src/index.crates.io-1949cf8c6b5b557f/aws-lc-sys-0.32.2/aws-lc/crypto/fipsmodule/../internal.h:939:10: warning: return discards 'const' qualifier from pointer target type [-Wdiscarded-qualifiers]
[INFO] [stderr] warning: aws-lc-sys@0.32.2:   939 |   return memchr(s, c, n);
[INFO] [stderr] warning: aws-lc-sys@0.32.2:       |          ^~~~~~
[INFO] [stderr] warning: aws-lc-sys@0.32.2: In file included from /opt/rustwide/cargo-home/registry/src/index.crates.io-1949cf8c6b5b557f/aws-lc-sys-0.32.2/aws-lc/crypto/rand_extra/urandom.c:70:
[INFO] [stderr] warning: aws-lc-sys@0.32.2: /opt/rustwide/cargo-home/registry/src/index.crates.io-1949cf8c6b5b557f/aws-lc-sys-0.32.2/aws-lc/crypto/rand_extra/../internal.h: In function 'OPENSSL_memchr':
[INFO] [stderr] warning: aws-lc-sys@0.32.2: /opt/rustwide/cargo-home/registry/src/index.crates.io-1949cf8c6b5b557f/aws-lc-sys-0.32.2/aws-lc/crypto/rand_extra/../internal.h:939:10: warning: return discards 'const' qualifier from pointer target type [-Wdiscarded-qualifiers]
[INFO] [stderr] warning: aws-lc-sys@0.32.2:   939 |   return memchr(s, c, n);
[INFO] [stderr] warning: aws-lc-sys@0.32.2:       |          ^~~~~~
[INFO] [stderr] warning: aws-lc-sys@0.32.2: In file included from /opt/rustwide/cargo-home/registry/src/index.crates.io-1949cf8c6b5b557f/aws-lc-sys-0.32.2/aws-lc/crypto/ube/fork_detect.c:44:
[INFO] [stderr] warning: aws-lc-sys@0.32.2: /opt/rustwide/cargo-home/registry/src/index.crates.io-1949cf8c6b5b557f/aws-lc-sys-0.32.2/aws-lc/crypto/ube/../internal.h: In function 'OPENSSL_memchr':
[INFO] [stderr] warning: aws-lc-sys@0.32.2: /opt/rustwide/cargo-home/registry/src/index.crates.io-1949cf8c6b5b557f/aws-lc-sys-0.32.2/aws-lc/crypto/ube/../internal.h:939:10: warning: return discards 'const' qualifier from pointer target type [-Wdiscarded-qualifiers]
[INFO] [stderr] warning: aws-lc-sys@0.32.2:   939 |   return memchr(s, c, n);
[INFO] [stderr] warning: aws-lc-sys@0.32.2:       |          ^~~~~~
[INFO] [stderr] error: could not compile `aws-lc-sys` (lib)
[INFO] [stderr] 
[INFO] [stderr] Caused by:
[INFO] [stderr]   process didn't exit successfully: `/opt/rustwide/rustup-home/toolchains/28b6e691688c15cef4c60d9044274e7b84397870/bin/rustc --crate-name aws_lc_sys --edition=2021 /opt/rustwide/cargo-home/registry/src/index.crates.io-1949cf8c6b5b557f/aws-lc-sys-0.32.2/src/lib.rs --error-format=json --json=diagnostic-rendered-ansi,artifacts,future-incompat,unused-externs-silent --crate-type lib --emit=dep-info,metadata -C embed-bitcode=no -C debuginfo=2 --cfg 'feature="prebuilt-nasm"' --check-cfg 'cfg(docsrs,test)' --check-cfg 'cfg(feature, values("asan", "bindgen", "prebuilt-nasm", "ssl"))' -C metadata=cc52e671333d9317 -C extra-filename=-f866f1dd6e090582 --out-dir /opt/rustwide/target/debug/build/aws-lc-sys/f866f1dd6e090582/out --cap-lints allow --cap-lints=forbid --force-warn=unused_crate_dependencies -L native=/opt/rustwide/target/debug/build/aws-lc-sys/abaa2ce9e489bcd4/out -l static=aws_lc_0_32_2_crypto --cfg x86_64_unknown_linux_gnu` (signal: 9, SIGKILL: kill)
[INFO] [stderr] error: could not compile `reqwest` (lib)
[INFO] [stderr] 
[INFO] [stderr] Caused by:
[INFO] [stderr]   process didn't exit successfully: `/opt/rustwide/rustup-home/toolchains/28b6e691688c15cef4c60d9044274e7b84397870/bin/rustc --crate-name reqwest --edition=2021 /opt/rustwide/cargo-home/registry/src/index.crates.io-1949cf8c6b5b557f/reqwest-0.12.24/src/lib.rs --error-format=json --json=diagnostic-rendered-ansi,artifacts,future-incompat,unused-externs-silent --crate-type lib --emit=dep-info,metadata -C embed-bitcode=no -C debuginfo=2 --cfg 'feature="blocking"' --check-cfg 'cfg(docsrs,test)' --check-cfg 'cfg(feature, values("__rustls", "__rustls-ring", "__tls", "blocking", "brotli", "charset", "cookies", "default", "default-tls", "deflate", "gzip", "h2", "hickory-dns", "http2", "http3", "json", "macos-system-configuration", "multipart", "native-tls", "native-tls-alpn", "native-tls-vendored", "rustls-tls", "rustls-tls-manual-roots", "rustls-tls-manual-roots-no-provider", "rustls-tls-native-roots", "rustls-tls-native-roots-no-provider", "rustls-tls-no-provider", "rustls-tls-webpki-roots", "rustls-tls-webpki-roots-no-provider", "socks", "stream", "system-proxy", "trust-dns", "zstd"))' -C metadata=28dbfbf8a3274f03 -C extra-filename=-d754f354c6ab59f0 --out-dir /opt/rustwide/target/debug/build/reqwest/d754f354c6ab59f0/out -L dependency=/opt/rustwide/target/debug/build/atomic-waker/d2edf130acb84086/out -L dependency=/opt/rustwide/target/debug/build/base64/d8aec028dea2d277/out -L dependency=/opt/rustwide/target/debug/build/bitflags/7063c8271e4d7aa2/out -L dependency=/opt/rustwide/target/debug/build/bytes/696d9749778e1593/out -L dependency=/opt/rustwide/target/debug/build/cfg-if/bc4975430b4eb7b9/out -L dependency=/opt/rustwide/target/debug/build/displaydoc/c55938d32c79c1b3/out -L dependency=/opt/rustwide/target/debug/build/equivalent/d23b026399a51038/out -L dependency=/opt/rustwide/target/debug/build/fnv/bf9ae889bab8acee/out -L dependency=/opt/rustwide/target/debug/build/form_urlencoded/a0709cb2f4e6749a/out -L dependency=/opt/rustwide/target/debug/build/futures-channel/3b07ee62b6910a08/out -L dependency=/opt/rustwide/target/debug/build/futures-core/756e876442dee363/out -L dependency=/opt/rustwide/target/debug/build/futures-io/4ce1f16fa47c1e40/out -L dependency=/opt/rustwide/target/debug/build/futures-macro/23ab84a8844600dc/out -L dependency=/opt/rustwide/target/debug/build/futures-sink/e7bd2ffb932e7c3a/out -L dependency=/opt/rustwide/target/debug/build/futures-task/011073701ea3a715/out -L dependency=/opt/rustwide/target/debug/build/futures-util/5ad8bf09f23386d9/out -L dependency=/opt/rustwide/target/debug/build/h2/b2ae80fa13e458ff/out -L dependency=/opt/rustwide/target/debug/build/hashbrown/823b025aad9d883a/out -L dependency=/opt/rustwide/target/debug/build/http-body/89d4fc8c47081ba0/out -L dependency=/opt/rustwide/target/debug/build/http/28a8fa56a339b838/out -L dependency=/opt/rustwide/target/debug/build/httparse/b9ed2fea81abf9ac/out -L dependency=/opt/rustwide/target/debug/build/httpdate/dd055e56878c34d5/out -L dependency=/opt/rustwide/target/debug/build/hyper/fe3fab8f38e9b110/out -L dependency=/opt/rustwide/target/debug/build/icu_collections/6d2da0d5cbd715e9/out -L dependency=/opt/rustwide/target/debug/build/icu_locale_core/bbc24ade04cb26c6/out -L dependency=/opt/rustwide/target/debug/build/icu_normalizer/a85a4721cfb2865f/out -L dependency=/opt/rustwide/target/debug/build/icu_normalizer_data/ff48f19fbd9e2e6e/out -L dependency=/opt/rustwide/target/debug/build/icu_properties/a412aae05a05bb01/out -L dependency=/opt/rustwide/target/debug/build/icu_properties_data/fdfd55c8c12819de/out -L dependency=/opt/rustwide/target/debug/build/icu_provider/0c4a1e268c329558/out -L dependency=/opt/rustwide/target/debug/build/idna/8791137a58e2e625/out -L dependency=/opt/rustwide/target/debug/build/idna_adapter/855667d6af947841/out -L dependency=/opt/rustwide/target/debug/build/indexmap/297298041c3ec2fb/out -L dependency=/opt/rustwide/target/debug/build/ipnet/e7345cb0bdfa8a49/out -L dependency=/opt/rustwide/target/debug/build/iri-string/ce66d81b10e45a86/out -L dependency=/opt/rustwide/target/debug/build/itoa/aa1c64fbdc4f12a7/out -L dependency=/opt/rustwide/target/debug/build/libc/aafc9602a24f2372/out -L dependency=/opt/rustwide/target/debug/build/litemap/41c2a5c65f6d548a/out -L dependency=/opt/rustwide/target/debug/build/lock_api/b47e4fe57039b3cf/out -L dependency=/opt/rustwide/target/debug/build/memchr/7c3b23e851763d6f/out -L dependency=/opt/rustwide/target/debug/build/mio/d7920c189c8ddd1b/out -L dependency=/opt/rustwide/target/debug/build/once_cell/2ad934dc7da92e31/out -L dependency=/opt/rustwide/target/debug/build/parking_lot/8f57263d896d5bae/out -L dependency=/opt/rustwide/target/debug/build/parking_lot_core/70431aaf09a48d05/out -L dependency=/opt/rustwide/target/debug/build/percent-encoding/f0f3780066f274e0/out -L dependency=/opt/rustwide/target/debug/build/pin-project-lite/dccf8aabedbf6d41/out -L dependency=/opt/rustwide/target/debug/build/pin-utils/db1de871cd8706a6/out -L dependency=/opt/rustwide/target/debug/build/potential_utf/ab9b75d87487e003/out -L dependency=/opt/rustwide/target/debug/build/ryu/e5cf39b0424d7e5c/out -L dependency=/opt/rustwide/target/debug/build/scopeguard/e7d227cb308b3799/out -L dependency=/opt/rustwide/target/debug/build/serde/60e158eccf49f30e/out -L dependency=/opt/rustwide/target/debug/build/serde_core/3c925aec2ec92997/out -L dependency=/opt/rustwide/target/debug/build/serde_derive/2205a2582e94a8b7/out -L dependency=/opt/rustwide/target/debug/build/slab/ab20fc0822f5e3c5/out -L dependency=/opt/rustwide/target/debug/build/smallvec/3241f1b2db2aef13/out -L dependency=/opt/rustwide/target/debug/build/socket2/42d6904714d1537a/out -L dependency=/opt/rustwide/target/debug/build/stable_deref_trait/546b30ce49ff2d08/out -L dependency=/opt/rustwide/target/debug/build/sync_wrapper/d023d265f802d235/out -L dependency=/opt/rustwide/target/debug/build/tinystr/73376f9ae870ef09/out -L dependency=/opt/rustwide/target/debug/build/tokio-util/32c37f8d226fc321/out -L dependency=/opt/rustwide/target/debug/build/tokio/f9d7c332ffd057a9/out -L dependency=/opt/rustwide/target/debug/build/tower-layer/f6d5cc7b185cf351/out -L dependency=/opt/rustwide/target/debug/build/tower-service/e69ac8dcc8243395/out -L dependency=/opt/rustwide/target/debug/build/tower/32ad4beb83a0ef50/out -L dependency=/opt/rustwide/target/debug/build/tracing-attributes/c6670a61cf84c8d9/out -L dependency=/opt/rustwide/target/debug/build/tracing-core/2128fc949e2e5481/out -L dependency=/opt/rustwide/target/debug/build/tracing/7fe4d2d240be404a/out -L dependency=/opt/rustwide/target/debug/build/try-lock/08abaa63f4861efa/out -L dependency=/opt/rustwide/target/debug/build/utf8_iter/88f5a358869389d3/out -L dependency=/opt/rustwide/target/debug/build/want/cc3dcee12d270b38/out -L dependency=/opt/rustwide/target/debug/build/writeable/eaf4b1e9bf4d5b4d/out -L dependency=/opt/rustwide/target/debug/build/yoke-derive/7eeaaace2153be47/out -L dependency=/opt/rustwide/target/debug/build/yoke/0f9c663ade7c42ba/out -L dependency=/opt/rustwide/target/debug/build/zerofrom-derive/55903d9150928946/out -L dependency=/opt/rustwide/target/debug/build/zerofrom/110d90e125941654/out -L dependency=/opt/rustwide/target/debug/build/zerotrie/be6e2735ba8258dd/out -L dependency=/opt/rustwide/target/debug/build/zerovec-derive/bc46fb30224b64c3/out -L dependency=/opt/rustwide/target/debug/build/zerovec/effa44150ce05a2d/out --extern base64=/opt/rustwide/target/debug/build/base64/d8aec028dea2d277/out/libbase64-d8aec028dea2d277.rmeta --extern bytes=/opt/rustwide/target/debug/build/bytes/696d9749778e1593/out/libbytes-696d9749778e1593.rmeta --extern futures_channel=/opt/rustwide/target/debug/build/futures-channel/3b07ee62b6910a08/out/libfutures_channel-3b07ee62b6910a08.rmeta --extern futures_core=/opt/rustwide/target/debug/build/futures-core/756e876442dee363/out/libfutures_core-756e876442dee363.rmeta --extern futures_util=/opt/rustwide/target/debug/build/futures-util/5ad8bf09f23386d9/out/libfutures_util-5ad8bf09f23386d9.rmeta --extern http=/opt/rustwide/target/debug/build/http/28a8fa56a339b838/out/libhttp-28a8fa56a339b838.rmeta --extern http_body=/opt/rustwide/target/debug/build/http-body/89d4fc8c47081ba0/out/libhttp_body-89d4fc8c47081ba0.rmeta --extern http_body_util=/opt/rustwide/target/debug/build/http-body-util/b334190db241178a/out/libhttp_body_util-b334190db241178a.rmeta --extern hyper=/opt/rustwide/target/debug/build/hyper/fe3fab8f38e9b110/out/libhyper-fe3fab8f38e9b110.rmeta --extern hyper_util=/opt/rustwide/target/debug/build/hyper-util/12bddf432a85994f/out/libhyper_util-12bddf432a85994f.rmeta --extern log=/opt/rustwide/target/debug/build/log/d1445fb67721d80a/out/liblog-d1445fb67721d80a.rmeta --extern percent_encoding=/opt/rustwide/target/debug/build/percent-encoding/f0f3780066f274e0/out/libpercent_encoding-f0f3780066f274e0.rmeta --extern pin_project_lite=/opt/rustwide/target/debug/build/pin-project-lite/dccf8aabedbf6d41/out/libpin_project_lite-dccf8aabedbf6d41.rmeta --extern serde=/opt/rustwide/target/debug/build/serde/60e158eccf49f30e/out/libserde-60e158eccf49f30e.rmeta --extern serde_urlencoded=/opt/rustwide/target/debug/build/serde_urlencoded/e3e0a6e578c1fc39/out/libserde_urlencoded-e3e0a6e578c1fc39.rmeta --extern sync_wrapper=/opt/rustwide/target/debug/build/sync_wrapper/d023d265f802d235/out/libsync_wrapper-d023d265f802d235.rmeta --extern tokio=/opt/rustwide/target/debug/build/tokio/f9d7c332ffd057a9/out/libtokio-f9d7c332ffd057a9.rmeta --extern tower=/opt/rustwide/target/debug/build/tower/32ad4beb83a0ef50/out/libtower-32ad4beb83a0ef50.rmeta --extern tower_http=/opt/rustwide/target/debug/build/tower-http/20e702b325ac38be/out/libtower_http-20e702b325ac38be.rmeta --extern tower_service=/opt/rustwide/target/debug/build/tower-service/e69ac8dcc8243395/out/libtower_service-e69ac8dcc8243395.rmeta --extern url=/opt/rustwide/target/debug/build/url/7df623a3827acac5/out/liburl-7df623a3827acac5.rmeta --cap-lints allow --cap-lints=forbid --force-warn=unused_crate_dependencies` (signal: 9, SIGKILL: kill)
[INFO] [stderr] error: could not compile `firewood` (lib test)
[INFO] [stderr] 
[INFO] [stderr] Caused by:
[INFO] [stderr]   process didn't exit successfully: `/opt/rustwide/rustup-home/toolchains/28b6e691688c15cef4c60d9044274e7b84397870/bin/rustc --crate-name firewood --edition=2024 firewood/src/lib.rs --error-format=json --json=diagnostic-rendered-ansi,artifacts,future-incompat,unused-externs-silent --emit=dep-info,metadata -C embed-bitcode=no -C debuginfo=2 '--warn=clippy::pedantic' '--warn=clippy::unwrap_used' '--allow=clippy::unused_self' --deny=unsafe_code '--allow=clippy::unnecessary_wraps' '--deny=clippy::undocumented_unsafe_blocks' '--allow=clippy::needless_pass_by_value' --warn=missing_debug_implementations '--warn=clippy::missing_const_for_fn' '--warn=clippy::indexing_slicing' '--warn=clippy::explicit_deref_methods' '--allow=clippy::cast_possible_truncation' '--warn=clippy::arithmetic_side_effects' --test --cfg 'feature="default"' --check-cfg 'cfg(docsrs,test)' --check-cfg 'cfg(feature, values("branch_factor_256", "default", "ethhash", "io-uring", "logger", "nightly"))' -C metadata=dc01564efe878da5 -C extra-filename=-6a8152ee6ebfead3 --out-dir /opt/rustwide/target/debug/build/firewood/6a8152ee6ebfead3/out -L dependency=/opt/rustwide/target/debug/build/addr2line/b1de8c88ab2bc095/out -L dependency=/opt/rustwide/target/debug/build/adler2/ee8704cd74c29624/out -L dependency=/opt/rustwide/target/debug/build/ahash/488e60c29315e3a0/out -L dependency=/opt/rustwide/target/debug/build/aho-corasick/62759d5d74393503/out -L dependency=/opt/rustwide/target/debug/build/aligned-vec/52a4be69dc66675e/out -L dependency=/opt/rustwide/target/debug/build/allocator-api2/34319c28828d46c3/out -L dependency=/opt/rustwide/target/debug/build/anes/50e2f161468e4df0/out -L dependency=/opt/rustwide/target/debug/build/anstream/3fd395847830bd9d/out -L dependency=/opt/rustwide/target/debug/build/anstyle-parse/de245db404136c7a/out -L dependency=/opt/rustwide/target/debug/build/anstyle-query/ace8b84f13802ab1/out -L dependency=/opt/rustwide/target/debug/build/anstyle/5c2fb6a63f4c7e46/out -L dependency=/opt/rustwide/target/debug/build/aquamarine/9cac38e467ecb190/out -L dependency=/opt/rustwide/target/debug/build/arc-swap/f45eb29086487d7e/out -L dependency=/opt/rustwide/target/debug/build/arrayvec/30751d79791e52e6/out -L dependency=/opt/rustwide/target/debug/build/backtrace/4b851f9b378f28a6/out -L dependency=/opt/rustwide/target/debug/build/bitfield-macros/94115f1d5e237e75/out -L dependency=/opt/rustwide/target/debug/build/bitfield/0d88581ecd55f364/out -L dependency=/opt/rustwide/target/debug/build/bitflags/6dcfbc6bad33d8b2/out -L dependency=/opt/rustwide/target/debug/build/bitflags/7063c8271e4d7aa2/out -L dependency=/opt/rustwide/target/debug/build/block-buffer/53aa1ba3a0a4db9a/out -L dependency=/opt/rustwide/target/debug/build/bytemuck/c8c5da42f26a5aa7/out -L dependency=/opt/rustwide/target/debug/build/bytemuck_derive/79fa62db84c3f36b/out -L dependency=/opt/rustwide/target/debug/build/byteorder/4d231af3e0c2f894/out -L dependency=/opt/rustwide/target/debug/build/bytes/696d9749778e1593/out -L dependency=/opt/rustwide/target/debug/build/cast/5b941ec4a54758a4/out -L dependency=/opt/rustwide/target/debug/build/cfg-if/bc4975430b4eb7b9/out -L dependency=/opt/rustwide/target/debug/build/ciborium-io/790645915b84d60f/out -L dependency=/opt/rustwide/target/debug/build/ciborium-ll/ce4d381ee5493554/out -L dependency=/opt/rustwide/target/debug/build/ciborium/0149510c6e49058d/out -L dependency=/opt/rustwide/target/debug/build/clap/e08e46279e4f9591/out -L dependency=/opt/rustwide/target/debug/build/clap_builder/49fc0b138e0d517e/out -L dependency=/opt/rustwide/target/debug/build/clap_derive/21062ae825672776/out -L dependency=/opt/rustwide/target/debug/build/clap_lex/57f1b2a7e573f99a/out -L dependency=/opt/rustwide/target/debug/build/coarsetime/632981795f0214e1/out -L dependency=/opt/rustwide/target/debug/build/colorchoice/c49a5aa840050826/out -L dependency=/opt/rustwide/target/debug/build/console/aca8acfe7d2bd981/out -L dependency=/opt/rustwide/target/debug/build/cpp_demangle/bd26dd1b4212a40e/out -L dependency=/opt/rustwide/target/debug/build/cpufeatures/1ae956ba346ebd12/out -L dependency=/opt/rustwide/target/debug/build/criterion-plot/e094003e3248c0ba/out -L dependency=/opt/rustwide/target/debug/build/crossbeam-deque/fdad849b02bfa1ea/out -L dependency=/opt/rustwide/target/debug/build/crossbeam-epoch/b76a30c82221d246/out -L dependency=/opt/rustwide/target/debug/build/crossbeam-utils/1c9006e854b046b8/out -L dependency=/opt/rustwide/target/debug/build/crunchy/73c417ddee75ba65/out -L dependency=/opt/rustwide/target/debug/build/crypto-common/00eef04224b2eef7/out -L dependency=/opt/rustwide/target/debug/build/ctor-proc-macro/eecc9a2706ab3292/out -L dependency=/opt/rustwide/target/debug/build/debugid/d3b4a647eae1856d/out -L dependency=/opt/rustwide/target/debug/build/derive-where/4095138da1418254/out -L dependency=/opt/rustwide/target/debug/build/digest/318bb989ff5d5476/out -L dependency=/opt/rustwide/target/debug/build/dtor-proc-macro/3c493907895a3cc2/out -L dependency=/opt/rustwide/target/debug/build/dtor/47e76e29c40bea41/out -L dependency=/opt/rustwide/target/debug/build/either/e7c87d65ab6b881e/out -L dependency=/opt/rustwide/target/debug/build/enum-as-inner/831ada1089f51ca6/out -L dependency=/opt/rustwide/target/debug/build/env_filter/ebcdeb38095ce056/out -L dependency=/opt/rustwide/target/debug/build/equator-macro/c0c86f48d07b939e/out -L dependency=/opt/rustwide/target/debug/build/equator/6df5565e8ada075d/out -L dependency=/opt/rustwide/target/debug/build/equivalent/d23b026399a51038/out -L dependency=/opt/rustwide/target/debug/build/ethbloom/7d55ce299c36b0dc/out -L dependency=/opt/rustwide/target/debug/build/fastant/1ef5b551f954e490/out -L dependency=/opt/rustwide/target/debug/build/fastrace-macro/7f3a8ec756fd8638/out -L dependency=/opt/rustwide/target/debug/build/fastrace/452605a254eed73c/out -L dependency=/opt/rustwide/target/debug/build/fastrand/a6b04798eb47a00f/out -L dependency=/opt/rustwide/target/debug/build/findshlibs/72df5ddb9f8b7fcd/out -L dependency=/opt/rustwide/target/debug/build/fixed-hash/dac3731b99d19966/out -L dependency=/opt/rustwide/target/debug/build/foldhash/496b6a8506c7c674/out -L dependency=/opt/rustwide/target/debug/build/generic-array/eb58b359d0994ab5/out -L dependency=/opt/rustwide/target/debug/build/getrandom/3d0d649161a8365f/out -L dependency=/opt/rustwide/target/debug/build/getrandom/cdc7be250d2f0ec7/out -L dependency=/opt/rustwide/target/debug/build/gimli/4fc0615914418636/out -L dependency=/opt/rustwide/target/debug/build/half/94295a125cf12a96/out -L dependency=/opt/rustwide/target/debug/build/hash-db/71dfdef9ebabdd85/out -L dependency=/opt/rustwide/target/debug/build/hashbrown/823b025aad9d883a/out -L dependency=/opt/rustwide/target/debug/build/hashbrown/f1f72e91be09a664/out -L dependency=/opt/rustwide/target/debug/build/hex/4852862d92867e36/out -L dependency=/opt/rustwide/target/debug/build/impl-rlp/f8472f56d4e7a693/out -L dependency=/opt/rustwide/target/debug/build/impl-serde/693f47e78ec86472/out -L dependency=/opt/rustwide/target/debug/build/indexmap/297298041c3ec2fb/out -L dependency=/opt/rustwide/target/debug/build/indicatif/d7aeb2791634afed/out -L dependency=/opt/rustwide/target/debug/build/inferno/4ca1a859f3398576/out -L dependency=/opt/rustwide/target/debug/build/integer-encoding/3162cff397e703c5/out -L dependency=/opt/rustwide/target/debug/build/io-uring/d264f550035ec9e6/out -L dependency=/opt/rustwide/target/debug/build/is-terminal/d9df6c090d1c2b3b/out -L dependency=/opt/rustwide/target/debug/build/is_terminal_polyfill/cf3da6cb1d361e95/out -L dependency=/opt/rustwide/target/debug/build/itertools/52673d04f2b656cf/out -L dependency=/opt/rustwide/target/debug/build/itoa/aa1c64fbdc4f12a7/out -L dependency=/opt/rustwide/target/debug/build/jiff/742f54cfa7c753dc/out -L dependency=/opt/rustwide/target/debug/build/keccak/fcfe24e1eac5b9c5/out -L dependency=/opt/rustwide/target/debug/build/libc/aafc9602a24f2372/out -L dependency=/opt/rustwide/target/debug/build/libm/abf86e159bd3ea85/out -L dependency=/opt/rustwide/target/debug/build/linux-raw-sys/401ab83056f387c2/out -L dependency=/opt/rustwide/target/debug/build/lock_api/b47e4fe57039b3cf/out -L dependency=/opt/rustwide/target/debug/build/log/d1445fb67721d80a/out -L dependency=/opt/rustwide/target/debug/build/lru/6405290a3d0da7c5/out -L dependency=/opt/rustwide/target/debug/build/memchr/7c3b23e851763d6f/out -L dependency=/opt/rustwide/target/debug/build/memmap2/8f240c7aaa8ea1be/out -L dependency=/opt/rustwide/target/debug/build/metrics/e6dcfcd76f63fa44/out -L dependency=/opt/rustwide/target/debug/build/miniz_oxide/87ddef375805467b/out -L dependency=/opt/rustwide/target/debug/build/nix/3097afa80f9526aa/out -L dependency=/opt/rustwide/target/debug/build/nonzero_ext/45ede9fb0e986cce/out -L dependency=/opt/rustwide/target/debug/build/num-format/79467f153bd2df28/out -L dependency=/opt/rustwide/target/debug/build/num-traits/d0cff6525a930b27/out -L dependency=/opt/rustwide/target/debug/build/object/d243dbd095021228/out -L dependency=/opt/rustwide/target/debug/build/once_cell/2ad934dc7da92e31/out -L dependency=/opt/rustwide/target/debug/build/oorandom/853c32b69019c6d9/out -L dependency=/opt/rustwide/target/debug/build/parking_lot/8f57263d896d5bae/out -L dependency=/opt/rustwide/target/debug/build/parking_lot_core/70431aaf09a48d05/out -L dependency=/opt/rustwide/target/debug/build/pin-project-internal/4c9776c4c8a9d18d/out -L dependency=/opt/rustwide/target/debug/build/pin-project/652e325901529483/out -L dependency=/opt/rustwide/target/debug/build/plotters-backend/0fe7a4822caf9b55/out -L dependency=/opt/rustwide/target/debug/build/plotters-svg/f07d6ea308ad794b/out -L dependency=/opt/rustwide/target/debug/build/plotters/a2c1a3c9400925fa/out -L dependency=/opt/rustwide/target/debug/build/portable-atomic/3d75491732ddaa69/out -L dependency=/opt/rustwide/target/debug/build/ppv-lite86/5afc72abcb9907fc/out -L dependency=/opt/rustwide/target/debug/build/primitive-types/51b33e86db45024a/out -L dependency=/opt/rustwide/target/debug/build/quick-xml/2a831e2332e7db7f/out -L dependency=/opt/rustwide/target/debug/build/rand/346f83436e5291b4/out -L dependency=/opt/rustwide/target/debug/build/rand/3495147b2e359356/out -L dependency=/opt/rustwide/target/debug/build/rand_chacha/affb726c31fa064d/out -L dependency=/opt/rustwide/target/debug/build/rand_chacha/dea7eb2c8e3d9a7c/out -L dependency=/opt/rustwide/target/debug/build/rand_core/7389f643d814aa79/out -L dependency=/opt/rustwide/target/debug/build/rand_core/ed8d7cf80331f9e3/out -L dependency=/opt/rustwide/target/debug/build/rayon-core/7a884365b0b2f48a/out -L dependency=/opt/rustwide/target/debug/build/rayon/38cde6a0c15806d5/out -L dependency=/opt/rustwide/target/debug/build/regex-automata/11e6ae52d8a5b6c5/out -L dependency=/opt/rustwide/target/debug/build/regex-syntax/02f2daf0cc200caa/out -L dependency=/opt/rustwide/target/debug/build/regex/e6012cbb5478b9c3/out -L dependency=/opt/rustwide/target/debug/build/rgb/f66655c54b12d80c/out -L dependency=/opt/rustwide/target/debug/build/rlp/94cb9c6b820d08ef/out -L dependency=/opt/rustwide/target/debug/build/rtrb/eaf606c12b2a2fe1/out -L dependency=/opt/rustwide/target/debug/build/rustc-demangle/30593f3032b3f550/out -L dependency=/opt/rustwide/target/debug/build/rustc-hex/cf00c162ce93cbba/out -L dependency=/opt/rustwide/target/debug/build/rustix/125742abfacb999c/out -L dependency=/opt/rustwide/target/debug/build/ryu/e5cf39b0424d7e5c/out -L dependency=/opt/rustwide/target/debug/build/same-file/b7226876f34d02dd/out -L dependency=/opt/rustwide/target/debug/build/scopeguard/e7d227cb308b3799/out -L dependency=/opt/rustwide/target/debug/build/semver/5367890081b49244/out -L dependency=/opt/rustwide/target/debug/build/serde/60e158eccf49f30e/out -L dependency=/opt/rustwide/target/debug/build/serde_core/3c925aec2ec92997/out -L dependency=/opt/rustwide/target/debug/build/serde_derive/2205a2582e94a8b7/out -L dependency=/opt/rustwide/target/debug/build/serde_json/936e908ecaf7f7c0/out -L dependency=/opt/rustwide/target/debug/build/sha2/f54e5910417d1f74/out -L dependency=/opt/rustwide/target/debug/build/small_ctor/20f6b92842464abf/out -L dependency=/opt/rustwide/target/debug/build/smallvec/3241f1b2db2aef13/out -L dependency=/opt/rustwide/target/debug/build/spin/ca168decd25665c3/out -L dependency=/opt/rustwide/target/debug/build/stable_deref_trait/546b30ce49ff2d08/out -L dependency=/opt/rustwide/target/debug/build/static_assertions/f2154b0bf273423d/out -L dependency=/opt/rustwide/target/debug/build/str_stack/3b963ff67206e1fa/out -L dependency=/opt/rustwide/target/debug/build/strsim/a1f0dce47f9b6856/out -L dependency=/opt/rustwide/target/debug/build/symbolic-common/52b66be709dc5881/out -L dependency=/opt/rustwide/target/debug/build/symbolic-demangle/4e3988a45098d14b/out -L dependency=/opt/rustwide/target/debug/build/tempfile/3a35ec85b177d72b/out -L dependency=/opt/rustwide/target/debug/build/test-case-macros/754cf9f16b2e3105/out -L dependency=/opt/rustwide/target/debug/build/thiserror-impl/266cf12e4d484643/out -L dependency=/opt/rustwide/target/debug/build/thiserror/361ccbe42accc005/out -L dependency=/opt/rustwide/target/debug/build/tiny-keccak/d5c9f56f8919ba0b/out -L dependency=/opt/rustwide/target/debug/build/tinytemplate/dccc5d63076c4560/out -L dependency=/opt/rustwide/target/debug/build/triomphe/d77dbecf6af1a496/out -L dependency=/opt/rustwide/target/debug/build/typed-builder-macro/b7fb80a2bea76e50/out -L dependency=/opt/rustwide/target/debug/build/typenum/2001cc7989580d48/out -L dependency=/opt/rustwide/target/debug/build/uint/28f0d353701e4b20/out -L dependency=/opt/rustwide/target/debug/build/unicode-width/831b79c958a0d7a0/out -L dependency=/opt/rustwide/target/debug/build/unit-prefix/0df2603b35422290/out -L dependency=/opt/rustwide/target/debug/build/utf8parse/dfcca550ff662ae9/out -L dependency=/opt/rustwide/target/debug/build/uuid/9bc0a85cbd39c7b5/out -L dependency=/opt/rustwide/target/debug/build/walkdir/1278d11b181efceb/out -L dependency=/opt/rustwide/target/debug/build/web-time/bfcd0ef96c52737a/out -L dependency=/opt/rustwide/target/debug/build/zerocopy-derive/c03147f5b17ef683/out -L dependency=/opt/rustwide/target/debug/build/zerocopy/4027f572277f02d0/out --extern bytemuck=/opt/rustwide/target/debug/build/bytemuck/c8c5da42f26a5aa7/out/libbytemuck-c8c5da42f26a5aa7.rmeta --extern bytemuck_derive=/opt/rustwide/target/debug/build/bytemuck_derive/79fa62db84c3f36b/out/libbytemuck_derive-79fa62db84c3f36b.so --extern clap=/opt/rustwide/target/debug/build/clap/e08e46279e4f9591/out/libclap-e08e46279e4f9591.rmeta --extern coarsetime=/opt/rustwide/target/debug/build/coarsetime/632981795f0214e1/out/libcoarsetime-632981795f0214e1.rmeta --extern criterion=/opt/rustwide/target/debug/build/criterion/3a5f7aa992231b56/out/libcriterion-3a5f7aa992231b56.rmeta --extern ctor=/opt/rustwide/target/debug/build/ctor/07359a2546ee26c1/out/libctor-07359a2546ee26c1.rmeta --extern env_logger=/opt/rustwide/target/debug/build/env_logger/33a74fdd5cc35640/out/libenv_logger-33a74fdd5cc35640.rmeta --extern ethereum_types=/opt/rustwide/target/debug/build/ethereum-types/e641c6226cd63e0a/out/libethereum_types-e641c6226cd63e0a.rmeta --extern fastrace=/opt/rustwide/target/debug/build/fastrace/452605a254eed73c/out/libfastrace-452605a254eed73c.rmeta --extern firewood_macros=/opt/rustwide/target/debug/build/firewood-macros/3d44f8730d6f73c0/out/libfirewood_macros-3d44f8730d6f73c0.so --extern firewood_storage=/opt/rustwide/target/debug/build/firewood-storage/f00067cd449bfca1/out/libfirewood_storage-f00067cd449bfca1.rmeta --extern firewood_triehash=/opt/rustwide/target/debug/build/firewood-triehash/02aca9a741042a3f/out/libfirewood_triehash-02aca9a741042a3f.rmeta --extern hash_db=/opt/rustwide/target/debug/build/hash-db/71dfdef9ebabdd85/out/libhash_db-71dfdef9ebabdd85.rmeta --extern hex=/opt/rustwide/target/debug/build/hex/4852862d92867e36/out/libhex-4852862d92867e36.rmeta --extern hex_literal=/opt/rustwide/target/debug/build/hex-literal/137d2d01760f1d76/out/libhex_literal-137d2d01760f1d76.rmeta --extern integer_encoding=/opt/rustwide/target/debug/build/integer-encoding/3162cff397e703c5/out/libinteger_encoding-3162cff397e703c5.rmeta --extern metrics=/opt/rustwide/target/debug/build/metrics/e6dcfcd76f63fa44/out/libmetrics-e6dcfcd76f63fa44.rmeta --extern plain_hasher=/opt/rustwide/target/debug/build/plain_hasher/f52e6d778afe3ea3/out/libplain_hasher-f52e6d778afe3ea3.rmeta --extern pprof=/opt/rustwide/target/debug/build/pprof/ec650d8c55bdba95/out/libpprof-ec650d8c55bdba95.rmeta --extern rand=/opt/rustwide/target/debug/build/rand/346f83436e5291b4/out/librand-346f83436e5291b4.rmeta --extern rayon=/opt/rustwide/target/debug/build/rayon/38cde6a0c15806d5/out/librayon-38cde6a0c15806d5.rmeta --extern rlp=/opt/rustwide/target/debug/build/rlp/94cb9c6b820d08ef/out/librlp-94cb9c6b820d08ef.rmeta --extern sha3=/opt/rustwide/target/debug/build/sha3/2096e4913f0d571f/out/libsha3-2096e4913f0d571f.rmeta --extern tempfile=/opt/rustwide/target/debug/build/tempfile/3a35ec85b177d72b/out/libtempfile-3a35ec85b177d72b.rmeta --extern test_case=/opt/rustwide/target/debug/build/test-case/ee796dc9c8931237/out/libtest_case-ee796dc9c8931237.rmeta --extern thiserror=/opt/rustwide/target/debug/build/thiserror/361ccbe42accc005/out/libthiserror-361ccbe42accc005.rmeta --extern typed_builder=/opt/rustwide/target/debug/build/typed-builder/5d1283b330fb7b10/out/libtyped_builder-5d1283b330fb7b10.rmeta --cap-lints=forbid --force-warn=unused_crate_dependencies` (signal: 9, SIGKILL: kill)
[INFO] [stderr] error: failed to run custom build command for `tikv-jemalloc-sys v0.6.0+5.3.0-1-ge13ca993e8ccb9ba9847cc330696e02839f328f7`
[INFO] [stderr] note: To improve backtraces for build dependencies, set the CARGO_PROFILE_DEV_BUILD_OVERRIDE_DEBUG=true environment variable to enable debug information generation.
[INFO] [stderr] 
[INFO] [stderr] Caused by:
[INFO] [stderr]   process didn't exit successfully: `/opt/rustwide/target/debug/build/tikv-jemalloc-sys/d74faac3405ad458/out/build_script_build` (exit status: 101)
[INFO] [stderr]   --- stdout
[INFO] [stderr]   TARGET=x86_64-unknown-linux-gnu
[INFO] [stderr]   HOST=x86_64-unknown-linux-gnu
[INFO] [stderr]   NUM_JOBS=16
[INFO] [stderr]   OUT_DIR="/opt/rustwide/target/debug/build/tikv-jemalloc-sys/81a9b4e7c5f8719d/out"
[INFO] [stderr]   BUILD_DIR="/opt/rustwide/target/debug/build/tikv-jemalloc-sys/81a9b4e7c5f8719d/out/build"
[INFO] [stderr]   SRC_DIR="/opt/rustwide/cargo-home/registry/src/index.crates.io-1949cf8c6b5b557f/tikv-jemalloc-sys-0.6.0+5.3.0-1-ge13ca993e8ccb9ba9847cc330696e02839f328f7"
[INFO] [stderr]   cargo:rustc-cfg=prefixed
[INFO] [stderr]   cargo:rerun-if-env-changed=X86_64_UNKNOWN_LINUX_GNU_JEMALLOC_OVERRIDE
[INFO] [stderr]   cargo:rerun-if-env-changed=JEMALLOC_OVERRIDE
[INFO] [stderr]   OPT_LEVEL = Some(0)
[INFO] [stderr]   OUT_DIR = Some(/opt/rustwide/target/debug/build/tikv-jemalloc-sys/81a9b4e7c5f8719d/out)
[INFO] [stderr]   TARGET = Some(x86_64-unknown-linux-gnu)
[INFO] [stderr]   CARGO_ENCODED_RUSTFLAGS = Some(--cap-lints=forbid)
[INFO] [stderr]   HOST = Some(x86_64-unknown-linux-gnu)
[INFO] [stderr]   cargo:rerun-if-env-changed=CC_x86_64-unknown-linux-gnu
[INFO] [stderr]   CC_x86_64-unknown-linux-gnu = None
[INFO] [stderr]   cargo:rerun-if-env-changed=CC_x86_64_unknown_linux_gnu
[INFO] [stderr]   CC_x86_64_unknown_linux_gnu = None
[INFO] [stderr]   cargo:rerun-if-env-changed=HOST_CC
[INFO] [stderr]   HOST_CC = None
[INFO] [stderr]   cargo:rerun-if-env-changed=CC
[INFO] [stderr]   CC = None
[INFO] [stderr]   cargo:rerun-if-env-changed=CC_ENABLE_DEBUG_OUTPUT
[INFO] [stderr]   RUSTC_WRAPPER = None
[INFO] [stderr]   cargo:rerun-if-env-changed=CRATE_CC_NO_DEFAULTS
[INFO] [stderr]   CRATE_CC_NO_DEFAULTS = None
[INFO] [stderr]   DEBUG = Some(true)
[INFO] [stderr]   CARGO_CFG_TARGET_FEATURE = Some(fxsr,sse,sse2,x87)
[INFO] [stderr]   cargo:rerun-if-env-changed=CFLAGS
[INFO] [stderr]   CFLAGS = None
[INFO] [stderr]   cargo:rerun-if-env-changed=HOST_CFLAGS
[INFO] [stderr]   HOST_CFLAGS = None
[INFO] [stderr]   cargo:rerun-if-env-changed=CFLAGS_x86_64_unknown_linux_gnu
[INFO] [stderr]   CFLAGS_x86_64_unknown_linux_gnu = None
[INFO] [stderr]   cargo:rerun-if-env-changed=CFLAGS_x86_64-unknown-linux-gnu
[INFO] [stderr]   CFLAGS_x86_64-unknown-linux-gnu = None
[INFO] [stderr]   CC="cc"
[INFO] [stderr]   CFLAGS="-O0 -ffunction-sections -fdata-sections -fPIC -gdwarf-4 -fno-omit-frame-pointer -m64 -Wall"
[INFO] [stderr]   JEMALLOC_REPO_DIR="jemalloc"
[INFO] [stderr]   cargo:rerun-if-env-changed=X86_64_UNKNOWN_LINUX_GNU_JEMALLOC_SYS_WITH_MALLOC_CONF
[INFO] [stderr]   cargo:rerun-if-env-changed=JEMALLOC_SYS_WITH_MALLOC_CONF
[INFO] [stderr]   cargo:rerun-if-env-changed=X86_64_UNKNOWN_LINUX_GNU_JEMALLOC_SYS_WITH_LG_PAGE
[INFO] [stderr]   cargo:rerun-if-env-changed=JEMALLOC_SYS_WITH_LG_PAGE
[INFO] [stderr]   cargo:rerun-if-env-changed=X86_64_UNKNOWN_LINUX_GNU_JEMALLOC_SYS_WITH_LG_HUGEPAGE
[INFO] [stderr]   cargo:rerun-if-env-changed=JEMALLOC_SYS_WITH_LG_HUGEPAGE
[INFO] [stderr]   cargo:rerun-if-env-changed=X86_64_UNKNOWN_LINUX_GNU_JEMALLOC_SYS_WITH_LG_QUANTUM
[INFO] [stderr]   cargo:rerun-if-env-changed=JEMALLOC_SYS_WITH_LG_QUANTUM
[INFO] [stderr]   cargo:rerun-if-env-changed=X86_64_UNKNOWN_LINUX_GNU_JEMALLOC_SYS_WITH_LG_VADDR
[INFO] [stderr]   cargo:rerun-if-env-changed=JEMALLOC_SYS_WITH_LG_VADDR
[INFO] [stderr]   --with-jemalloc-prefix=_rjem_
[INFO] [stderr]   CARGO_FEATURE_STATS not set
[INFO] [stderr]   running: cd "/opt/rustwide/target/debug/build/tikv-jemalloc-sys/81a9b4e7c5f8719d/out/build" && CC="cc" CFLAGS="-O0 -ffunction-sections -fdata-sections -fPIC -gdwarf-4 -fno-omit-frame-pointer -m64 -Wall" CPPFLAGS="-O0 -ffunction-sections -fdata-sections -fPIC -gdwarf-4 -fno-omit-frame-pointer -m64 -Wall" LDFLAGS="-O0 -ffunction-sections -fdata-sections -fPIC -gdwarf-4 -fno-omit-frame-pointer -m64 -Wall" "sh" "/opt/rustwide/target/debug/build/tikv-jemalloc-sys/81a9b4e7c5f8719d/out/build/configure" "--with-version=5.3.0-1-ge13ca993e8ccb9ba9847cc330696e02839f328f7" "--disable-cxx" "--enable-doc=no" "--enable-shared=no" "--with-jemalloc-prefix=_rjem_" "--with-private-namespace=_rjem_" "--disable-stats" "--host=x86_64-unknown-linux-gnu" "--build=x86_64-unknown-linux-gnu" "--prefix=/opt/rustwide/target/debug/build/tikv-jemalloc-sys/81a9b4e7c5f8719d/out"
[INFO] [stderr]   checking for xsltproc... false
[INFO] [stderr]   checking for x86_64-unknown-linux-gnu-gcc... cc
[INFO] [stderr]   checking whether the C compiler works... yes
[INFO] [stderr]   checking for C compiler default output file name... a.out
[INFO] [stderr]   checking for suffix of executables... 
[INFO] [stderr]   checking whether we are cross compiling... no
[INFO] [stderr]   checking for suffix of object files... o
[INFO] [stderr]   checking whether we are using the GNU C compiler... yes
[INFO] [stderr]   checking whether cc accepts -g... yes
[INFO] [stderr]   checking for cc option to accept ISO C89... none needed
[INFO] [stderr]   checking whether compiler is cray... no
[INFO] [stderr]   checking whether compiler supports -std=gnu11... yes
[INFO] [stderr]   checking whether compiler supports -Werror=unknown-warning-option... no
[INFO] [stderr]   checking whether compiler supports -Wall... yes
[INFO] [stderr]   checking whether compiler supports -Wextra... yes
[INFO] [stderr]   checking whether compiler supports -Wshorten-64-to-32... no
[INFO] [stderr]   checking whether compiler supports -Wsign-compare... yes
[INFO] [stderr]   checking whether compiler supports -Wundef... yes
[INFO] [stderr]   checking whether compiler supports -Wno-format-zero-length... yes
[INFO] [stderr]   checking whether compiler supports -Wpointer-arith... yes
[INFO] [stderr]   checking whether compiler supports -Wno-missing-braces... yes
[INFO] [stderr]   checking whether compiler supports -Wno-missing-field-initializers... yes
[INFO] [stderr]   checking whether compiler supports -Wno-missing-attributes... yes
[INFO] [stderr]   checking whether compiler supports -pipe... yes
[INFO] [stderr]   checking whether compiler supports -g3... yes
[INFO] [stderr]   checking how to run the C preprocessor... cc -E
[INFO] [stderr]   checking for grep that handles long lines and -e... /usr/bin/grep
[INFO] [stderr]   checking for egrep... /usr/bin/grep -E
[INFO] [stderr]   checking for ANSI C header files... yes
[INFO] [stderr]   checking for sys/types.h... yes
[INFO] [stderr]   checking for sys/stat.h... yes
[INFO] [stderr]   checking for stdlib.h... yes
[INFO] [stderr]   checking for string.h... yes
[INFO] [stderr]   checking for memory.h... yes
[INFO] [stderr]   checking for strings.h... yes
[INFO] [stderr]   checking for inttypes.h... yes
[INFO] [stderr]   checking for stdint.h... yes
[INFO] [stderr]   checking for unistd.h... yes
[INFO] [stderr]   checking whether byte ordering is bigendian... no
[INFO] [stderr]   checking size of void *... 8
[INFO] [stderr]   checking size of int... 4
[INFO] [stderr]   checking size of long... 8
[INFO] [stderr]   checking size of long long... 8
[INFO] [stderr]   checking size of intmax_t... 8
[INFO] [stderr]   checking build system type... x86_64-unknown-linux-gnu
[INFO] [stderr]   checking host system type... x86_64-unknown-linux-gnu
[INFO] [stderr]   checking whether pause instruction is compilable... yes
[INFO] [stderr]   checking number of significant virtual address bits... 48
[INFO] [stderr]   checking for x86_64-unknown-linux-gnu-ar... no
[INFO] [stderr]   checking for ar... ar
[INFO] [stderr]   checking for x86_64-unknown-linux-gnu-nm... no
[INFO] [stderr]   checking for nm... nm
[INFO] [stderr]   checking for gawk... no
[INFO] [stderr]   checking for mawk... mawk
[INFO] [stderr]   checking malloc.h usability... yes
[INFO] [stderr]   checking malloc.h presence... yes
[INFO] [stderr]   checking for malloc.h... yes
[INFO] [stderr]   checking whether malloc_usable_size definition can use const argument... no
[INFO] [stderr]   checking for library containing log... -lm
[INFO] [stderr]   checking whether __attribute__ syntax is compilable... yes
[INFO] [stderr]   checking whether compiler supports -fvisibility=hidden... yes
[INFO] [stderr]   checking whether compiler supports -fvisibility=hidden... no
[INFO] [stderr]   checking whether compiler supports -Werror... yes
[INFO] [stderr]   checking whether compiler supports -herror_on_warning... no
[INFO] [stderr]   checking whether tls_model attribute is compilable... yes
[INFO] [stderr]   checking whether compiler supports -Werror... yes
[INFO] [stderr]   checking whether compiler supports -herror_on_warning... no
[INFO] [stderr]   checking whether alloc_size attribute is compilable... yes
[INFO] [stderr]   checking whether compiler supports -Werror... yes
[INFO] [stderr]   checking whether compiler supports -herror_on_warning... no
[INFO] [stderr]   checking whether format(gnu_printf, ...) attribute is compilable... yes
[INFO] [stderr]   checking whether compiler supports -Werror... yes
[INFO] [stderr]   checking whether compiler supports -herror_on_warning... no
[INFO] [stderr]   checking whether format(printf, ...) attribute is compilable... yes
[INFO] [stderr]   checking whether compiler supports -Werror... yes
[INFO] [stderr]   checking whether compiler supports -herror_on_warning... no
[INFO] [stderr]   checking whether format(printf, ...) attribute is compilable... yes
[INFO] [stderr]   checking whether compiler supports -Wimplicit-fallthrough... yes
[INFO] [stderr]   checking whether fallthrough attribute is compilable... yes
[INFO] [stderr]   checking whether compiler supports -Wimplicit-fallthrough... yes
[INFO] [stderr]   checking whether compiler supports -Wimplicit-fallthrough... no
[INFO] [stderr]   checking whether compiler supports -Werror... yes
[INFO] [stderr]   checking whether compiler supports -herror_on_warning... no
[INFO] [stderr]   checking whether cold attribute is compilable... yes
[INFO] [stderr]   checking whether vm_make_tag is compilable... no
[INFO] [stderr]   checking for a BSD-compatible install... /usr/bin/install -c
[INFO] [stderr]   checking for x86_64-unknown-linux-gnu-ranlib... no
[INFO] [stderr]   checking for ranlib... ranlib
[INFO] [stderr]   checking for ld... /usr/bin/ld
[INFO] [stderr]   checking for autoconf... /usr/bin/autoconf
[INFO] [stderr]   checking for memalign... yes
[INFO] [stderr]   checking for valloc... yes
[INFO] [stderr]   checking for malloc_size... no
[INFO] [stderr]   checking whether compiler supports -O3... yes
[INFO] [stderr]   checking whether compiler supports -O3... no
[INFO] [stderr]   checking whether compiler supports -funroll-loops... yes
[INFO] [stderr]   checking configured backtracing method... N/A
[INFO] [stderr]   checking for sbrk... yes
[INFO] [stderr]   checking whether utrace(2) is compilable... no
[INFO] [stderr]   checking whether utrace(2) with label is compilable... no
[INFO] [stderr]   checking whether a program using __builtin_unreachable is compilable... yes
[INFO] [stderr]   checking whether a program using __builtin_ffsl is compilable... yes
[INFO] [stderr]   checking whether a program using __builtin_popcountl is compilable... yes
[INFO] [stderr]   checking LG_PAGE... 12
[INFO] [stderr]   checking pthread.h usability... yes
[INFO] [stderr]   checking pthread.h presence... yes
[INFO] [stderr]   checking for pthread.h... yes
[INFO] [stderr]   checking for pthread_create in -lpthread... yes
[INFO] [stderr]   checking dlfcn.h usability... yes
[INFO] [stderr]   checking dlfcn.h presence... yes
[INFO] [stderr]   checking for dlfcn.h... yes
[INFO] [stderr]   checking for dlsym... yes
[INFO] [stderr]   checking whether pthread_atfork(3) is compilable... yes
[INFO] [stderr]   checking whether pthread_setname_np(3) is compilable... yes
[INFO] [stderr]   checking whether pthread_getname_np(3) is compilable... yes
[INFO] [stderr]   checking whether pthread_get_name_np(3) is compilable... no
[INFO] [stderr]   checking for library containing clock_gettime... none required
[INFO] [stderr]   checking whether clock_gettime(CLOCK_MONOTONIC_COARSE, ...) is compilable... yes
[INFO] [stderr]   checking whether clock_gettime(CLOCK_MONOTONIC, ...) is compilable... yes
[INFO] [stderr]   checking whether mach_absolute_time() is compilable... no
[INFO] [stderr]   checking whether clock_gettime(CLOCK_REALTIME, ...) is compilable... yes
[INFO] [stderr]   checking whether compiler supports -Werror... yes
[INFO] [stderr]   checking whether syscall(2) is compilable... yes
[INFO] [stderr]   checking for secure_getenv... yes
[INFO] [stderr]   checking for sched_getcpu... yes
[INFO] [stderr]   checking for sched_setaffinity... yes
[INFO] [stderr]   checking for issetugid... no
[INFO] [stderr]   checking for _malloc_thread_cleanup... no
[INFO] [stderr]   checking for _pthread_mutex_init_calloc_cb... no
[INFO] [stderr]   checking for memcntl... no
[INFO] [stderr]   checking for TLS... yes
[INFO] [stderr]   checking whether C11 atomics is compilable... yes
[INFO] [stderr]   checking whether GCC __atomic atomics is compilable... yes
[INFO] [stderr]   checking whether GCC 8-bit __atomic atomics is compilable... yes
[INFO] [stderr]   checking whether GCC __sync atomics is compilable... yes
[INFO] [stderr]   checking whether GCC 8-bit __sync atomics is compilable... yes
[INFO] [stderr]   checking whether Darwin OSAtomic*() is compilable... no
[INFO] [stderr]   checking whether madvise(2) is compilable... yes
[INFO] [stderr]   checking whether madvise(..., MADV_FREE) is compilable... yes
[INFO] [stderr]   checking whether madvise(..., MADV_DONTNEED) is compilable... yes
[INFO] [stderr]   checking whether madvise(..., MADV_DO[NT]DUMP) is compilable... yes
[INFO] [stderr]   checking whether madvise(..., MADV_[NO]HUGEPAGE) is compilable... yes
[INFO] [stderr]   checking whether madvise(..., MADV_[NO]CORE) is compilable... no
[INFO] [stderr]   checking whether mprotect(2) is compilable... yes
[INFO] [stderr]   checking for __builtin_clz... yes
[INFO] [stderr]   checking whether Darwin os_unfair_lock_*() is compilable... no
[INFO] [stderr]   checking whether glibc malloc hook is compilable... no
[INFO] [stderr]   checking whether glibc memalign hook is compilable... no
[INFO] [stderr]   checking whether pthreads adaptive mutexes is compilable... yes
[INFO] [stderr]   checking whether compiler supports -D_GNU_SOURCE... yes
[INFO] [stderr]   checking whether compiler supports -Werror... yes
[INFO] [stderr]   checking whether compiler supports -herror_on_warning... no
[INFO] [stderr]   checking whether strerror_r returns char with gnu source is compilable... yes
[INFO] [stderr]   checking for stdbool.h that conforms to C99... yes
[INFO] [stderr]   checking for _Bool... yes
[INFO] [stderr]   configure: creating ./config.status
[INFO] [stderr]   config.status: creating Makefile
[INFO] [stderr]   config.status: creating jemalloc.pc
[INFO] [stderr]   config.status: creating doc/html.xsl
[INFO] [stderr]   config.status: creating doc/manpages.xsl
[INFO] [stderr]   config.status: creating doc/jemalloc.xml
[INFO] [stderr]   config.status: creating include/jemalloc/jemalloc_macros.h
[INFO] [stderr]   config.status: creating include/jemalloc/jemalloc_protos.h
[INFO] [stderr]   config.status: creating include/jemalloc/jemalloc_typedefs.h
[INFO] [stderr]   config.status: creating include/jemalloc/internal/jemalloc_preamble.h
[INFO] [stderr]   config.status: creating test/test.sh
[INFO] [stderr]   config.status: creating test/include/test/jemalloc_test.h
[INFO] [stderr]   config.status: creating config.stamp
[INFO] [stderr]   config.status: creating bin/jemalloc-config
[INFO] [stderr]   config.status: creating bin/jemalloc.sh
[INFO] [stderr]   config.status: creating bin/jeprof
[INFO] [stderr]   config.status: creating include/jemalloc/jemalloc_defs.h
[INFO] [stderr]   config.status: creating include/jemalloc/internal/jemalloc_internal_defs.h
[INFO] [stderr]   config.status: creating test/include/test/jemalloc_test_defs.h
[INFO] [stderr]   config.status: executing include/jemalloc/internal/public_symbols.txt commands
[INFO] [stderr]   config.status: executing include/jemalloc/internal/private_symbols.awk commands
[INFO] [stderr]   config.status: executing include/jemalloc/internal/private_symbols_jet.awk commands
[INFO] [stderr]   config.status: executing include/jemalloc/internal/public_namespace.h commands
[INFO] [stderr]   config.status: executing include/jemalloc/internal/public_unnamespace.h commands
[INFO] [stderr]   config.status: executing include/jemalloc/jemalloc_protos_jet.h commands
[INFO] [stderr]   config.status: executing include/jemalloc/jemalloc_rename.h commands
[INFO] [stderr]   config.status: executing include/jemalloc/jemalloc_mangle.h commands
[INFO] [stderr]   config.status: executing include/jemalloc/jemalloc_mangle_jet.h commands
[INFO] [stderr]   config.status: executing include/jemalloc/jemalloc.h commands
[INFO] [stderr]   ===============================================================================
[INFO] [stderr]   jemalloc version   : 5.3.0-1-ge13ca993e8ccb9ba9847cc330696e02839f328f7
[INFO] [stderr]   library revision   : 2
[INFO] [stderr] 
[INFO] [stderr]   CONFIG             : --with-version=5.3.0-1-ge13ca993e8ccb9ba9847cc330696e02839f328f7 --disable-cxx --enable-doc=no --enable-shared=no --with-jemalloc-prefix=_rjem_ --with-private-namespace=_rjem_ --disable-stats --host=x86_64-unknown-linux-gnu --build=x86_64-unknown-linux-gnu --prefix=/opt/rustwide/target/debug/build/tikv-jemalloc-sys/81a9b4e7c5f8719d/out build_alias=x86_64-unknown-linux-gnu host_alias=x86_64-unknown-linux-gnu CC=cc 'CFLAGS=-O0 -ffunction-sections -fdata-sections -fPIC -gdwarf-4 -fno-omit-frame-pointer -m64 -Wall' 'LDFLAGS=-O0 -ffunction-sections -fdata-sections -fPIC -gdwarf-4 -fno-omit-frame-pointer -m64 -Wall' 'CPPFLAGS=-O0 -ffunction-sections -fdata-sections -fPIC -gdwarf-4 -fno-omit-frame-pointer -m64 -Wall'
[INFO] [stderr]   CC                 : cc
[INFO] [stderr]   CONFIGURE_CFLAGS   : -std=gnu11 -Wall -Wextra -Wsign-compare -Wundef -Wno-format-zero-length -Wpointer-arith -Wno-missing-braces -Wno-missing-field-initializers -Wno-missing-attributes -pipe -g3 -fvisibility=hidden -Wimplicit-fallthrough -O3 -funroll-loops
[INFO] [stderr]   SPECIFIED_CFLAGS   : -O0 -ffunction-sections -fdata-sections -fPIC -gdwarf-4 -fno-omit-frame-pointer -m64 -Wall
[INFO] [stderr]   EXTRA_CFLAGS       : 
[INFO] [stderr]   CPPFLAGS           : -O0 -ffunction-sections -fdata-sections -fPIC -gdwarf-4 -fno-omit-frame-pointer -m64 -Wall -D_GNU_SOURCE -D_REENTRANT
[INFO] [stderr]   CXX                : 
[INFO] [stderr]   CONFIGURE_CXXFLAGS : 
[INFO] [stderr]   SPECIFIED_CXXFLAGS : 
[INFO] [stderr]   EXTRA_CXXFLAGS     : 
[INFO] [stderr]   LDFLAGS            : -O0 -ffunction-sections -fdata-sections -fPIC -gdwarf-4 -fno-omit-frame-pointer -m64 -Wall
[INFO] [stderr]   EXTRA_LDFLAGS      : 
[INFO] [stderr]   DSO_LDFLAGS        : -shared -Wl,-soname,$(@F)
[INFO] [stderr]   LIBS               : -lm  -pthread
[INFO] [stderr]   RPATH_EXTRA        : 
[INFO] [stderr] 
[INFO] [stderr]   XSLTPROC           : false
[INFO] [stderr]   XSLROOT            : 
[INFO] [stderr] 
[INFO] [stderr]   PREFIX             : /opt/rustwide/target/debug/build/tikv-jemalloc-sys/81a9b4e7c5f8719d/out
[INFO] [stderr]   BINDIR             : /opt/rustwide/target/debug/build/tikv-jemalloc-sys/81a9b4e7c5f8719d/out/bin
[INFO] [stderr]   DATADIR            : /opt/rustwide/target/debug/build/tikv-jemalloc-sys/81a9b4e7c5f8719d/out/share
[INFO] [stderr]   INCLUDEDIR         : /opt/rustwide/target/debug/build/tikv-jemalloc-sys/81a9b4e7c5f8719d/out/include
[INFO] [stderr]   LIBDIR             : /opt/rustwide/target/debug/build/tikv-jemalloc-sys/81a9b4e7c5f8719d/out/lib
[INFO] [stderr]   MANDIR             : /opt/rustwide/target/debug/build/tikv-jemalloc-sys/81a9b4e7c5f8719d/out/share/man
[INFO] [stderr] 
[INFO] [stderr]   srcroot            : 
[INFO] [stderr]   abs_srcroot        : /opt/rustwide/target/debug/build/tikv-jemalloc-sys/81a9b4e7c5f8719d/out/build/
[INFO] [stderr]   objroot            : 
[INFO] [stderr]   abs_objroot        : /opt/rustwide/target/debug/build/tikv-jemalloc-sys/81a9b4e7c5f8719d/out/build/
[INFO] [stderr] 
[INFO] [stderr]   JEMALLOC_PREFIX    : _rjem_
[INFO] [stderr]   JEMALLOC_PRIVATE_NAMESPACE
[INFO] [stderr]                      : _rjem_je_
[INFO] [stderr]   install_suffix     : 
[INFO] [stderr]   malloc_conf        : 
[INFO] [stderr]   documentation      : 0
[INFO] [stderr]   shared libs        : 0
[INFO] [stderr]   static libs        : 1
[INFO] [stderr]   autogen            : 0
[INFO] [stderr]   debug              : 0
[INFO] [stderr]   stats              : 0
[INFO] [stderr]   experimental_smallocx : 0
[INFO] [stderr]   prof               : 0
[INFO] [stderr]   prof-libunwind     : 0
[INFO] [stderr]   prof-libgcc        : 0
[INFO] [stderr]   prof-gcc           : 0
[INFO] [stderr]   fill               : 1
[INFO] [stderr]   utrace             : 0
[INFO] [stderr]   xmalloc            : 0
[INFO] [stderr]   log                : 0
[INFO] [stderr]   lazy_lock          : 0
[INFO] [stderr]   cache-oblivious    : 1
[INFO] [stderr]   cxx                : 0
[INFO] [stderr]   ===============================================================================
[INFO] [stderr]   running: cd "/opt/rustwide/target/debug/build/tikv-jemalloc-sys/81a9b4e7c5f8719d/out/build" && "make" "-j" "16"
[INFO] [stderr]   cc -std=gnu11 -Wall -Wextra -Wsign-compare -Wundef -Wno-format-zero-length -Wpointer-arith -Wno-missing-braces -Wno-missing-field-initializers -Wno-missing-attributes -pipe -g3 -fvisibility=hidden -Wimplicit-fallthrough -O3 -funroll-loops -O0 -ffunction-sections -fdata-sections -fPIC -gdwarf-4 -fno-omit-frame-pointer -m64 -Wall -c -O0 -ffunction-sections -fdata-sections -fPIC -gdwarf-4 -fno-omit-frame-pointer -m64 -Wall -D_GNU_SOURCE -D_REENTRANT -Iinclude -Iinclude -DJEMALLOC_NO_PRIVATE_NAMESPACE -o src/jemalloc.sym.o src/jemalloc.c
[INFO] [stderr]   cc -std=gnu11 -Wall -Wextra -Wsign-compare -Wundef -Wno-format-zero-length -Wpointer-arith -Wno-missing-braces -Wno-missing-field-initializers -Wno-missing-attributes -pipe -g3 -fvisibility=hidden -Wimplicit-fallthrough -O3 -funroll-loops -O0 -ffunction-sections -fdata-sections -fPIC -gdwarf-4 -fno-omit-frame-pointer -m64 -Wall -c -O0 -ffunction-sections -fdata-sections -fPIC -gdwarf-4 -fno-omit-frame-pointer -m64 -Wall -D_GNU_SOURCE -D_REENTRANT -Iinclude -Iinclude -DJEMALLOC_NO_PRIVATE_NAMESPACE -o src/arena.sym.o src/arena.c
[INFO] [stderr]   cc -std=gnu11 -Wall -Wextra -Wsign-compare -Wundef -Wno-format-zero-length -Wpointer-arith -Wno-missing-braces -Wno-missing-field-initializers -Wno-missing-attributes -pipe -g3 -fvisibility=hidden -Wimplicit-fallthrough -O3 -funroll-loops -O0 -ffunction-sections -fdata-sections -fPIC -gdwarf-4 -fno-omit-frame-pointer -m64 -Wall -c -O0 -ffunction-sections -fdata-sections -fPIC -gdwarf-4 -fno-omit-frame-pointer -m64 -Wall -D_GNU_SOURCE -D_REENTRANT -Iinclude -Iinclude -DJEMALLOC_NO_PRIVATE_NAMESPACE -o src/background_thread.sym.o src/background_thread.c
[INFO] [stderr]   cc -std=gnu11 -Wall -Wextra -Wsign-compare -Wundef -Wno-format-zero-length -Wpointer-arith -Wno-missing-braces -Wno-missing-field-initializers -Wno-missing-attributes -pipe -g3 -fvisibility=hidden -Wimplicit-fallthrough -O3 -funroll-loops -O0 -ffunction-sections -fdata-sections -fPIC -gdwarf-4 -fno-omit-frame-pointer -m64 -Wall -c -O0 -ffunction-sections -fdata-sections -fPIC -gdwarf-4 -fno-omit-frame-pointer -m64 -Wall -D_GNU_SOURCE -D_REENTRANT -Iinclude -Iinclude -DJEMALLOC_NO_PRIVATE_NAMESPACE -o src/base.sym.o src/base.c
[INFO] [stderr]   cc -std=gnu11 -Wall -Wextra -Wsign-compare -Wundef -Wno-format-zero-length -Wpointer-arith -Wno-missing-braces -Wno-missing-field-initializers -Wno-missing-attributes -pipe -g3 -fvisibility=hidden -Wimplicit-fallthrough -O3 -funroll-loops -O0 -ffunction-sections -fdata-sections -fPIC -gdwarf-4 -fno-omit-frame-pointer -m64 -Wall -c -O0 -ffunction-sections -fdata-sections -fPIC -gdwarf-4 -fno-omit-frame-pointer -m64 -Wall -D_GNU_SOURCE -D_REENTRANT -Iinclude -Iinclude -DJEMALLOC_NO_PRIVATE_NAMESPACE -o src/bin.sym.o src/bin.c
[INFO] [stderr]   cc -std=gnu11 -Wall -Wextra -Wsign-compare -Wundef -Wno-format-zero-length -Wpointer-arith -Wno-missing-braces -Wno-missing-field-initializers -Wno-missing-attributes -pipe -g3 -fvisibility=hidden -Wimplicit-fallthrough -O3 -funroll-loops -O0 -ffunction-sections -fdata-sections -fPIC -gdwarf-4 -fno-omit-frame-pointer -m64 -Wall -c -O0 -ffunction-sections -fdata-sections -fPIC -gdwarf-4 -fno-omit-frame-pointer -m64 -Wall -D_GNU_SOURCE -D_REENTRANT -Iinclude -Iinclude -DJEMALLOC_NO_PRIVATE_NAMESPACE -o src/bin_info.sym.o src/bin_info.c
[INFO] [stderr]   cc -std=gnu11 -Wall -Wextra -Wsign-compare -Wundef -Wno-format-zero-length -Wpointer-arith -Wno-missing-braces -Wno-missing-field-initializers -Wno-missing-attributes -pipe -g3 -fvisibility=hidden -Wimplicit-fallthrough -O3 -funroll-loops -O0 -ffunction-sections -fdata-sections -fPIC -gdwarf-4 -fno-omit-frame-pointer -m64 -Wall -c -O0 -ffunction-sections -fdata-sections -fPIC -gdwarf-4 -fno-omit-frame-pointer -m64 -Wall -D_GNU_SOURCE -D_REENTRANT -Iinclude -Iinclude -DJEMALLOC_NO_PRIVATE_NAMESPACE -o src/bitmap.sym.o src/bitmap.c
[INFO] [stderr]   cc -std=gnu11 -Wall -Wextra -Wsign-compare -Wundef -Wno-format-zero-length -Wpointer-arith -Wno-missing-braces -Wno-missing-field-initializers -Wno-missing-attributes -pipe -g3 -fvisibility=hidden -Wimplicit-fallthrough -O3 -funroll-loops -O0 -ffunction-sections -fdata-sections -fPIC -gdwarf-4 -fno-omit-frame-pointer -m64 -Wall -c -O0 -ffunction-sections -fdata-sections -fPIC -gdwarf-4 -fno-omit-frame-pointer -m64 -Wall -D_GNU_SOURCE -D_REENTRANT -Iinclude -Iinclude -DJEMALLOC_NO_PRIVATE_NAMESPACE -o src/buf_writer.sym.o src/buf_writer.c
[INFO] [stderr]   cc -std=gnu11 -Wall -Wextra -Wsign-compare -Wundef -Wno-format-zero-length -Wpointer-arith -Wno-missing-braces -Wno-missing-field-initializers -Wno-missing-attributes -pipe -g3 -fvisibility=hidden -Wimplicit-fallthrough -O3 -funroll-loops -O0 -ffunction-sections -fdata-sections -fPIC -gdwarf-4 -fno-omit-frame-pointer -m64 -Wall -c -O0 -ffunction-sections -fdata-sections -fPIC -gdwarf-4 -fno-omit-frame-pointer -m64 -Wall -D_GNU_SOURCE -D_REENTRANT -Iinclude -Iinclude -DJEMALLOC_NO_PRIVATE_NAMESPACE -o src/cache_bin.sym.o src/cache_bin.c
[INFO] [stderr]   cc -std=gnu11 -Wall -Wextra -Wsign-compare -Wundef -Wno-format-zero-length -Wpointer-arith -Wno-missing-braces -Wno-missing-field-initializers -Wno-missing-attributes -pipe -g3 -fvisibility=hidden -Wimplicit-fallthrough -O3 -funroll-loops -O0 -ffunction-sections -fdata-sections -fPIC -gdwarf-4 -fno-omit-frame-pointer -m64 -Wall -c -O0 -ffunction-sections -fdata-sections -fPIC -gdwarf-4 -fno-omit-frame-pointer -m64 -Wall -D_GNU_SOURCE -D_REENTRANT -Iinclude -Iinclude -DJEMALLOC_NO_PRIVATE_NAMESPACE -o src/ckh.sym.o src/ckh.c
[INFO] [stderr]   cc -std=gnu11 -Wall -Wextra -Wsign-compare -Wundef -Wno-format-zero-length -Wpointer-arith -Wno-missing-braces -Wno-missing-field-initializers -Wno-missing-attributes -pipe -g3 -fvisibility=hidden -Wimplicit-fallthrough -O3 -funroll-loops -O0 -ffunction-sections -fdata-sections -fPIC -gdwarf-4 -fno-omit-frame-pointer -m64 -Wall -c -O0 -ffunction-sections -fdata-sections -fPIC -gdwarf-4 -fno-omit-frame-pointer -m64 -Wall -D_GNU_SOURCE -D_REENTRANT -Iinclude -Iinclude -DJEMALLOC_NO_PRIVATE_NAMESPACE -o src/counter.sym.o src/counter.c
[INFO] [stderr]   cc -std=gnu11 -Wall -Wextra -Wsign-compare -Wundef -Wno-format-zero-length -Wpointer-arith -Wno-missing-braces -Wno-missing-field-initializers -Wno-missing-attributes -pipe -g3 -fvisibility=hidden -Wimplicit-fallthrough -O3 -funroll-loops -O0 -ffunction-sections -fdata-sections -fPIC -gdwarf-4 -fno-omit-frame-pointer -m64 -Wall -c -O0 -ffunction-sections -fdata-sections -fPIC -gdwarf-4 -fno-omit-frame-pointer -m64 -Wall -D_GNU_SOURCE -D_REENTRANT -Iinclude -Iinclude -DJEMALLOC_NO_PRIVATE_NAMESPACE -o src/ctl.sym.o src/ctl.c
[INFO] [stderr]   cc -std=gnu11 -Wall -Wextra -Wsign-compare -Wundef -Wno-format-zero-length -Wpointer-arith -Wno-missing-braces -Wno-missing-field-initializers -Wno-missing-attributes -pipe -g3 -fvisibility=hidden -Wimplicit-fallthrough -O3 -funroll-loops -O0 -ffunction-sections -fdata-sections -fPIC -gdwarf-4 -fno-omit-frame-pointer -m64 -Wall -c -O0 -ffunction-sections -fdata-sections -fPIC -gdwarf-4 -fno-omit-frame-pointer -m64 -Wall -D_GNU_SOURCE -D_REENTRANT -Iinclude -Iinclude -DJEMALLOC_NO_PRIVATE_NAMESPACE -o src/decay.sym.o src/decay.c
[INFO] [stderr]   cc -std=gnu11 -Wall -Wextra -Wsign-compare -Wundef -Wno-format-zero-length -Wpointer-arith -Wno-missing-braces -Wno-missing-field-initializers -Wno-missing-attributes -pipe -g3 -fvisibility=hidden -Wimplicit-fallthrough -O3 -funroll-loops -O0 -ffunction-sections -fdata-sections -fPIC -gdwarf-4 -fno-omit-frame-pointer -m64 -Wall -c -O0 -ffunction-sections -fdata-sections -fPIC -gdwarf-4 -fno-omit-frame-pointer -m64 -Wall -D_GNU_SOURCE -D_REENTRANT -Iinclude -Iinclude -DJEMALLOC_NO_PRIVATE_NAMESPACE -o src/div.sym.o src/div.c
[INFO] [stderr]   cc -std=gnu11 -Wall -Wextra -Wsign-compare -Wundef -Wno-format-zero-length -Wpointer-arith -Wno-missing-braces -Wno-missing-field-initializers -Wno-missing-attributes -pipe -g3 -fvisibility=hidden -Wimplicit-fallthrough -O3 -funroll-loops -O0 -ffunction-sections -fdata-sections -fPIC -gdwarf-4 -fno-omit-frame-pointer -m64 -Wall -c -O0 -ffunction-sections -fdata-sections -fPIC -gdwarf-4 -fno-omit-frame-pointer -m64 -Wall -D_GNU_SOURCE -D_REENTRANT -Iinclude -Iinclude -DJEMALLOC_NO_PRIVATE_NAMESPACE -o src/ecache.sym.o src/ecache.c
[INFO] [stderr]   cc -std=gnu11 -Wall -Wextra -Wsign-compare -Wundef -Wno-format-zero-length -Wpointer-arith -Wno-missing-braces -Wno-missing-field-initializers -Wno-missing-attributes -pipe -g3 -fvisibility=hidden -Wimplicit-fallthrough -O3 -funroll-loops -O0 -ffunction-sections -fdata-sections -fPIC -gdwarf-4 -fno-omit-frame-pointer -m64 -Wall -c -O0 -ffunction-sections -fdata-sections -fPIC -gdwarf-4 -fno-omit-frame-pointer -m64 -Wall -D_GNU_SOURCE -D_REENTRANT -Iinclude -Iinclude -DJEMALLOC_NO_PRIVATE_NAMESPACE -o src/edata.sym.o src/edata.c
[INFO] [stderr]   cc -std=gnu11 -Wall -Wextra -Wsign-compare -Wundef -Wno-format-zero-length -Wpointer-arith -Wno-missing-braces -Wno-missing-field-initializers -Wno-missing-attributes -pipe -g3 -fvisibility=hidden -Wimplicit-fallthrough -O3 -funroll-loops -O0 -ffunction-sections -fdata-sections -fPIC -gdwarf-4 -fno-omit-frame-pointer -m64 -Wall -c -O0 -ffunction-sections -fdata-sections -fPIC -gdwarf-4 -fno-omit-frame-pointer -m64 -Wall -D_GNU_SOURCE -D_REENTRANT -Iinclude -Iinclude -DJEMALLOC_NO_PRIVATE_NAMESPACE -o src/edata_cache.sym.o src/edata_cache.c
[INFO] [stderr]   cc -std=gnu11 -Wall -Wextra -Wsign-compare -Wundef -Wno-format-zero-length -Wpointer-arith -Wno-missing-braces -Wno-missing-field-initializers -Wno-missing-attributes -pipe -g3 -fvisibility=hidden -Wimplicit-fallthrough -O3 -funroll-loops -O0 -ffunction-sections -fdata-sections -fPIC -gdwarf-4 -fno-omit-frame-pointer -m64 -Wall -c -O0 -ffunction-sections -fdata-sections -fPIC -gdwarf-4 -fno-omit-frame-pointer -m64 -Wall -D_GNU_SOURCE -D_REENTRANT -Iinclude -Iinclude -DJEMALLOC_NO_PRIVATE_NAMESPACE -o src/ehooks.sym.o src/ehooks.c
[INFO] [stderr]   cc -std=gnu11 -Wall -Wextra -Wsign-compare -Wundef -Wno-format-zero-length -Wpointer-arith -Wno-missing-braces -Wno-missing-field-initializers -Wno-missing-attributes -pipe -g3 -fvisibility=hidden -Wimplicit-fallthrough -O3 -funroll-loops -O0 -ffunction-sections -fdata-sections -fPIC -gdwarf-4 -fno-omit-frame-pointer -m64 -Wall -c -O0 -ffunction-sections -fdata-sections -fPIC -gdwarf-4 -fno-omit-frame-pointer -m64 -Wall -D_GNU_SOURCE -D_REENTRANT -Iinclude -Iinclude -DJEMALLOC_NO_PRIVATE_NAMESPACE -o src/emap.sym.o src/emap.c
[INFO] [stderr]   cc -std=gnu11 -Wall -Wextra -Wsign-compare -Wundef -Wno-format-zero-length -Wpointer-arith -Wno-missing-braces -Wno-missing-field-initializers -Wno-missing-attributes -pipe -g3 -fvisibility=hidden -Wimplicit-fallthrough -O3 -funroll-loops -O0 -ffunction-sections -fdata-sections -fPIC -gdwarf-4 -fno-omit-frame-pointer -m64 -Wall -c -O0 -ffunction-sections -fdata-sections -fPIC -gdwarf-4 -fno-omit-frame-pointer -m64 -Wall -D_GNU_SOURCE -D_REENTRANT -Iinclude -Iinclude -DJEMALLOC_NO_PRIVATE_NAMESPACE -o src/exp_grow.sym.o src/exp_grow.c
[INFO] [stderr]   cc -std=gnu11 -Wall -Wextra -Wsign-compare -Wundef -Wno-format-zero-length -Wpointer-arith -Wno-missing-braces -Wno-missing-field-initializers -Wno-missing-attributes -pipe -g3 -fvisibility=hidden -Wimplicit-fallthrough -O3 -funroll-loops -O0 -ffunction-sections -fdata-sections -fPIC -gdwarf-4 -fno-omit-frame-pointer -m64 -Wall -c -O0 -ffunction-sections -fdata-sections -fPIC -gdwarf-4 -fno-omit-frame-pointer -m64 -Wall -D_GNU_SOURCE -D_REENTRANT -Iinclude -Iinclude -DJEMALLOC_NO_PRIVATE_NAMESPACE -o src/eset.sym.o src/eset.c
[INFO] [stderr]   cc -std=gnu11 -Wall -Wextra -Wsign-compare -Wundef -Wno-format-zero-length -Wpointer-arith -Wno-missing-braces -Wno-missing-field-initializers -Wno-missing-attributes -pipe -g3 -fvisibility=hidden -Wimplicit-fallthrough -O3 -funroll-loops -O0 -ffunction-sections -fdata-sections -fPIC -gdwarf-4 -fno-omit-frame-pointer -m64 -Wall -c -O0 -ffunction-sections -fdata-sections -fPIC -gdwarf-4 -fno-omit-frame-pointer -m64 -Wall -D_GNU_SOURCE -D_REENTRANT -Iinclude -Iinclude -DJEMALLOC_NO_PRIVATE_NAMESPACE -o src/extent.sym.o src/extent.c
[INFO] [stderr]   cc -std=gnu11 -Wall -Wextra -Wsign-compare -Wundef -Wno-format-zero-length -Wpointer-arith -Wno-missing-braces -Wno-missing-field-initializers -Wno-missing-attributes -pipe -g3 -fvisibility=hidden -Wimplicit-fallthrough -O3 -funroll-loops -O0 -ffunction-sections -fdata-sections -fPIC -gdwarf-4 -fno-omit-frame-pointer -m64 -Wall -c -O0 -ffunction-sections -fdata-sections -fPIC -gdwarf-4 -fno-omit-frame-pointer -m64 -Wall -D_GNU_SOURCE -D_REENTRANT -Iinclude -Iinclude -DJEMALLOC_NO_PRIVATE_NAMESPACE -o src/extent_dss.sym.o src/extent_dss.c
[INFO] [stderr]   cc -std=gnu11 -Wall -Wextra -Wsign-compare -Wundef -Wno-format-zero-length -Wpointer-arith -Wno-missing-braces -Wno-missing-field-initializers -Wno-missing-attributes -pipe -g3 -fvisibility=hidden -Wimplicit-fallthrough -O3 -funroll-loops -O0 -ffunction-sections -fdata-sections -fPIC -gdwarf-4 -fno-omit-frame-pointer -m64 -Wall -c -O0 -ffunction-sections -fdata-sections -fPIC -gdwarf-4 -fno-omit-frame-pointer -m64 -Wall -D_GNU_SOURCE -D_REENTRANT -Iinclude -Iinclude -DJEMALLOC_NO_PRIVATE_NAMESPACE -o src/extent_mmap.sym.o src/extent_mmap.c
[INFO] [stderr]   cc -std=gnu11 -Wall -Wextra -Wsign-compare -Wundef -Wno-format-zero-length -Wpointer-arith -Wno-missing-braces -Wno-missing-field-initializers -Wno-missing-attributes -pipe -g3 -fvisibility=hidden -Wimplicit-fallthrough -O3 -funroll-loops -O0 -ffunction-sections -fdata-sections -fPIC -gdwarf-4 -fno-omit-frame-pointer -m64 -Wall -c -O0 -ffunction-sections -fdata-sections -fPIC -gdwarf-4 -fno-omit-frame-pointer -m64 -Wall -D_GNU_SOURCE -D_REENTRANT -Iinclude -Iinclude -DJEMALLOC_NO_PRIVATE_NAMESPACE -o src/fxp.sym.o src/fxp.c
[INFO] [stderr]   cc -std=gnu11 -Wall -Wextra -Wsign-compare -Wundef -Wno-format-zero-length -Wpointer-arith -Wno-missing-braces -Wno-missing-field-initializers -Wno-missing-attributes -pipe -g3 -fvisibility=hidden -Wimplicit-fallthrough -O3 -funroll-loops -O0 -ffunction-sections -fdata-sections -fPIC -gdwarf-4 -fno-omit-frame-pointer -m64 -Wall -c -O0 -ffunction-sections -fdata-sections -fPIC -gdwarf-4 -fno-omit-frame-pointer -m64 -Wall -D_GNU_SOURCE -D_REENTRANT -Iinclude -Iinclude -DJEMALLOC_NO_PRIVATE_NAMESPACE -o src/san.sym.o src/san.c
[INFO] [stderr]   cc -std=gnu11 -Wall -Wextra -Wsign-compare -Wundef -Wno-format-zero-length -Wpointer-arith -Wno-missing-braces -Wno-missing-field-initializers -Wno-missing-attributes -pipe -g3 -fvisibility=hidden -Wimplicit-fallthrough -O3 -funroll-loops -O0 -ffunction-sections -fdata-sections -fPIC -gdwarf-4 -fno-omit-frame-pointer -m64 -Wall -c -O0 -ffunction-sections -fdata-sections -fPIC -gdwarf-4 -fno-omit-frame-pointer -m64 -Wall -D_GNU_SOURCE -D_REENTRANT -Iinclude -Iinclude -DJEMALLOC_NO_PRIVATE_NAMESPACE -o src/san_bump.sym.o src/san_bump.c
[INFO] [stderr]   cc -std=gnu11 -Wall -Wextra -Wsign-compare -Wundef -Wno-format-zero-length -Wpointer-arith -Wno-missing-braces -Wno-missing-field-initializers -Wno-missing-attributes -pipe -g3 -fvisibility=hidden -Wimplicit-fallthrough -O3 -funroll-loops -O0 -ffunction-sections -fdata-sections -fPIC -gdwarf-4 -fno-omit-frame-pointer -m64 -Wall -c -O0 -ffunction-sections -fdata-sections -fPIC -gdwarf-4 -fno-omit-frame-pointer -m64 -Wall -D_GNU_SOURCE -D_REENTRANT -Iinclude -Iinclude -DJEMALLOC_NO_PRIVATE_NAMESPACE -o src/hook.sym.o src/hook.c
[INFO] [stderr]   cc -std=gnu11 -Wall -Wextra -Wsign-compare -Wundef -Wno-format-zero-length -Wpointer-arith -Wno-missing-braces -Wno-missing-field-initializers -Wno-missing-attributes -pipe -g3 -fvisibility=hidden -Wimplicit-fallthrough -O3 -funroll-loops -O0 -ffunction-sections -fdata-sections -fPIC -gdwarf-4 -fno-omit-frame-pointer -m64 -Wall -c -O0 -ffunction-sections -fdata-sections -fPIC -gdwarf-4 -fno-omit-frame-pointer -m64 -Wall -D_GNU_SOURCE -D_REENTRANT -Iinclude -Iinclude -DJEMALLOC_NO_PRIVATE_NAMESPACE -o src/hpa.sym.o src/hpa.c
[INFO] [stderr]   cc -std=gnu11 -Wall -Wextra -Wsign-compare -Wundef -Wno-format-zero-length -Wpointer-arith -Wno-missing-braces -Wno-missing-field-initializers -Wno-missing-attributes -pipe -g3 -fvisibility=hidden -Wimplicit-fallthrough -O3 -funroll-loops -O0 -ffunction-sections -fdata-sections -fPIC -gdwarf-4 -fno-omit-frame-pointer -m64 -Wall -c -O0 -ffunction-sections -fdata-sections -fPIC -gdwarf-4 -fno-omit-frame-pointer -m64 -Wall -D_GNU_SOURCE -D_REENTRANT -Iinclude -Iinclude -DJEMALLOC_NO_PRIVATE_NAMESPACE -o src/hpa_hooks.sym.o src/hpa_hooks.c
[INFO] [stderr]   cc -std=gnu11 -Wall -Wextra -Wsign-compare -Wundef -Wno-format-zero-length -Wpointer-arith -Wno-missing-braces -Wno-missing-field-initializers -Wno-missing-attributes -pipe -g3 -fvisibility=hidden -Wimplicit-fallthrough -O3 -funroll-loops -O0 -ffunction-sections -fdata-sections -fPIC -gdwarf-4 -fno-omit-frame-pointer -m64 -Wall -c -O0 -ffunction-sections -fdata-sections -fPIC -gdwarf-4 -fno-omit-frame-pointer -m64 -Wall -D_GNU_SOURCE -D_REENTRANT -Iinclude -Iinclude -DJEMALLOC_NO_PRIVATE_NAMESPACE -o src/hpdata.sym.o src/hpdata.c
[INFO] [stderr]   cc -std=gnu11 -Wall -Wextra -Wsign-compare -Wundef -Wno-format-zero-length -Wpointer-arith -Wno-missing-braces -Wno-missing-field-initializers -Wno-missing-attributes -pipe -g3 -fvisibility=hidden -Wimplicit-fallthrough -O3 -funroll-loops -O0 -ffunction-sections -fdata-sections -fPIC -gdwarf-4 -fno-omit-frame-pointer -m64 -Wall -c -O0 -ffunction-sections -fdata-sections -fPIC -gdwarf-4 -fno-omit-frame-pointer -m64 -Wall -D_GNU_SOURCE -D_REENTRANT -Iinclude -Iinclude -DJEMALLOC_NO_PRIVATE_NAMESPACE -o src/inspect.sym.o src/inspect.c
[INFO] [stderr]   cc -std=gnu11 -Wall -Wextra -Wsign-compare -Wundef -Wno-format-zero-length -Wpointer-arith -Wno-missing-braces -Wno-missing-field-initializers -Wno-missing-attributes -pipe -g3 -fvisibility=hidden -Wimplicit-fallthrough -O3 -funroll-loops -O0 -ffunction-sections -fdata-sections -fPIC -gdwarf-4 -fno-omit-frame-pointer -m64 -Wall -c -O0 -ffunction-sections -fdata-sections -fPIC -gdwarf-4 -fno-omit-frame-pointer -m64 -Wall -D_GNU_SOURCE -D_REENTRANT -Iinclude -Iinclude -DJEMALLOC_NO_PRIVATE_NAMESPACE -o src/large.sym.o src/large.c
[INFO] [stderr]   cc -std=gnu11 -Wall -Wextra -Wsign-compare -Wundef -Wno-format-zero-length -Wpointer-arith -Wno-missing-braces -Wno-missing-field-initializers -Wno-missing-attributes -pipe -g3 -fvisibility=hidden -Wimplicit-fallthrough -O3 -funroll-loops -O0 -ffunction-sections -fdata-sections -fPIC -gdwarf-4 -fno-omit-frame-pointer -m64 -Wall -c -O0 -ffunction-sections -fdata-sections -fPIC -gdwarf-4 -fno-omit-frame-pointer -m64 -Wall -D_GNU_SOURCE -D_REENTRANT -Iinclude -Iinclude -DJEMALLOC_NO_PRIVATE_NAMESPACE -o src/log.sym.o src/log.c
[INFO] [stderr]   cc -std=gnu11 -Wall -Wextra -Wsign-compare -Wundef -Wno-format-zero-length -Wpointer-arith -Wno-missing-braces -Wno-missing-field-initializers -Wno-missing-attributes -pipe -g3 -fvisibility=hidden -Wimplicit-fallthrough -O3 -funroll-loops -O0 -ffunction-sections -fdata-sections -fPIC -gdwarf-4 -fno-omit-frame-pointer -m64 -Wall -c -O0 -ffunction-sections -fdata-sections -fPIC -gdwarf-4 -fno-omit-frame-pointer -m64 -Wall -D_GNU_SOURCE -D_REENTRANT -Iinclude -Iinclude -DJEMALLOC_NO_PRIVATE_NAMESPACE -o src/malloc_io.sym.o src/malloc_io.c
[INFO] [stderr]   cc -std=gnu11 -Wall -Wextra -Wsign-compare -Wundef -Wno-format-zero-length -Wpointer-arith -Wno-missing-braces -Wno-missing-field-initializers -Wno-missing-attributes -pipe -g3 -fvisibility=hidden -Wimplicit-fallthrough -O3 -funroll-loops -O0 -ffunction-sections -fdata-sections -fPIC -gdwarf-4 -fno-omit-frame-pointer -m64 -Wall -c -O0 -ffunction-sections -fdata-sections -fPIC -gdwarf-4 -fno-omit-frame-pointer -m64 -Wall -D_GNU_SOURCE -D_REENTRANT -Iinclude -Iinclude -DJEMALLOC_NO_PRIVATE_NAMESPACE -o src/mutex.sym.o src/mutex.c
[INFO] [stderr]   cc -std=gnu11 -Wall -Wextra -Wsign-compare -Wundef -Wno-format-zero-length -Wpointer-arith -Wno-missing-braces -Wno-missing-field-initializers -Wno-missing-attributes -pipe -g3 -fvisibility=hidden -Wimplicit-fallthrough -O3 -funroll-loops -O0 -ffunction-sections -fdata-sections -fPIC -gdwarf-4 -fno-omit-frame-pointer -m64 -Wall -c -O0 -ffunction-sections -fdata-sections -fPIC -gdwarf-4 -fno-omit-frame-pointer -m64 -Wall -D_GNU_SOURCE -D_REENTRANT -Iinclude -Iinclude -DJEMALLOC_NO_PRIVATE_NAMESPACE -o src/nstime.sym.o src/nstime.c
[INFO] [stderr] 
[INFO] [stderr]   --- stderr
[INFO] [stderr]   cc: fatal error: Killed signal terminated program cc1
[INFO] [stderr]   compilation terminated.
[INFO] [stderr]   make: *** [Makefile:479: src/jemalloc.sym.o] Error 1
[INFO] [stderr]   make: *** Waiting for unfinished jobs....
[INFO] [stderr] 
[INFO] [stderr]   thread 'main' (1229) panicked at /opt/rustwide/cargo-home/registry/src/index.crates.io-1949cf8c6b5b557f/tikv-jemalloc-sys-0.6.0+5.3.0-1-ge13ca993e8ccb9ba9847cc330696e02839f328f7/build.rs:388:9:
[INFO] [stderr]   command did not execute successfully: cd "/opt/rustwide/target/debug/build/tikv-jemalloc-sys/81a9b4e7c5f8719d/out/build" && "make" "-j" "16"
[INFO] [stderr]   expected success, got: exit status: 2
[INFO] [stderr]   stack backtrace:
[INFO] [stderr]      0:     0x5b853ba2a2b1 - std[80dffe575a601a26]::backtrace_rs::backtrace::libunwind::trace
[INFO] [stderr]                                  at /rustc/28b6e691688c15cef4c60d9044274e7b84397870/library/std/src/../../backtrace/src/backtrace/libunwind.rs:117:9
[INFO] [stderr]      1:     0x5b853ba2a2b1 - std[80dffe575a601a26]::backtrace_rs::backtrace::trace_unsynchronized::<std[80dffe575a601a26]::sys::backtrace::_print_fmt::{closure#1}>
[INFO] [stderr]                                  at /rustc/28b6e691688c15cef4c60d9044274e7b84397870/library/std/src/../../backtrace/src/backtrace/mod.rs:66:14
[INFO] [stderr]      2:     0x5b853ba2a2b1 - std[80dffe575a601a26]::sys::backtrace::_print_fmt
[INFO] [stderr]                                  at /rustc/28b6e691688c15cef4c60d9044274e7b84397870/library/std/src/sys/backtrace.rs:74:9
[INFO] [stderr]      3:     0x5b853ba2a2b1 - <<std[80dffe575a601a26]::sys::backtrace::BacktraceLock>::print::DisplayBacktrace as core[4b671e236b6cd0c2]::fmt::Display>::fmt
[INFO] [stderr]                                  at /rustc/28b6e691688c15cef4c60d9044274e7b84397870/library/std/src/sys/backtrace.rs:44:26
[INFO] [stderr]      4:     0x5b853ba3fcda - <core[4b671e236b6cd0c2]::fmt::rt::Argument>::fmt
[INFO] [stderr]                                  at /rustc/28b6e691688c15cef4c60d9044274e7b84397870/library/core/src/fmt/rt.rs:152:76
[INFO] [stderr]      5:     0x5b853ba3fcda - core[4b671e236b6cd0c2]::fmt::write
[INFO] [stderr]      6:     0x5b853ba3076c - core[4b671e236b6cd0c2]::io::write::default_write_fmt::<std[80dffe575a601a26]::sys::stdio::unix::Stderr>
[INFO] [stderr]                                  at /rustc/28b6e691688c15cef4c60d9044274e7b84397870/library/core/src/io/write.rs:402:11
[INFO] [stderr]      7:     0x5b853ba3076c - <std[80dffe575a601a26]::sys::stdio::unix::Stderr as core[4b671e236b6cd0c2]::io::write::Write>::write_fmt
[INFO] [stderr]                                  at /rustc/28b6e691688c15cef4c60d9044274e7b84397870/library/core/src/io/write.rs:335:13
[INFO] [stderr]      8:     0x5b853ba032e6 - <std[80dffe575a601a26]::sys::backtrace::BacktraceLock>::print
[INFO] [stderr]                                  at /rustc/28b6e691688c15cef4c60d9044274e7b84397870/library/std/src/sys/backtrace.rs:47:9
[INFO] [stderr]      9:     0x5b853ba032e6 - std[80dffe575a601a26]::panicking::default_hook::{closure#0}
[INFO] [stderr]                                  at /rustc/28b6e691688c15cef4c60d9044274e7b84397870/library/std/src/panicking.rs:289:27
[INFO] [stderr]     10:     0x5b853ba21221 - std[80dffe575a601a26]::panicking::default_hook
[INFO] [stderr]                                  at /rustc/28b6e691688c15cef4c60d9044274e7b84397870/library/std/src/panicking.rs:316:9
[INFO] [stderr]     11:     0x5b853ba213db - std[80dffe575a601a26]::panicking::panic_with_hook
[INFO] [stderr]                                  at /rustc/28b6e691688c15cef4c60d9044274e7b84397870/library/std/src/panicking.rs:811:13
[INFO] [stderr]     12:     0x5b853ba03392 - std[80dffe575a601a26]::panicking::panic_handler::{closure#0}
[INFO] [stderr]                                  at /rustc/28b6e691688c15cef4c60d9044274e7b84397870/library/std/src/panicking.rs:685:13
[INFO] [stderr]     13:     0x5b853b9fbe49 - std[80dffe575a601a26]::sys::backtrace::__rust_end_short_backtrace::<std[80dffe575a601a26]::panicking::panic_handler::{closure#0}, !>
[INFO] [stderr]                                  at /rustc/28b6e691688c15cef4c60d9044274e7b84397870/library/std/src/sys/backtrace.rs:182:18
[INFO] [stderr]     14:     0x5b853ba0407d - __rustc[f12af1dffb6969cc]::rust_begin_unwind
[INFO] [stderr]                                  at /rustc/28b6e691688c15cef4c60d9044274e7b84397870/library/std/src/panicking.rs:676:5
[INFO] [stderr]     15:     0x5b853ba404cc - core[4b671e236b6cd0c2]::panicking::panic_fmt
[INFO] [stderr]                                  at /rustc/28b6e691688c15cef4c60d9044274e7b84397870/library/core/src/panicking.rs:80:14
[INFO] [stderr]     16:     0x5b853b95b9ff - build_script_build[6cc7cfef1fb0bac8]::execute::<build_script_build[6cc7cfef1fb0bac8]::run::{closure#0}>
[INFO] [stderr]     17:     0x5b853b95f2de - build_script_build[6cc7cfef1fb0bac8]::run
[INFO] [stderr]     18:     0x5b853b96295d - build_script_build[6cc7cfef1fb0bac8]::main
[INFO] [stderr]     19:     0x5b853b965763 - <fn() as core[4b671e236b6cd0c2]::ops::function::FnOnce<()>>::call_once
[INFO] [stderr]     20:     0x5b853b95de0e - std[80dffe575a601a26]::sys::backtrace::__rust_begin_short_backtrace::<fn(), ()>
[INFO] [stderr]     21:     0x5b853b95e409 - std[80dffe575a601a26]::rt::lang_start::<()>::{closure#0}
[INFO] [stderr]     22:     0x5b853ba20528 - <&dyn core[4b671e236b6cd0c2]::ops::function::Fn<(), Output = i32> + core[4b671e236b6cd0c2]::marker::Sync + core[4b671e236b6cd0c2]::panic::unwind_safe::RefUnwindSafe as core[4b671e236b6cd0c2]::ops::function::FnOnce<()>>::call_once
[INFO] [stderr]                                  at /rustc/28b6e691688c15cef4c60d9044274e7b84397870/library/core/src/ops/function.rs:287:21
[INFO] [stderr]     23:     0x5b853ba20528 - std[80dffe575a601a26]::panicking::catch_unwind::do_call::<&dyn core[4b671e236b6cd0c2]::ops::function::Fn<(), Output = i32> + core[4b671e236b6cd0c2]::marker::Sync + core[4b671e236b6cd0c2]::panic::unwind_safe::RefUnwindSafe, i32>
[INFO] [stderr]                                  at /rustc/28b6e691688c15cef4c60d9044274e7b84397870/library/std/src/panicking.rs:573:43
[INFO] [stderr]     24:     0x5b853ba20528 - std[80dffe575a601a26]::panicking::catch_unwind::<i32, &dyn core[4b671e236b6cd0c2]::ops::function::Fn<(), Output = i32> + core[4b671e236b6cd0c2]::marker::Sync + core[4b671e236b6cd0c2]::panic::unwind_safe::RefUnwindSafe>
[INFO] [stderr]                                  at /rustc/28b6e691688c15cef4c60d9044274e7b84397870/library/std/src/panicking.rs:541:19
[INFO] [stderr]     25:     0x5b853ba20528 - std[80dffe575a601a26]::panic::catch_unwind::<&dyn core[4b671e236b6cd0c2]::ops::function::Fn<(), Output = i32> + core[4b671e236b6cd0c2]::marker::Sync + core[4b671e236b6cd0c2]::panic::unwind_safe::RefUnwindSafe, i32>
[INFO] [stderr]                                  at /rustc/28b6e691688c15cef4c60d9044274e7b84397870/library/std/src/panic.rs:359:14
[INFO] [stderr]     26:     0x5b853ba20528 - std[80dffe575a601a26]::rt::lang_start_internal::{closure#0}
[INFO] [stderr]                                  at /rustc/28b6e691688c15cef4c60d9044274e7b84397870/library/std/src/rt.rs:175:24
[INFO] [stderr]     27:     0x5b853ba20528 - std[80dffe575a601a26]::panicking::catch_unwind::do_call::<std[80dffe575a601a26]::rt::lang_start_internal::{closure#0}, isize>
[INFO] [stderr]                                  at /rustc/28b6e691688c15cef4c60d9044274e7b84397870/library/std/src/panicking.rs:573:43
[INFO] [stderr]     28:     0x5b853ba20528 - std[80dffe575a601a26]::panicking::catch_unwind::<isize, std[80dffe575a601a26]::rt::lang_start_internal::{closure#0}>
[INFO] [stderr]                                  at /rustc/28b6e691688c15cef4c60d9044274e7b84397870/library/std/src/panicking.rs:541:19
[INFO] [stderr]     29:     0x5b853ba20528 - std[80dffe575a601a26]::panic::catch_unwind::<std[80dffe575a601a26]::rt::lang_start_internal::{closure#0}, isize>
[INFO] [stderr]                                  at /rustc/28b6e691688c15cef4c60d9044274e7b84397870/library/std/src/panic.rs:359:14
[INFO] [stderr]     30:     0x5b853ba20528 - std[80dffe575a601a26]::rt::lang_start_internal
[INFO] [stderr]                                  at /rustc/28b6e691688c15cef4c60d9044274e7b84397870/library/std/src/rt.rs:171:5
[INFO] [stderr]     31:     0x5b853b95de01 - std[80dffe575a601a26]::rt::lang_start::<()>
[INFO] [stderr]     32:     0x5b853b9657d5 - main
[INFO] [stderr]     33:     0x7531d184e601 - <unknown>
[INFO] [stderr]     34:     0x7531d184e718 - __libc_start_main
[INFO] [stderr]     35:     0x5b853b95ab05 - _start
[INFO] [stderr]     36:                0x0 - <unknown>
[INFO] [stderr] warning: unused dependency `aquamarine`
[INFO] [stderr]   --> storage/Cargo.toml:21:1
[INFO] [stderr]    |
[INFO] [stderr] 21 | aquamarine.workspace = true
[INFO] [stderr]    | ^^^^^^^^^^
[INFO] [stderr]    |
[INFO] [stderr]    = note: `cargo::unused_dependencies` is set to `warn` by default
[INFO] [stderr] help: consider removing the dependency on `aquamarine`
[INFO] [stderr] warning: `firewood-storage` (manifest) generated 1 warning
[INFO] running `Command { std: "docker" "inspect" "1dad9a29b058cc0462e719ed546ac0c6509ab723d8ccc901075b615b99744105", kill_on_drop: false }`
[INFO] running `Command { std: "docker" "rm" "-f" "1dad9a29b058cc0462e719ed546ac0c6509ab723d8ccc901075b615b99744105", kill_on_drop: false }`
[INFO] [stdout] 1dad9a29b058cc0462e719ed546ac0c6509ab723d8ccc901075b615b99744105
