[INFO] fetching crate boa_cli 0.22.0...
[INFO] checking boa_cli-0.22.0 against 28b6e691688c15cef4c60d9044274e7b84397870 for pr-162986
[INFO] extracting crate boa_cli 0.22.0 into /workspace/builds/worker-4-tc1/source
[INFO] started tweaking crates.io crate boa_cli 0.22.0
[INFO] finished tweaking crates.io crate boa_cli 0.22.0
[INFO] tweaked toml for crates.io crate boa_cli 0.22.0 written to /workspace/builds/worker-4-tc1/source/Cargo.toml
[INFO] validating manifest of crates.io crate boa_cli 0.22.0 on toolchain 28b6e691688c15cef4c60d9044274e7b84397870
[INFO] running `Command { std: CARGO_HOME="/workspace/cargo-home" RUSTUP_HOME="/workspace/rustup-home" "/workspace/cargo-home/bin/cargo" "+28b6e691688c15cef4c60d9044274e7b84397870" "metadata" "--manifest-path" "Cargo.toml" "--no-deps", kill_on_drop: false }`
[INFO] crate crates.io crate boa_cli 0.22.0 already has a lockfile, it will not be regenerated
[INFO] running `Command { std: CARGO_HOME="/workspace/cargo-home" RUSTUP_HOME="/workspace/rustup-home" "/workspace/cargo-home/bin/cargo" "+28b6e691688c15cef4c60d9044274e7b84397870" "fetch" "--manifest-path" "Cargo.toml", kill_on_drop: false }`
[INFO] [stderr]     Updating crates.io index
[INFO] [stderr]  Downloading crates ...
[INFO] [stderr]   Downloaded mimalloc-safe v0.1.65
[INFO] [stderr]   Downloaded unsend v0.2.1
[INFO] [stderr]   Downloaded rustyline v18.0.1
[INFO] [stderr]   Downloaded eyre v0.6.14
[INFO] [stderr]   Downloaded databake v0.2.1
[INFO] [stderr]   Downloaded databake-derive v0.2.1
[INFO] [stderr]   Downloaded boa_runtime v0.22.0
[INFO] [stderr]   Downloaded libmimalloc-sys2 v0.1.61
[INFO] [stderr]   Downloaded jemalloc-sys v0.5.4+5.3.0-patched
[INFO] [stderr]   Downloaded boa_macros v0.22.0
[INFO] [stderr]   Downloaded boa_string v0.22.0
[INFO] [stderr]   Downloaded ryu-js v1.0.3
[INFO] [stderr]   Downloaded boa_wintertc v0.22.0
[INFO] [stderr]   Downloaded boa_gc v0.22.0
[INFO] [stderr]   Downloaded comfy-table v8.0.0
[INFO] [stderr]   Downloaded xsum v0.1.6
[INFO] [stderr]   Downloaded temporal_rs v0.2.6
[INFO] [stderr]   Downloaded timezone_provider v0.2.6
[INFO] [stderr]   Downloaded bus v2.4.1
[INFO] [stderr]   Downloaded regress v0.12.0
[INFO] [stderr]   Downloaded small_btree v0.1.0
[INFO] [stderr]   Downloaded boa_engine v0.22.0
[INFO] [stderr]   Downloaded tag_ptr v0.1.0
[INFO] [stderr]   Downloaded intrusive-collections v0.10.3
[INFO] [stderr]   Downloaded jemallocator v0.5.4
[INFO] [stderr]   Downloaded dynify-macros v0.1.2
[INFO] [stderr]   Downloaded boa_interner v0.22.0
[INFO] [stderr]   Downloaded dynify v0.1.2
[INFO] [stderr]   Downloaded icu_provider_blob v2.3.0
[INFO] [stderr]   Downloaded boa_parser v0.22.0
[INFO] [stderr]   Downloaded boa_ast v0.22.0
[INFO] [stderr]   Downloaded icu_provider_adapters v2.3.0
[INFO] [stderr]   Downloaded rustyline-derive v0.12.0
[INFO] [stderr]   Downloaded float16 v0.1.7
[INFO] [stderr]   Downloaded boa_icu_provider v0.22.0
[INFO] running `Command { std: "docker" "create" "-v" "/var/lib/crater-agent-workspace/builds/worker-4-tc1/source:/opt/rustwide/workdir:ro,Z" "-v" "/var/lib/crater-agent-workspace/builds/worker-4-tc1/target:/opt/rustwide/target:rw,Z" "-v" "/var/lib/crater-agent-workspace/cargo-home:/opt/rustwide/cargo-home:ro,Z" "-v" "/var/lib/crater-agent-workspace/rustup-home:/opt/rustwide/rustup-home:ro,Z" "-m" "1610612736" "--network" "none" "ghcr.io/rust-lang/crates-build-env/linux@sha256:77db811e55d90add9212f6832c23229e3de5f1c1f9905e8cb07319ea15df73ac" "sleep" "infinity", kill_on_drop: false }`
[INFO] [stdout] d9fabd672122b9ffd56941a24a7d8d7212ad41c6e05791f3deae071b945dbeff
[INFO] running `Command { std: "docker" "start" "d9fabd672122b9ffd56941a24a7d8d7212ad41c6e05791f3deae071b945dbeff", kill_on_drop: false }`
[INFO] running `Command { std: "docker" "inspect" "d9fabd672122b9ffd56941a24a7d8d7212ad41c6e05791f3deae071b945dbeff", kill_on_drop: false }`
[INFO] running `Command { std: "docker" "exec" "-e" "SOURCE_DIR=/opt/rustwide/workdir" "-e" "CARGO_HOME=/opt/rustwide/cargo-home" "-e" "RUSTUP_HOME=/opt/rustwide/rustup-home" "-e" "CARGO_TARGET_DIR=/opt/rustwide/target" "-w" "/opt/rustwide/workdir" "--user" "0:0" "d9fabd672122b9ffd56941a24a7d8d7212ad41c6e05791f3deae071b945dbeff" "/opt/rustwide/cargo-home/bin/cargo" "+28b6e691688c15cef4c60d9044274e7b84397870" "metadata" "--no-deps" "--format-version=1", kill_on_drop: false }`
[INFO] running `Command { std: "docker" "inspect" "d9fabd672122b9ffd56941a24a7d8d7212ad41c6e05791f3deae071b945dbeff", kill_on_drop: false }`
[INFO] running `Command { std: "docker" "exec" "-e" "SOURCE_DIR=/opt/rustwide/workdir" "-e" "CARGO_HOME=/opt/rustwide/cargo-home" "-e" "RUSTUP_HOME=/opt/rustwide/rustup-home" "-e" "CARGO_TARGET_DIR=/opt/rustwide/target" "-e" "CARGO_INCREMENTAL=0" "-e" "RUST_BACKTRACE=full" "-e" "RUSTFLAGS=--cap-lints=forbid" "-e" "RUSTDOCFLAGS=--cap-lints=forbid" "-w" "/opt/rustwide/workdir" "--user" "0:0" "d9fabd672122b9ffd56941a24a7d8d7212ad41c6e05791f3deae071b945dbeff" "/opt/rustwide/cargo-home/bin/cargo" "+28b6e691688c15cef4c60d9044274e7b84397870" "check" "--frozen" "--all" "--all-targets" "--message-format=json", kill_on_drop: false }`
[INFO] [stderr]     Checking either v1.18.0
[INFO] [stderr]    Compiling thiserror v2.0.20
[INFO] [stderr]    Compiling erased-serde v0.4.10
[INFO] [stderr]    Compiling syn v3.0.4
[INFO] [stderr]    Compiling syn v2.0.119
[INFO] [stderr]     Checking litemap v0.8.3
[INFO] [stderr]     Checking once_cell v1.21.4
[INFO] [stderr]     Checking bitflags v2.13.1
[INFO] [stderr]    Compiling cc v1.4.4
[INFO] [stderr]     Checking futures-lite v2.6.1
[INFO] [stderr]     Checking futures-sink v0.3.34
[INFO] [stderr]    Compiling icu_calendar_data v2.3.0
[INFO] [stderr]    Compiling siphasher v1.0.3
[INFO] [stderr]    Compiling fastrand v2.5.0
[INFO] [stderr]     Checking tokio v1.53.1
[INFO] [stderr]     Checking async-channel v2.5.0
[INFO] [stderr]     Checking futures-channel v0.3.34
[INFO] [stderr]    Compiling phf_shared v0.14.0
[INFO] [stderr]     Checking getrandom v0.2.17
[INFO] [stderr]     Checking ryu v1.0.23
[INFO] [stderr]    Compiling cow-utils v0.1.3
[INFO] [stderr]     Checking tracing-core v0.1.36
[INFO] [stderr]     Checking ryu-js v1.0.3
[INFO] [stderr]     Checking fast-float2 v0.2.4
[INFO] [stderr]    Compiling rustix v1.1.4
[INFO] [stderr]     Checking writeable v0.6.4
[INFO] [stderr]     Checking rustc-hash v2.1.3
[INFO] [stderr]     Checking thin-vec v0.2.19
[INFO] [stderr]    Compiling rustls v0.23.43
[INFO] [stderr]     Checking linux-raw-sys v0.12.1
[INFO] [stderr]     Checking num-integer v0.1.47
[INFO] [stderr]     Checking indexmap v2.14.0
[INFO] [stderr]    Compiling phf_generator v0.14.0
[INFO] [stderr]     Checking boa_string v0.22.0
[INFO] [stderr]    Compiling float16 v0.1.7
[INFO] [stderr]    Compiling time-macros v0.2.32
[INFO] [stderr]     Checking chacha20 v0.10.2
[INFO] [stderr]     Checking getrandom v0.4.3
[INFO] [stderr]     Checking piper v0.2.5
[INFO] [stderr]     Checking errno v0.3.14
[INFO] [stderr]     Checking regress v0.12.0
[INFO] [stderr]     Checking thread_local v1.1.10
[INFO] [stderr]     Checking tracing v0.1.44
[INFO] [stderr]     Checking time-core v0.1.9
[INFO] [stderr]     Checking ixdtf v0.6.6
[INFO] [stderr]     Checking rand v0.10.2
[INFO] [stderr]    Compiling nix v0.31.3
[INFO] [stderr]     Checking tracing-subscriber v0.3.23
[INFO] [stderr]     Checking signal-hook-registry v1.4.8
[INFO] [stderr]     Checking serde_json v1.0.151
[INFO] [stderr]     Checking blocking v1.7.0
[INFO] [stderr]     Checking itertools v0.15.0
[INFO] [stderr]     Checking small_btree v0.1.0
[INFO] [stderr]    Compiling eyre v0.6.14
[INFO] [stderr]     Checking xsum v0.1.6
[INFO] [stderr]    Compiling color-spantrace v0.3.0
[INFO] [stderr]     Checking tag_ptr v0.1.0
[INFO] [stderr]     Checking oneshot v0.2.1
[INFO] [stderr]     Checking intrusive-collections v0.10.3
[INFO] [stderr]     Checking comfy-table v8.0.0
[INFO] [stderr]     Checking crossbeam-channel v0.5.16
[INFO] [stderr]     Checking indenter v0.3.4
[INFO] [stderr]    Compiling boa_runtime v0.22.0
[INFO] [stderr]     Checking backtrace v0.3.76
[INFO] [stderr]     Checking async-fs v2.2.0
[INFO] [stderr]     Checking async-executor v1.14.0
[INFO] [stderr]     Checking regex v1.13.1
[INFO] [stderr]    Compiling ring v0.17.14
[INFO] [stderr]    Compiling jemalloc-sys v0.5.4+5.3.0-patched
[INFO] [stderr]     Checking unsend v0.2.1
[INFO] [stderr]     Checking colored v3.1.1
[INFO] [stderr]     Checking tracing-error v0.2.1
[INFO] [stderr]     Checking time v0.3.55
[INFO] [stderr]     Checking color-eyre v0.6.5
[INFO] [stderr]    Compiling synstructure v0.14.0
[INFO] [stderr]    Compiling serde_derive v1.0.229
[INFO] [stderr]    Compiling zerovec-derive v0.11.6
[INFO] [stderr]    Compiling displaydoc v0.2.7
[INFO] [stderr]    Compiling thiserror-impl v2.0.20
[INFO] [stderr]    Compiling futures-macro v0.3.34
[INFO] [stderr]    Compiling bytemuck_derive v1.12.0
[INFO] [stderr]    Compiling clap_derive v4.6.4
[INFO] [stderr]    Compiling boa_macros v0.22.0
[INFO] [stderr]     Checking polling v3.11.0
[INFO] [stderr]     Checking async-io v2.6.0
[INFO] [stderr]    Compiling synstructure v0.13.2
[INFO] [stderr]     Checking rustls-webpki v0.103.15
[INFO] [stderr]     Checking calendrical_calculations v0.2.4
[INFO] [stderr]     Checking async-signal v0.2.14
[INFO] [stderr]     Checking futures-util v0.3.34
[INFO] [stderr]     Checking async-net v2.0.0
[INFO] [stderr]     Checking async-process v2.5.0
[INFO] [stderr]     Checking smol v2.0.2
[INFO] [stderr]    Compiling zerofrom-derive v0.1.7
[INFO] [stderr]    Compiling yoke-derive v0.8.2
[INFO] [stderr]    Compiling databake-derive v0.2.1
[INFO] [stderr]     Checking cobs v0.3.0
[INFO] [stderr]    Compiling phf_macros v0.14.0
[INFO] [stderr]    Compiling strum_macros v0.28.0
[INFO] [stderr]    Compiling pin-project-internal v1.1.13
[INFO] [stderr]    Compiling equator-macro v0.4.2
[INFO] [stderr]    Compiling dynify-macros v0.1.2
[INFO] [stderr]    Compiling num_enum_derive v0.7.6
[INFO] [stderr]     Checking bytemuck v1.25.2
[INFO] [stderr]    Compiling rustyline-derive v0.12.0
[INFO] [stderr]     Checking databake v0.2.1
[INFO] [stderr]     Checking clap v4.6.6
[INFO] [stderr]     Checking phf v0.14.0
[INFO] [stderr]     Checking rustyline v18.0.1
[INFO] [stderr]     Checking equator v0.4.2
[INFO] [stderr]     Checking dynify v0.1.2
[INFO] [stderr]     Checking aligned-vec v0.6.4
[INFO] [stderr]     Checking zerofrom v0.1.8
[INFO] [stderr]     Checking pin-project v1.1.13
[INFO] [stderr]     Checking num_enum v0.7.6
[INFO] [stderr]     Checking yoke v0.8.3
[INFO] [stderr]     Checking strum v0.28.0
[INFO] [stderr]     Checking serde v1.0.229
[INFO] [stderr]     Checking zerovec v0.11.8
[INFO] [stderr]     Checking postcard v1.1.3
[INFO] [stderr]     Checking smallvec v1.15.2
[INFO] [stderr]     Checking num-bigint v0.5.1
[INFO] [stderr]     Checking tokio-rustls v0.26.4
[INFO] [stderr]     Checking rustls-platform-verifier v0.7.0
[INFO] [stderr]     Checking fixed_decimal v0.7.2
[INFO] [stderr]     Checking parking_lot_core v0.9.12
[INFO] [stderr]     Checking hyper v1.11.0
[INFO] [stderr]     Checking futures-concurrency v7.7.1
[INFO] [stderr]     Checking dashmap v6.2.1
[INFO] [stderr]     Checking bus v2.4.1
[INFO] [stderr]     Checking tower v0.5.3
[INFO] [stderr]     Checking futures-executor v0.3.34
[INFO] [stderr]     Checking futures v0.3.34
[INFO] [stderr]     Checking hyper-util v0.1.20
[INFO] [stderr]     Checking tinystr v0.8.4
[INFO] [stderr]     Checking zerotrie v0.2.5
[INFO] [stderr]     Checking potential_utf v0.1.6
[INFO] [stderr]     Checking icu_pattern v0.5.0
[INFO] [stderr]     Checking icu_collections v2.3.0
[INFO] [stderr]     Checking hyper-rustls v0.27.9
[INFO] [stderr]     Checking icu_locale_core v2.3.0
[INFO] [stderr]     Checking timezone_provider v0.2.6
[INFO] [stderr]     Checking icu_provider v2.3.1
[INFO] [stderr]     Checking boa_gc v0.22.0
[INFO] [stderr]     Checking icu_properties v2.3.0
[INFO] [stderr]     Checking icu_locale_fallback v2.3.0
[INFO] [stderr]     Checking icu_plurals v2.3.0
[INFO] [stderr]     Checking icu_segmenter v2.3.0
[INFO] [stderr]     Checking icu_list v2.3.0
[INFO] [stderr]     Checking icu_provider_blob v2.3.0
[INFO] [stderr]     Checking boa_interner v0.22.0
[INFO] [stderr]     Checking icu_calendar v2.3.0
[INFO] [stderr]     Checking icu_locale v2.3.1
[INFO] [stderr]     Checking icu_provider_adapters v2.3.0
[INFO] [stderr]     Checking boa_ast v0.22.0
[INFO] [stderr]     Checking icu_decimal v2.3.0
[INFO] [stderr]     Checking icu_time v2.3.0
[INFO] [stderr]     Checking temporal_rs v0.2.6
[INFO] [stderr]     Checking icu_datetime v2.3.0
[INFO] [stderr]     Checking icu_normalizer v2.3.0
[INFO] [stderr]     Checking icu_casemap v2.3.0
[INFO] [stderr] error: could not compile `icu_datetime` (lib)
[INFO] [stderr] 
[INFO] [stderr] Caused by:
[INFO] [stderr]   process didn't exit successfully: `/opt/rustwide/rustup-home/toolchains/28b6e691688c15cef4c60d9044274e7b84397870/bin/rustc --crate-name icu_datetime --edition=2024 /opt/rustwide/cargo-home/registry/src/index.crates.io-1949cf8c6b5b557f/icu_datetime-2.3.0/src/lib.rs --error-format=json --json=diagnostic-rendered-ansi,artifacts,future-incompat,unused-externs-silent --crate-type lib --emit=dep-info,metadata -C embed-bitcode=no -C debuginfo=2 --cfg 'feature="datagen"' --cfg 'feature="serde"' --check-cfg 'cfg(docsrs,test)' --check-cfg 'cfg(feature, values("compiled_data", "datagen", "default", "ixdtf", "logging", "serde", "unstable", "unstable_chrono_0_4", "unstable_jiff_0_2", "unstable_time_0_3"))' -C metadata=204f16ce2158e7e4 -C extra-filename=-ee8656388272511d --out-dir /opt/rustwide/target/debug/build/icu_datetime/ee8656388272511d/out -L dependency=/opt/rustwide/target/debug/build/calendrical_calculations/1829c5d5c0c16aef/out -L dependency=/opt/rustwide/target/debug/build/cobs/a0cc6c10519a7467/out -L dependency=/opt/rustwide/target/debug/build/core_maths/a353600079564d89/out -L dependency=/opt/rustwide/target/debug/build/databake-derive/e0be6868364bc5f9/out -L dependency=/opt/rustwide/target/debug/build/databake/9ff87db4132bf193/out -L dependency=/opt/rustwide/target/debug/build/displaydoc/e1726144a3aff062/out -L dependency=/opt/rustwide/target/debug/build/either/c38ddb1266f8a721/out -L dependency=/opt/rustwide/target/debug/build/erased-serde/d8045482004bc6d6/out -L dependency=/opt/rustwide/target/debug/build/fixed_decimal/3ebd0794a8128541/out -L dependency=/opt/rustwide/target/debug/build/icu_calendar/f3dc146931e64269/out -L dependency=/opt/rustwide/target/debug/build/icu_calendar_data/1243182448c1d8e9/out -L dependency=/opt/rustwide/target/debug/build/icu_locale_core/7056dd1174c5a08a/out -L dependency=/opt/rustwide/target/debug/build/icu_locale_fallback/ab869f6cc9266ccc/out -L dependency=/opt/rustwide/target/debug/build/icu_locale_fallback_data/a3d2260c50b14f31/out -L dependency=/opt/rustwide/target/debug/build/icu_pattern/59b8f099957d8580/out -L dependency=/opt/rustwide/target/debug/build/icu_plurals/673912a9841c7e2d/out -L dependency=/opt/rustwide/target/debug/build/icu_provider/9aa9f3d35ce90e6e/out -L dependency=/opt/rustwide/target/debug/build/libm/89e5b3015da8f563/out -L dependency=/opt/rustwide/target/debug/build/litemap/01eb50f3a6453344/out -L dependency=/opt/rustwide/target/debug/build/postcard/7f889627d01870d6/out -L dependency=/opt/rustwide/target/debug/build/potential_utf/c49057530a5bbc85/out -L dependency=/opt/rustwide/target/debug/build/proc-macro2/535f1a6622dab04c/out -L dependency=/opt/rustwide/target/debug/build/quote/d9881040c746bf6f/out -L dependency=/opt/rustwide/target/debug/build/ryu/f581e851a9c404df/out -L dependency=/opt/rustwide/target/debug/build/serde/14004b1fa005b06e/out -L dependency=/opt/rustwide/target/debug/build/serde_core/182ae46cbfb5dc43/out -L dependency=/opt/rustwide/target/debug/build/serde_derive/9d8cde4032a4c3e5/out -L dependency=/opt/rustwide/target/debug/build/smallvec/8b366878cea0b472/out -L dependency=/opt/rustwide/target/debug/build/stable_deref_trait/4b40338c401beaa0/out -L dependency=/opt/rustwide/target/debug/build/thiserror-impl/246042c99c7b6996/out -L dependency=/opt/rustwide/target/debug/build/thiserror/8520afb35bb8c8e5/out -L dependency=/opt/rustwide/target/debug/build/tinystr/289351e0f3f82bc1/out -L dependency=/opt/rustwide/target/debug/build/typeid/ee0752ecb393aff8/out -L dependency=/opt/rustwide/target/debug/build/unicode-ident/3becac50809745ee/out -L dependency=/opt/rustwide/target/debug/build/writeable/891905f9babe2b9b/out -L dependency=/opt/rustwide/target/debug/build/yoke-derive/1ec029ab93c4388e/out -L dependency=/opt/rustwide/target/debug/build/yoke/e085f68606284281/out -L dependency=/opt/rustwide/target/debug/build/zerofrom-derive/9b6b45f07c53ac52/out -L dependency=/opt/rustwide/target/debug/build/zerofrom/06951ed8c5307b32/out -L dependency=/opt/rustwide/target/debug/build/zerotrie/9286a18d3ba8cd3d/out -L dependency=/opt/rustwide/target/debug/build/zerovec-derive/9ca2dea2c8b1dd08/out -L dependency=/opt/rustwide/target/debug/build/zerovec/5c66bffd4a685130/out --extern databake=/opt/rustwide/target/debug/build/databake/9ff87db4132bf193/out/libdatabake-9ff87db4132bf193.rmeta --extern displaydoc=/opt/rustwide/target/debug/build/displaydoc/e1726144a3aff062/out/libdisplaydoc-e1726144a3aff062.so --extern fixed_decimal=/opt/rustwide/target/debug/build/fixed_decimal/3ebd0794a8128541/out/libfixed_decimal-3ebd0794a8128541.rmeta --extern icu_calendar=/opt/rustwide/target/debug/build/icu_calendar/f3dc146931e64269/out/libicu_calendar-f3dc146931e64269.rmeta --extern icu_decimal=/opt/rustwide/target/debug/build/icu_decimal/6df6db982799d54d/out/libicu_decimal-6df6db982799d54d.rmeta --extern icu_locale_core=/opt/rustwide/target/debug/build/icu_locale_core/7056dd1174c5a08a/out/libicu_locale_core-7056dd1174c5a08a.rmeta --extern icu_pattern=/opt/rustwide/target/debug/build/icu_pattern/59b8f099957d8580/out/libicu_pattern-59b8f099957d8580.rmeta --extern icu_plurals=/opt/rustwide/target/debug/build/icu_plurals/673912a9841c7e2d/out/libicu_plurals-673912a9841c7e2d.rmeta --extern icu_provider=/opt/rustwide/target/debug/build/icu_provider/9aa9f3d35ce90e6e/out/libicu_provider-9aa9f3d35ce90e6e.rmeta --extern icu_time=/opt/rustwide/target/debug/build/icu_time/bff2151dcf53bd08/out/libicu_time-bff2151dcf53bd08.rmeta --extern potential_utf=/opt/rustwide/target/debug/build/potential_utf/c49057530a5bbc85/out/libpotential_utf-c49057530a5bbc85.rmeta --extern serde=/opt/rustwide/target/debug/build/serde/14004b1fa005b06e/out/libserde-14004b1fa005b06e.rmeta --extern smallvec=/opt/rustwide/target/debug/build/smallvec/8b366878cea0b472/out/libsmallvec-8b366878cea0b472.rmeta --extern tinystr=/opt/rustwide/target/debug/build/tinystr/289351e0f3f82bc1/out/libtinystr-289351e0f3f82bc1.rmeta --extern writeable=/opt/rustwide/target/debug/build/writeable/891905f9babe2b9b/out/libwriteable-891905f9babe2b9b.rmeta --extern zerotrie=/opt/rustwide/target/debug/build/zerotrie/9286a18d3ba8cd3d/out/libzerotrie-9286a18d3ba8cd3d.rmeta --extern zerovec=/opt/rustwide/target/debug/build/zerovec/5c66bffd4a685130/out/libzerovec-5c66bffd4a685130.rmeta --cap-lints allow --cap-lints=forbid --force-warn=unused_crate_dependencies` (signal: 9, SIGKILL: kill)
[INFO] [stderr] warning: build failed, waiting for other jobs to finish...
[INFO] [stderr] error: could not compile `boa_ast` (lib)
[INFO] [stderr] 
[INFO] [stderr] Caused by:
[INFO] [stderr]   process didn't exit successfully: `/opt/rustwide/rustup-home/toolchains/28b6e691688c15cef4c60d9044274e7b84397870/bin/rustc --crate-name boa_ast --edition=2024 /opt/rustwide/cargo-home/registry/src/index.crates.io-1949cf8c6b5b557f/boa_ast-0.22.0/src/lib.rs --error-format=json --json=diagnostic-rendered-ansi,artifacts,future-incompat,unused-externs-silent --crate-type lib --emit=dep-info,metadata -C embed-bitcode=no -C debuginfo=2 --cfg 'feature="annex-b"' --cfg 'feature="serde"' --check-cfg 'cfg(docsrs,test)' --check-cfg 'cfg(feature, values("annex-b", "arbitrary", "serde"))' -C metadata=b9de58a8f2efe2fa -C extra-filename=-cf39d60a9e40f53f --out-dir /opt/rustwide/target/debug/build/boa_ast/cf39d60a9e40f53f/out -L dependency=/opt/rustwide/target/debug/build/allocator-api2/34319c28828d46c3/out -L dependency=/opt/rustwide/target/debug/build/arrayvec/6514fbe103c4fe79/out -L dependency=/opt/rustwide/target/debug/build/boa_gc/34efea428e66f617/out -L dependency=/opt/rustwide/target/debug/build/boa_macros/49968b2a04941258/out -L dependency=/opt/rustwide/target/debug/build/boa_string/c03badfc1ce1f690/out -L dependency=/opt/rustwide/target/debug/build/critical-section/a7ed3c6694782041/out -L dependency=/opt/rustwide/target/debug/build/databake-derive/e0be6868364bc5f9/out -L dependency=/opt/rustwide/target/debug/build/databake/9ff87db4132bf193/out -L dependency=/opt/rustwide/target/debug/build/displaydoc/e1726144a3aff062/out -L dependency=/opt/rustwide/target/debug/build/either/c38ddb1266f8a721/out -L dependency=/opt/rustwide/target/debug/build/equivalent/d23b026399a51038/out -L dependency=/opt/rustwide/target/debug/build/fast-float2/d477c06f7ec9fc3d/out -L dependency=/opt/rustwide/target/debug/build/foldhash/7cc0e6b6b64910e8/out -L dependency=/opt/rustwide/target/debug/build/hashbrown/cb5b5912c8d3e150/out -L dependency=/opt/rustwide/target/debug/build/icu_locale_core/7056dd1174c5a08a/out -L dependency=/opt/rustwide/target/debug/build/indexmap/799db5df1b37b158/out -L dependency=/opt/rustwide/target/debug/build/itoa/488dcf4f13423b18/out -L dependency=/opt/rustwide/target/debug/build/litemap/01eb50f3a6453344/out -L dependency=/opt/rustwide/target/debug/build/num-integer/d02628de7ed4472a/out -L dependency=/opt/rustwide/target/debug/build/num-traits/89b73ffee7dd0236/out -L dependency=/opt/rustwide/target/debug/build/once_cell/33e07517b0420dd3/out -L dependency=/opt/rustwide/target/debug/build/pastey/547c701f2efece83/out -L dependency=/opt/rustwide/target/debug/build/phf/52389bc579846faf/out -L dependency=/opt/rustwide/target/debug/build/phf_macros/605ed0daf7ae0854/out -L dependency=/opt/rustwide/target/debug/build/phf_shared/c8ba5793478ed137/out -L dependency=/opt/rustwide/target/debug/build/portable-atomic/ac9333342169e358/out -L dependency=/opt/rustwide/target/debug/build/proc-macro2/535f1a6622dab04c/out -L dependency=/opt/rustwide/target/debug/build/quote/d9881040c746bf6f/out -L dependency=/opt/rustwide/target/debug/build/rustc-hash/dc83968a2daec6cc/out -L dependency=/opt/rustwide/target/debug/build/ryu-js/7e1d9688d736d5a6/out -L dependency=/opt/rustwide/target/debug/build/serde/14004b1fa005b06e/out -L dependency=/opt/rustwide/target/debug/build/serde_core/182ae46cbfb5dc43/out -L dependency=/opt/rustwide/target/debug/build/serde_derive/9d8cde4032a4c3e5/out -L dependency=/opt/rustwide/target/debug/build/siphasher/893e00f08ec67819/out -L dependency=/opt/rustwide/target/debug/build/stable_deref_trait/4b40338c401beaa0/out -L dependency=/opt/rustwide/target/debug/build/static_assertions/f2154b0bf273423d/out -L dependency=/opt/rustwide/target/debug/build/strum_macros/676d6334f4ce2b98/out -L dependency=/opt/rustwide/target/debug/build/thin-vec/8b2280a5c8bc60ae/out -L dependency=/opt/rustwide/target/debug/build/tinystr/289351e0f3f82bc1/out -L dependency=/opt/rustwide/target/debug/build/unicode-ident/3becac50809745ee/out -L dependency=/opt/rustwide/target/debug/build/writeable/891905f9babe2b9b/out -L dependency=/opt/rustwide/target/debug/build/yoke-derive/1ec029ab93c4388e/out -L dependency=/opt/rustwide/target/debug/build/yoke/e085f68606284281/out -L dependency=/opt/rustwide/target/debug/build/zerofrom-derive/9b6b45f07c53ac52/out -L dependency=/opt/rustwide/target/debug/build/zerofrom/06951ed8c5307b32/out -L dependency=/opt/rustwide/target/debug/build/zerovec-derive/9ca2dea2c8b1dd08/out -L dependency=/opt/rustwide/target/debug/build/zerovec/5c66bffd4a685130/out --extern bitflags=/opt/rustwide/target/debug/build/bitflags/a362a186fea91942/out/libbitflags-a362a186fea91942.rmeta --extern boa_interner=/opt/rustwide/target/debug/build/boa_interner/34ef59a4462af288/out/libboa_interner-34ef59a4462af288.rmeta --extern boa_macros=/opt/rustwide/target/debug/build/boa_macros/49968b2a04941258/out/libboa_macros-49968b2a04941258.so --extern boa_string=/opt/rustwide/target/debug/build/boa_string/c03badfc1ce1f690/out/libboa_string-c03badfc1ce1f690.rmeta --extern indexmap=/opt/rustwide/target/debug/build/indexmap/799db5df1b37b158/out/libindexmap-799db5df1b37b158.rmeta --extern num_bigint=/opt/rustwide/target/debug/build/num-bigint/56a9cd0680143cf5/out/libnum_bigint-56a9cd0680143cf5.rmeta --extern rustc_hash=/opt/rustwide/target/debug/build/rustc-hash/dc83968a2daec6cc/out/librustc_hash-dc83968a2daec6cc.rmeta --extern serde=/opt/rustwide/target/debug/build/serde/14004b1fa005b06e/out/libserde-14004b1fa005b06e.rmeta --extern strum=/opt/rustwide/target/debug/build/strum/4fc9baf69fe5dc9d/out/libstrum-4fc9baf69fe5dc9d.rmeta --cap-lints allow --cap-lints=forbid --force-warn=unused_crate_dependencies` (signal: 9, SIGKILL: kill)
[INFO] [stderr] error: could not compile `futures-concurrency` (lib)
[INFO] [stderr] 
[INFO] [stderr] Caused by:
[INFO] [stderr]   process didn't exit successfully: `/opt/rustwide/rustup-home/toolchains/28b6e691688c15cef4c60d9044274e7b84397870/bin/rustc --crate-name futures_concurrency --edition=2021 /opt/rustwide/cargo-home/registry/src/index.crates.io-1949cf8c6b5b557f/futures-concurrency-7.7.1/src/lib.rs --error-format=json --json=diagnostic-rendered-ansi,artifacts,future-incompat,unused-externs-silent --crate-type lib --emit=dep-info,metadata -C embed-bitcode=no -C debuginfo=2 --cfg 'feature="alloc"' --cfg 'feature="default"' --cfg 'feature="std"' --check-cfg 'cfg(docsrs,test)' --check-cfg 'cfg(feature, values("alloc", "default", "std"))' -C metadata=832c2b653f6e9d01 -C extra-filename=-40734dddef92b039 --out-dir /opt/rustwide/target/debug/build/futures-concurrency/40734dddef92b039/out -L dependency=/opt/rustwide/target/debug/build/fastrand/f97ae5f035b5782d/out -L dependency=/opt/rustwide/target/debug/build/futures-core/e61316190f86a7bd/out -L dependency=/opt/rustwide/target/debug/build/futures-io/3982bdd4b44b9ff9/out -L dependency=/opt/rustwide/target/debug/build/parking/fbbb0e1f7c7ebc3f/out -L dependency=/opt/rustwide/target/debug/build/pin-project-internal/7ae268a16390c1ef/out -L dependency=/opt/rustwide/target/debug/build/pin-project-lite/7176d3be2b7ee2e1/out -L dependency=/opt/rustwide/target/debug/build/serde/14004b1fa005b06e/out -L dependency=/opt/rustwide/target/debug/build/serde_core/182ae46cbfb5dc43/out -L dependency=/opt/rustwide/target/debug/build/serde_derive/9d8cde4032a4c3e5/out --extern fixedbitset=/opt/rustwide/target/debug/build/fixedbitset/f8585a537a73d958/out/libfixedbitset-f8585a537a73d958.rmeta --extern futures_core=/opt/rustwide/target/debug/build/futures-core/e61316190f86a7bd/out/libfutures_core-e61316190f86a7bd.rmeta --extern futures_lite=/opt/rustwide/target/debug/build/futures-lite/f8af3c93fd078915/out/libfutures_lite-f8af3c93fd078915.rmeta --extern pin_project=/opt/rustwide/target/debug/build/pin-project/466f252f92459de3/out/libpin_project-466f252f92459de3.rmeta --extern smallvec=/opt/rustwide/target/debug/build/smallvec/8b366878cea0b472/out/libsmallvec-8b366878cea0b472.rmeta --cap-lints allow --cap-lints=forbid --force-warn=unused_crate_dependencies` (signal: 9, SIGKILL: kill)
[INFO] [stderr] error: failed to run custom build command for `jemalloc-sys v0.5.4+5.3.0-patched`
[INFO] [stderr] note: To improve backtraces for build dependencies, set the CARGO_PROFILE_DEV_BUILD_OVERRIDE_DEBUG=true environment variable to enable debug information generation.
[INFO] [stderr] 
[INFO] [stderr] Caused by:
[INFO] [stderr]   process didn't exit successfully: `/opt/rustwide/target/debug/build/jemalloc-sys/5ff182db28e4409a/out/build_script_build` (exit status: 101)
[INFO] [stderr]   --- stdout
[INFO] [stderr]   TARGET=x86_64-unknown-linux-gnu
[INFO] [stderr]   HOST=x86_64-unknown-linux-gnu
[INFO] [stderr]   NUM_JOBS=16
[INFO] [stderr]   OUT_DIR="/opt/rustwide/target/debug/build/jemalloc-sys/f3b3f2bb69383fd0/out"
[INFO] [stderr]   BUILD_DIR="/opt/rustwide/target/debug/build/jemalloc-sys/f3b3f2bb69383fd0/out/build"
[INFO] [stderr]   SRC_DIR="/opt/rustwide/cargo-home/registry/src/index.crates.io-1949cf8c6b5b557f/jemalloc-sys-0.5.4+5.3.0-patched"
[INFO] [stderr]   cargo:rustc-cfg=prefixed
[INFO] [stderr]   cargo:rerun-if-env-changed=JEMALLOC_OVERRIDE
[INFO] [stderr]   cargo:rerun-if-env-changed=CC_x86_64-unknown-linux-gnu
[INFO] [stderr]   CC_x86_64-unknown-linux-gnu = None
[INFO] [stderr]   cargo:rerun-if-env-changed=CC_x86_64_unknown_linux_gnu
[INFO] [stderr]   CC_x86_64_unknown_linux_gnu = None
[INFO] [stderr]   cargo:rerun-if-env-changed=HOST_CC
[INFO] [stderr]   HOST_CC = None
[INFO] [stderr]   cargo:rerun-if-env-changed=CC
[INFO] [stderr]   CC = None
[INFO] [stderr]   cargo:rerun-if-env-changed=CC_ENABLE_DEBUG_OUTPUT
[INFO] [stderr]   cargo:rerun-if-env-changed=CRATE_CC_NO_DEFAULTS
[INFO] [stderr]   CRATE_CC_NO_DEFAULTS = None
[INFO] [stderr]   cargo:rerun-if-env-changed=CRATE_CC_NO_DEFAULTS
[INFO] [stderr]   CRATE_CC_NO_DEFAULTS = None
[INFO] [stderr]   cargo:rerun-if-env-changed=CFLAGS
[INFO] [stderr]   CFLAGS = None
[INFO] [stderr]   cargo:rerun-if-env-changed=HOST_CFLAGS
[INFO] [stderr]   HOST_CFLAGS = None
[INFO] [stderr]   cargo:rerun-if-env-changed=CFLAGS_x86_64_unknown_linux_gnu
[INFO] [stderr]   CFLAGS_x86_64_unknown_linux_gnu = None
[INFO] [stderr]   cargo:rerun-if-env-changed=CFLAGS_x86_64-unknown-linux-gnu
[INFO] [stderr]   CFLAGS_x86_64-unknown-linux-gnu = None
[INFO] [stderr]   cargo:rerun-if-env-changed=CFLAGS
[INFO] [stderr]   CFLAGS = None
[INFO] [stderr]   cargo:rerun-if-env-changed=HOST_CFLAGS
[INFO] [stderr]   HOST_CFLAGS = None
[INFO] [stderr]   cargo:rerun-if-env-changed=CFLAGS_x86_64_unknown_linux_gnu
[INFO] [stderr]   CFLAGS_x86_64_unknown_linux_gnu = None
[INFO] [stderr]   cargo:rerun-if-env-changed=CFLAGS_x86_64-unknown-linux-gnu
[INFO] [stderr]   CFLAGS_x86_64-unknown-linux-gnu = None
[INFO] [stderr]   CC="cc"
[INFO] [stderr]   CFLAGS="-O0 -ffunction-sections -fdata-sections -fPIC -g -gdwarf-4 -fno-omit-frame-pointer -mno-omit-leaf-frame-pointer -m64 -Wall"
[INFO] [stderr]   JEMALLOC_REPO_DIR="jemalloc"
[INFO] [stderr]   cargo:rerun-if-env-changed=JEMALLOC_SYS_WITH_MALLOC_CONF
[INFO] [stderr]   cargo:rerun-if-env-changed=JEMALLOC_SYS_WITH_LG_PAGE
[INFO] [stderr]   cargo:rerun-if-env-changed=JEMALLOC_SYS_WITH_LG_HUGEPAGE
[INFO] [stderr]   cargo:rerun-if-env-changed=JEMALLOC_SYS_WITH_LG_QUANTUM
[INFO] [stderr]   cargo:rerun-if-env-changed=JEMALLOC_SYS_WITH_LG_VADDR
[INFO] [stderr]   --with-jemalloc-prefix=_rjem_
[INFO] [stderr]   running: cd "/opt/rustwide/target/debug/build/jemalloc-sys/f3b3f2bb69383fd0/out/build" && CC="cc" CFLAGS="-O0 -ffunction-sections -fdata-sections -fPIC -g -gdwarf-4 -fno-omit-frame-pointer -mno-omit-leaf-frame-pointer -m64 -Wall" CPPFLAGS="-O0 -ffunction-sections -fdata-sections -fPIC -g -gdwarf-4 -fno-omit-frame-pointer -mno-omit-leaf-frame-pointer -m64 -Wall" LDFLAGS="-O0 -ffunction-sections -fdata-sections -fPIC -g -gdwarf-4 -fno-omit-frame-pointer -mno-omit-leaf-frame-pointer -m64 -Wall" "sh" "/opt/rustwide/target/debug/build/jemalloc-sys/f3b3f2bb69383fd0/out/build/configure" "--disable-cxx" "--enable-doc=no" "--enable-shared=no" "--with-jemalloc-prefix=_rjem_" "--with-private-namespace=_rjem_" "--host=x86_64-unknown-linux-gnu" "--build=x86_64-unknown-linux-gnu" "--prefix=/opt/rustwide/target/debug/build/jemalloc-sys/f3b3f2bb69383fd0/out"
[INFO] [stderr]   checking for xsltproc... false
[INFO] [stderr]   checking for x86_64-unknown-linux-gnu-gcc... cc
[INFO] [stderr]   checking whether the C compiler works... yes
[INFO] [stderr]   checking for C compiler default output file name... a.out
[INFO] [stderr]   checking for suffix of executables... 
[INFO] [stderr]   checking whether we are cross compiling... no
[INFO] [stderr]   checking for suffix of object files... o
[INFO] [stderr]   checking whether we are using the GNU C compiler... yes
[INFO] [stderr]   checking whether cc accepts -g... yes
[INFO] [stderr]   checking for cc option to accept ISO C89... none needed
[INFO] [stderr]   checking whether compiler is cray... no
[INFO] [stderr]   checking whether compiler supports -std=gnu11... yes
[INFO] [stderr]   checking whether compiler supports -Werror=unknown-warning-option... no
[INFO] [stderr]   checking whether compiler supports -Wall... yes
[INFO] [stderr]   checking whether compiler supports -Wextra... yes
[INFO] [stderr]   checking whether compiler supports -Wshorten-64-to-32... no
[INFO] [stderr]   checking whether compiler supports -Wsign-compare... yes
[INFO] [stderr]   checking whether compiler supports -Wundef... yes
[INFO] [stderr]   checking whether compiler supports -Wno-format-zero-length... yes
[INFO] [stderr]   checking whether compiler supports -Wpointer-arith... yes
[INFO] [stderr]   checking whether compiler supports -Wno-missing-braces... yes
[INFO] [stderr]   checking whether compiler supports -Wno-missing-field-initializers... yes
[INFO] [stderr]   checking whether compiler supports -Wno-missing-attributes... yes
[INFO] [stderr]   checking whether compiler supports -pipe... yes
[INFO] [stderr]   checking whether compiler supports -g3... yes
[INFO] [stderr]   checking how to run the C preprocessor... cc -E
[INFO] [stderr]   checking for grep that handles long lines and -e... /usr/bin/grep
[INFO] [stderr]   checking for egrep... /usr/bin/grep -E
[INFO] [stderr]   checking for ANSI C header files... yes
[INFO] [stderr]   checking for sys/types.h... yes
[INFO] [stderr]   checking for sys/stat.h... yes
[INFO] [stderr]   checking for stdlib.h... yes
[INFO] [stderr]   checking for string.h... yes
[INFO] [stderr]   checking for memory.h... yes
[INFO] [stderr]   checking for strings.h... yes
[INFO] [stderr]   checking for inttypes.h... yes
[INFO] [stderr]   checking for stdint.h... yes
[INFO] [stderr]   checking for unistd.h... yes
[INFO] [stderr]   checking whether byte ordering is bigendian... no
[INFO] [stderr]   checking size of void *... 8
[INFO] [stderr]   checking size of int... 4
[INFO] [stderr]   checking size of long... 8
[INFO] [stderr]   checking size of long long... 8
[INFO] [stderr]   checking size of intmax_t... 8
[INFO] [stderr]   checking build system type... x86_64-unknown-linux-gnu
[INFO] [stderr]   checking host system type... x86_64-unknown-linux-gnu
[INFO] [stderr]   checking whether pause instruction is compilable... yes
[INFO] [stderr]   checking number of significant virtual address bits... 48
[INFO] [stderr]   checking for x86_64-unknown-linux-gnu-ar... no
[INFO] [stderr]   checking for ar... ar
[INFO] [stderr]   checking for x86_64-unknown-linux-gnu-nm... no
[INFO] [stderr]   checking for nm... nm
[INFO] [stderr]   checking for gawk... no
[INFO] [stderr]   checking for mawk... mawk
[INFO] [stderr]   checking malloc.h usability... yes
[INFO] [stderr]   checking malloc.h presence... yes
[INFO] [stderr]   checking for malloc.h... yes
[INFO] [stderr]   checking whether malloc_usable_size definition can use const argument... no
[INFO] [stderr]   checking for library containing log... -lm
[INFO] [stderr]   checking whether __attribute__ syntax is compilable... yes
[INFO] [stderr]   checking whether compiler supports -fvisibility=hidden... yes
[INFO] [stderr]   checking whether compiler supports -fvisibility=hidden... no
[INFO] [stderr]   checking whether compiler supports -Werror... yes
[INFO] [stderr]   checking whether compiler supports -herror_on_warning... no
[INFO] [stderr]   checking whether tls_model attribute is compilable... yes
[INFO] [stderr]   checking whether compiler supports -Werror... yes
[INFO] [stderr]   checking whether compiler supports -herror_on_warning... no
[INFO] [stderr]   checking whether alloc_size attribute is compilable... yes
[INFO] [stderr]   checking whether compiler supports -Werror... yes
[INFO] [stderr]   checking whether compiler supports -herror_on_warning... no
[INFO] [stderr]   checking whether format(gnu_printf, ...) attribute is compilable... yes
[INFO] [stderr]   checking whether compiler supports -Werror... yes
[INFO] [stderr]   checking whether compiler supports -herror_on_warning... no
[INFO] [stderr]   checking whether format(printf, ...) attribute is compilable... yes
[INFO] [stderr]   checking whether compiler supports -Werror... yes
[INFO] [stderr]   checking whether compiler supports -herror_on_warning... no
[INFO] [stderr]   checking whether format(printf, ...) attribute is compilable... yes
[INFO] [stderr]   checking whether compiler supports -Wimplicit-fallthrough... yes
[INFO] [stderr]   checking whether fallthrough attribute is compilable... yes
[INFO] [stderr]   checking whether compiler supports -Wimplicit-fallthrough... yes
[INFO] [stderr]   checking whether compiler supports -Wimplicit-fallthrough... no
[INFO] [stderr]   checking whether compiler supports -Werror... yes
[INFO] [stderr]   checking whether compiler supports -herror_on_warning... no
[INFO] [stderr]   checking whether cold attribute is compilable... yes
[INFO] [stderr]   checking whether vm_make_tag is compilable... no
[INFO] [stderr]   checking for a BSD-compatible install... /usr/bin/install -c
[INFO] [stderr]   checking for x86_64-unknown-linux-gnu-ranlib... no
[INFO] [stderr]   checking for ranlib... ranlib
[INFO] [stderr]   checking for ld... /usr/bin/ld
[INFO] [stderr]   checking for autoconf... /usr/bin/autoconf
[INFO] [stderr]   checking for memalign... yes
[INFO] [stderr]   checking for valloc... yes
[INFO] [stderr]   checking for malloc_size... no
[INFO] [stderr]   checking whether compiler supports -O3... yes
[INFO] [stderr]   checking whether compiler supports -O3... no
[INFO] [stderr]   checking whether compiler supports -funroll-loops... yes
[INFO] [stderr]   checking configured backtracing method... N/A
[INFO] [stderr]   checking for sbrk... yes
[INFO] [stderr]   checking whether utrace(2) is compilable... no
[INFO] [stderr]   checking whether utrace(2) with label is compilable... no
[INFO] [stderr]   checking whether a program using __builtin_unreachable is compilable... yes
[INFO] [stderr]   checking whether a program using __builtin_ffsl is compilable... yes
[INFO] [stderr]   checking whether a program using __builtin_popcountl is compilable... yes
[INFO] [stderr]   checking LG_PAGE... 12
[INFO] [stderr]   checking pthread.h usability... yes
[INFO] [stderr]   checking pthread.h presence... yes
[INFO] [stderr]   checking for pthread.h... yes
[INFO] [stderr]   checking for pthread_create in -lpthread... yes
[INFO] [stderr]   checking dlfcn.h usability... yes
[INFO] [stderr]   checking dlfcn.h presence... yes
[INFO] [stderr]   checking for dlfcn.h... yes
[INFO] [stderr]   checking for dlsym... yes
[INFO] [stderr]   checking whether pthread_atfork(3) is compilable... yes
[INFO] [stderr]   checking whether pthread_setname_np(3) is compilable... yes
[INFO] [stderr]   checking whether pthread_getname_np(3) is compilable... yes
[INFO] [stderr]   checking whether pthread_get_name_np(3) is compilable... no
[INFO] [stderr]   checking for library containing clock_gettime... none required
[INFO] [stderr]   checking whether clock_gettime(CLOCK_MONOTONIC_COARSE, ...) is compilable... yes
[INFO] [stderr]   checking whether clock_gettime(CLOCK_MONOTONIC, ...) is compilable... yes
[INFO] [stderr]   checking whether mach_absolute_time() is compilable... no
[INFO] [stderr]   checking whether clock_gettime(CLOCK_REALTIME, ...) is compilable... yes
[INFO] [stderr]   checking whether compiler supports -Werror... yes
[INFO] [stderr]   checking whether syscall(2) is compilable... yes
[INFO] [stderr]   checking for secure_getenv... yes
[INFO] [stderr]   checking for sched_getcpu... yes
[INFO] [stderr]   checking for sched_setaffinity... yes
[INFO] [stderr]   checking for issetugid... no
[INFO] [stderr]   checking for _malloc_thread_cleanup... no
[INFO] [stderr]   checking for _pthread_mutex_init_calloc_cb... no
[INFO] [stderr]   checking for memcntl... no
[INFO] [stderr]   checking for TLS... yes
[INFO] [stderr]   checking whether C11 atomics is compilable... yes
[INFO] [stderr]   checking whether GCC __atomic atomics is compilable... yes
[INFO] [stderr]   checking whether GCC 8-bit __atomic atomics is compilable... yes
[INFO] [stderr]   checking whether GCC __sync atomics is compilable... yes
[INFO] [stderr]   checking whether GCC 8-bit __sync atomics is compilable... yes
[INFO] [stderr]   checking whether Darwin OSAtomic*() is compilable... no
[INFO] [stderr]   checking whether madvise(2) is compilable... yes
[INFO] [stderr]   checking whether madvise(..., MADV_FREE) is compilable... yes
[INFO] [stderr]   checking whether madvise(..., MADV_DONTNEED) is compilable... yes
[INFO] [stderr]   checking whether madvise(..., MADV_DO[NT]DUMP) is compilable... yes
[INFO] [stderr]   checking whether madvise(..., MADV_[NO]HUGEPAGE) is compilable... yes
[INFO] [stderr]   checking whether madvise(..., MADV_[NO]CORE) is compilable... no
[INFO] [stderr]   checking whether mprotect(2) is compilable... yes
[INFO] [stderr]   checking for __builtin_clz... yes
[INFO] [stderr]   checking whether Darwin os_unfair_lock_*() is compilable... no
[INFO] [stderr]   checking whether glibc malloc hook is compilable... no
[INFO] [stderr]   checking whether glibc memalign hook is compilable... no
[INFO] [stderr]   checking whether pthreads adaptive mutexes is compilable... yes
[INFO] [stderr]   checking whether compiler supports -D_GNU_SOURCE... yes
[INFO] [stderr]   checking whether compiler supports -Werror... yes
[INFO] [stderr]   checking whether compiler supports -herror_on_warning... no
[INFO] [stderr]   checking whether strerror_r returns char with gnu source is compilable... yes
[INFO] [stderr]   checking for stdbool.h that conforms to C99... yes
[INFO] [stderr]   checking for _Bool... yes
[INFO] [stderr]   configure: creating ./config.status
[INFO] [stderr]   config.status: creating Makefile
[INFO] [stderr]   config.status: creating jemalloc.pc
[INFO] [stderr]   config.status: creating doc/html.xsl
[INFO] [stderr]   config.status: creating doc/manpages.xsl
[INFO] [stderr]   config.status: creating doc/jemalloc.xml
[INFO] [stderr]   config.status: creating include/jemalloc/jemalloc_macros.h
[INFO] [stderr]   config.status: creating include/jemalloc/jemalloc_protos.h
[INFO] [stderr]   config.status: creating include/jemalloc/jemalloc_typedefs.h
[INFO] [stderr]   config.status: creating include/jemalloc/internal/jemalloc_preamble.h
[INFO] [stderr]   config.status: creating test/test.sh
[INFO] [stderr]   config.status: creating test/include/test/jemalloc_test.h
[INFO] [stderr]   config.status: creating config.stamp
[INFO] [stderr]   config.status: creating bin/jemalloc-config
[INFO] [stderr]   config.status: creating bin/jemalloc.sh
[INFO] [stderr]   config.status: creating bin/jeprof
[INFO] [stderr]   config.status: creating include/jemalloc/jemalloc_defs.h
[INFO] [stderr]   config.status: creating include/jemalloc/internal/jemalloc_internal_defs.h
[INFO] [stderr]   config.status: creating test/include/test/jemalloc_test_defs.h
[INFO] [stderr]   config.status: executing include/jemalloc/internal/public_symbols.txt commands
[INFO] [stderr]   config.status: executing include/jemalloc/internal/private_symbols.awk commands
[INFO] [stderr]   config.status: executing include/jemalloc/internal/private_symbols_jet.awk commands
[INFO] [stderr]   config.status: executing include/jemalloc/internal/public_namespace.h commands
[INFO] [stderr]   config.status: executing include/jemalloc/internal/public_unnamespace.h commands
[INFO] [stderr]   config.status: executing include/jemalloc/jemalloc_protos_jet.h commands
[INFO] [stderr]   config.status: executing include/jemalloc/jemalloc_rename.h commands
[INFO] [stderr]   config.status: executing include/jemalloc/jemalloc_mangle.h commands
[INFO] [stderr]   config.status: executing include/jemalloc/jemalloc_mangle_jet.h commands
[INFO] [stderr]   config.status: executing include/jemalloc/jemalloc.h commands
[INFO] [stderr]   ===============================================================================
[INFO] [stderr]   jemalloc version   : 5.3.0-0-g54eaed1d8b56b1aa528be3bdd1877e59c56fa90c
[INFO] [stderr]   library revision   : 2
[INFO] [stderr] 
[INFO] [stderr]   CONFIG             : --disable-cxx --enable-doc=no --enable-shared=no --with-jemalloc-prefix=_rjem_ --with-private-namespace=_rjem_ --host=x86_64-unknown-linux-gnu --build=x86_64-unknown-linux-gnu --prefix=/opt/rustwide/target/debug/build/jemalloc-sys/f3b3f2bb69383fd0/out build_alias=x86_64-unknown-linux-gnu host_alias=x86_64-unknown-linux-gnu CC=cc 'CFLAGS=-O0 -ffunction-sections -fdata-sections -fPIC -g -gdwarf-4 -fno-omit-frame-pointer -mno-omit-leaf-frame-pointer -m64 -Wall' 'LDFLAGS=-O0 -ffunction-sections -fdata-sections -fPIC -g -gdwarf-4 -fno-omit-frame-pointer -mno-omit-leaf-frame-pointer -m64 -Wall' 'CPPFLAGS=-O0 -ffunction-sections -fdata-sections -fPIC -g -gdwarf-4 -fno-omit-frame-pointer -mno-omit-leaf-frame-pointer -m64 -Wall'
[INFO] [stderr]   CC                 : cc
[INFO] [stderr]   CONFIGURE_CFLAGS   : -std=gnu11 -Wall -Wextra -Wsign-compare -Wundef -Wno-format-zero-length -Wpointer-arith -Wno-missing-braces -Wno-missing-field-initializers -Wno-missing-attributes -pipe -g3 -fvisibility=hidden -Wimplicit-fallthrough -O3 -funroll-loops
[INFO] [stderr]   SPECIFIED_CFLAGS   : -O0 -ffunction-sections -fdata-sections -fPIC -g -gdwarf-4 -fno-omit-frame-pointer -mno-omit-leaf-frame-pointer -m64 -Wall
[INFO] [stderr]   EXTRA_CFLAGS       : 
[INFO] [stderr]   CPPFLAGS           : -O0 -ffunction-sections -fdata-sections -fPIC -g -gdwarf-4 -fno-omit-frame-pointer -mno-omit-leaf-frame-pointer -m64 -Wall -D_GNU_SOURCE -D_REENTRANT
[INFO] [stderr]   CXX                : 
[INFO] [stderr]   CONFIGURE_CXXFLAGS : 
[INFO] [stderr]   SPECIFIED_CXXFLAGS : 
[INFO] [stderr]   EXTRA_CXXFLAGS     : 
[INFO] [stderr]   LDFLAGS            : -O0 -ffunction-sections -fdata-sections -fPIC -g -gdwarf-4 -fno-omit-frame-pointer -mno-omit-leaf-frame-pointer -m64 -Wall
[INFO] [stderr]   EXTRA_LDFLAGS      : 
[INFO] [stderr]   DSO_LDFLAGS        : -shared -Wl,-soname,$(@F)
[INFO] [stderr]   LIBS               : -lm  -pthread
[INFO] [stderr]   RPATH_EXTRA        : 
[INFO] [stderr] 
[INFO] [stderr]   XSLTPROC           : false
[INFO] [stderr]   XSLROOT            : 
[INFO] [stderr] 
[INFO] [stderr]   PREFIX             : /opt/rustwide/target/debug/build/jemalloc-sys/f3b3f2bb69383fd0/out
[INFO] [stderr]   BINDIR             : /opt/rustwide/target/debug/build/jemalloc-sys/f3b3f2bb69383fd0/out/bin
[INFO] [stderr]   DATADIR            : /opt/rustwide/target/debug/build/jemalloc-sys/f3b3f2bb69383fd0/out/share
[INFO] [stderr]   INCLUDEDIR         : /opt/rustwide/target/debug/build/jemalloc-sys/f3b3f2bb69383fd0/out/include
[INFO] [stderr]   LIBDIR             : /opt/rustwide/target/debug/build/jemalloc-sys/f3b3f2bb69383fd0/out/lib
[INFO] [stderr]   MANDIR             : /opt/rustwide/target/debug/build/jemalloc-sys/f3b3f2bb69383fd0/out/share/man
[INFO] [stderr] 
[INFO] [stderr]   srcroot            : 
[INFO] [stderr]   abs_srcroot        : /opt/rustwide/target/debug/build/jemalloc-sys/f3b3f2bb69383fd0/out/build/
[INFO] [stderr]   objroot            : 
[INFO] [stderr]   abs_objroot        : /opt/rustwide/target/debug/build/jemalloc-sys/f3b3f2bb69383fd0/out/build/
[INFO] [stderr] 
[INFO] [stderr]   JEMALLOC_PREFIX    : _rjem_
[INFO] [stderr]   JEMALLOC_PRIVATE_NAMESPACE
[INFO] [stderr]                      : _rjem_je_
[INFO] [stderr]   install_suffix     : 
[INFO] [stderr]   malloc_conf        : 
[INFO] [stderr]   documentation      : 0
[INFO] [stderr]   shared libs        : 0
[INFO] [stderr]   static libs        : 1
[INFO] [stderr]   autogen            : 0
[INFO] [stderr]   debug              : 0
[INFO] [stderr]   stats              : 1
[INFO] [stderr]   experimental_smallocx : 0
[INFO] [stderr]   prof               : 0
[INFO] [stderr]   prof-libunwind     : 0
[INFO] [stderr]   prof-libgcc        : 0
[INFO] [stderr]   prof-gcc           : 0
[INFO] [stderr]   fill               : 1
[INFO] [stderr]   utrace             : 0
[INFO] [stderr]   xmalloc            : 0
[INFO] [stderr]   log                : 0
[INFO] [stderr]   lazy_lock          : 0
[INFO] [stderr]   cache-oblivious    : 1
[INFO] [stderr]   cxx                : 0
[INFO] [stderr]   ===============================================================================
[INFO] [stderr]   running: cd "/opt/rustwide/target/debug/build/jemalloc-sys/f3b3f2bb69383fd0/out/build" && "make" "-j" "16"
[INFO] [stderr]   cc -std=gnu11 -Wall -Wextra -Wsign-compare -Wundef -Wno-format-zero-length -Wpointer-arith -Wno-missing-braces -Wno-missing-field-initializers -Wno-missing-attributes -pipe -g3 -fvisibility=hidden -Wimplicit-fallthrough -O3 -funroll-loops -O0 -ffunction-sections -fdata-sections -fPIC -g -gdwarf-4 -fno-omit-frame-pointer -mno-omit-leaf-frame-pointer -m64 -Wall -c -O0 -ffunction-sections -fdata-sections -fPIC -g -gdwarf-4 -fno-omit-frame-pointer -mno-omit-leaf-frame-pointer -m64 -Wall -D_GNU_SOURCE -D_REENTRANT -Iinclude -Iinclude -DJEMALLOC_NO_PRIVATE_NAMESPACE -o src/jemalloc.sym.o src/jemalloc.c
[INFO] [stderr]   cc -std=gnu11 -Wall -Wextra -Wsign-compare -Wundef -Wno-format-zero-length -Wpointer-arith -Wno-missing-braces -Wno-missing-field-initializers -Wno-missing-attributes -pipe -g3 -fvisibility=hidden -Wimplicit-fallthrough -O3 -funroll-loops -O0 -ffunction-sections -fdata-sections -fPIC -g -gdwarf-4 -fno-omit-frame-pointer -mno-omit-leaf-frame-pointer -m64 -Wall -c -O0 -ffunction-sections -fdata-sections -fPIC -g -gdwarf-4 -fno-omit-frame-pointer -mno-omit-leaf-frame-pointer -m64 -Wall -D_GNU_SOURCE -D_REENTRANT -Iinclude -Iinclude -DJEMALLOC_NO_PRIVATE_NAMESPACE -o src/arena.sym.o src/arena.c
[INFO] [stderr]   cc -std=gnu11 -Wall -Wextra -Wsign-compare -Wundef -Wno-format-zero-length -Wpointer-arith -Wno-missing-braces -Wno-missing-field-initializers -Wno-missing-attributes -pipe -g3 -fvisibility=hidden -Wimplicit-fallthrough -O3 -funroll-loops -O0 -ffunction-sections -fdata-sections -fPIC -g -gdwarf-4 -fno-omit-frame-pointer -mno-omit-leaf-frame-pointer -m64 -Wall -c -O0 -ffunction-sections -fdata-sections -fPIC -g -gdwarf-4 -fno-omit-frame-pointer -mno-omit-leaf-frame-pointer -m64 -Wall -D_GNU_SOURCE -D_REENTRANT -Iinclude -Iinclude -DJEMALLOC_NO_PRIVATE_NAMESPACE -o src/background_thread.sym.o src/background_thread.c
[INFO] [stderr]   cc -std=gnu11 -Wall -Wextra -Wsign-compare -Wundef -Wno-format-zero-length -Wpointer-arith -Wno-missing-braces -Wno-missing-field-initializers -Wno-missing-attributes -pipe -g3 -fvisibility=hidden -Wimplicit-fallthrough -O3 -funroll-loops -O0 -ffunction-sections -fdata-sections -fPIC -g -gdwarf-4 -fno-omit-frame-pointer -mno-omit-leaf-frame-pointer -m64 -Wall -c -O0 -ffunction-sections -fdata-sections -fPIC -g -gdwarf-4 -fno-omit-frame-pointer -mno-omit-leaf-frame-pointer -m64 -Wall -D_GNU_SOURCE -D_REENTRANT -Iinclude -Iinclude -DJEMALLOC_NO_PRIVATE_NAMESPACE -o src/bin.sym.o src/bin.c
[INFO] [stderr]   cc -std=gnu11 -Wall -Wextra -Wsign-compare -Wundef -Wno-format-zero-length -Wpointer-arith -Wno-missing-braces -Wno-missing-field-initializers -Wno-missing-attributes -pipe -g3 -fvisibility=hidden -Wimplicit-fallthrough -O3 -funroll-loops -O0 -ffunction-sections -fdata-sections -fPIC -g -gdwarf-4 -fno-omit-frame-pointer -mno-omit-leaf-frame-pointer -m64 -Wall -c -O0 -ffunction-sections -fdata-sections -fPIC -g -gdwarf-4 -fno-omit-frame-pointer -mno-omit-leaf-frame-pointer -m64 -Wall -D_GNU_SOURCE -D_REENTRANT -Iinclude -Iinclude -DJEMALLOC_NO_PRIVATE_NAMESPACE -o src/bin_info.sym.o src/bin_info.c
[INFO] [stderr]   cc -std=gnu11 -Wall -Wextra -Wsign-compare -Wundef -Wno-format-zero-length -Wpointer-arith -Wno-missing-braces -Wno-missing-field-initializers -Wno-missing-attributes -pipe -g3 -fvisibility=hidden -Wimplicit-fallthrough -O3 -funroll-loops -O0 -ffunction-sections -fdata-sections -fPIC -g -gdwarf-4 -fno-omit-frame-pointer -mno-omit-leaf-frame-pointer -m64 -Wall -c -O0 -ffunction-sections -fdata-sections -fPIC -g -gdwarf-4 -fno-omit-frame-pointer -mno-omit-leaf-frame-pointer -m64 -Wall -D_GNU_SOURCE -D_REENTRANT -Iinclude -Iinclude -DJEMALLOC_NO_PRIVATE_NAMESPACE -o src/base.sym.o src/base.c
[INFO] [stderr]   cc -std=gnu11 -Wall -Wextra -Wsign-compare -Wundef -Wno-format-zero-length -Wpointer-arith -Wno-missing-braces -Wno-missing-field-initializers -Wno-missing-attributes -pipe -g3 -fvisibility=hidden -Wimplicit-fallthrough -O3 -funroll-loops -O0 -ffunction-sections -fdata-sections -fPIC -g -gdwarf-4 -fno-omit-frame-pointer -mno-omit-leaf-frame-pointer -m64 -Wall -c -O0 -ffunction-sections -fdata-sections -fPIC -g -gdwarf-4 -fno-omit-frame-pointer -mno-omit-leaf-frame-pointer -m64 -Wall -D_GNU_SOURCE -D_REENTRANT -Iinclude -Iinclude -DJEMALLOC_NO_PRIVATE_NAMESPACE -o src/buf_writer.sym.o src/buf_writer.c
[INFO] [stderr]   cc -std=gnu11 -Wall -Wextra -Wsign-compare -Wundef -Wno-format-zero-length -Wpointer-arith -Wno-missing-braces -Wno-missing-field-initializers -Wno-missing-attributes -pipe -g3 -fvisibility=hidden -Wimplicit-fallthrough -O3 -funroll-loops -O0 -ffunction-sections -fdata-sections -fPIC -g -gdwarf-4 -fno-omit-frame-pointer -mno-omit-leaf-frame-pointer -m64 -Wall -c -O0 -ffunction-sections -fdata-sections -fPIC -g -gdwarf-4 -fno-omit-frame-pointer -mno-omit-leaf-frame-pointer -m64 -Wall -D_GNU_SOURCE -D_REENTRANT -Iinclude -Iinclude -DJEMALLOC_NO_PRIVATE_NAMESPACE -o src/bitmap.sym.o src/bitmap.c
[INFO] [stderr]   cc -std=gnu11 -Wall -Wextra -Wsign-compare -Wundef -Wno-format-zero-length -Wpointer-arith -Wno-missing-braces -Wno-missing-field-initializers -Wno-missing-attributes -pipe -g3 -fvisibility=hidden -Wimplicit-fallthrough -O3 -funroll-loops -O0 -ffunction-sections -fdata-sections -fPIC -g -gdwarf-4 -fno-omit-frame-pointer -mno-omit-leaf-frame-pointer -m64 -Wall -c -O0 -ffunction-sections -fdata-sections -fPIC -g -gdwarf-4 -fno-omit-frame-pointer -mno-omit-leaf-frame-pointer -m64 -Wall -D_GNU_SOURCE -D_REENTRANT -Iinclude -Iinclude -DJEMALLOC_NO_PRIVATE_NAMESPACE -o src/cache_bin.sym.o src/cache_bin.c
[INFO] [stderr]   cc -std=gnu11 -Wall -Wextra -Wsign-compare -Wundef -Wno-format-zero-length -Wpointer-arith -Wno-missing-braces -Wno-missing-field-initializers -Wno-missing-attributes -pipe -g3 -fvisibility=hidden -Wimplicit-fallthrough -O3 -funroll-loops -O0 -ffunction-sections -fdata-sections -fPIC -g -gdwarf-4 -fno-omit-frame-pointer -mno-omit-leaf-frame-pointer -m64 -Wall -c -O0 -ffunction-sections -fdata-sections -fPIC -g -gdwarf-4 -fno-omit-frame-pointer -mno-omit-leaf-frame-pointer -m64 -Wall -D_GNU_SOURCE -D_REENTRANT -Iinclude -Iinclude -DJEMALLOC_NO_PRIVATE_NAMESPACE -o src/counter.sym.o src/counter.c
[INFO] [stderr]   cc -std=gnu11 -Wall -Wextra -Wsign-compare -Wundef -Wno-format-zero-length -Wpointer-arith -Wno-missing-braces -Wno-missing-field-initializers -Wno-missing-attributes -pipe -g3 -fvisibility=hidden -Wimplicit-fallthrough -O3 -funroll-loops -O0 -ffunction-sections -fdata-sections -fPIC -g -gdwarf-4 -fno-omit-frame-pointer -mno-omit-leaf-frame-pointer -m64 -Wall -c -O0 -ffunction-sections -fdata-sections -fPIC -g -gdwarf-4 -fno-omit-frame-pointer -mno-omit-leaf-frame-pointer -m64 -Wall -D_GNU_SOURCE -D_REENTRANT -Iinclude -Iinclude -DJEMALLOC_NO_PRIVATE_NAMESPACE -o src/ckh.sym.o src/ckh.c
[INFO] [stderr]   cc -std=gnu11 -Wall -Wextra -Wsign-compare -Wundef -Wno-format-zero-length -Wpointer-arith -Wno-missing-braces -Wno-missing-field-initializers -Wno-missing-attributes -pipe -g3 -fvisibility=hidden -Wimplicit-fallthrough -O3 -funroll-loops -O0 -ffunction-sections -fdata-sections -fPIC -g -gdwarf-4 -fno-omit-frame-pointer -mno-omit-leaf-frame-pointer -m64 -Wall -c -O0 -ffunction-sections -fdata-sections -fPIC -g -gdwarf-4 -fno-omit-frame-pointer -mno-omit-leaf-frame-pointer -m64 -Wall -D_GNU_SOURCE -D_REENTRANT -Iinclude -Iinclude -DJEMALLOC_NO_PRIVATE_NAMESPACE -o src/ctl.sym.o src/ctl.c
[INFO] [stderr]   cc -std=gnu11 -Wall -Wextra -Wsign-compare -Wundef -Wno-format-zero-length -Wpointer-arith -Wno-missing-braces -Wno-missing-field-initializers -Wno-missing-attributes -pipe -g3 -fvisibility=hidden -Wimplicit-fallthrough -O3 -funroll-loops -O0 -ffunction-sections -fdata-sections -fPIC -g -gdwarf-4 -fno-omit-frame-pointer -mno-omit-leaf-frame-pointer -m64 -Wall -c -O0 -ffunction-sections -fdata-sections -fPIC -g -gdwarf-4 -fno-omit-frame-pointer -mno-omit-leaf-frame-pointer -m64 -Wall -D_GNU_SOURCE -D_REENTRANT -Iinclude -Iinclude -DJEMALLOC_NO_PRIVATE_NAMESPACE -o src/decay.sym.o src/decay.c
[INFO] [stderr]   cc -std=gnu11 -Wall -Wextra -Wsign-compare -Wundef -Wno-format-zero-length -Wpointer-arith -Wno-missing-braces -Wno-missing-field-initializers -Wno-missing-attributes -pipe -g3 -fvisibility=hidden -Wimplicit-fallthrough -O3 -funroll-loops -O0 -ffunction-sections -fdata-sections -fPIC -g -gdwarf-4 -fno-omit-frame-pointer -mno-omit-leaf-frame-pointer -m64 -Wall -c -O0 -ffunction-sections -fdata-sections -fPIC -g -gdwarf-4 -fno-omit-frame-pointer -mno-omit-leaf-frame-pointer -m64 -Wall -D_GNU_SOURCE -D_REENTRANT -Iinclude -Iinclude -DJEMALLOC_NO_PRIVATE_NAMESPACE -o src/div.sym.o src/div.c
[INFO] [stderr]   cc -std=gnu11 -Wall -Wextra -Wsign-compare -Wundef -Wno-format-zero-length -Wpointer-arith -Wno-missing-braces -Wno-missing-field-initializers -Wno-missing-attributes -pipe -g3 -fvisibility=hidden -Wimplicit-fallthrough -O3 -funroll-loops -O0 -ffunction-sections -fdata-sections -fPIC -g -gdwarf-4 -fno-omit-frame-pointer -mno-omit-leaf-frame-pointer -m64 -Wall -c -O0 -ffunction-sections -fdata-sections -fPIC -g -gdwarf-4 -fno-omit-frame-pointer -mno-omit-leaf-frame-pointer -m64 -Wall -D_GNU_SOURCE -D_REENTRANT -Iinclude -Iinclude -DJEMALLOC_NO_PRIVATE_NAMESPACE -o src/ecache.sym.o src/ecache.c
[INFO] [stderr]   cc -std=gnu11 -Wall -Wextra -Wsign-compare -Wundef -Wno-format-zero-length -Wpointer-arith -Wno-missing-braces -Wno-missing-field-initializers -Wno-missing-attributes -pipe -g3 -fvisibility=hidden -Wimplicit-fallthrough -O3 -funroll-loops -O0 -ffunction-sections -fdata-sections -fPIC -g -gdwarf-4 -fno-omit-frame-pointer -mno-omit-leaf-frame-pointer -m64 -Wall -c -O0 -ffunction-sections -fdata-sections -fPIC -g -gdwarf-4 -fno-omit-frame-pointer -mno-omit-leaf-frame-pointer -m64 -Wall -D_GNU_SOURCE -D_REENTRANT -Iinclude -Iinclude -DJEMALLOC_NO_PRIVATE_NAMESPACE -o src/edata.sym.o src/edata.c
[INFO] [stderr]   cc -std=gnu11 -Wall -Wextra -Wsign-compare -Wundef -Wno-format-zero-length -Wpointer-arith -Wno-missing-braces -Wno-missing-field-initializers -Wno-missing-attributes -pipe -g3 -fvisibility=hidden -Wimplicit-fallthrough -O3 -funroll-loops -O0 -ffunction-sections -fdata-sections -fPIC -g -gdwarf-4 -fno-omit-frame-pointer -mno-omit-leaf-frame-pointer -m64 -Wall -c -O0 -ffunction-sections -fdata-sections -fPIC -g -gdwarf-4 -fno-omit-frame-pointer -mno-omit-leaf-frame-pointer -m64 -Wall -D_GNU_SOURCE -D_REENTRANT -Iinclude -Iinclude -DJEMALLOC_NO_PRIVATE_NAMESPACE -o src/edata_cache.sym.o src/edata_cache.c
[INFO] [stderr]   cc -std=gnu11 -Wall -Wextra -Wsign-compare -Wundef -Wno-format-zero-length -Wpointer-arith -Wno-missing-braces -Wno-missing-field-initializers -Wno-missing-attributes -pipe -g3 -fvisibility=hidden -Wimplicit-fallthrough -O3 -funroll-loops -O0 -ffunction-sections -fdata-sections -fPIC -g -gdwarf-4 -fno-omit-frame-pointer -mno-omit-leaf-frame-pointer -m64 -Wall -c -O0 -ffunction-sections -fdata-sections -fPIC -g -gdwarf-4 -fno-omit-frame-pointer -mno-omit-leaf-frame-pointer -m64 -Wall -D_GNU_SOURCE -D_REENTRANT -Iinclude -Iinclude -DJEMALLOC_NO_PRIVATE_NAMESPACE -o src/ehooks.sym.o src/ehooks.c
[INFO] [stderr]   cc -std=gnu11 -Wall -Wextra -Wsign-compare -Wundef -Wno-format-zero-length -Wpointer-arith -Wno-missing-braces -Wno-missing-field-initializers -Wno-missing-attributes -pipe -g3 -fvisibility=hidden -Wimplicit-fallthrough -O3 -funroll-loops -O0 -ffunction-sections -fdata-sections -fPIC -g -gdwarf-4 -fno-omit-frame-pointer -mno-omit-leaf-frame-pointer -m64 -Wall -c -O0 -ffunction-sections -fdata-sections -fPIC -g -gdwarf-4 -fno-omit-frame-pointer -mno-omit-leaf-frame-pointer -m64 -Wall -D_GNU_SOURCE -D_REENTRANT -Iinclude -Iinclude -DJEMALLOC_NO_PRIVATE_NAMESPACE -o src/emap.sym.o src/emap.c
[INFO] [stderr]   cc -std=gnu11 -Wall -Wextra -Wsign-compare -Wundef -Wno-format-zero-length -Wpointer-arith -Wno-missing-braces -Wno-missing-field-initializers -Wno-missing-attributes -pipe -g3 -fvisibility=hidden -Wimplicit-fallthrough -O3 -funroll-loops -O0 -ffunction-sections -fdata-sections -fPIC -g -gdwarf-4 -fno-omit-frame-pointer -mno-omit-leaf-frame-pointer -m64 -Wall -c -O0 -ffunction-sections -fdata-sections -fPIC -g -gdwarf-4 -fno-omit-frame-pointer -mno-omit-leaf-frame-pointer -m64 -Wall -D_GNU_SOURCE -D_REENTRANT -Iinclude -Iinclude -DJEMALLOC_NO_PRIVATE_NAMESPACE -o src/eset.sym.o src/eset.c
[INFO] [stderr]   cc -std=gnu11 -Wall -Wextra -Wsign-compare -Wundef -Wno-format-zero-length -Wpointer-arith -Wno-missing-braces -Wno-missing-field-initializers -Wno-missing-attributes -pipe -g3 -fvisibility=hidden -Wimplicit-fallthrough -O3 -funroll-loops -O0 -ffunction-sections -fdata-sections -fPIC -g -gdwarf-4 -fno-omit-frame-pointer -mno-omit-leaf-frame-pointer -m64 -Wall -c -O0 -ffunction-sections -fdata-sections -fPIC -g -gdwarf-4 -fno-omit-frame-pointer -mno-omit-leaf-frame-pointer -m64 -Wall -D_GNU_SOURCE -D_REENTRANT -Iinclude -Iinclude -DJEMALLOC_NO_PRIVATE_NAMESPACE -o src/exp_grow.sym.o src/exp_grow.c
[INFO] [stderr]   cc -std=gnu11 -Wall -Wextra -Wsign-compare -Wundef -Wno-format-zero-length -Wpointer-arith -Wno-missing-braces -Wno-missing-field-initializers -Wno-missing-attributes -pipe -g3 -fvisibility=hidden -Wimplicit-fallthrough -O3 -funroll-loops -O0 -ffunction-sections -fdata-sections -fPIC -g -gdwarf-4 -fno-omit-frame-pointer -mno-omit-leaf-frame-pointer -m64 -Wall -c -O0 -ffunction-sections -fdata-sections -fPIC -g -gdwarf-4 -fno-omit-frame-pointer -mno-omit-leaf-frame-pointer -m64 -Wall -D_GNU_SOURCE -D_REENTRANT -Iinclude -Iinclude -DJEMALLOC_NO_PRIVATE_NAMESPACE -o src/extent.sym.o src/extent.c
[INFO] [stderr]   cc -std=gnu11 -Wall -Wextra -Wsign-compare -Wundef -Wno-format-zero-length -Wpointer-arith -Wno-missing-braces -Wno-missing-field-initializers -Wno-missing-attributes -pipe -g3 -fvisibility=hidden -Wimplicit-fallthrough -O3 -funroll-loops -O0 -ffunction-sections -fdata-sections -fPIC -g -gdwarf-4 -fno-omit-frame-pointer -mno-omit-leaf-frame-pointer -m64 -Wall -c -O0 -ffunction-sections -fdata-sections -fPIC -g -gdwarf-4 -fno-omit-frame-pointer -mno-omit-leaf-frame-pointer -m64 -Wall -D_GNU_SOURCE -D_REENTRANT -Iinclude -Iinclude -DJEMALLOC_NO_PRIVATE_NAMESPACE -o src/extent_dss.sym.o src/extent_dss.c
[INFO] [stderr]   cc -std=gnu11 -Wall -Wextra -Wsign-compare -Wundef -Wno-format-zero-length -Wpointer-arith -Wno-missing-braces -Wno-missing-field-initializers -Wno-missing-attributes -pipe -g3 -fvisibility=hidden -Wimplicit-fallthrough -O3 -funroll-loops -O0 -ffunction-sections -fdata-sections -fPIC -g -gdwarf-4 -fno-omit-frame-pointer -mno-omit-leaf-frame-pointer -m64 -Wall -c -O0 -ffunction-sections -fdata-sections -fPIC -g -gdwarf-4 -fno-omit-frame-pointer -mno-omit-leaf-frame-pointer -m64 -Wall -D_GNU_SOURCE -D_REENTRANT -Iinclude -Iinclude -DJEMALLOC_NO_PRIVATE_NAMESPACE -o src/extent_mmap.sym.o src/extent_mmap.c
[INFO] [stderr]   cc -std=gnu11 -Wall -Wextra -Wsign-compare -Wundef -Wno-format-zero-length -Wpointer-arith -Wno-missing-braces -Wno-missing-field-initializers -Wno-missing-attributes -pipe -g3 -fvisibility=hidden -Wimplicit-fallthrough -O3 -funroll-loops -O0 -ffunction-sections -fdata-sections -fPIC -g -gdwarf-4 -fno-omit-frame-pointer -mno-omit-leaf-frame-pointer -m64 -Wall -c -O0 -ffunction-sections -fdata-sections -fPIC -g -gdwarf-4 -fno-omit-frame-pointer -mno-omit-leaf-frame-pointer -m64 -Wall -D_GNU_SOURCE -D_REENTRANT -Iinclude -Iinclude -DJEMALLOC_NO_PRIVATE_NAMESPACE -o src/fxp.sym.o src/fxp.c
[INFO] [stderr]   cc -std=gnu11 -Wall -Wextra -Wsign-compare -Wundef -Wno-format-zero-length -Wpointer-arith -Wno-missing-braces -Wno-missing-field-initializers -Wno-missing-attributes -pipe -g3 -fvisibility=hidden -Wimplicit-fallthrough -O3 -funroll-loops -O0 -ffunction-sections -fdata-sections -fPIC -g -gdwarf-4 -fno-omit-frame-pointer -mno-omit-leaf-frame-pointer -m64 -Wall -c -O0 -ffunction-sections -fdata-sections -fPIC -g -gdwarf-4 -fno-omit-frame-pointer -mno-omit-leaf-frame-pointer -m64 -Wall -D_GNU_SOURCE -D_REENTRANT -Iinclude -Iinclude -DJEMALLOC_NO_PRIVATE_NAMESPACE -o src/san.sym.o src/san.c
[INFO] [stderr]   cc -std=gnu11 -Wall -Wextra -Wsign-compare -Wundef -Wno-format-zero-length -Wpointer-arith -Wno-missing-braces -Wno-missing-field-initializers -Wno-missing-attributes -pipe -g3 -fvisibility=hidden -Wimplicit-fallthrough -O3 -funroll-loops -O0 -ffunction-sections -fdata-sections -fPIC -g -gdwarf-4 -fno-omit-frame-pointer -mno-omit-leaf-frame-pointer -m64 -Wall -c -O0 -ffunction-sections -fdata-sections -fPIC -g -gdwarf-4 -fno-omit-frame-pointer -mno-omit-leaf-frame-pointer -m64 -Wall -D_GNU_SOURCE -D_REENTRANT -Iinclude -Iinclude -DJEMALLOC_NO_PRIVATE_NAMESPACE -o src/san_bump.sym.o src/san_bump.c
[INFO] [stderr]   cc -std=gnu11 -Wall -Wextra -Wsign-compare -Wundef -Wno-format-zero-length -Wpointer-arith -Wno-missing-braces -Wno-missing-field-initializers -Wno-missing-attributes -pipe -g3 -fvisibility=hidden -Wimplicit-fallthrough -O3 -funroll-loops -O0 -ffunction-sections -fdata-sections -fPIC -g -gdwarf-4 -fno-omit-frame-pointer -mno-omit-leaf-frame-pointer -m64 -Wall -c -O0 -ffunction-sections -fdata-sections -fPIC -g -gdwarf-4 -fno-omit-frame-pointer -mno-omit-leaf-frame-pointer -m64 -Wall -D_GNU_SOURCE -D_REENTRANT -Iinclude -Iinclude -DJEMALLOC_NO_PRIVATE_NAMESPACE -o src/hook.sym.o src/hook.c
[INFO] [stderr]   cc -std=gnu11 -Wall -Wextra -Wsign-compare -Wundef -Wno-format-zero-length -Wpointer-arith -Wno-missing-braces -Wno-missing-field-initializers -Wno-missing-attributes -pipe -g3 -fvisibility=hidden -Wimplicit-fallthrough -O3 -funroll-loops -O0 -ffunction-sections -fdata-sections -fPIC -g -gdwarf-4 -fno-omit-frame-pointer -mno-omit-leaf-frame-pointer -m64 -Wall -c -O0 -ffunction-sections -fdata-sections -fPIC -g -gdwarf-4 -fno-omit-frame-pointer -mno-omit-leaf-frame-pointer -m64 -Wall -D_GNU_SOURCE -D_REENTRANT -Iinclude -Iinclude -DJEMALLOC_NO_PRIVATE_NAMESPACE -o src/hpa.sym.o src/hpa.c
[INFO] [stderr]   cc -std=gnu11 -Wall -Wextra -Wsign-compare -Wundef -Wno-format-zero-length -Wpointer-arith -Wno-missing-braces -Wno-missing-field-initializers -Wno-missing-attributes -pipe -g3 -fvisibility=hidden -Wimplicit-fallthrough -O3 -funroll-loops -O0 -ffunction-sections -fdata-sections -fPIC -g -gdwarf-4 -fno-omit-frame-pointer -mno-omit-leaf-frame-pointer -m64 -Wall -c -O0 -ffunction-sections -fdata-sections -fPIC -g -gdwarf-4 -fno-omit-frame-pointer -mno-omit-leaf-frame-pointer -m64 -Wall -D_GNU_SOURCE -D_REENTRANT -Iinclude -Iinclude -DJEMALLOC_NO_PRIVATE_NAMESPACE -o src/hpa_hooks.sym.o src/hpa_hooks.c
[INFO] [stderr]   cc -std=gnu11 -Wall -Wextra -Wsign-compare -Wundef -Wno-format-zero-length -Wpointer-arith -Wno-missing-braces -Wno-missing-field-initializers -Wno-missing-attributes -pipe -g3 -fvisibility=hidden -Wimplicit-fallthrough -O3 -funroll-loops -O0 -ffunction-sections -fdata-sections -fPIC -g -gdwarf-4 -fno-omit-frame-pointer -mno-omit-leaf-frame-pointer -m64 -Wall -c -O0 -ffunction-sections -fdata-sections -fPIC -g -gdwarf-4 -fno-omit-frame-pointer -mno-omit-leaf-frame-pointer -m64 -Wall -D_GNU_SOURCE -D_REENTRANT -Iinclude -Iinclude -DJEMALLOC_NO_PRIVATE_NAMESPACE -o src/hpdata.sym.o src/hpdata.c
[INFO] [stderr]   cc -std=gnu11 -Wall -Wextra -Wsign-compare -Wundef -Wno-format-zero-length -Wpointer-arith -Wno-missing-braces -Wno-missing-field-initializers -Wno-missing-attributes -pipe -g3 -fvisibility=hidden -Wimplicit-fallthrough -O3 -funroll-loops -O0 -ffunction-sections -fdata-sections -fPIC -g -gdwarf-4 -fno-omit-frame-pointer -mno-omit-leaf-frame-pointer -m64 -Wall -c -O0 -ffunction-sections -fdata-sections -fPIC -g -gdwarf-4 -fno-omit-frame-pointer -mno-omit-leaf-frame-pointer -m64 -Wall -D_GNU_SOURCE -D_REENTRANT -Iinclude -Iinclude -DJEMALLOC_NO_PRIVATE_NAMESPACE -o src/inspect.sym.o src/inspect.c
[INFO] [stderr]   cc -std=gnu11 -Wall -Wextra -Wsign-compare -Wundef -Wno-format-zero-length -Wpointer-arith -Wno-missing-braces -Wno-missing-field-initializers -Wno-missing-attributes -pipe -g3 -fvisibility=hidden -Wimplicit-fallthrough -O3 -funroll-loops -O0 -ffunction-sections -fdata-sections -fPIC -g -gdwarf-4 -fno-omit-frame-pointer -mno-omit-leaf-frame-pointer -m64 -Wall -c -O0 -ffunction-sections -fdata-sections -fPIC -g -gdwarf-4 -fno-omit-frame-pointer -mno-omit-leaf-frame-pointer -m64 -Wall -D_GNU_SOURCE -D_REENTRANT -Iinclude -Iinclude -DJEMALLOC_NO_PRIVATE_NAMESPACE -o src/large.sym.o src/large.c
[INFO] [stderr]   cc -std=gnu11 -Wall -Wextra -Wsign-compare -Wundef -Wno-format-zero-length -Wpointer-arith -Wno-missing-braces -Wno-missing-field-initializers -Wno-missing-attributes -pipe -g3 -fvisibility=hidden -Wimplicit-fallthrough -O3 -funroll-loops -O0 -ffunction-sections -fdata-sections -fPIC -g -gdwarf-4 -fno-omit-frame-pointer -mno-omit-leaf-frame-pointer -m64 -Wall -c -O0 -ffunction-sections -fdata-sections -fPIC -g -gdwarf-4 -fno-omit-frame-pointer -mno-omit-leaf-frame-pointer -m64 -Wall -D_GNU_SOURCE -D_REENTRANT -Iinclude -Iinclude -DJEMALLOC_NO_PRIVATE_NAMESPACE -o src/malloc_io.sym.o src/malloc_io.c
[INFO] [stderr]   cc -std=gnu11 -Wall -Wextra -Wsign-compare -Wundef -Wno-format-zero-length -Wpointer-arith -Wno-missing-braces -Wno-missing-field-initializers -Wno-missing-attributes -pipe -g3 -fvisibility=hidden -Wimplicit-fallthrough -O3 -funroll-loops -O0 -ffunction-sections -fdata-sections -fPIC -g -gdwarf-4 -fno-omit-frame-pointer -mno-omit-leaf-frame-pointer -m64 -Wall -c -O0 -ffunction-sections -fdata-sections -fPIC -g -gdwarf-4 -fno-omit-frame-pointer -mno-omit-leaf-frame-pointer -m64 -Wall -D_GNU_SOURCE -D_REENTRANT -Iinclude -Iinclude -DJEMALLOC_NO_PRIVATE_NAMESPACE -o src/log.sym.o src/log.c
[INFO] [stderr]   cc -std=gnu11 -Wall -Wextra -Wsign-compare -Wundef -Wno-format-zero-length -Wpointer-arith -Wno-missing-braces -Wno-missing-field-initializers -Wno-missing-attributes -pipe -g3 -fvisibility=hidden -Wimplicit-fallthrough -O3 -funroll-loops -O0 -ffunction-sections -fdata-sections -fPIC -g -gdwarf-4 -fno-omit-frame-pointer -mno-omit-leaf-frame-pointer -m64 -Wall -c -O0 -ffunction-sections -fdata-sections -fPIC -g -gdwarf-4 -fno-omit-frame-pointer -mno-omit-leaf-frame-pointer -m64 -Wall -D_GNU_SOURCE -D_REENTRANT -Iinclude -Iinclude -DJEMALLOC_NO_PRIVATE_NAMESPACE -o src/mutex.sym.o src/mutex.c
[INFO] [stderr] 
[INFO] [stderr]   --- stderr
[INFO] [stderr]   /opt/rustwide/target/debug/build/jemalloc-sys/f3b3f2bb69383fd0/out/build/configure: line 8271: cd: null directory
[INFO] [stderr]   cc: fatal error: Killed signal terminated program cc1
[INFO] [stderr]   compilation terminated.
[INFO] [stderr]   make: *** [Makefile:480: src/jemalloc.sym.o] Error 1
[INFO] [stderr]   make: *** Waiting for unfinished jobs....
[INFO] [stderr] 
[INFO] [stderr]   thread 'main' (768) panicked at /opt/rustwide/cargo-home/registry/src/index.crates.io-1949cf8c6b5b557f/jemalloc-sys-0.5.4+5.3.0-patched/build.rs:351:9:
[INFO] [stderr]   command did not execute successfully: cd "/opt/rustwide/target/debug/build/jemalloc-sys/f3b3f2bb69383fd0/out/build" && "make" "-j" "16"
[INFO] [stderr]   expected success, got: exit status: 2
[INFO] [stderr]   stack backtrace:
[INFO] [stderr]      0:     0x62f891c081b1 - std[80dffe575a601a26]::backtrace_rs::backtrace::libunwind::trace
[INFO] [stderr]                                  at /rustc/28b6e691688c15cef4c60d9044274e7b84397870/library/std/src/../../backtrace/src/backtrace/libunwind.rs:117:9
[INFO] [stderr]      1:     0x62f891c081b1 - std[80dffe575a601a26]::backtrace_rs::backtrace::trace_unsynchronized::<std[80dffe575a601a26]::sys::backtrace::_print_fmt::{closure#1}>
[INFO] [stderr]                                  at /rustc/28b6e691688c15cef4c60d9044274e7b84397870/library/std/src/../../backtrace/src/backtrace/mod.rs:66:14
[INFO] [stderr]      2:     0x62f891c081b1 - std[80dffe575a601a26]::sys::backtrace::_print_fmt
[INFO] [stderr]                                  at /rustc/28b6e691688c15cef4c60d9044274e7b84397870/library/std/src/sys/backtrace.rs:74:9
[INFO] [stderr]      3:     0x62f891c081b1 - <<std[80dffe575a601a26]::sys::backtrace::BacktraceLock>::print::DisplayBacktrace as core[4b671e236b6cd0c2]::fmt::Display>::fmt
[INFO] [stderr]                                  at /rustc/28b6e691688c15cef4c60d9044274e7b84397870/library/std/src/sys/backtrace.rs:44:26
[INFO] [stderr]      4:     0x62f891c1b88a - <core[4b671e236b6cd0c2]::fmt::rt::Argument>::fmt
[INFO] [stderr]                                  at /rustc/28b6e691688c15cef4c60d9044274e7b84397870/library/core/src/fmt/rt.rs:152:76
[INFO] [stderr]      5:     0x62f891c1b88a - core[4b671e236b6cd0c2]::fmt::write
[INFO] [stderr]      6:     0x62f891c0d92c - core[4b671e236b6cd0c2]::io::write::default_write_fmt::<std[80dffe575a601a26]::sys::stdio::unix::Stderr>
[INFO] [stderr]                                  at /rustc/28b6e691688c15cef4c60d9044274e7b84397870/library/core/src/io/write.rs:402:11
[INFO] [stderr]      7:     0x62f891c0d92c - <std[80dffe575a601a26]::sys::stdio::unix::Stderr as core[4b671e236b6cd0c2]::io::write::Write>::write_fmt
[INFO] [stderr]                                  at /rustc/28b6e691688c15cef4c60d9044274e7b84397870/library/core/src/io/write.rs:335:13
[INFO] [stderr]      8:     0x62f891be6286 - <std[80dffe575a601a26]::sys::backtrace::BacktraceLock>::print
[INFO] [stderr]                                  at /rustc/28b6e691688c15cef4c60d9044274e7b84397870/library/std/src/sys/backtrace.rs:47:9
[INFO] [stderr]      9:     0x62f891be6286 - std[80dffe575a601a26]::panicking::default_hook::{closure#0}
[INFO] [stderr]                                  at /rustc/28b6e691688c15cef4c60d9044274e7b84397870/library/std/src/panicking.rs:289:27
[INFO] [stderr]     10:     0x62f891c02091 - std[80dffe575a601a26]::panicking::default_hook
[INFO] [stderr]                                  at /rustc/28b6e691688c15cef4c60d9044274e7b84397870/library/std/src/panicking.rs:316:9
[INFO] [stderr]     11:     0x62f891c0224b - std[80dffe575a601a26]::panicking::panic_with_hook
[INFO] [stderr]                                  at /rustc/28b6e691688c15cef4c60d9044274e7b84397870/library/std/src/panicking.rs:811:13
[INFO] [stderr]     12:     0x62f891be6332 - std[80dffe575a601a26]::panicking::panic_handler::{closure#0}
[INFO] [stderr]                                  at /rustc/28b6e691688c15cef4c60d9044274e7b84397870/library/std/src/panicking.rs:685:13
[INFO] [stderr]     13:     0x62f891bdef09 - std[80dffe575a601a26]::sys::backtrace::__rust_end_short_backtrace::<std[80dffe575a601a26]::panicking::panic_handler::{closure#0}, !>
[INFO] [stderr]                                  at /rustc/28b6e691688c15cef4c60d9044274e7b84397870/library/std/src/sys/backtrace.rs:182:18
[INFO] [stderr]     14:     0x62f891be6b1d - __rustc[f12af1dffb6969cc]::rust_begin_unwind
[INFO] [stderr]                                  at /rustc/28b6e691688c15cef4c60d9044274e7b84397870/library/std/src/panicking.rs:676:5
[INFO] [stderr]     15:     0x62f891c1c07c - core[4b671e236b6cd0c2]::panicking::panic_fmt
[INFO] [stderr]                                  at /rustc/28b6e691688c15cef4c60d9044274e7b84397870/library/core/src/panicking.rs:80:14
[INFO] [stderr]     16:     0x62f891b69f8f - build_script_build[251a158d96483bdb]::execute::<build_script_build[251a158d96483bdb]::run::{closure#0}>
[INFO] [stderr]     17:     0x62f891b6d536 - build_script_build[251a158d96483bdb]::run
[INFO] [stderr]     18:     0x62f891b70a71 - build_script_build[251a158d96483bdb]::main
[INFO] [stderr]     19:     0x62f891b73603 - <fn() as core[4b671e236b6cd0c2]::ops::function::FnOnce<()>>::call_once
[INFO] [stderr]     20:     0x62f891b6c17e - std[80dffe575a601a26]::sys::backtrace::__rust_begin_short_backtrace::<fn(), ()>
[INFO] [stderr]     21:     0x62f891b6c779 - std[80dffe575a601a26]::rt::lang_start::<()>::{closure#0}
[INFO] [stderr]     22:     0x62f891c01398 - <&dyn core[4b671e236b6cd0c2]::ops::function::Fn<(), Output = i32> + core[4b671e236b6cd0c2]::marker::Sync + core[4b671e236b6cd0c2]::panic::unwind_safe::RefUnwindSafe as core[4b671e236b6cd0c2]::ops::function::FnOnce<()>>::call_once
[INFO] [stderr]                                  at /rustc/28b6e691688c15cef4c60d9044274e7b84397870/library/core/src/ops/function.rs:287:21
[INFO] [stderr]     23:     0x62f891c01398 - std[80dffe575a601a26]::panicking::catch_unwind::do_call::<&dyn core[4b671e236b6cd0c2]::ops::function::Fn<(), Output = i32> + core[4b671e236b6cd0c2]::marker::Sync + core[4b671e236b6cd0c2]::panic::unwind_safe::RefUnwindSafe, i32>
[INFO] [stderr]                                  at /rustc/28b6e691688c15cef4c60d9044274e7b84397870/library/std/src/panicking.rs:573:43
[INFO] [stderr]     24:     0x62f891c01398 - std[80dffe575a601a26]::panicking::catch_unwind::<i32, &dyn core[4b671e236b6cd0c2]::ops::function::Fn<(), Output = i32> + core[4b671e236b6cd0c2]::marker::Sync + core[4b671e236b6cd0c2]::panic::unwind_safe::RefUnwindSafe>
[INFO] [stderr]                                  at /rustc/28b6e691688c15cef4c60d9044274e7b84397870/library/std/src/panicking.rs:541:19
[INFO] [stderr]     25:     0x62f891c01398 - std[80dffe575a601a26]::panic::catch_unwind::<&dyn core[4b671e236b6cd0c2]::ops::function::Fn<(), Output = i32> + core[4b671e236b6cd0c2]::marker::Sync + core[4b671e236b6cd0c2]::panic::unwind_safe::RefUnwindSafe, i32>
[INFO] [stderr]                                  at /rustc/28b6e691688c15cef4c60d9044274e7b84397870/library/std/src/panic.rs:359:14
[INFO] [stderr]     26:     0x62f891c01398 - std[80dffe575a601a26]::rt::lang_start_internal::{closure#0}
[INFO] [stderr]                                  at /rustc/28b6e691688c15cef4c60d9044274e7b84397870/library/std/src/rt.rs:175:24
[INFO] [stderr]     27:     0x62f891c01398 - std[80dffe575a601a26]::panicking::catch_unwind::do_call::<std[80dffe575a601a26]::rt::lang_start_internal::{closure#0}, isize>
[INFO] [stderr]                                  at /rustc/28b6e691688c15cef4c60d9044274e7b84397870/library/std/src/panicking.rs:573:43
[INFO] [stderr]     28:     0x62f891c01398 - std[80dffe575a601a26]::panicking::catch_unwind::<isize, std[80dffe575a601a26]::rt::lang_start_internal::{closure#0}>
[INFO] [stderr]                                  at /rustc/28b6e691688c15cef4c60d9044274e7b84397870/library/std/src/panicking.rs:541:19
[INFO] [stderr]     29:     0x62f891c01398 - std[80dffe575a601a26]::panic::catch_unwind::<std[80dffe575a601a26]::rt::lang_start_internal::{closure#0}, isize>
[INFO] [stderr]                                  at /rustc/28b6e691688c15cef4c60d9044274e7b84397870/library/std/src/panic.rs:359:14
[INFO] [stderr]     30:     0x62f891c01398 - std[80dffe575a601a26]::rt::lang_start_internal
[INFO] [stderr]                                  at /rustc/28b6e691688c15cef4c60d9044274e7b84397870/library/std/src/rt.rs:171:5
[INFO] [stderr]     31:     0x62f891b6c171 - std[80dffe575a601a26]::rt::lang_start::<()>
[INFO] [stderr]     32:     0x62f891b73675 - main
[INFO] [stderr]     33:     0x76368b913601 - <unknown>
[INFO] [stderr]     34:     0x76368b913718 - __libc_start_main
[INFO] [stderr]     35:     0x62f891b69b15 - _start
[INFO] [stderr]     36:                0x0 - <unknown>
[INFO] running `Command { std: "docker" "inspect" "d9fabd672122b9ffd56941a24a7d8d7212ad41c6e05791f3deae071b945dbeff", kill_on_drop: false }`
[INFO] running `Command { std: "docker" "rm" "-f" "d9fabd672122b9ffd56941a24a7d8d7212ad41c6e05791f3deae071b945dbeff", kill_on_drop: false }`
[INFO] [stdout] d9fabd672122b9ffd56941a24a7d8d7212ad41c6e05791f3deae071b945dbeff
