[INFO] fetching crate n3server 0.1.10...
[INFO] checking n3server-0.1.10 against 018018e881e2db0956f229dbb543e21f058d1ce7 for pr-162600
[INFO] extracting crate n3server 0.1.10 into /workspace/builds/worker-1-tc1/source
[INFO] started tweaking crates.io crate n3server 0.1.10
[INFO] finished tweaking crates.io crate n3server 0.1.10
[INFO] tweaked toml for crates.io crate n3server 0.1.10 written to /workspace/builds/worker-1-tc1/source/Cargo.toml
[INFO] validating manifest of crates.io crate n3server 0.1.10 on toolchain 018018e881e2db0956f229dbb543e21f058d1ce7
[INFO] running `Command { std: CARGO_HOME="/workspace/cargo-home" RUSTUP_HOME="/workspace/rustup-home" "/workspace/cargo-home/bin/cargo" "+018018e881e2db0956f229dbb543e21f058d1ce7" "metadata" "--manifest-path" "Cargo.toml" "--no-deps", kill_on_drop: false }`
[INFO] crate crates.io crate n3server 0.1.10 already has a lockfile, it will not be regenerated
[INFO] running `Command { std: CARGO_HOME="/workspace/cargo-home" RUSTUP_HOME="/workspace/rustup-home" "/workspace/cargo-home/bin/cargo" "+018018e881e2db0956f229dbb543e21f058d1ce7" "fetch" "--manifest-path" "Cargo.toml", kill_on_drop: false }`
[INFO] [stderr]     Blocking waiting for file lock on package cache
[INFO] [stderr]     Updating crates.io index
[INFO] [stderr]     Blocking waiting for file lock on package cache
[INFO] [stderr]  Downloading crates ...
[INFO] [stderr]   Downloaded octets v0.3.0
[INFO] [stderr]   Downloaded n3-spawner v0.1.2
[INFO] [stderr]   Downloaded fslock v0.2.1
[INFO] [stderr]   Downloaded timing-wheel v0.1.4
[INFO] [stderr]   Downloaded debug_panic v0.2.1
[INFO] [stderr]   Downloaded n3quic v0.1.6
[INFO] [stderr]   Downloaded quiche v0.24.4
[INFO] [stderr]   Downloaded boring-sys v4.17.0
[INFO] [stderr]   Downloaded boring v4.17.0
[INFO] [stderr]   Downloaded n3io v0.1.5
[INFO] [stderr]   Downloaded cooked-waker v5.0.0
[INFO] running `Command { std: "docker" "create" "-v" "/var/lib/crater-agent-workspace/builds/worker-1-tc1/source:/opt/rustwide/workdir:ro,Z" "-v" "/var/lib/crater-agent-workspace/builds/worker-1-tc1/target:/opt/rustwide/target:rw,Z" "-v" "/var/lib/crater-agent-workspace/cargo-home:/opt/rustwide/cargo-home:ro,Z" "-v" "/var/lib/crater-agent-workspace/rustup-home:/opt/rustwide/rustup-home:ro,Z" "-m" "1610612736" "--network" "none" "ghcr.io/rust-lang/crates-build-env/linux@sha256:8683fc1fc2eb5c9ac98e0d076ab094b2ffac7f99da555d2b6a2e27f346de2ec7" "sleep" "infinity", kill_on_drop: false }`
[INFO] [stdout] 8d8a77ef9ec5b288d1cc82537db090e000bac3daa326f90527ede96d28187609
[INFO] running `Command { std: "docker" "start" "8d8a77ef9ec5b288d1cc82537db090e000bac3daa326f90527ede96d28187609", kill_on_drop: false }`
[INFO] running `Command { std: "docker" "inspect" "8d8a77ef9ec5b288d1cc82537db090e000bac3daa326f90527ede96d28187609", kill_on_drop: false }`
[INFO] running `Command { std: "docker" "exec" "-e" "SOURCE_DIR=/opt/rustwide/workdir" "-e" "CARGO_HOME=/opt/rustwide/cargo-home" "-e" "RUSTUP_HOME=/opt/rustwide/rustup-home" "-e" "CARGO_TARGET_DIR=/opt/rustwide/target" "-w" "/opt/rustwide/workdir" "--user" "0:0" "8d8a77ef9ec5b288d1cc82537db090e000bac3daa326f90527ede96d28187609" "/opt/rustwide/cargo-home/bin/cargo" "+018018e881e2db0956f229dbb543e21f058d1ce7" "metadata" "--no-deps" "--format-version=1", kill_on_drop: false }`
[INFO] running `Command { std: "docker" "inspect" "8d8a77ef9ec5b288d1cc82537db090e000bac3daa326f90527ede96d28187609", kill_on_drop: false }`
[INFO] running `Command { std: "docker" "exec" "-e" "SOURCE_DIR=/opt/rustwide/workdir" "-e" "CARGO_HOME=/opt/rustwide/cargo-home" "-e" "RUSTUP_HOME=/opt/rustwide/rustup-home" "-e" "CARGO_TARGET_DIR=/opt/rustwide/target" "-e" "CARGO_INCREMENTAL=0" "-e" "RUST_BACKTRACE=full" "-e" "RUSTFLAGS=--cap-lints=forbid" "-e" "RUSTDOCFLAGS=--cap-lints=forbid" "-w" "/opt/rustwide/workdir" "--user" "0:0" "8d8a77ef9ec5b288d1cc82537db090e000bac3daa326f90527ede96d28187609" "/opt/rustwide/cargo-home/bin/cargo" "+018018e881e2db0956f229dbb543e21f058d1ce7" "check" "--frozen" "--all" "--all-targets" "--message-format=json", kill_on_drop: false }`
[INFO] [stderr]    Compiling libc v0.2.174
[INFO] [stderr]    Compiling memchr v2.7.5
[INFO] [stderr]    Compiling glob v0.3.2
[INFO] [stderr]    Compiling regex-syntax v0.8.5
[INFO] [stderr]    Compiling bindgen v0.71.1
[INFO] [stderr]     Checking futures-core v0.3.31
[INFO] [stderr]    Compiling cc v1.2.29
[INFO] [stderr]    Compiling libloading v0.8.8
[INFO] [stderr]     Checking slab v0.4.10
[INFO] [stderr]    Compiling syn v2.0.104
[INFO] [stderr]    Compiling bitflags v2.9.1
[INFO] [stderr]     Checking smallvec v1.15.1
[INFO] [stderr]     Checking regex-automata v0.4.9
[INFO] [stderr]     Checking foreign-types-shared v0.3.1
[INFO] [stderr]     Checking anstyle-query v1.1.3
[INFO] [stderr]     Checking intrusive-collections v0.9.7
[INFO] [stderr]     Checking anstream v0.6.19
[INFO] [stderr]     Checking futures-channel v0.3.31
[INFO] [stderr]     Checking debug_panic v0.2.1
[INFO] [stderr]     Checking timing-wheel v0.1.4
[INFO] [stderr]     Checking octets v0.3.0
[INFO] [stderr]     Checking humantime v2.2.0
[INFO] [stderr]     Checking cooked-waker v5.0.0
[INFO] [stderr]     Checking clap_builder v4.5.41
[INFO] [stderr]    Compiling clang-sys v1.8.1
[INFO] [stderr]    Compiling nom v7.1.3
[INFO] [stderr]     Checking num_cpus v1.17.0
[INFO] [stderr]     Checking getrandom v0.3.3
[INFO] [stderr]     Checking parking_lot_core v0.9.11
[INFO] [stderr]     Checking mio v1.0.4
[INFO] [stderr]     Checking is-terminal v0.4.16
[INFO] [stderr]    Compiling fslock v0.2.1
[INFO] [stderr]     Checking rand_core v0.9.3
[INFO] [stderr]     Checking dashmap v6.1.0
[INFO] [stderr]    Compiling cmake v0.1.54
[INFO] [stderr]     Checking rand_chacha v0.9.0
[INFO] [stderr]     Checking regex v1.11.1
[INFO] [stderr]    Compiling quiche v0.24.4
[INFO] [stderr]     Checking rand v0.9.1
[INFO] [stderr]     Checking env_logger v0.10.2
[INFO] [stderr]     Checking pretty_env_logger v0.5.0
[INFO] [stderr]    Compiling cexpr v0.6.0
[INFO] [stderr] error: could not compile `syn` (lib)
[INFO] [stderr] 
[INFO] [stderr] Caused by:
[INFO] [stderr]   process didn't exit successfully: `/opt/rustwide/rustup-home/toolchains/018018e881e2db0956f229dbb543e21f058d1ce7/bin/rustc --crate-name syn --edition=2021 /opt/rustwide/cargo-home/registry/src/index.crates.io-1949cf8c6b5b557f/syn-2.0.104/src/lib.rs --error-format=json --json=diagnostic-rendered-ansi,artifacts,future-incompat,unused-externs-silent --crate-type lib --emit=dep-info,metadata,link -Z embed-metadata=no -C embed-bitcode=no --cfg 'feature="clone-impls"' --cfg 'feature="default"' --cfg 'feature="derive"' --cfg 'feature="extra-traits"' --cfg 'feature="full"' --cfg 'feature="parsing"' --cfg 'feature="printing"' --cfg 'feature="proc-macro"' --cfg 'feature="visit-mut"' --check-cfg 'cfg(docsrs,test)' --check-cfg 'cfg(feature, values("clone-impls", "default", "derive", "extra-traits", "fold", "full", "parsing", "printing", "proc-macro", "test", "visit", "visit-mut"))' -C metadata=07021d4e2df22c67 -C extra-filename=-627b35d8c4406724 --out-dir /opt/rustwide/target/debug/build/syn/627b35d8c4406724/out -L dependency=/opt/rustwide/target/debug/build/proc-macro2/d8665169c487d19b/out -L dependency=/opt/rustwide/target/debug/build/unicode-ident/b3925cc8f83e9ac1/out --extern proc_macro2=/opt/rustwide/target/debug/build/proc-macro2/d8665169c487d19b/out/libproc_macro2-d8665169c487d19b.rmeta --extern quote=/opt/rustwide/target/debug/build/quote/60c6fa93c90874f2/out/libquote-60c6fa93c90874f2.rmeta --extern unicode_ident=/opt/rustwide/target/debug/build/unicode-ident/b3925cc8f83e9ac1/out/libunicode_ident-b3925cc8f83e9ac1.rmeta --cap-lints allow --cap-lints=forbid --force-warn=unused_crate_dependencies` (signal: 9, SIGKILL: kill)
[INFO] [stderr] warning: build failed, waiting for other jobs to finish...
[INFO] [stderr] error: could not compile `clang-sys` (lib)
[INFO] [stderr] 
[INFO] [stderr] Caused by:
[INFO] [stderr]   process didn't exit successfully: `/opt/rustwide/rustup-home/toolchains/018018e881e2db0956f229dbb543e21f058d1ce7/bin/rustc --crate-name clang_sys --edition=2021 /opt/rustwide/cargo-home/registry/src/index.crates.io-1949cf8c6b5b557f/clang-sys-1.8.1/src/lib.rs --error-format=json --json=diagnostic-rendered-ansi,artifacts,future-incompat,unused-externs-silent --crate-type lib --emit=dep-info,metadata,link -Z embed-metadata=no -C embed-bitcode=no --cfg 'feature="clang_10_0"' --cfg 'feature="clang_11_0"' --cfg 'feature="clang_3_5"' --cfg 'feature="clang_3_6"' --cfg 'feature="clang_3_7"' --cfg 'feature="clang_3_8"' --cfg 'feature="clang_3_9"' --cfg 'feature="clang_4_0"' --cfg 'feature="clang_5_0"' --cfg 'feature="clang_6_0"' --cfg 'feature="clang_7_0"' --cfg 'feature="clang_8_0"' --cfg 'feature="clang_9_0"' --cfg 'feature="libloading"' --cfg 'feature="runtime"' --check-cfg 'cfg(docsrs,test)' --check-cfg 'cfg(feature, values("clang_10_0", "clang_11_0", "clang_12_0", "clang_13_0", "clang_14_0", "clang_15_0", "clang_16_0", "clang_17_0", "clang_18_0", "clang_3_5", "clang_3_6", "clang_3_7", "clang_3_8", "clang_3_9", "clang_4_0", "clang_5_0", "clang_6_0", "clang_7_0", "clang_8_0", "clang_9_0", "libcpp", "libloading", "runtime", "static"))' -C metadata=bb86a60edc73a159 -C extra-filename=-840a74164121ad87 --out-dir /opt/rustwide/target/debug/build/clang-sys/840a74164121ad87/out -L dependency=/opt/rustwide/target/debug/build/cfg-if/0cd556e75694e1fa/out --extern glob=/opt/rustwide/target/debug/build/glob/5e8f20fa4f3f4282/out/libglob-5e8f20fa4f3f4282.rmeta --extern libc=/opt/rustwide/target/debug/build/libc/ca82dd045705765a/out/liblibc-ca82dd045705765a.rmeta --extern libloading=/opt/rustwide/target/debug/build/libloading/f151274364ea8ef8/out/liblibloading-f151274364ea8ef8.rmeta --cap-lints allow --cap-lints=forbid --force-warn=unused_crate_dependencies` (signal: 9, SIGKILL: kill)
[INFO] [stderr] error: failed to run custom build command for `quiche v0.24.4`
[INFO] [stderr] note: To improve backtraces for build dependencies, set the CARGO_PROFILE_DEV_BUILD_OVERRIDE_DEBUG=true environment variable to enable debug information generation.
[INFO] [stderr] 
[INFO] [stderr] Caused by:
[INFO] [stderr]   process didn't exit successfully: `/opt/rustwide/target/debug/build/quiche/148c3544065682bd/out/build_script_build` (exit status: 101)
[INFO] [stderr]   --- stdout
[INFO] [stderr]   CMAKE_TOOLCHAIN_FILE_x86_64-unknown-linux-gnu = None
[INFO] [stderr]   CMAKE_TOOLCHAIN_FILE_x86_64_unknown_linux_gnu = None
[INFO] [stderr]   HOST_CMAKE_TOOLCHAIN_FILE = None
[INFO] [stderr]   CMAKE_TOOLCHAIN_FILE = None
[INFO] [stderr]   CMAKE_GENERATOR_x86_64-unknown-linux-gnu = None
[INFO] [stderr]   CMAKE_GENERATOR_x86_64_unknown_linux_gnu = None
[INFO] [stderr]   HOST_CMAKE_GENERATOR = None
[INFO] [stderr]   CMAKE_GENERATOR = None
[INFO] [stderr]   CMAKE_PREFIX_PATH_x86_64-unknown-linux-gnu = None
[INFO] [stderr]   CMAKE_PREFIX_PATH_x86_64_unknown_linux_gnu = None
[INFO] [stderr]   HOST_CMAKE_PREFIX_PATH = None
[INFO] [stderr]   CMAKE_PREFIX_PATH = None
[INFO] [stderr]   CMAKE_x86_64-unknown-linux-gnu = None
[INFO] [stderr]   CMAKE_x86_64_unknown_linux_gnu = None
[INFO] [stderr]   HOST_CMAKE = None
[INFO] [stderr]   CMAKE = None
[INFO] [stderr]   running: cd "/opt/rustwide/target/debug/build/quiche/14c3f7ec2a012322/out/build" && CMAKE_PREFIX_PATH="" LC_ALL="C" "cmake" "/opt/rustwide/cargo-home/registry/src/index.crates.io-1949cf8c6b5b557f/quiche-0.24.4/deps/boringssl" "-DCMAKE_INSTALL_PREFIX=/opt/rustwide/target/debug/build/quiche/14c3f7ec2a012322/out" "-DCMAKE_C_FLAGS= -ffunction-sections -fdata-sections -fPIC -m64" "-DCMAKE_C_COMPILER=/usr/bin/cc" "-DCMAKE_CXX_FLAGS= -ffunction-sections -fdata-sections -fPIC -m64" "-DCMAKE_CXX_COMPILER=/usr/bin/c++" "-DCMAKE_ASM_FLAGS= -ffunction-sections -fdata-sections -fPIC -m64" "-DCMAKE_ASM_COMPILER=/usr/bin/cc" "-DCMAKE_BUILD_TYPE=Debug"
[INFO] [stderr]   -- The C compiler identification is GNU 15.2.0
[INFO] [stderr]   -- The CXX compiler identification is GNU 15.2.0
[INFO] [stderr]   -- Detecting C compiler ABI info
[INFO] [stderr]   -- Detecting C compiler ABI info - done
[INFO] [stderr]   -- Check for working C compiler: /usr/bin/cc - skipped
[INFO] [stderr]   -- Detecting C compile features
[INFO] [stderr]   -- Detecting C compile features - done
[INFO] [stderr]   -- Detecting CXX compiler ABI info
[INFO] [stderr]   -- Detecting CXX compiler ABI info - done
[INFO] [stderr]   -- Check for working CXX compiler: /usr/bin/c++ - skipped
[INFO] [stderr]   -- Detecting CXX compile features
[INFO] [stderr]   -- Detecting CXX compile features - done
[INFO] [stderr]   -- The ASM compiler identification is GNU
[INFO] [stderr]   -- Found assembler: /usr/bin/cc
[INFO] [stderr]   -- Configuring done (1.4s)
[INFO] [stderr]   -- Generating done (0.2s)
[INFO] [stderr]   -- Build files have been written to: /opt/rustwide/target/debug/build/quiche/14c3f7ec2a012322/out/build
[INFO] [stderr]   running: cd "/opt/rustwide/target/debug/build/quiche/14c3f7ec2a012322/out/build" && LC_ALL="C" MAKEFLAGS="-j --jobserver-fds=4,5 --jobserver-auth=4,5" "cmake" "--build" "/opt/rustwide/target/debug/build/quiche/14c3f7ec2a012322/out/build" "--target" "ssl" "--config" "Debug"
[INFO] [stderr]   [  0%] Building CXX object CMakeFiles/ssl.dir/src/ssl/dtls_record.cc.o
[INFO] [stderr]   [  7%] Building CXX object CMakeFiles/ssl.dir/src/ssl/encrypted_client_hello.cc.o
[INFO] [stderr]   [  7%] Building CXX object CMakeFiles/ssl.dir/src/ssl/d1_lib.cc.o
[INFO] [stderr]   [  7%] Building CXX object CMakeFiles/ssl.dir/src/ssl/d1_pkt.cc.o
[INFO] [stderr]   [ 15%] Building CXX object CMakeFiles/ssl.dir/src/ssl/d1_both.cc.o
[INFO] [stderr]   [ 15%] Building CXX object CMakeFiles/ssl.dir/src/ssl/bio_ssl.cc.o
[INFO] [stderr]   [ 15%] Building CXX object CMakeFiles/ssl.dir/src/ssl/dtls_method.cc.o
[INFO] [stderr]   [ 15%] Building CXX object CMakeFiles/ssl.dir/src/ssl/extensions.cc.o
[INFO] [stderr]   [ 23%] Building CXX object CMakeFiles/ssl.dir/src/ssl/d1_srtp.cc.o
[INFO] [stderr]   [ 23%] Building CXX object CMakeFiles/ssl.dir/src/ssl/handoff.cc.o
[INFO] [stderr]   [ 30%] Building CXX object CMakeFiles/ssl.dir/src/ssl/handshake.cc.o
[INFO] [stderr]   [ 30%] Building CXX object CMakeFiles/ssl.dir/src/ssl/handshake_client.cc.o
[INFO] [stderr]   [ 30%] Building CXX object CMakeFiles/ssl.dir/src/ssl/handshake_server.cc.o
[INFO] [stderr]   [ 38%] Building CXX object CMakeFiles/ssl.dir/src/ssl/s3_both.cc.o
[INFO] [stderr]   [ 38%] Building CXX object CMakeFiles/ssl.dir/src/ssl/s3_lib.cc.o
[INFO] [stderr]   [ 38%] Building CXX object CMakeFiles/ssl.dir/src/ssl/s3_pkt.cc.o
[INFO] [stderr]   [ 46%] Building CXX object CMakeFiles/ssl.dir/src/ssl/ssl_aead_ctx.cc.o
[INFO] [stderr]   [ 46%] Building CXX object CMakeFiles/ssl.dir/src/ssl/ssl_asn1.cc.o
[INFO] [stderr]   [ 46%] Building CXX object CMakeFiles/ssl.dir/src/ssl/ssl_buffer.cc.o
[INFO] [stderr]   [ 53%] Building CXX object CMakeFiles/ssl.dir/src/ssl/ssl_cert.cc.o
[INFO] [stderr]   [ 53%] Building CXX object CMakeFiles/ssl.dir/src/ssl/ssl_cipher.cc.o
[INFO] [stderr]   [ 53%] Building CXX object CMakeFiles/ssl.dir/src/ssl/ssl_file.cc.o
[INFO] [stderr] 
[INFO] [stderr]   --- stderr
[INFO] [stderr]   CMake Deprecation Warning at CMakeLists.txt:7 (cmake_minimum_required):
[INFO] [stderr]     Compatibility with CMake < 3.10 will be removed from a future version of
[INFO] [stderr]     CMake.
[INFO] [stderr] 
[INFO] [stderr]     Update the VERSION argument <min> value.  Or, use the <min>...<max> syntax
[INFO] [stderr]     to tell CMake that the project requires at least <min> but has been updated
[INFO] [stderr]     to work with policies introduced by <max> or earlier.
[INFO] [stderr] 
[INFO] [stderr] 
[INFO] [stderr]   c++: fatal error: Killed signal terminated program cc1plus
[INFO] [stderr]   compilation terminated.
[INFO] [stderr]   gmake[3]: *** [CMakeFiles/ssl.dir/build.make:191: CMakeFiles/ssl.dir/src/ssl/extensions.cc.o] Error 1
[INFO] [stderr]   gmake[3]: *** Waiting for unfinished jobs....
[INFO] [stderr]   gmake[2]: *** [CMakeFiles/Makefile2:125: CMakeFiles/ssl.dir/all] Error 2
[INFO] [stderr]   gmake[1]: *** [CMakeFiles/Makefile2:132: CMakeFiles/ssl.dir/rule] Error 2
[INFO] [stderr]   gmake: *** [Makefile:137: ssl] Error 2
[INFO] [stderr] 
[INFO] [stderr]   thread 'main' (419) panicked at /opt/rustwide/cargo-home/registry/src/index.crates.io-1949cf8c6b5b557f/cmake-0.1.54/src/lib.rs:1119:5:
[INFO] [stderr] 
[INFO] [stderr]   command did not execute successfully, got: exit status: 2
[INFO] [stderr] 
[INFO] [stderr]   build script failed, must exit now
[INFO] [stderr]   stack backtrace:
[INFO] [stderr]      0:     0x610f2f296fd1 - std[dcd3b59013b76480]::backtrace_rs::backtrace::libunwind::trace
[INFO] [stderr]                                  at /rustc/018018e881e2db0956f229dbb543e21f058d1ce7/library/std/src/../../backtrace/src/backtrace/libunwind.rs:117:9
[INFO] [stderr]      1:     0x610f2f296fd1 - std[dcd3b59013b76480]::backtrace_rs::backtrace::trace_unsynchronized::<std[dcd3b59013b76480]::sys::backtrace::_print_fmt::{closure#1}>
[INFO] [stderr]                                  at /rustc/018018e881e2db0956f229dbb543e21f058d1ce7/library/std/src/../../backtrace/src/backtrace/mod.rs:66:14
[INFO] [stderr]      2:     0x610f2f296fd1 - std[dcd3b59013b76480]::sys::backtrace::_print_fmt
[INFO] [stderr]                                  at /rustc/018018e881e2db0956f229dbb543e21f058d1ce7/library/std/src/sys/backtrace.rs:74:9
[INFO] [stderr]      3:     0x610f2f296fd1 - <<std[dcd3b59013b76480]::sys::backtrace::BacktraceLock>::print::DisplayBacktrace as core[8037452b210bb549]::fmt::Display>::fmt
[INFO] [stderr]                                  at /rustc/018018e881e2db0956f229dbb543e21f058d1ce7/library/std/src/sys/backtrace.rs:44:26
[INFO] [stderr]      4:     0x610f2f2aaf6a - <core[8037452b210bb549]::fmt::rt::Argument>::fmt
[INFO] [stderr]                                  at /rustc/018018e881e2db0956f229dbb543e21f058d1ce7/library/core/src/fmt/rt.rs:152:76
[INFO] [stderr]      5:     0x610f2f2aaf6a - core[8037452b210bb549]::fmt::write
[INFO] [stderr]      6:     0x610f2f29c82c - core[8037452b210bb549]::io::write::default_write_fmt::<std[dcd3b59013b76480]::sys::stdio::unix::Stderr>
[INFO] [stderr]                                  at /rustc/018018e881e2db0956f229dbb543e21f058d1ce7/library/core/src/io/write.rs:402:11
[INFO] [stderr]      7:     0x610f2f29c82c - <std[dcd3b59013b76480]::sys::stdio::unix::Stderr as core[8037452b210bb549]::io::write::Write>::write_fmt
[INFO] [stderr]                                  at /rustc/018018e881e2db0956f229dbb543e21f058d1ce7/library/core/src/io/write.rs:335:13
[INFO] [stderr]      8:     0x610f2f2767b6 - <std[dcd3b59013b76480]::sys::backtrace::BacktraceLock>::print
[INFO] [stderr]                                  at /rustc/018018e881e2db0956f229dbb543e21f058d1ce7/library/std/src/sys/backtrace.rs:47:9
[INFO] [stderr]      9:     0x610f2f2767b6 - std[dcd3b59013b76480]::panicking::default_hook::{closure#0}
[INFO] [stderr]                                  at /rustc/018018e881e2db0956f229dbb543e21f058d1ce7/library/std/src/panicking.rs:289:27
[INFO] [stderr]     10:     0x610f2f291d01 - std[dcd3b59013b76480]::panicking::default_hook
[INFO] [stderr]                                  at /rustc/018018e881e2db0956f229dbb543e21f058d1ce7/library/std/src/panicking.rs:316:9
[INFO] [stderr]     11:     0x610f2f291ebb - std[dcd3b59013b76480]::panicking::panic_with_hook
[INFO] [stderr]                                  at /rustc/018018e881e2db0956f229dbb543e21f058d1ce7/library/std/src/panicking.rs:811:13
[INFO] [stderr]     12:     0x610f2f276862 - std[dcd3b59013b76480]::panicking::panic_handler::{closure#0}
[INFO] [stderr]                                  at /rustc/018018e881e2db0956f229dbb543e21f058d1ce7/library/std/src/panicking.rs:685:13
[INFO] [stderr]     13:     0x610f2f2706d9 - std[dcd3b59013b76480]::sys::backtrace::__rust_end_short_backtrace::<std[dcd3b59013b76480]::panicking::panic_handler::{closure#0}, !>
[INFO] [stderr]                                  at /rustc/018018e881e2db0956f229dbb543e21f058d1ce7/library/std/src/sys/backtrace.rs:182:18
[INFO] [stderr]     14:     0x610f2f27704d - __rustc[cc27b9c236b2089c]::rust_begin_unwind
[INFO] [stderr]                                  at /rustc/018018e881e2db0956f229dbb543e21f058d1ce7/library/std/src/panicking.rs:676:5
[INFO] [stderr]     15:     0x610f2f2ab75c - core[8037452b210bb549]::panicking::panic_fmt
[INFO] [stderr]                                  at /rustc/018018e881e2db0956f229dbb543e21f058d1ce7/library/core/src/panicking.rs:80:14
[INFO] [stderr]     16:     0x610f2f206f97 - cmake[1f0c063719398a30]::fail
[INFO] [stderr]     17:     0x610f2f206c23 - cmake[1f0c063719398a30]::run
[INFO] [stderr]     18:     0x610f2f20cb34 - <cmake[1f0c063719398a30]::Config>::build
[INFO] [stderr]     19:     0x610f2f1f7134 - build_script_build[7681b2e162132444]::main::{closure#0}
[INFO] [stderr]     20:     0x610f2f1f6847 - <core[8037452b210bb549]::result::Result<alloc[b21d646a7c134046]::string::String, std[dcd3b59013b76480]::env::VarError>>::unwrap_or_else::<build_script_build[7681b2e162132444]::main::{closure#0}>
[INFO] [stderr]     21:     0x610f2f1f8540 - build_script_build[7681b2e162132444]::main
[INFO] [stderr]     22:     0x610f2f1f9e3b - <fn() as core[8037452b210bb549]::ops::function::FnOnce<()>>::call_once
[INFO] [stderr]     23:     0x610f2f1f706e - std[dcd3b59013b76480]::sys::backtrace::__rust_begin_short_backtrace::<fn(), ()>
[INFO] [stderr]     24:     0x610f2f1f7079 - std[dcd3b59013b76480]::rt::lang_start::<()>::{closure#0}
[INFO] [stderr]     25:     0x610f2f291008 - <&dyn core[8037452b210bb549]::ops::function::Fn<(), Output = i32> + core[8037452b210bb549]::panic::unwind_safe::RefUnwindSafe + core[8037452b210bb549]::marker::Sync as core[8037452b210bb549]::ops::function::FnOnce<()>>::call_once
[INFO] [stderr]                                  at /rustc/018018e881e2db0956f229dbb543e21f058d1ce7/library/core/src/ops/function.rs:287:21
[INFO] [stderr]     26:     0x610f2f291008 - std[dcd3b59013b76480]::panicking::catch_unwind::do_call::<&dyn core[8037452b210bb549]::ops::function::Fn<(), Output = i32> + core[8037452b210bb549]::panic::unwind_safe::RefUnwindSafe + core[8037452b210bb549]::marker::Sync, i32>
[INFO] [stderr]                                  at /rustc/018018e881e2db0956f229dbb543e21f058d1ce7/library/std/src/panicking.rs:573:43
[INFO] [stderr]     27:     0x610f2f291008 - std[dcd3b59013b76480]::panicking::catch_unwind::<i32, &dyn core[8037452b210bb549]::ops::function::Fn<(), Output = i32> + core[8037452b210bb549]::panic::unwind_safe::RefUnwindSafe + core[8037452b210bb549]::marker::Sync>
[INFO] [stderr]                                  at /rustc/018018e881e2db0956f229dbb543e21f058d1ce7/library/std/src/panicking.rs:541:19
[INFO] [stderr]     28:     0x610f2f291008 - std[dcd3b59013b76480]::panic::catch_unwind::<&dyn core[8037452b210bb549]::ops::function::Fn<(), Output = i32> + core[8037452b210bb549]::panic::unwind_safe::RefUnwindSafe + core[8037452b210bb549]::marker::Sync, i32>
[INFO] [stderr]                                  at /rustc/018018e881e2db0956f229dbb543e21f058d1ce7/library/std/src/panic.rs:359:14
[INFO] [stderr]     29:     0x610f2f291008 - std[dcd3b59013b76480]::rt::lang_start_internal::{closure#0}
[INFO] [stderr]                                  at /rustc/018018e881e2db0956f229dbb543e21f058d1ce7/library/std/src/rt.rs:175:24
[INFO] [stderr]     30:     0x610f2f291008 - std[dcd3b59013b76480]::panicking::catch_unwind::do_call::<std[dcd3b59013b76480]::rt::lang_start_internal::{closure#0}, isize>
[INFO] [stderr]                                  at /rustc/018018e881e2db0956f229dbb543e21f058d1ce7/library/std/src/panicking.rs:573:43
[INFO] [stderr]     31:     0x610f2f291008 - std[dcd3b59013b76480]::panicking::catch_unwind::<isize, std[dcd3b59013b76480]::rt::lang_start_internal::{closure#0}>
[INFO] [stderr]                                  at /rustc/018018e881e2db0956f229dbb543e21f058d1ce7/library/std/src/panicking.rs:541:19
[INFO] [stderr]     32:     0x610f2f291008 - std[dcd3b59013b76480]::panic::catch_unwind::<std[dcd3b59013b76480]::rt::lang_start_internal::{closure#0}, isize>
[INFO] [stderr]                                  at /rustc/018018e881e2db0956f229dbb543e21f058d1ce7/library/std/src/panic.rs:359:14
[INFO] [stderr]     33:     0x610f2f291008 - std[dcd3b59013b76480]::rt::lang_start_internal
[INFO] [stderr]                                  at /rustc/018018e881e2db0956f229dbb543e21f058d1ce7/library/std/src/rt.rs:171:5
[INFO] [stderr]     34:     0x610f2f1f7061 - std[dcd3b59013b76480]::rt::lang_start::<()>
[INFO] [stderr]     35:     0x610f2f1f9eb5 - main
[INFO] [stderr]     36:     0x785d69e72601 - <unknown>
[INFO] [stderr]     37:     0x785d69e72718 - __libc_start_main
[INFO] [stderr]     38:     0x610f2f1f5ae5 - _start
[INFO] [stderr]     39:                0x0 - <unknown>
[INFO] running `Command { std: "docker" "inspect" "8d8a77ef9ec5b288d1cc82537db090e000bac3daa326f90527ede96d28187609", kill_on_drop: false }`
[INFO] running `Command { std: "docker" "rm" "-f" "8d8a77ef9ec5b288d1cc82537db090e000bac3daa326f90527ede96d28187609", kill_on_drop: false }`
[INFO] [stdout] 8d8a77ef9ec5b288d1cc82537db090e000bac3daa326f90527ede96d28187609
