[INFO] fetching crate acu 0.4.1...
[INFO] checking acu-0.4.1 against a621e2b446eafb53c7a8569f225e0b8cc2429a68 for pr-162600
[INFO] extracting crate acu 0.4.1 into /workspace/builds/worker-4-tc2/source
[INFO] started tweaking crates.io crate acu 0.4.1
[INFO] removed 0 missing examples
[INFO] finished tweaking crates.io crate acu 0.4.1
[INFO] tweaked toml for crates.io crate acu 0.4.1 written to /workspace/builds/worker-4-tc2/source/Cargo.toml
[INFO] validating manifest of crates.io crate acu 0.4.1 on toolchain a621e2b446eafb53c7a8569f225e0b8cc2429a68
[INFO] running `Command { std: CARGO_HOME="/workspace/cargo-home" RUSTUP_HOME="/workspace/rustup-home" "/workspace/cargo-home/bin/cargo" "+a621e2b446eafb53c7a8569f225e0b8cc2429a68" "metadata" "--manifest-path" "Cargo.toml" "--no-deps", kill_on_drop: false }`
[INFO] crate crates.io crate acu 0.4.1 already has a lockfile, it will not be regenerated
[INFO] running `Command { std: CARGO_HOME="/workspace/cargo-home" RUSTUP_HOME="/workspace/rustup-home" "/workspace/cargo-home/bin/cargo" "+a621e2b446eafb53c7a8569f225e0b8cc2429a68" "fetch" "--manifest-path" "Cargo.toml", kill_on_drop: false }`
[INFO] [stderr] warning: explicit `package.readme` can be inferred
[INFO] [stderr]   --> Cargo.toml:60:1
[INFO] [stderr]    |
[INFO] [stderr] 60 | readme = "README.md"
[INFO] [stderr]    | ^^^^^^^^^^^^^^^^^^^^
[INFO] [stderr]    |
[INFO] [stderr]    = note: `cargo::manual_readme` is set to `warn` by default
[INFO] [stderr] help: consider removing `package.readme`
[INFO] [stderr] warning: `acu` (manifest) generated 1 warning
[INFO] [stderr]     Blocking waiting for file lock on package cache
[INFO] [stderr]     Blocking waiting for file lock on package cache
[INFO] [stderr]  Downloading crates ...
[INFO] [stderr]   Downloaded serde-value v0.6.0
[INFO] [stderr]   Downloaded thread-id v3.3.0
[INFO] [stderr]   Downloaded simple-log v1.5.1
[INFO] [stderr]   Downloaded log4rs v0.13.0
[INFO] [stderr]   Downloaded convert_case v0.5.0
[INFO] [stderr]   Downloaded ordered-float v1.1.1
[INFO] [stderr]   Downloaded arc-swap v0.4.8
[INFO] running `Command { std: "docker" "create" "-v" "/var/lib/crater-agent-workspace/builds/worker-4-tc2/source:/opt/rustwide/workdir:ro,Z" "-v" "/var/lib/crater-agent-workspace/builds/worker-4-tc2/target:/opt/rustwide/target:rw,Z" "-v" "/var/lib/crater-agent-workspace/cargo-home:/opt/rustwide/cargo-home:ro,Z" "-v" "/var/lib/crater-agent-workspace/rustup-home:/opt/rustwide/rustup-home:ro,Z" "-m" "1610612736" "--network" "none" "ghcr.io/rust-lang/crates-build-env/linux@sha256:8683fc1fc2eb5c9ac98e0d076ab094b2ffac7f99da555d2b6a2e27f346de2ec7" "sleep" "infinity", kill_on_drop: false }`
[INFO] [stdout] 65b0be45b339c5e914192dbe7774eba40b5cd08bfeb611724cf27a6285854e9f
[INFO] running `Command { std: "docker" "start" "65b0be45b339c5e914192dbe7774eba40b5cd08bfeb611724cf27a6285854e9f", kill_on_drop: false }`
[INFO] running `Command { std: "docker" "inspect" "65b0be45b339c5e914192dbe7774eba40b5cd08bfeb611724cf27a6285854e9f", kill_on_drop: false }`
[INFO] running `Command { std: "docker" "exec" "-e" "SOURCE_DIR=/opt/rustwide/workdir" "-e" "CARGO_HOME=/opt/rustwide/cargo-home" "-e" "RUSTUP_HOME=/opt/rustwide/rustup-home" "-e" "CARGO_TARGET_DIR=/opt/rustwide/target" "-w" "/opt/rustwide/workdir" "--user" "0:0" "65b0be45b339c5e914192dbe7774eba40b5cd08bfeb611724cf27a6285854e9f" "/opt/rustwide/cargo-home/bin/cargo" "+a621e2b446eafb53c7a8569f225e0b8cc2429a68" "metadata" "--no-deps" "--format-version=1", kill_on_drop: false }`
[INFO] running `Command { std: "docker" "inspect" "65b0be45b339c5e914192dbe7774eba40b5cd08bfeb611724cf27a6285854e9f", kill_on_drop: false }`
[INFO] running `Command { std: "docker" "exec" "-e" "SOURCE_DIR=/opt/rustwide/workdir" "-e" "CARGO_HOME=/opt/rustwide/cargo-home" "-e" "RUSTUP_HOME=/opt/rustwide/rustup-home" "-e" "CARGO_TARGET_DIR=/opt/rustwide/target" "-e" "CARGO_INCREMENTAL=0" "-e" "RUST_BACKTRACE=full" "-e" "RUSTFLAGS=--cap-lints=forbid" "-e" "RUSTDOCFLAGS=--cap-lints=forbid" "-w" "/opt/rustwide/workdir" "--user" "0:0" "65b0be45b339c5e914192dbe7774eba40b5cd08bfeb611724cf27a6285854e9f" "/opt/rustwide/cargo-home/bin/cargo" "+a621e2b446eafb53c7a8569f225e0b8cc2429a68" "check" "--frozen" "--all" "--all-targets" "--message-format=json", kill_on_drop: false }`
[INFO] [stderr] warning: explicit `package.readme` can be inferred
[INFO] [stderr]   --> Cargo.toml:60:1
[INFO] [stderr]    |
[INFO] [stderr] 60 | readme = "README.md"
[INFO] [stderr]    | ^^^^^^^^^^^^^^^^^^^^
[INFO] [stderr]    |
[INFO] [stderr]    = note: `cargo::manual_readme` is set to `warn` by default
[INFO] [stderr] help: consider removing `package.readme`
[INFO] [stderr] warning: `acu` (manifest) generated 1 warning
[INFO] [stderr]    Compiling proc-macro2 v1.0.36
[INFO] [stderr]    Compiling syn v1.0.90
[INFO] [stderr]    Compiling log v0.4.16
[INFO] [stderr]    Compiling memchr v2.4.1
[INFO] [stderr]    Compiling parking_lot_core v0.9.1
[INFO] [stderr]     Checking pin-project-lite v0.2.8
[INFO] [stderr]    Compiling libc v0.2.121
[INFO] [stderr]    Compiling serde v1.0.136
[INFO] [stderr]    Compiling num-traits v0.2.14
[INFO] [stderr]     Checking lock_api v0.4.6
[INFO] [stderr]    Compiling futures-channel v0.3.21
[INFO] [stderr]    Compiling indexmap v1.8.0
[INFO] [stderr]    Compiling miniz_oxide v0.4.4
[INFO] [stderr]    Compiling num-integer v0.1.44
[INFO] [stderr]     Checking linked-hash-map v0.5.4
[INFO] [stderr]    Compiling serde_json v1.0.79
[INFO] [stderr]     Checking hashbrown v0.11.2
[INFO] [stderr]     Checking traitobject v0.1.0
[INFO] [stdout] error[E0119]: conflicting implementations of trait `Trait` for type `(dyn Send + Sync + 'static)`
[INFO] [stdout]   --> /opt/rustwide/cargo-home/registry/src/index.crates.io-1949cf8c6b5b557f/traitobject-0.1.0/src/impls.rs:72:1
[INFO] [stdout]    |
[INFO] [stdout] 71 | unsafe impl Trait for ::std::marker::Send + Sync { }
[INFO] [stdout]    | ------------------------------------------------ first implementation here
[INFO] [stdout] 72 | unsafe impl Trait for ::std::marker::Send + Send + Sync { }
[INFO] [stdout]    | ^^^^^^^^^^^^^^^^^^^^^^^^^^^^^^^^^^^^^^^^^^^^^^^^^^^^^^^ conflicting implementation for `(dyn Send + Sync + 'static)`
[INFO] [stdout] 
[INFO] [stdout] 
[INFO] [stdout] error[E0119]: conflicting implementations of trait `Trait` for type `(dyn Send + Sync + 'static)`
[INFO] [stdout]   --> /opt/rustwide/cargo-home/registry/src/index.crates.io-1949cf8c6b5b557f/traitobject-0.1.0/src/impls.rs:73:1
[INFO] [stdout]    |
[INFO] [stdout] 71 | unsafe impl Trait for ::std::marker::Send + Sync { }
[INFO] [stdout]    | ------------------------------------------------ first implementation here
[INFO] [stdout] 72 | unsafe impl Trait for ::std::marker::Send + Send + Sync { }
[INFO] [stdout] 73 | unsafe impl Trait for ::std::marker::Sync + Send { }
[INFO] [stdout]    | ^^^^^^^^^^^^^^^^^^^^^^^^^^^^^^^^^^^^^^^^^^^^^^^^ conflicting implementation for `(dyn Send + Sync + 'static)`
[INFO] [stdout] 
[INFO] [stdout] 
[INFO] [stdout] error[E0119]: conflicting implementations of trait `Trait` for type `(dyn Send + Sync + 'static)`
[INFO] [stdout]   --> /opt/rustwide/cargo-home/registry/src/index.crates.io-1949cf8c6b5b557f/traitobject-0.1.0/src/impls.rs:75:1
[INFO] [stdout]    |
[INFO] [stdout] 71 | unsafe impl Trait for ::std::marker::Send + Sync { }
[INFO] [stdout]    | ------------------------------------------------ first implementation here
[INFO] [stdout] ...
[INFO] [stdout] 75 | unsafe impl Trait for ::std::marker::Sync + Send + Sync { }
[INFO] [stdout]    | ^^^^^^^^^^^^^^^^^^^^^^^^^^^^^^^^^^^^^^^^^^^^^^^^^^^^^^^ conflicting implementation for `(dyn Send + Sync + 'static)`
[INFO] [stdout] 
[INFO] [stdout] 
[INFO] [stdout] For more information about this error, try `rustc --explain E0119`.
[INFO] [stdout] 
[INFO] [stderr]     Checking slab v0.4.5
[INFO] [stderr] error: could not compile `traitobject` (lib) due to 3 previous errors
[INFO] [stderr] warning: build failed, waiting for other jobs to finish...
[INFO] running `Command { std: "docker" "inspect" "65b0be45b339c5e914192dbe7774eba40b5cd08bfeb611724cf27a6285854e9f", kill_on_drop: false }`
[INFO] running `Command { std: "docker" "rm" "-f" "65b0be45b339c5e914192dbe7774eba40b5cd08bfeb611724cf27a6285854e9f", kill_on_drop: false }`
[INFO] [stdout] 65b0be45b339c5e914192dbe7774eba40b5cd08bfeb611724cf27a6285854e9f
