[INFO] cloning repository https://github.com/try-fun/blog_os
[INFO] running `Command { std: "git" "-c" "credential.helper=" "-c" "credential.helper=/workspace/cargo-home/bin/git-credential-null" "clone" "--bare" "https://github.com/try-fun/blog_os" "/workspace/cache/git-repos/https%3A%2F%2Fgithub.com%2Ftry-fun%2Fblog_os", kill_on_drop: false }`
[INFO] [stderr] Cloning into bare repository '/workspace/cache/git-repos/https%3A%2F%2Fgithub.com%2Ftry-fun%2Fblog_os'...
[INFO] running `Command { std: "git" "rev-parse" "HEAD", kill_on_drop: false }`
[INFO] [stdout] 99d445f56e5bcd7b7fb172670822f4286cbb91e9
[INFO] checking try-fun/blog_os against a621e2b446eafb53c7a8569f225e0b8cc2429a68 for pr-162600
[INFO] running `Command { std: "git" "clone" "/workspace/cache/git-repos/https%3A%2F%2Fgithub.com%2Ftry-fun%2Fblog_os" "/workspace/builds/worker-7-tc2/source", kill_on_drop: false }`
[INFO] [stderr] Cloning into '/workspace/builds/worker-7-tc2/source'...
[INFO] [stderr] done.
[INFO] removed /workspace/builds/worker-7-tc2/source/.cargo/config.toml
[INFO] removed /workspace/builds/worker-7-tc2/source/rust-toolchain
[INFO] started tweaking git repo https://github.com/try-fun/blog_os
[INFO] finished tweaking git repo https://github.com/try-fun/blog_os
[INFO] tweaked toml for git repo https://github.com/try-fun/blog_os written to /workspace/builds/worker-7-tc2/source/Cargo.toml
[INFO] validating manifest of git repo https://github.com/try-fun/blog_os on toolchain a621e2b446eafb53c7a8569f225e0b8cc2429a68
[INFO] running `Command { std: CARGO_HOME="/workspace/cargo-home" RUSTUP_HOME="/workspace/rustup-home" "/workspace/cargo-home/bin/cargo" "+a621e2b446eafb53c7a8569f225e0b8cc2429a68" "metadata" "--manifest-path" "Cargo.toml" "--no-deps", kill_on_drop: false }`
[INFO] crate git repo https://github.com/try-fun/blog_os already has a lockfile, it will not be regenerated
[INFO] running `Command { std: CARGO_HOME="/workspace/cargo-home" RUSTUP_HOME="/workspace/rustup-home" "/workspace/cargo-home/bin/cargo" "+a621e2b446eafb53c7a8569f225e0b8cc2429a68" "fetch" "--manifest-path" "Cargo.toml", kill_on_drop: false }`
[INFO] [stderr] warning: binary `blog_os` should have a kebab-case name
[INFO] [stderr]    |
[INFO] [stderr]  1 | /workspace/builds/worker-7-tc2/source/target/.../blog_os
[INFO] [stderr]    |                                                  ^^^^^^^
[INFO] [stderr]    |
[INFO] [stderr]    = note: `cargo::non_kebab_case_bins` is set to `warn` by default
[INFO] [stderr] help: to change the binary name to `blog-os`, convert `package.name`
[INFO] [stderr]   --> Cargo.toml:34:8
[INFO] [stderr]    |
[INFO] [stderr] 34 - name = "blog_os"
[INFO] [stderr] 34 + name = "blog-os"
[INFO] [stderr]    |
[INFO] [stderr] help: to change the binary name to `blog-os`, specify `bin.name`
[INFO] [stderr]   --> Cargo.toml:45:17
[INFO] [stderr]    |
[INFO] [stderr] 45 ~ panic = "abort"
[INFO] [stderr] 46 + [[bin]]
[INFO] [stderr] 47 + name = "blog-os"
[INFO] [stderr] 48 + path = "src/main.rs"
[INFO] [stderr]    |
[INFO] [stderr] warning: `blog_os` (manifest) generated 1 warning
[INFO] [stderr]     Blocking waiting for file lock on package cache
[INFO] [stderr]     Blocking waiting for file lock on package cache
[ERROR] error running command: no output for 300 seconds
[INFO] checking try-fun/blog_os against a621e2b446eafb53c7a8569f225e0b8cc2429a68 for pr-162600
[INFO] running `Command { std: "git" "clone" "/workspace/cache/git-repos/https%3A%2F%2Fgithub.com%2Ftry-fun%2Fblog_os" "/workspace/builds/worker-7-tc2/source", kill_on_drop: false }`
[INFO] [stderr] Cloning into '/workspace/builds/worker-7-tc2/source'...
[INFO] [stderr] done.
[INFO] removed /workspace/builds/worker-7-tc2/source/.cargo/config.toml
[INFO] removed /workspace/builds/worker-7-tc2/source/rust-toolchain
[INFO] started tweaking git repo https://github.com/try-fun/blog_os
[INFO] finished tweaking git repo https://github.com/try-fun/blog_os
[INFO] tweaked toml for git repo https://github.com/try-fun/blog_os written to /workspace/builds/worker-7-tc2/source/Cargo.toml
[INFO] validating manifest of git repo https://github.com/try-fun/blog_os on toolchain a621e2b446eafb53c7a8569f225e0b8cc2429a68
[INFO] running `Command { std: CARGO_HOME="/workspace/cargo-home" RUSTUP_HOME="/workspace/rustup-home" "/workspace/cargo-home/bin/cargo" "+a621e2b446eafb53c7a8569f225e0b8cc2429a68" "metadata" "--manifest-path" "Cargo.toml" "--no-deps", kill_on_drop: false }`
[INFO] crate git repo https://github.com/try-fun/blog_os already has a lockfile, it will not be regenerated
[INFO] running `Command { std: CARGO_HOME="/workspace/cargo-home" RUSTUP_HOME="/workspace/rustup-home" "/workspace/cargo-home/bin/cargo" "+a621e2b446eafb53c7a8569f225e0b8cc2429a68" "fetch" "--manifest-path" "Cargo.toml", kill_on_drop: false }`
[INFO] [stderr] warning: binary `blog_os` should have a kebab-case name
[INFO] [stderr]    |
[INFO] [stderr]  1 | /workspace/builds/worker-7-tc2/source/target/.../blog_os
[INFO] [stderr]    |                                                  ^^^^^^^
[INFO] [stderr]    |
[INFO] [stderr]    = note: `cargo::non_kebab_case_bins` is set to `warn` by default
[INFO] [stderr] help: to change the binary name to `blog-os`, convert `package.name`
[INFO] [stderr]   --> Cargo.toml:34:8
[INFO] [stderr]    |
[INFO] [stderr] 34 - name = "blog_os"
[INFO] [stderr] 34 + name = "blog-os"
[INFO] [stderr]    |
[INFO] [stderr] help: to change the binary name to `blog-os`, specify `bin.name`
[INFO] [stderr]   --> Cargo.toml:45:17
[INFO] [stderr]    |
[INFO] [stderr] 45 ~ panic = "abort"
[INFO] [stderr] 46 + [[bin]]
[INFO] [stderr] 47 + name = "blog-os"
[INFO] [stderr] 48 + path = "src/main.rs"
[INFO] [stderr]    |
[INFO] [stderr] warning: `blog_os` (manifest) generated 1 warning
[INFO] [stderr]     Blocking waiting for file lock on package cache
[INFO] [stderr]     Blocking waiting for file lock on package cache
[INFO] [stderr]  Downloading crates ...
[INFO] [stderr]   Downloaded futures-task v0.3.24
[INFO] [stderr]   Downloaded rustversion v1.0.9
[INFO] [stderr]   Downloaded futures-util v0.3.24
[INFO] [stderr]   Downloaded futures-core v0.3.24
[INFO] running `Command { std: "docker" "create" "-v" "/var/lib/crater-agent-workspace/builds/worker-7-tc2/source:/opt/rustwide/workdir:ro,Z" "-v" "/var/lib/crater-agent-workspace/builds/worker-7-tc2/target:/opt/rustwide/target:rw,Z" "-v" "/var/lib/crater-agent-workspace/cargo-home:/opt/rustwide/cargo-home:ro,Z" "-v" "/var/lib/crater-agent-workspace/rustup-home:/opt/rustwide/rustup-home:ro,Z" "-m" "1610612736" "--network" "none" "ghcr.io/rust-lang/crates-build-env/linux@sha256:8683fc1fc2eb5c9ac98e0d076ab094b2ffac7f99da555d2b6a2e27f346de2ec7" "sleep" "infinity", kill_on_drop: false }`
[INFO] [stdout] 2efdf43d2684ce424c053d1e1ec4c05bbe993727790ad1ef9c6bb20499925dd7
[INFO] running `Command { std: "docker" "start" "2efdf43d2684ce424c053d1e1ec4c05bbe993727790ad1ef9c6bb20499925dd7", kill_on_drop: false }`
[INFO] running `Command { std: "docker" "inspect" "2efdf43d2684ce424c053d1e1ec4c05bbe993727790ad1ef9c6bb20499925dd7", kill_on_drop: false }`
[INFO] running `Command { std: "docker" "exec" "-e" "SOURCE_DIR=/opt/rustwide/workdir" "-e" "CARGO_HOME=/opt/rustwide/cargo-home" "-e" "RUSTUP_HOME=/opt/rustwide/rustup-home" "-e" "CARGO_TARGET_DIR=/opt/rustwide/target" "-w" "/opt/rustwide/workdir" "--user" "0:0" "2efdf43d2684ce424c053d1e1ec4c05bbe993727790ad1ef9c6bb20499925dd7" "/opt/rustwide/cargo-home/bin/cargo" "+a621e2b446eafb53c7a8569f225e0b8cc2429a68" "metadata" "--no-deps" "--format-version=1", kill_on_drop: false }`
[INFO] running `Command { std: "docker" "inspect" "2efdf43d2684ce424c053d1e1ec4c05bbe993727790ad1ef9c6bb20499925dd7", kill_on_drop: false }`
[INFO] running `Command { std: "docker" "exec" "-e" "SOURCE_DIR=/opt/rustwide/workdir" "-e" "CARGO_HOME=/opt/rustwide/cargo-home" "-e" "RUSTUP_HOME=/opt/rustwide/rustup-home" "-e" "CARGO_TARGET_DIR=/opt/rustwide/target" "-e" "CARGO_INCREMENTAL=0" "-e" "RUST_BACKTRACE=full" "-e" "RUSTFLAGS=--cap-lints=forbid" "-e" "RUSTDOCFLAGS=--cap-lints=forbid" "-w" "/opt/rustwide/workdir" "--user" "0:0" "2efdf43d2684ce424c053d1e1ec4c05bbe993727790ad1ef9c6bb20499925dd7" "/opt/rustwide/cargo-home/bin/cargo" "+a621e2b446eafb53c7a8569f225e0b8cc2429a68" "check" "--frozen" "--all" "--all-targets" "--message-format=json", kill_on_drop: false }`
[INFO] [stderr] warning: binary `blog_os` should have a kebab-case name
[INFO] [stderr]    |
[INFO] [stderr]  1 | /opt/rustwide/target/.../blog_os
[INFO] [stderr]    |                          ^^^^^^^
[INFO] [stderr]    |
[INFO] [stderr]    = note: `cargo::non_kebab_case_bins` is set to `warn` by default
[INFO] [stderr] help: to change the binary name to `blog-os`, convert `package.name`
[INFO] [stderr]   --> Cargo.toml:34:8
[INFO] [stderr]    |
[INFO] [stderr] 34 - name = "blog_os"
[INFO] [stderr] 34 + name = "blog-os"
[INFO] [stderr]    |
[INFO] [stderr] help: to change the binary name to `blog-os`, specify `bin.name`
[INFO] [stderr]   --> Cargo.toml:45:17
[INFO] [stderr]    |
[INFO] [stderr] 45 ~ panic = "abort"
[INFO] [stderr] 46 + [[bin]]
[INFO] [stderr] 47 + name = "blog-os"
[INFO] [stderr] 48 + path = "src/main.rs"
[INFO] [stderr]    |
[INFO] [stderr] warning: `blog_os` (manifest) generated 1 warning
[INFO] [stderr]    Compiling lock_api v0.4.9
[INFO] [stderr]    Compiling rustversion v1.0.9
[INFO] [stderr]    Compiling crossbeam-utils v0.7.2
[INFO] [stderr]    Compiling futures-core v0.3.24
[INFO] [stderr]    Compiling futures-task v0.3.24
[INFO] [stderr]    Compiling bootloader v0.9.23
[INFO] [stderr]    Compiling futures-util v0.3.24
[INFO] [stderr]     Checking scopeguard v1.1.0
[INFO] [stderr]     Checking bit_field v0.10.1
[INFO] [stderr]     Checking volatile v0.4.5
[INFO] [stderr]     Checking bitflags v1.3.2
[INFO] [stderr]     Checking conquer-util v0.2.0
[INFO] [stderr]     Checking cfg-if v0.1.10
[INFO] [stderr]     Checking lazy_static v1.4.0
[INFO] [stderr]     Checking maybe-uninit v2.0.0
[INFO] [stderr]     Checking pin-utils v0.1.0
[INFO] [stderr]     Checking pc-keyboard v0.5.1
[INFO] [stderr]     Checking pin-project-lite v0.2.9
[INFO] [stderr]     Checking spin v0.5.2
[INFO] [stderr]     Checking volatile v0.2.7
[INFO] [stderr]     Checking conquer-once v0.2.1
[INFO] [stderr]     Checking spinning_top v0.2.4
[INFO] [stderr]     Checking spin v0.9.4
[INFO] [stderr]     Checking linked_list_allocator v0.9.1
[INFO] [stderr]     Checking crossbeam-queue v0.2.3
[INFO] [stderr]     Checking x86_64 v0.14.10
[INFO] [stdout] error[E0053]: method `steps_between` has an incompatible type for trait
[INFO] [stdout]    --> /opt/rustwide/cargo-home/registry/src/index.crates.io-1949cf8c6b5b557f/x86_64-0.14.10/src/addr.rs:348:51
[INFO] [stdout]     |
[INFO] [stdout] 348 |     fn steps_between(start: &Self, end: &Self) -> Option<usize> {
[INFO] [stdout]     |                                                   ^^^^^^^^^^^^^ expected `(usize, Option<usize>)`, found `Option<usize>`
[INFO] [stdout]     |
[INFO] [stdout]     = note: expected signature `fn(&VirtAddr, &VirtAddr) -> (usize, Option<usize>)`
[INFO] [stdout]                found signature `fn(&VirtAddr, &VirtAddr) -> Option<usize>`
[INFO] [stdout] help: change the output type to match the trait
[INFO] [stdout]     |
[INFO] [stdout] 348 -     fn steps_between(start: &Self, end: &Self) -> Option<usize> {
[INFO] [stdout] 348 +     fn steps_between(start: &Self, end: &Self) -> (usize, Option<usize>) {
[INFO] [stdout]     |
[INFO] [stdout] 
[INFO] [stdout] 
[INFO] [stdout] error[E0046]: not all trait items implemented, missing: `forward_overflowing`, `backward_overflowing`
[INFO] [stdout]    --> /opt/rustwide/cargo-home/registry/src/index.crates.io-1949cf8c6b5b557f/x86_64-0.14.10/src/addr.rs:347:1
[INFO] [stdout]     |
[INFO] [stdout] 347 | impl Step for VirtAddr {
[INFO] [stdout]     | ^^^^^^^^^^^^^^^^^^^^^^ missing `forward_overflowing`, `backward_overflowing` in implementation
[INFO] [stdout]     |
[INFO] [stdout]     = help: implement the missing item: `fn forward_overflowing(_: Self, _: usize) -> (Self, bool) { todo!() }`
[INFO] [stdout]     = help: implement the missing item: `fn backward_overflowing(_: Self, _: usize) -> (Self, bool) { todo!() }`
[INFO] [stdout] 
[INFO] [stdout] 
[INFO] [stdout] error[E0053]: method `steps_between` has an incompatible type for trait
[INFO] [stdout]    --> /opt/rustwide/cargo-home/registry/src/index.crates.io-1949cf8c6b5b557f/x86_64-0.14.10/src/addr.rs:348:51
[INFO] [stdout]     |
[INFO] [stdout] 348 |     fn steps_between(start: &Self, end: &Self) -> Option<usize> {
[INFO] [stdout]     |                                                   ^^^^^^^^^^^^^ expected `(usize, Option<usize>)`, found `Option<usize>`
[INFO] [stdout]     |
[INFO] [stdout]     = note: expected signature `fn(&VirtAddr, &VirtAddr) -> (usize, Option<usize>)`
[INFO] [stdout]                found signature `fn(&VirtAddr, &VirtAddr) -> Option<usize>`
[INFO] [stdout] help: change the output type to match the trait
[INFO] [stdout]     |
[INFO] [stdout] 348 -     fn steps_between(start: &Self, end: &Self) -> Option<usize> {
[INFO] [stdout] 348 +     fn steps_between(start: &Self, end: &Self) -> (usize, Option<usize>) {
[INFO] [stdout]     |
[INFO] [stdout] 
[INFO] [stdout] 
[INFO] [stdout] error[E0046]: not all trait items implemented, missing: `forward_overflowing`, `backward_overflowing`
[INFO] [stdout]    --> /opt/rustwide/cargo-home/registry/src/index.crates.io-1949cf8c6b5b557f/x86_64-0.14.10/src/addr.rs:347:1
[INFO] [stdout]     |
[INFO] [stdout] 347 | impl Step for VirtAddr {
[INFO] [stdout]     | ^^^^^^^^^^^^^^^^^^^^^^ missing `forward_overflowing`, `backward_overflowing` in implementation
[INFO] [stdout]     |
[INFO] [stdout]     = help: implement the missing item: `fn forward_overflowing(_: Self, _: usize) -> (Self, bool) { todo!() }`
[INFO] [stdout]     = help: implement the missing item: `fn backward_overflowing(_: Self, _: usize) -> (Self, bool) { todo!() }`
[INFO] [stdout] 
[INFO] [stdout] 
[INFO] [stdout] error[E0053]: method `steps_between` has an incompatible type for trait
[INFO] [stdout]    --> /opt/rustwide/cargo-home/registry/src/index.crates.io-1949cf8c6b5b557f/x86_64-0.14.10/src/structures/paging/page.rs:272:51
[INFO] [stdout]     |
[INFO] [stdout] 272 |     fn steps_between(start: &Self, end: &Self) -> Option<usize> {
[INFO] [stdout]     |                                                   ^^^^^^^^^^^^^ expected `(usize, Option<usize>)`, found `Option<usize>`
[INFO] [stdout]     |
[INFO] [stdout]     = note: expected signature `fn(&Page<_>, &Page<_>) -> (usize, Option<usize>)`
[INFO] [stdout]                found signature `fn(&Page<_>, &Page<_>) -> Option<usize>`
[INFO] [stdout] help: change the output type to match the trait
[INFO] [stdout]     |
[INFO] [stdout] 272 -     fn steps_between(start: &Self, end: &Self) -> Option<usize> {
[INFO] [stdout] 272 +     fn steps_between(start: &Self, end: &Self) -> (usize, Option<usize>) {
[INFO] [stdout]     |
[INFO] [stdout] 
[INFO] [stdout] 
[INFO] [stdout] error[E0046]: not all trait items implemented, missing: `forward_overflowing`, `backward_overflowing`
[INFO] [stdout]    --> /opt/rustwide/cargo-home/registry/src/index.crates.io-1949cf8c6b5b557f/x86_64-0.14.10/src/structures/paging/page.rs:271:1
[INFO] [stdout]     |
[INFO] [stdout] 271 | impl<S: PageSize> Step for Page<S> {
[INFO] [stdout]     | ^^^^^^^^^^^^^^^^^^^^^^^^^^^^^^^^^^ missing `forward_overflowing`, `backward_overflowing` in implementation
[INFO] [stdout]     |
[INFO] [stdout]     = help: implement the missing item: `fn forward_overflowing(_: Self, _: usize) -> (Self, bool) { todo!() }`
[INFO] [stdout]     = help: implement the missing item: `fn backward_overflowing(_: Self, _: usize) -> (Self, bool) { todo!() }`
[INFO] [stdout] 
[INFO] [stdout] 
[INFO] [stdout] error[E0053]: method `steps_between` has an incompatible type for trait
[INFO] [stdout]    --> /opt/rustwide/cargo-home/registry/src/index.crates.io-1949cf8c6b5b557f/x86_64-0.14.10/src/structures/paging/page.rs:272:51
[INFO] [stdout]     |
[INFO] [stdout] 272 |     fn steps_between(start: &Self, end: &Self) -> Option<usize> {
[INFO] [stdout]     |                                                   ^^^^^^^^^^^^^ expected `(usize, Option<usize>)`, found `Option<usize>`
[INFO] [stdout]     |
[INFO] [stdout]     = note: expected signature `fn(&Page<_>, &Page<_>) -> (usize, Option<usize>)`
[INFO] [stdout]                found signature `fn(&Page<_>, &Page<_>) -> Option<usize>`
[INFO] [stdout] help: change the output type to match the trait
[INFO] [stdout]     |
[INFO] [stdout] 272 -     fn steps_between(start: &Self, end: &Self) -> Option<usize> {
[INFO] [stdout] 272 +     fn steps_between(start: &Self, end: &Self) -> (usize, Option<usize>) {
[INFO] [stdout]     |
[INFO] [stdout] 
[INFO] [stdout] 
[INFO] [stdout] error[E0046]: not all trait items implemented, missing: `forward_overflowing`, `backward_overflowing`
[INFO] [stdout]    --> /opt/rustwide/cargo-home/registry/src/index.crates.io-1949cf8c6b5b557f/x86_64-0.14.10/src/structures/paging/page.rs:271:1
[INFO] [stdout]     |
[INFO] [stdout] 271 | impl<S: PageSize> Step for Page<S> {
[INFO] [stdout]     | ^^^^^^^^^^^^^^^^^^^^^^^^^^^^^^^^^^ missing `forward_overflowing`, `backward_overflowing` in implementation
[INFO] [stdout]     |
[INFO] [stdout]     = help: implement the missing item: `fn forward_overflowing(_: Self, _: usize) -> (Self, bool) { todo!() }`
[INFO] [stdout]     = help: implement the missing item: `fn backward_overflowing(_: Self, _: usize) -> (Self, bool) { todo!() }`
[INFO] [stdout] 
[INFO] [stdout] 
[INFO] [stdout] error[E0599]: `(usize, Option<usize>)` is not an iterator
[INFO] [stdout]    --> /opt/rustwide/cargo-home/registry/src/index.crates.io-1949cf8c6b5b557f/x86_64-0.14.10/src/structures/paging/page.rs:274:14
[INFO] [stdout]     |
[INFO] [stdout] 273 | /         Step::steps_between(&start.start_address, &end.start_address)
[INFO] [stdout] 274 | |             .map(|steps| steps / S::SIZE as usize)
[INFO] [stdout]     | |             -^^^ `(usize, Option<usize>)` is not an iterator
[INFO] [stdout]     | |_____________|
[INFO] [stdout]     |
[INFO] [stdout]     |
[INFO] [stdout]     = note: the following trait bounds were not satisfied:
[INFO] [stdout]             `(usize, Option<usize>): Iterator`
[INFO] [stdout]             which is required by `&mut (usize, Option<usize>): Iterator`
[INFO] [stdout] 
[INFO] [stdout] 
[INFO] [stdout] error[E0599]: `(usize, Option<usize>)` is not an iterator
[INFO] [stdout]    --> /opt/rustwide/cargo-home/registry/src/index.crates.io-1949cf8c6b5b557f/x86_64-0.14.10/src/structures/paging/page.rs:274:14
[INFO] [stdout]     |
[INFO] [stdout] 273 | /         Step::steps_between(&start.start_address, &end.start_address)
[INFO] [stdout] 274 | |             .map(|steps| steps / S::SIZE as usize)
[INFO] [stdout]     | |             -^^^ `(usize, Option<usize>)` is not an iterator
[INFO] [stdout]     | |_____________|
[INFO] [stdout]     |
[INFO] [stdout]     |
[INFO] [stdout]     = note: the following trait bounds were not satisfied:
[INFO] [stdout]             `(usize, Option<usize>): Iterator`
[INFO] [stdout]             which is required by `&mut (usize, Option<usize>): Iterator`
[INFO] [stdout] 
[INFO] [stdout] 
[INFO] [stdout] Some errors have detailed explanations: E0046, E0053, E0599.
[INFO] [stdout] 
[INFO] [stdout] For more information about an error, try `rustc --explain E0046`.
[INFO] [stdout] 
[INFO] [stdout] Some errors have detailed explanations: E0046, E0053, E0599.
[INFO] [stdout] 
[INFO] [stdout] For more information about an error, try `rustc --explain E0046`.
[INFO] [stdout] 
[INFO] [stderr] error: could not compile `x86_64` (lib) due to 5 previous errors
[INFO] [stderr] warning: build failed, waiting for other jobs to finish...
[INFO] [stderr] error: could not compile `x86_64` (lib) due to 5 previous errors
[INFO] running `Command { std: "docker" "inspect" "2efdf43d2684ce424c053d1e1ec4c05bbe993727790ad1ef9c6bb20499925dd7", kill_on_drop: false }`
[INFO] running `Command { std: "docker" "rm" "-f" "2efdf43d2684ce424c053d1e1ec4c05bbe993727790ad1ef9c6bb20499925dd7", kill_on_drop: false }`
[INFO] [stdout] 2efdf43d2684ce424c053d1e1ec4c05bbe993727790ad1ef9c6bb20499925dd7
