[INFO] cloning repository https://github.com/takeshiD/agent-design-patterns
[INFO] running `Command { std: "git" "-c" "credential.helper=" "-c" "credential.helper=/workspace/cargo-home/bin/git-credential-null" "clone" "--bare" "https://github.com/takeshiD/agent-design-patterns" "/workspace/cache/git-repos/https%3A%2F%2Fgithub.com%2FtakeshiD%2Fagent-design-patterns", kill_on_drop: false }`
[INFO] [stderr] Cloning into bare repository '/workspace/cache/git-repos/https%3A%2F%2Fgithub.com%2FtakeshiD%2Fagent-design-patterns'...
[INFO] running `Command { std: "git" "rev-parse" "HEAD", kill_on_drop: false }`
[INFO] [stdout] a65eae88e88e86ee2d8b4bcf7e8edaa5c3fe4596
[INFO] checking takeshiD/agent-design-patterns against a621e2b446eafb53c7a8569f225e0b8cc2429a68 for pr-162600
[INFO] running `Command { std: "git" "clone" "/workspace/cache/git-repos/https%3A%2F%2Fgithub.com%2FtakeshiD%2Fagent-design-patterns" "/workspace/builds/worker-0-tc2/source", kill_on_drop: false }`
[INFO] [stderr] Cloning into '/workspace/builds/worker-0-tc2/source'...
[INFO] [stderr] done.
[INFO] started tweaking git repo https://github.com/takeshiD/agent-design-patterns
[INFO] finished tweaking git repo https://github.com/takeshiD/agent-design-patterns
[INFO] tweaked toml for git repo https://github.com/takeshiD/agent-design-patterns written to /workspace/builds/worker-0-tc2/source/Cargo.toml
[INFO] validating manifest of git repo https://github.com/takeshiD/agent-design-patterns on toolchain a621e2b446eafb53c7a8569f225e0b8cc2429a68
[INFO] running `Command { std: CARGO_HOME="/workspace/cargo-home" RUSTUP_HOME="/workspace/rustup-home" "/workspace/cargo-home/bin/cargo" "+a621e2b446eafb53c7a8569f225e0b8cc2429a68" "metadata" "--manifest-path" "Cargo.toml" "--no-deps", kill_on_drop: false }`
[INFO] crate git repo https://github.com/takeshiD/agent-design-patterns already has a lockfile, it will not be regenerated
[INFO] running `Command { std: CARGO_HOME="/workspace/cargo-home" RUSTUP_HOME="/workspace/rustup-home" "/workspace/cargo-home/bin/cargo" "+a621e2b446eafb53c7a8569f225e0b8cc2429a68" "fetch" "--manifest-path" "Cargo.toml", kill_on_drop: false }`
[INFO] [stderr]     Blocking waiting for file lock on package cache
[INFO] [stderr]     Updating crates.io index
[INFO] [stderr]     Blocking waiting for file lock on package cache
[ERROR] error running command: no output for 300 seconds
[INFO] checking takeshiD/agent-design-patterns against a621e2b446eafb53c7a8569f225e0b8cc2429a68 for pr-162600
[INFO] running `Command { std: "git" "clone" "/workspace/cache/git-repos/https%3A%2F%2Fgithub.com%2FtakeshiD%2Fagent-design-patterns" "/workspace/builds/worker-0-tc2/source", kill_on_drop: false }`
[INFO] [stderr] Cloning into '/workspace/builds/worker-0-tc2/source'...
[INFO] [stderr] done.
[INFO] started tweaking git repo https://github.com/takeshiD/agent-design-patterns
[INFO] finished tweaking git repo https://github.com/takeshiD/agent-design-patterns
[INFO] tweaked toml for git repo https://github.com/takeshiD/agent-design-patterns written to /workspace/builds/worker-0-tc2/source/Cargo.toml
[INFO] validating manifest of git repo https://github.com/takeshiD/agent-design-patterns on toolchain a621e2b446eafb53c7a8569f225e0b8cc2429a68
[INFO] running `Command { std: CARGO_HOME="/workspace/cargo-home" RUSTUP_HOME="/workspace/rustup-home" "/workspace/cargo-home/bin/cargo" "+a621e2b446eafb53c7a8569f225e0b8cc2429a68" "metadata" "--manifest-path" "Cargo.toml" "--no-deps", kill_on_drop: false }`
[INFO] crate git repo https://github.com/takeshiD/agent-design-patterns already has a lockfile, it will not be regenerated
[INFO] running `Command { std: CARGO_HOME="/workspace/cargo-home" RUSTUP_HOME="/workspace/rustup-home" "/workspace/cargo-home/bin/cargo" "+a621e2b446eafb53c7a8569f225e0b8cc2429a68" "fetch" "--manifest-path" "Cargo.toml", kill_on_drop: false }`
[INFO] [stderr]     Blocking waiting for file lock on package cache
[INFO] [stderr]     Blocking waiting for file lock on package cache
[INFO] [stderr]  Downloading crates ...
[INFO] [stderr]   Downloaded graph-flow v0.2.3
[INFO] [stderr]   Downloaded rig-core v0.15.1
[INFO] [stderr]   Downloaded rig-core v0.13.0
[INFO] running `Command { std: "docker" "create" "-v" "/var/lib/crater-agent-workspace/builds/worker-0-tc2/source:/opt/rustwide/workdir:ro,Z" "-v" "/var/lib/crater-agent-workspace/builds/worker-0-tc2/target:/opt/rustwide/target:rw,Z" "-v" "/var/lib/crater-agent-workspace/cargo-home:/opt/rustwide/cargo-home:ro,Z" "-v" "/var/lib/crater-agent-workspace/rustup-home:/opt/rustwide/rustup-home:ro,Z" "-m" "1610612736" "--network" "none" "ghcr.io/rust-lang/crates-build-env/linux@sha256:8683fc1fc2eb5c9ac98e0d076ab094b2ffac7f99da555d2b6a2e27f346de2ec7" "sleep" "infinity", kill_on_drop: false }`
[INFO] [stdout] 871f5ca858168d5ba03b190f1bc2b729ba905161782e157ea962c1a8b471a0b2
[INFO] running `Command { std: "docker" "start" "871f5ca858168d5ba03b190f1bc2b729ba905161782e157ea962c1a8b471a0b2", kill_on_drop: false }`
[INFO] running `Command { std: "docker" "inspect" "871f5ca858168d5ba03b190f1bc2b729ba905161782e157ea962c1a8b471a0b2", kill_on_drop: false }`
[INFO] running `Command { std: "docker" "exec" "-e" "SOURCE_DIR=/opt/rustwide/workdir" "-e" "CARGO_HOME=/opt/rustwide/cargo-home" "-e" "RUSTUP_HOME=/opt/rustwide/rustup-home" "-e" "CARGO_TARGET_DIR=/opt/rustwide/target" "-w" "/opt/rustwide/workdir" "--user" "0:0" "871f5ca858168d5ba03b190f1bc2b729ba905161782e157ea962c1a8b471a0b2" "/opt/rustwide/cargo-home/bin/cargo" "+a621e2b446eafb53c7a8569f225e0b8cc2429a68" "metadata" "--no-deps" "--format-version=1", kill_on_drop: false }`
[INFO] running `Command { std: "docker" "inspect" "871f5ca858168d5ba03b190f1bc2b729ba905161782e157ea962c1a8b471a0b2", kill_on_drop: false }`
[INFO] running `Command { std: "docker" "exec" "-e" "SOURCE_DIR=/opt/rustwide/workdir" "-e" "CARGO_HOME=/opt/rustwide/cargo-home" "-e" "RUSTUP_HOME=/opt/rustwide/rustup-home" "-e" "CARGO_TARGET_DIR=/opt/rustwide/target" "-e" "CARGO_INCREMENTAL=0" "-e" "RUST_BACKTRACE=full" "-e" "RUSTFLAGS=--cap-lints=forbid" "-e" "RUSTDOCFLAGS=--cap-lints=forbid" "-w" "/opt/rustwide/workdir" "--user" "0:0" "871f5ca858168d5ba03b190f1bc2b729ba905161782e157ea962c1a8b471a0b2" "/opt/rustwide/cargo-home/bin/cargo" "+a621e2b446eafb53c7a8569f225e0b8cc2429a68" "check" "--frozen" "--all" "--all-targets" "--message-format=json", kill_on_drop: false }`
[INFO] [stderr]    Compiling cc v1.2.30
[INFO] [stderr]    Compiling syn v2.0.104
[INFO] [stderr]    Compiling libc v0.2.174
[INFO] [stderr]    Compiling serde_json v1.0.141
[INFO] [stderr]     Checking indexmap v2.10.0
[INFO] [stderr]    Compiling rustls v0.23.29
[INFO] [stderr]    Compiling crossbeam-utils v0.8.21
[INFO] [stderr]     Checking getrandom v0.2.16
[INFO] [stderr]    Compiling hashbrown v0.15.4
[INFO] [stderr]    Compiling tinyvec v1.9.0
[INFO] [stderr]    Compiling slab v0.4.10
[INFO] [stderr]    Compiling futures-util v0.3.31
[INFO] [stderr]    Compiling concurrent-queue v2.5.0
[INFO] [stderr]    Compiling mio v1.0.4
[INFO] [stderr]    Compiling socket2 v0.5.10
[INFO] [stderr]    Compiling rand_core v0.6.4
[INFO] [stderr]    Compiling rand_chacha v0.3.1
[INFO] [stderr]    Compiling unicode-normalization v0.1.24
[INFO] [stderr]    Compiling tokio v1.46.1
[INFO] [stderr]    Compiling hashlink v0.10.0
[INFO] [stderr]    Compiling event-listener v5.4.0
[INFO] [stderr]    Compiling crossbeam-queue v0.3.12
[INFO] [stderr]    Compiling mime_guess v2.0.5
[INFO] [stderr]    Compiling ring v0.17.14
[INFO] [stderr]    Compiling openssl-sys v0.9.109
[INFO] [stderr]    Compiling uuid v1.17.0
[INFO] [stderr]    Compiling stringprep v0.1.5
[INFO] [stderr]    Compiling rand v0.8.5
[INFO] [stderr]    Compiling openssl v0.10.73
[INFO] [stderr]    Compiling native-tls v0.2.14
[INFO] [stderr]    Compiling whoami v1.6.0
[INFO] [stderr]    Compiling schemars v0.8.22
[INFO] [stderr]    Compiling bitflags v2.9.1
[INFO] [stderr]     Checking dyn-clone v1.0.19
[INFO] [stderr]     Checking ordered-float v4.6.0
[INFO] [stderr]     Checking clap_builder v4.5.41
[INFO] [stderr]     Checking ordered-float v5.0.0
[INFO] [stderr]    Compiling synstructure v0.13.2
[INFO] [stderr]    Compiling serde_derive_internals v0.29.1
[INFO] [stderr]    Compiling serde_derive v1.0.219
[INFO] [stderr]    Compiling zerofrom-derive v0.1.6
[INFO] [stderr]    Compiling yoke-derive v0.8.0
[INFO] [stderr]    Compiling zerovec-derive v0.11.1
[INFO] [stderr]    Compiling displaydoc v0.2.5
[INFO] [stderr]    Compiling tokio-macros v2.5.0
[INFO] [stderr]    Compiling tracing-attributes v0.1.30
[INFO] [stderr]    Compiling futures-macro v0.3.31
[INFO] [stderr]    Compiling thiserror-impl v2.0.12
[INFO] [stderr]    Compiling openssl-macros v0.1.1
[INFO] [stderr]     Checking zerofrom v0.1.6
[INFO] [stderr]     Checking yoke v0.8.0
[INFO] [stderr]     Checking zerovec v0.11.2
[INFO] [stderr]     Checking zerotrie v0.2.2
[INFO] [stderr]     Checking tracing v0.1.41
[INFO] [stderr]    Compiling rustls-webpki v0.103.4
[INFO] [stderr]    Compiling thiserror v2.0.12
[INFO] [stderr]    Compiling tokio-stream v0.1.17
[INFO] [stderr]     Checking tinystr v0.8.1
[INFO] [stderr]     Checking potential_utf v0.1.2
[INFO] [stderr]     Checking icu_collections v2.0.0
[INFO] [stderr]     Checking icu_locale_core v2.0.0
[INFO] [stderr]     Checking icu_provider v2.0.0
[INFO] [stderr]     Checking serde v1.0.219
[INFO] [stderr]     Checking icu_properties v2.0.1
[INFO] [stderr]     Checking futures-executor v0.3.31
[INFO] [stderr]    Compiling schemars_derive v0.8.22
[INFO] [stderr]    Compiling async-stream-impl v0.3.6
[INFO] [stderr]     Checking async-stream v0.3.6
[INFO] [stderr]     Checking futures v0.3.31
[INFO] [stderr]    Compiling thiserror-impl v1.0.69
[INFO] [stderr]    Compiling async-trait v0.1.88
[INFO] [stderr]    Compiling clap_derive v4.5.41
[INFO] [stderr]     Checking thiserror v1.0.69
[INFO] [stderr]     Checking smallvec v1.15.1
[INFO] [stderr]     Checking serde_urlencoded v0.7.1
[INFO] [stderr]     Checking either v1.15.0
[INFO] [stderr]     Checking parking_lot_core v0.9.11
[INFO] [stderr]     Checking icu_normalizer v2.0.0
[INFO] [stderr]     Checking parking_lot v0.12.4
[INFO] [stderr]     Checking idna_adapter v1.2.1
[INFO] [stderr]     Checking idna v1.0.3
[INFO] [stderr]     Checking url v2.5.4
[INFO] [stderr]     Checking futures-intrusive v0.5.0
[INFO] [stderr]     Checking dashmap v6.1.0
[INFO] [stderr]     Checking chrono v0.4.41
[INFO] [stderr]     Checking clap v4.5.41
[INFO] [stderr]    Compiling sqlx-core v0.8.6
[INFO] [stderr]    Compiling sqlx-postgres v0.8.6
[INFO] [stderr]     Checking tokio-util v0.7.15
[INFO] [stderr]     Checking tokio-native-tls v0.3.1
[INFO] [stderr]     Checking tower v0.5.2
[INFO] [stderr]     Checking tower-http v0.6.6
[INFO] [stderr]     Checking h2 v0.4.11
[INFO] [stderr]    Compiling sqlx-macros-core v0.8.6
[INFO] [stderr]     Checking hyper v1.6.0
[INFO] [stderr]     Checking hyper-util v0.1.15
[INFO] [stderr]    Compiling sqlx-macros v0.8.6
[INFO] [stderr]     Checking sqlx v0.8.6
[INFO] [stderr]     Checking hyper-tls v0.6.0
[INFO] [stderr]     Checking reqwest v0.12.22
[INFO] [stderr]     Checking rig-core v0.13.0
[INFO] [stderr]     Checking rig-core v0.15.1
[INFO] [stderr]     Checking graph-flow v0.2.3
[INFO] [stderr]     Checking agent-design-patterns v0.1.0 (/opt/rustwide/workdir)
[INFO] [stdout] warning: unused imports: `ExecutionStatus`, `FlowRunner`, `GraphBuilder`, `GraphStorage`, `InMemoryGraphStorage`, `InMemorySessionStorage`, `SessionStorage`, and `Session`
[INFO] [stdout]  --> src/bin/passive-goal-creator/main.rs:3:14
[INFO] [stdout]   |
[INFO] [stdout] 3 |     Context, ExecutionStatus, FlowRunner, GraphBuilder, GraphStorage, InMemoryGraphStorage,
[INFO] [stdout]   |              ^^^^^^^^^^^^^^^  ^^^^^^^^^^  ^^^^^^^^^^^^  ^^^^^^^^^^^^  ^^^^^^^^^^^^^^^^^^^^
[INFO] [stdout] 4 |     InMemorySessionStorage, NextAction, Session, SessionStorage, Task, TaskResult,
[INFO] [stdout]   |     ^^^^^^^^^^^^^^^^^^^^^^              ^^^^^^^  ^^^^^^^^^^^^^^
[INFO] [stdout]   |
[INFO] [stdout]   = note: `#[warn(unused_imports)]` (part of `#[warn(unused)]`) on by default
[INFO] [stdout] 
[INFO] [stdout] 
[INFO] [stdout] warning: unused imports: `ExecutionStatus`, `FlowRunner`, `GraphBuilder`, `GraphStorage`, `InMemoryGraphStorage`, `InMemorySessionStorage`, `SessionStorage`, and `Session`
[INFO] [stdout]  --> src/bin/passive-goal-creator/main.rs:3:14
[INFO] [stdout]   |
[INFO] [stdout] 3 |     Context, ExecutionStatus, FlowRunner, GraphBuilder, GraphStorage, InMemoryGraphStorage,
[INFO] [stdout]   |              ^^^^^^^^^^^^^^^  ^^^^^^^^^^  ^^^^^^^^^^^^  ^^^^^^^^^^^^  ^^^^^^^^^^^^^^^^^^^^
[INFO] [stdout] 4 |     InMemorySessionStorage, NextAction, Session, SessionStorage, Task, TaskResult,
[INFO] [stdout]   |     ^^^^^^^^^^^^^^^^^^^^^^              ^^^^^^^  ^^^^^^^^^^^^^^
[INFO] [stdout]   |
[INFO] [stdout]   = note: `#[warn(unused_imports)]` (part of `#[warn(unused)]`) on by default
[INFO] [stdout] 
[INFO] [stdout] 
[INFO] [stdout] warning: unused import: `self`
[INFO] [stdout]  --> src/bin/passive-goal-creator/main.rs:8:14
[INFO] [stdout]   |
[INFO] [stdout] 8 |     client::{self, CompletionClient, ProviderClient},
[INFO] [stdout]   |              ^^^^
[INFO] [stdout] 
[INFO] [stdout] 
[INFO] [stdout] warning: unused import: `self`
[INFO] [stdout]  --> src/bin/passive-goal-creator/main.rs:8:14
[INFO] [stdout]   |
[INFO] [stdout] 8 |     client::{self, CompletionClient, ProviderClient},
[INFO] [stdout]   |              ^^^^
[INFO] [stdout] 
[INFO] [stdout] 
[INFO] [stdout] error[E0107]: missing generics for struct `PassiveGoalCreator`
[INFO] [stdout]   --> src/bin/passive-goal-creator/main.rs:42:48
[INFO] [stdout]    |
[INFO] [stdout] 42 |     fn new(model: String, preamble: String) -> PassiveGoalCreator {
[INFO] [stdout]    |                                                ^^^^^^^^^^^^^^^^^^ expected 1 generic argument
[INFO] [stdout]    |
[INFO] [stdout] note: struct defined here, with 1 generic parameter: `M`
[INFO] [stdout]   --> src/bin/passive-goal-creator/main.rs:31:8
[INFO] [stdout]    |
[INFO] [stdout] 31 | struct PassiveGoalCreator<M>
[INFO] [stdout]    |        ^^^^^^^^^^^^^^^^^^ -
[INFO] [stdout] help: add missing generic argument
[INFO] [stdout]    |
[INFO] [stdout] 42 |     fn new(model: String, preamble: String) -> PassiveGoalCreator<M> {
[INFO] [stdout]    |                                                                  +++
[INFO] [stdout] 
[INFO] [stdout] 
[INFO] [stdout] error[E0107]: missing generics for struct `PassiveGoalCreator`
[INFO] [stdout]   --> src/bin/passive-goal-creator/main.rs:42:48
[INFO] [stdout]    |
[INFO] [stdout] 42 |     fn new(model: String, preamble: String) -> PassiveGoalCreator {
[INFO] [stdout]    |                                                ^^^^^^^^^^^^^^^^^^ expected 1 generic argument
[INFO] [stdout]    |
[INFO] [stdout] note: struct defined here, with 1 generic parameter: `M`
[INFO] [stdout]   --> src/bin/passive-goal-creator/main.rs:31:8
[INFO] [stdout]    |
[INFO] [stdout] 31 | struct PassiveGoalCreator<M>
[INFO] [stdout]    |        ^^^^^^^^^^^^^^^^^^ -
[INFO] [stdout] help: add missing generic argument
[INFO] [stdout]    |
[INFO] [stdout] 42 |     fn new(model: String, preamble: String) -> PassiveGoalCreator<M> {
[INFO] [stdout]    |                                                                  +++
[INFO] [stdout] 
[INFO] [stdout] 
[INFO] [stdout] error[E0107]: missing generics for struct `PassiveGoalCreator`
[INFO] [stdout]   --> src/bin/passive-goal-creator/main.rs:50:15
[INFO] [stdout]    |
[INFO] [stdout] 50 | impl Task for PassiveGoalCreator {
[INFO] [stdout]    |               ^^^^^^^^^^^^^^^^^^ expected 1 generic argument
[INFO] [stdout]    |
[INFO] [stdout] note: struct defined here, with 1 generic parameter: `M`
[INFO] [stdout]   --> src/bin/passive-goal-creator/main.rs:31:8
[INFO] [stdout]    |
[INFO] [stdout] 31 | struct PassiveGoalCreator<M>
[INFO] [stdout]    |        ^^^^^^^^^^^^^^^^^^ -
[INFO] [stdout] help: add missing generic argument
[INFO] [stdout]    |
[INFO] [stdout] 50 | impl Task for PassiveGoalCreator<M> {
[INFO] [stdout]    |                                 +++
[INFO] [stdout] 
[INFO] [stdout] 
[INFO] [stdout] error[E0107]: missing generics for struct `PassiveGoalCreator`
[INFO] [stdout]   --> src/bin/passive-goal-creator/main.rs:50:15
[INFO] [stdout]    |
[INFO] [stdout] 50 | impl Task for PassiveGoalCreator {
[INFO] [stdout]    |               ^^^^^^^^^^^^^^^^^^ expected 1 generic argument
[INFO] [stdout]    |
[INFO] [stdout] note: struct defined here, with 1 generic parameter: `M`
[INFO] [stdout]   --> src/bin/passive-goal-creator/main.rs:31:8
[INFO] [stdout]    |
[INFO] [stdout] 31 | struct PassiveGoalCreator<M>
[INFO] [stdout]    |        ^^^^^^^^^^^^^^^^^^ -
[INFO] [stdout] help: add missing generic argument
[INFO] [stdout]    |
[INFO] [stdout] 50 | impl Task for PassiveGoalCreator<M> {
[INFO] [stdout]    |                                 +++
[INFO] [stdout] 
[INFO] [stdout] 
[INFO] [stdout] error[E0308]: arguments to this function are incorrect
[INFO] [stdout]   --> src/bin/passive-goal-creator/main.rs:44:23
[INFO] [stdout]    |
[INFO] [stdout] 44 |             provider: get_llm_agent(model, preamble).unwrap(),
[INFO] [stdout]    |                       ^^^^^^^^^^^^^ -----  -------- expected `&str`, found `String`
[INFO] [stdout]    |                                     |
[INFO] [stdout]    |                                     expected `&str`, found `String`
[INFO] [stdout]    |
[INFO] [stdout] note: function defined here
[INFO] [stdout]   --> src/bin/passive-goal-creator/main.rs:25:4
[INFO] [stdout]    |
[INFO] [stdout] 25 | fn get_llm_agent(model: &str, preamble: &str) -> anyhow::Result<Agent<impl CompletionModel>> {
[INFO] [stdout]    |    ^^^^^^^^^^^^^ -----------  --------------
[INFO] [stdout] help: consider borrowing here
[INFO] [stdout]    |
[INFO] [stdout] 44 |             provider: get_llm_agent(&model, preamble).unwrap(),
[INFO] [stdout]    |                                     +
[INFO] [stdout] help: consider borrowing here
[INFO] [stdout]    |
[INFO] [stdout] 44 |             provider: get_llm_agent(model, &preamble).unwrap(),
[INFO] [stdout]    |                                            +
[INFO] [stdout] 
[INFO] [stdout] 
[INFO] [stdout] error[E0308]: arguments to this function are incorrect
[INFO] [stdout]   --> src/bin/passive-goal-creator/main.rs:44:23
[INFO] [stdout]    |
[INFO] [stdout] 44 |             provider: get_llm_agent(model, preamble).unwrap(),
[INFO] [stdout]    |                       ^^^^^^^^^^^^^ -----  -------- expected `&str`, found `String`
[INFO] [stdout]    |                                     |
[INFO] [stdout]    |                                     expected `&str`, found `String`
[INFO] [stdout]    |
[INFO] [stdout] note: function defined here
[INFO] [stdout]   --> src/bin/passive-goal-creator/main.rs:25:4
[INFO] [stdout]    |
[INFO] [stdout] 25 | fn get_llm_agent(model: &str, preamble: &str) -> anyhow::Result<Agent<impl CompletionModel>> {
[INFO] [stdout]    |    ^^^^^^^^^^^^^ -----------  --------------
[INFO] [stdout] help: consider borrowing here
[INFO] [stdout]    |
[INFO] [stdout] 44 |             provider: get_llm_agent(&model, preamble).unwrap(),
[INFO] [stdout]    |                                     +
[INFO] [stdout] help: consider borrowing here
[INFO] [stdout]    |
[INFO] [stdout] 44 |             provider: get_llm_agent(model, &preamble).unwrap(),
[INFO] [stdout]    |                                            +
[INFO] [stdout] 
[INFO] [stdout] 
[INFO] [stdout] Some errors have detailed explanations: E0107, E0308.
[INFO] [stdout] 
[INFO] [stdout] For more information about an error, try `rustc --explain E0107`.
[INFO] [stdout] 
[INFO] [stdout] Some errors have detailed explanations: E0107, E0308.
[INFO] [stdout] 
[INFO] [stdout] For more information about an error, try `rustc --explain E0107`.
[INFO] [stdout] 
[INFO] [stderr] error: could not compile `agent-design-patterns` (bin "passive-goal-creator") due to 3 previous errors; 2 warnings emitted
[INFO] [stderr] warning: build failed, waiting for other jobs to finish...
[INFO] [stderr] error: could not compile `agent-design-patterns` (bin "passive-goal-creator" test) due to 3 previous errors; 2 warnings emitted
[INFO] [stderr] warning: unused dependency `clap`
[INFO] [stderr]  --> Cargo.toml:6:15
[INFO] [stderr]   |
[INFO] [stderr] 6 | [dependencies.clap]
[INFO] [stderr]   |               ^^^^^
[INFO] [stderr]   |
[INFO] [stderr]   = note: `cargo::unused_dependencies` is set to `warn` by default
[INFO] [stderr] help: consider removing the dependency on `clap`
[INFO] [stderr] warning: `agent-design-patterns` (manifest) generated 1 warning
[INFO] running `Command { std: "docker" "inspect" "871f5ca858168d5ba03b190f1bc2b729ba905161782e157ea962c1a8b471a0b2", kill_on_drop: false }`
[INFO] running `Command { std: "docker" "rm" "-f" "871f5ca858168d5ba03b190f1bc2b729ba905161782e157ea962c1a8b471a0b2", kill_on_drop: false }`
[INFO] [stdout] 871f5ca858168d5ba03b190f1bc2b729ba905161782e157ea962c1a8b471a0b2
